95.168.121.9 - - [23/Jul/2019:17:29:44 +0000] "GET /css/theme-elements.css HTTP/1.1" 200 23209 "https://www.ordinacija-sladovic.hr/" "Mozilla/5.0 (Linux; Android 8.1.0; 9027X Build/O11019) AppleWebKit/537.36 (KHTML, like Gecko) Chrome/75.0.3770.143 Mobile Safari/537.36"
95.168.121.9 - - [23/Jul/2019:17:29:44 +0000] "GET /vendor/rs-plugin/css/settings.css HTTP/1.1" 200 7775 "https://www.ordinacija-sladovic.hr/" "Mozilla/5.0 (Linux; Android 8.1.0; 9027X Build/O11019) AppleWebKit/537.36 (KHTML, like Gecko) Chrome/75.0.3770.143 Mobile Safari/537.36"
95.168.121.9 - - [23/Jul/2019:17:29:44 +0000] "GET /css/theme-blog.css HTTP/1.1" 200 1468 "https://www.ordinacija-sladovic.hr/" "Mozilla/5.0 (Linux; Android 8.1.0; 9027X Build/O11019) AppleWebKit/537.36 (KHTML, like Gecko) Chrome/75.0.3770.143 Mobile Safari/537.36"
95.168.121.9 - - [23/Jul/2019:17:29:44 +0000] "GET /css/theme-shop.css HTTP/1.1" 200 2546 "https://www.ordinacija-sladovic.hr/" "Mozilla/5.0 (Linux; Android 8.1.0; 9027X Build/O11019) AppleWebKit/537.36 (KHTML, like Gecko) Chrome/75.0.3770.143 Mobile Safari/537.36"
95.168.121.9 - - [23/Jul/2019:17:29:44 +0000] "GET /vendor/rs-plugin/css/layers.css HTTP/1.1" 200 10411 "https://www.ordinacija-sladovic.hr/" "Mozilla/5.0 (Linux; Android 8.1.0; 9027X Build/O11019) AppleWebKit/537.36 (KHTML, like Gecko) Chrome/75.0.3770.143 Mobile Safari/537.36"
95.168.121.9 - - [23/Jul/2019:17:29:44 +0000] "GET /vendor/rs-plugin/css/navigation.css HTTP/1.1" 200 7789 "https://www.ordinacija-sladovic.hr/" "Mozilla/5.0 (Linux; Android 8.1.0; 9027X Build/O11019) AppleWebKit/537.36 (KHTML, like Gecko) Chrome/75.0.3770.143 Mobile Safari/537.36"
95.168.121.9 - - [23/Jul/2019:17:29:44 +0000] "GET /css/skins/skin-medical.css?v=2 HTTP/1.1" 200 11769 "https://www.ordinacija-sladovic.hr/" "Mozilla/5.0 (Linux; Android 8.1.0; 9027X Build/O11019) AppleWebKit/537.36 (KHTML, like Gecko) Chrome/75.0.3770.143 Mobile Safari/537.36"
66.249.88.85 - - [23/Jul/2019:17:29:44 +0000] "GET / HTTP/1.1" 200 6518 "-" "Mozilla/5.0 (Linux; Android 4.2.1; en-us; Nexus 5 Build/JOP40D) AppleWebKit/535.19 (KHTML, like Gecko; googleweblight) Chrome/38.0.1025.166 Mobile Safari/535.19"
95.168.121.9 - - [23/Jul/2019:17:29:44 +0000] "GET /css/demos/demo-medical.css?v=5 HTTP/1.1" 200 2458 "https://www.ordinacija-sladovic.hr/" "Mozilla/5.0 (Linux; Android 8.1.0; 9027X Build/O11019) AppleWebKit/537.36 (KHTML, like Gecko) Chrome/75.0.3770.143 Mobile Safari/537.36"
95.168.121.9 - - [23/Jul/2019:17:29:44 +0000] "GET /assets/css/cookieconsent.min.css HTTP/1.1" 200 1209 "https://www.ordinacija-sladovic.hr/" "Mozilla/5.0 (Linux; Android 8.1.0; 9027X Build/O11019) AppleWebKit/537.36 (KHTML, like Gecko) Chrome/75.0.3770.143 Mobile Safari/537.36"
95.168.121.9 - - [23/Jul/2019:17:29:44 +0000] "GET /css/custom.css?v=3 HTTP/1.1" 200 140 "https://www.ordinacija-sladovic.hr/" "Mozilla/5.0 (Linux; Android 8.1.0; 9027X Build/O11019) AppleWebKit/537.36 (KHTML, like Gecko) Chrome/75.0.3770.143 Mobile Safari/537.36"
95.168.121.9 - - [23/Jul/2019:17:29:44 +0000] "GET /vendor/modernizr/modernizr.min.js HTTP/1.1" 200 4522 "https://www.ordinacija-sladovic.hr/" "Mozilla/5.0 (Linux; Android 8.1.0; 9027X Build/O11019) AppleWebKit/537.36 (KHTML, like Gecko) Chrome/75.0.3770.143 Mobile Safari/537.36"
95.168.121.9 - - [23/Jul/2019:17:29:44 +0000] "GET /img/logo.png?v=3 HTTP/1.1" 200 2437 "https://www.ordinacija-sladovic.hr/" "Mozilla/5.0 (Linux; Android 8.1.0; 9027X Build/O11019) AppleWebKit/537.36 (KHTML, like Gecko) Chrome/75.0.3770.143 Mobile Safari/537.36"
66.249.88.85 - - [23/Jul/2019:17:29:44 +0000] "GET /assets/css/cookieconsent.min.css HTTP/1.1" 200 1209 "https://www.ordinacija-sladovic.hr/" "Mozilla/5.0 (Linux; Android 4.2.1; en-us; Nexus 5 Build/JOP40D) AppleWebKit/535.19 (KHTML, like Gecko; googleweblight) Chrome/38.0.1025.166 Mobile Safari/535.19"
66.249.88.85 - - [23/Jul/2019:17:29:44 +0000] "GET /vendor/rs-plugin/css/navigation.css HTTP/1.1" 200 7789 "https://www.ordinacija-sladovic.hr/" "Mozilla/5.0 (Linux; Android 4.2.1; en-us; Nexus 5 Build/JOP40D) AppleWebKit/535.19 (KHTML, like Gecko; googleweblight) Chrome/38.0.1025.166 Mobile Safari/535.19"
95.168.121.9 - - [23/Jul/2019:17:29:44 +0000] "GET /vendor/jquery/jquery.min.js HTTP/1.1" 200 30080 "https://www.ordinacija-sladovic.hr/" "Mozilla/5.0 (Linux; Android 8.1.0; 9027X Build/O11019) AppleWebKit/537.36 (KHTML, like Gecko) Chrome/75.0.3770.143 Mobile Safari/537.36"
95.168.121.9 - - [23/Jul/2019:17:29:44 +0000] "GET /vendor/jquery.appear/jquery.appear.min.js HTTP/1.1" 200 770 "https://www.ordinacija-sladovic.hr/" "Mozilla/5.0 (Linux; Android 8.1.0; 9027X Build/O11019) AppleWebKit/537.36 (KHTML, like Gecko) Chrome/75.0.3770.143 Mobile Safari/537.36"
95.168.121.9 - - [23/Jul/2019:17:29:44 +0000] "GET /vendor/common/common.min.js HTTP/1.1" 200 5732 "https://www.ordinacija-sladovic.hr/" "Mozilla/5.0 (Linux; Android 8.1.0; 9027X Build/O11019) AppleWebKit/537.36 (KHTML, like Gecko) Chrome/75.0.3770.143 Mobile Safari/537.36"
95.168.121.9 - - [23/Jul/2019:17:29:44 +0000] "GET /vendor/jquery.easing/jquery.easing.min.js HTTP/1.1" 200 1757 "https://www.ordinacija-sladovic.hr/" "Mozilla/5.0 (Linux; Android 8.1.0; 9027X Build/O11019) AppleWebKit/537.36 (KHTML, like Gecko) Chrome/75.0.3770.143 Mobile Safari/537.36"
95.168.121.9 - - [23/Jul/2019:17:29:44 +0000] "GET /vendor/jquery-cookie/jquery-cookie.min.js HTTP/1.1" 200 775 "https://www.ordinacija-sladovic.hr/" "Mozilla/5.0 (Linux; Android 8.1.0; 9027X Build/O11019) AppleWebKit/537.36 (KHTML, like Gecko) Chrome/75.0.3770.143 Mobile Safari/537.36"
95.168.121.9 - - [23/Jul/2019:17:29:44 +0000] "GET /vendor/bootstrap/js/bootstrap.min.js HTTP/1.1" 200 9833 "https://www.ordinacija-sladovic.hr/" "Mozilla/5.0 (Linux; Android 8.1.0; 9027X Build/O11019) AppleWebKit/537.36 (KHTML, like Gecko) Chrome/75.0.3770.143 Mobile Safari/537.36"
66.249.88.85 - - [23/Jul/2019:17:29:44 +0000] "GET /vendor/jquery.easing/jquery.easing.min.js HTTP/1.1" 200 1757 "https://www.ordinacija-sladovic.hr/" "Mozilla/5.0 (Linux; Android 4.2.1; en-us; Nexus 5 Build/JOP40D) AppleWebKit/535.19 (KHTML, like Gecko; googleweblight) Chrome/38.0.1025.166 Mobile Safari/535.19"
66.249.88.83 - - [23/Jul/2019:17:29:44 +0000] "GET /vendor/magnific-popup/magnific-popup.min.css HTTP/1.1" 200 1583 "https://www.ordinacija-sladovic.hr/" "Mozilla/5.0 (Linux; Android 4.2.1; en-us; Nexus 5 Build/JOP40D) AppleWebKit/535.19 (KHTML, like Gecko; googleweblight) Chrome/38.0.1025.166 Mobile Safari/535.19"
66.249.88.87 - - [23/Jul/2019:17:29:44 +0000] "GET /css/skins/skin-medical.css?v=2 HTTP/1.1" 200 11769 "https://www.ordinacija-sladovic.hr/" "Mozilla/5.0 (Linux; Android 4.2.1; en-us; Nexus 5 Build/JOP40D) AppleWebKit/535.19 (KHTML, like Gecko; googleweblight) Chrome/38.0.1025.166 Mobile Safari/535.19"
66.249.88.87 - - [23/Jul/2019:17:29:44 +0000] "GET /vendor/owl.carousel/assets/owl.carousel.min.css HTTP/1.1" 200 923 "https://www.ordinacija-sladovic.hr/" "Mozilla/5.0 (Linux; Android 4.2.1; en-us; Nexus 5 Build/JOP40D) AppleWebKit/535.19 (KHTML, like Gecko; googleweblight) Chrome/38.0.1025.166 Mobile Safari/535.19"
66.249.88.85 - - [23/Jul/2019:17:29:44 +0000] "GET /vendor/simple-line-icons/css/simple-line-icons.min.css HTTP/1.1" 200 2380 "https://www.ordinacija-sladovic.hr/" "Mozilla/5.0 (Linux; Android 4.2.1; en-us; Nexus 5 Build/JOP40D) AppleWebKit/535.19 (KHTML, like Gecko; googleweblight) Chrome/38.0.1025.166 Mobile Safari/535.19"
66.249.88.87 - - [23/Jul/2019:17:29:44 +0000] "GET /css/demos/demo-medical.css?v=5 HTTP/1.1" 200 2458 "https://www.ordinacija-sladovic.hr/" "Mozilla/5.0 (Linux; Android 4.2.1; en-us; Nexus 5 Build/JOP40D) AppleWebKit/535.19 (KHTML, like Gecko; googleweblight) Chrome/38.0.1025.166 Mobile Safari/535.19"
66.249.88.85 - - [23/Jul/2019:17:29:44 +0000] "GET /vendor/jquery-cookie/jquery-cookie.min.js HTTP/1.1" 200 775 "https://www.ordinacija-sladovic.hr/" "Mozilla/5.0 (Linux; Android 4.2.1; en-us; Nexus 5 Build/JOP40D) AppleWebKit/535.19 (KHTML, like Gecko; googleweblight) Chrome/38.0.1025.166 Mobile Safari/535.19"
66.249.88.87 - - [23/Jul/2019:17:29:44 +0000] "GET /vendor/jquery/jquery.min.js HTTP/1.1" 200 30080 "https://www.ordinacija-sladovic.hr/" "Mozilla/5.0 (Linux; Android 4.2.1; en-us; Nexus 5 Build/JOP40D) AppleWebKit/535.19 (KHTML, like Gecko; googleweblight) Chrome/38.0.1025.166 Mobile Safari/535.19"
66.249.88.87 - - [23/Jul/2019:17:29:44 +0000] "GET /css/theme-elements.css HTTP/1.1" 200 23209 "https://www.ordinacija-sladovic.hr/" "Mozilla/5.0 (Linux; Android 4.2.1; en-us; Nexus 5 Build/JOP40D) AppleWebKit/535.19 (KHTML, like Gecko; googleweblight) Chrome/38.0.1025.166 Mobile Safari/535.19"
95.168.121.9 - - [23/Jul/2019:17:29:44 +0000] "GET /vendor/simple-line-icons/fonts/Simple-Line-Icons.woff2?v=2.3.2 HTTP/1.1" 200 29260 "https://www.ordinacija-sladovic.hr/vendor/simple-line-icons/css/simple-line-icons.min.css" "Mozilla/5.0 (Linux; Android 8.1.0; 9027X Build/O11019) AppleWebKit/537.36 (KHTML, like Gecko) Chrome/75.0.3770.143 Mobile Safari/537.36"
66.249.88.83 - - [23/Jul/2019:17:29:44 +0000] "GET /vendor/bootstrap/js/bootstrap.min.js HTTP/1.1" 200 9833 "https://www.ordinacija-sladovic.hr/" "Mozilla/5.0 (Linux; Android 4.2.1; en-us; Nexus 5 Build/JOP40D) AppleWebKit/535.19 (KHTML, like Gecko; googleweblight) Chrome/38.0.1025.166 Mobile Safari/535.19"
66.249.88.87 - - [23/Jul/2019:17:29:44 +0000] "GET /vendor/common/common.min.js HTTP/1.1" 200 5732 "https://www.ordinacija-sladovic.hr/" "Mozilla/5.0 (Linux; Android 4.2.1; en-us; Nexus 5 Build/JOP40D) AppleWebKit/535.19 (KHTML, like Gecko; googleweblight) Chrome/38.0.1025.166 Mobile Safari/535.19"
95.168.121.9 - - [23/Jul/2019:17:29:44 +0000] "GET /vendor/jquery.validation/jquery.validation.min.js HTTP/1.1" 200 7565 "https://www.ordinacija-sladovic.hr/" "Mozilla/5.0 (Linux; Android 8.1.0; 9027X Build/O11019) AppleWebKit/537.36 (KHTML, like Gecko) Chrome/75.0.3770.143 Mobile Safari/537.36"
66.249.88.87 - - [23/Jul/2019:17:29:44 +0000] "GET /css/theme.css HTTP/1.1" 200 13408 "https://www.ordinacija-sladovic.hr/" "Mozilla/5.0 (Linux; Android 4.2.1; en-us; Nexus 5 Build/JOP40D) AppleWebKit/535.19 (KHTML, like Gecko; googleweblight) Chrome/38.0.1025.166 Mobile Safari/535.19"
66.249.88.83 - - [23/Jul/2019:17:29:44 +0000] "GET /vendor/font-awesome/css/font-awesome.min.css HTTP/1.1" 200 6666 "https://www.ordinacija-sladovic.hr/" "Mozilla/5.0 (Linux; Android 4.2.1; en-us; Nexus 5 Build/JOP40D) AppleWebKit/535.19 (KHTML, like Gecko; googleweblight) Chrome/38.0.1025.166 Mobile Safari/535.19"
95.168.121.9 - - [23/Jul/2019:17:29:44 +0000] "GET /vendor/jquery.gmap/jquery.gmap.min.js HTTP/1.1" 200 1466 "https://www.ordinacija-sladovic.hr/" "Mozilla/5.0 (Linux; Android 8.1.0; 9027X Build/O11019) AppleWebKit/537.36 (KHTML, like Gecko) Chrome/75.0.3770.143 Mobile Safari/537.36"
95.168.121.9 - - [23/Jul/2019:17:29:44 +0000] "GET /vendor/jquery.easy-pie-chart/jquery.easy-pie-chart.min.js HTTP/1.1" 200 1684 "https://www.ordinacija-sladovic.hr/" "Mozilla/5.0 (Linux; Android 8.1.0; 9027X Build/O11019) AppleWebKit/537.36 (KHTML, like Gecko) Chrome/75.0.3770.143 Mobile Safari/537.36"
95.168.121.9 - - [23/Jul/2019:17:29:44 +0000] "GET /vendor/jquery.lazyload/jquery.lazyload.min.js HTTP/1.1" 200 1407 "https://www.ordinacija-sladovic.hr/" "Mozilla/5.0 (Linux; Android 8.1.0; 9027X Build/O11019) AppleWebKit/537.36 (KHTML, like Gecko) Chrome/75.0.3770.143 Mobile Safari/537.36"
66.249.88.83 - - [23/Jul/2019:17:29:44 +0000] "GET /vendor/jquery.appear/jquery.appear.min.js HTTP/1.1" 200 770 "https://www.ordinacija-sladovic.hr/" "Mozilla/5.0 (Linux; Android 4.2.1; en-us; Nexus 5 Build/JOP40D) AppleWebKit/535.19 (KHTML, like Gecko; googleweblight) Chrome/38.0.1025.166 Mobile Safari/535.19"
66.249.88.87 - - [23/Jul/2019:17:29:44 +0000] "GET /vendor/modernizr/modernizr.min.js HTTP/1.1" 200 4522 "https://www.ordinacija-sladovic.hr/" "Mozilla/5.0 (Linux; Android 4.2.1; en-us; Nexus 5 Build/JOP40D) AppleWebKit/535.19 (KHTML, like Gecko; googleweblight) Chrome/38.0.1025.166 Mobile Safari/535.19"
66.249.88.87 - - [23/Jul/2019:17:29:44 +0000] "GET /vendor/jquery.easy-pie-chart/jquery.easy-pie-chart.min.js HTTP/1.1" 200 1684 "https://www.ordinacija-sladovic.hr/" "Mozilla/5.0 (Linux; Android 4.2.1; en-us; Nexus 5 Build/JOP40D) AppleWebKit/535.19 (KHTML, like Gecko; googleweblight) Chrome/38.0.1025.166 Mobile Safari/535.19"
66.249.88.87 - - [23/Jul/2019:17:29:44 +0000] "GET /vendor/jquery.gmap/jquery.gmap.min.js HTTP/1.1" 200 1466 "https://www.ordinacija-sladovic.hr/" "Mozilla/5.0 (Linux; Android 4.2.1; en-us; Nexus 5 Build/JOP40D) AppleWebKit/535.19 (KHTML, like Gecko; googleweblight) Chrome/38.0.1025.166 Mobile Safari/535.19"
95.168.121.9 - - [23/Jul/2019:17:29:44 +0000] "GET /vendor/font-awesome/fonts/fontawesome-webfont.woff2?v=4.6.3 HTTP/1.1" 200 71896 "https://www.ordinacija-sladovic.hr/vendor/font-awesome/css/font-awesome.min.css" "Mozilla/5.0 (Linux; Android 8.1.0; 9027X Build/O11019) AppleWebKit/537.36 (KHTML, like Gecko) Chrome/75.0.3770.143 Mobile Safari/537.36"
66.249.88.87 - - [23/Jul/2019:17:29:44 +0000] "GET /vendor/rs-plugin/css/layers.css HTTP/1.1" 200 10411 "https://www.ordinacija-sladovic.hr/" "Mozilla/5.0 (Linux; Android 4.2.1; en-us; Nexus 5 Build/JOP40D) AppleWebKit/535.19 (KHTML, like Gecko; googleweblight) Chrome/38.0.1025.166 Mobile Safari/535.19"
66.249.88.83 - - [23/Jul/2019:17:29:44 +0000] "GET /vendor/rs-plugin/css/settings.css HTTP/1.1" 200 7775 "https://www.ordinacija-sladovic.hr/" "Mozilla/5.0 (Linux; Android 4.2.1; en-us; Nexus 5 Build/JOP40D) AppleWebKit/535.19 (KHTML, like Gecko; googleweblight) Chrome/38.0.1025.166 Mobile Safari/535.19"
66.249.88.87 - - [23/Jul/2019:17:29:44 +0000] "GET /vendor/owl.carousel/owl.carousel.min.js HTTP/1.1" 200 10974 "https://www.ordinacija-sladovic.hr/" "Mozilla/5.0 (Linux; Android 4.2.1; en-us; Nexus 5 Build/JOP40D) AppleWebKit/535.19 (KHTML, like Gecko; googleweblight) Chrome/38.0.1025.166 Mobile Safari/535.19"
66.249.88.83 - - [23/Jul/2019:17:29:44 +0000] "GET /css/theme-blog.css HTTP/1.1" 200 1468 "https://www.ordinacija-sladovic.hr/" "Mozilla/5.0 (Linux; Android 4.2.1; en-us; Nexus 5 Build/JOP40D) AppleWebKit/535.19 (KHTML, like Gecko; googleweblight) Chrome/38.0.1025.166 Mobile Safari/535.19"
66.249.88.87 - - [23/Jul/2019:17:29:44 +0000] "GET /vendor/magnific-popup/jquery.magnific-popup.min.js HTTP/1.1" 200 7346 "https://www.ordinacija-sladovic.hr/" "Mozilla/5.0 (Linux; Android 4.2.1; en-us; Nexus 5 Build/JOP40D) AppleWebKit/535.19 (KHTML, like Gecko; googleweblight) Chrome/38.0.1025.166 Mobile Safari/535.19"
66.249.88.83 - - [23/Jul/2019:17:29:44 +0000] "GET /vendor/vide/vide.min.js HTTP/1.1" 200 1935 "https://www.ordinacija-sladovic.hr/" "Mozilla/5.0 (Linux; Android 4.2.1; en-us; Nexus 5 Build/JOP40D) AppleWebKit/535.19 (KHTML, like Gecko; googleweblight) Chrome/38.0.1025.166 Mobile Safari/535.19"
66.249.88.87 - - [23/Jul/2019:17:29:44 +0000] "GET /vendor/animate/animate.min.css HTTP/1.1" 200 3954 "https://www.ordinacija-sladovic.hr/" "Mozilla/5.0 (Linux; Android 4.2.1; en-us; Nexus 5 Build/JOP40D) AppleWebKit/535.19 (KHTML, like Gecko; googleweblight) Chrome/38.0.1025.166 Mobile Safari/535.19"
66.249.88.85 - - [23/Jul/2019:17:29:44 +0000] "GET /css/custom.css?v=3 HTTP/1.1" 200 140 "https://www.ordinacija-sladovic.hr/" "Mozilla/5.0 (Linux; Android 4.2.1; en-us; Nexus 5 Build/JOP40D) AppleWebKit/535.19 (KHTML, like Gecko; googleweblight) Chrome/38.0.1025.166 Mobile Safari/535.19"
66.249.88.87 - - [23/Jul/2019:17:29:44 +0000] "GET /css/theme-shop.css HTTP/1.1" 200 2546 "https://www.ordinacija-sladovic.hr/" "Mozilla/5.0 (Linux; Android 4.2.1; en-us; Nexus 5 Build/JOP40D) AppleWebKit/535.19 (KHTML, like Gecko; googleweblight) Chrome/38.0.1025.166 Mobile Safari/535.19"
66.249.88.85 - - [23/Jul/2019:17:29:45 +0000] "GET /vendor/owl.carousel/assets/owl.theme.default.min.css HTTP/1.1" 200 478 "https://www.ordinacija-sladovic.hr/" "Mozilla/5.0 (Linux; Android 4.2.1; en-us; Nexus 5 Build/JOP40D) AppleWebKit/535.19 (KHTML, like Gecko; googleweblight) Chrome/38.0.1025.166 Mobile Safari/535.19"
66.249.88.85 - - [23/Jul/2019:17:29:45 +0000] "GET /vendor/rs-plugin/js/jquery.themepunch.tools.min.js HTTP/1.1" 200 36896 "https://www.ordinacija-sladovic.hr/" "Mozilla/5.0 (Linux; Android 4.2.1; en-us; Nexus 5 Build/JOP40D) AppleWebKit/535.19 (KHTML, like Gecko; googleweblight) Chrome/38.0.1025.166 Mobile Safari/535.19"
66.249.88.87 - - [23/Jul/2019:17:29:45 +0000] "GET /js/custom.js HTTP/1.1" 200 - "https://www.ordinacija-sladovic.hr/" "Mozilla/5.0 (Linux; Android 4.2.1; en-us; Nexus 5 Build/JOP40D) AppleWebKit/535.19 (KHTML, like Gecko; googleweblight) Chrome/38.0.1025.166 Mobile Safari/535.19"
66.249.88.87 - - [23/Jul/2019:17:29:45 +0000] "GET /vendor/bootstrap/css/bootstrap.min.css HTTP/1.1" 200 19744 "https://www.ordinacija-sladovic.hr/" "Mozilla/5.0 (Linux; Android 4.2.1; en-us; Nexus 5 Build/JOP40D) AppleWebKit/535.19 (KHTML, like Gecko; googleweblight) Chrome/38.0.1025.166 Mobile Safari/535.19"
95.168.121.9 - - [23/Jul/2019:17:29:44 +0000] "GET /img/slides/slider1.jpg HTTP/1.1" 200 220220 "https://www.ordinacija-sladovic.hr/" "Mozilla/5.0 (Linux; Android 8.1.0; 9027X Build/O11019) AppleWebKit/537.36 (KHTML, like Gecko) Chrome/75.0.3770.143 Mobile Safari/537.36"
66.249.88.87 - - [23/Jul/2019:17:29:45 +0000] "GET /assets/js/cookieconsent.min.js HTTP/1.1" 200 6849 "https://www.ordinacija-sladovic.hr/" "Mozilla/5.0 (Linux; Android 4.2.1; en-us; Nexus 5 Build/JOP40D) AppleWebKit/535.19 (KHTML, like Gecko; googleweblight) Chrome/38.0.1025.166 Mobile Safari/535.19"
66.249.88.87 - - [23/Jul/2019:17:29:45 +0000] "GET /js/demos/demo-medical.js HTTP/1.1" 200 811 "https://www.ordinacija-sladovic.hr/" "Mozilla/5.0 (Linux; Android 4.2.1; en-us; Nexus 5 Build/JOP40D) AppleWebKit/535.19 (KHTML, like Gecko; googleweblight) Chrome/38.0.1025.166 Mobile Safari/535.19"
66.249.88.83 - - [23/Jul/2019:17:29:45 +0000] "GET /img/logo.png?v=3 HTTP/1.1" 200 2437 "https://www.ordinacija-sladovic.hr/" "Mozilla/5.0 (Linux; Android 4.2.1; en-us; Nexus 5 Build/JOP40D) AppleWebKit/535.19 (KHTML, like Gecko; googleweblight) Chrome/38.0.1025.166 Mobile Safari/535.19"
66.249.88.83 - - [23/Jul/2019:17:29:45 +0000] "GET /img/demos/medical/icons/medical-icon-heart.png HTTP/1.1" 200 1850 "https://www.ordinacija-sladovic.hr/" "Mozilla/5.0 (Linux; Android 4.2.1; en-us; Nexus 5 Build/JOP40D) AppleWebKit/535.19 (KHTML, like Gecko; googleweblight) Chrome/38.0.1025.166 Mobile Safari/535.19"
66.249.88.83 - - [23/Jul/2019:17:29:45 +0000] "GET /img/icons/implant.png HTTP/1.1" 200 1888 "https://www.ordinacija-sladovic.hr/" "Mozilla/5.0 (Linux; Android 4.2.1; en-us; Nexus 5 Build/JOP40D) AppleWebKit/535.19 (KHTML, like Gecko; googleweblight) Chrome/38.0.1025.166 Mobile Safari/535.19"
66.249.88.83 - - [23/Jul/2019:17:29:45 +0000] "GET /img/icons/all-metoda.png HTTP/1.1" 200 2326 "https://www.ordinacija-sladovic.hr/" "Mozilla/5.0 (Linux; Android 4.2.1; en-us; Nexus 5 Build/JOP40D) AppleWebKit/535.19 (KHTML, like Gecko; googleweblight) Chrome/38.0.1025.166 Mobile Safari/535.19"
66.249.88.85 - - [23/Jul/2019:17:29:45 +0000] "GET /img/icons/protetika.png HTTP/1.1" 200 2505 "https://www.ordinacija-sladovic.hr/" "Mozilla/5.0 (Linux; Android 4.2.1; en-us; Nexus 5 Build/JOP40D) AppleWebKit/535.19 (KHTML, like Gecko; googleweblight) Chrome/38.0.1025.166 Mobile Safari/535.19"
66.249.88.85 - - [23/Jul/2019:17:29:45 +0000] "GET /vendor/rs-plugin/js/jquery.themepunch.revolution.min.js HTTP/1.1" 200 50220 "https://www.ordinacija-sladovic.hr/" "Mozilla/5.0 (Linux; Android 4.2.1; en-us; Nexus 5 Build/JOP40D) AppleWebKit/535.19 (KHTML, like Gecko; googleweblight) Chrome/38.0.1025.166 Mobile Safari/535.19"
95.168.121.9 - - [23/Jul/2019:17:29:45 +0000] "GET /vendor/isotope/jquery.isotope.min.js HTTP/1.1" 200 9678 "https://www.ordinacija-sladovic.hr/" "Mozilla/5.0 (Linux; Android 8.1.0; 9027X Build/O11019) AppleWebKit/537.36 (KHTML, like Gecko) Chrome/75.0.3770.143 Mobile Safari/537.36"
66.249.88.83 - - [23/Jul/2019:17:29:45 +0000] "GET /img/icons/endondoncija.png HTTP/1.1" 200 2578 "https://www.ordinacija-sladovic.hr/" "Mozilla/5.0 (Linux; Android 4.2.1; en-us; Nexus 5 Build/JOP40D) AppleWebKit/535.19 (KHTML, like Gecko; googleweblight) Chrome/38.0.1025.166 Mobile Safari/535.19"
66.249.88.87 - - [23/Jul/2019:17:29:45 +0000] "GET /img/slides/slider4.jpg HTTP/1.1" 200 213200 "https://www.ordinacija-sladovic.hr/" "Mozilla/5.0 (Linux; Android 4.2.1; en-us; Nexus 5 Build/JOP40D) AppleWebKit/535.19 (KHTML, like Gecko; googleweblight) Chrome/38.0.1025.166 Mobile Safari/535.19"
66.249.88.87 - - [23/Jul/2019:17:29:45 +0000] "GET /img/slides/slider1.jpg HTTP/1.1" 200 220220 "https://www.ordinacija-sladovic.hr/" "Mozilla/5.0 (Linux; Android 4.2.1; en-us; Nexus 5 Build/JOP40D) AppleWebKit/535.19 (KHTML, like Gecko; googleweblight) Chrome/38.0.1025.166 Mobile Safari/535.19"
95.168.121.9 - - [23/Jul/2019:17:29:45 +0000] "GET /vendor/owl.carousel/owl.carousel.min.js HTTP/1.1" 200 10974 "https://www.ordinacija-sladovic.hr/" "Mozilla/5.0 (Linux; Android 8.1.0; 9027X Build/O11019) AppleWebKit/537.36 (KHTML, like Gecko) Chrome/75.0.3770.143 Mobile Safari/537.36"
66.249.88.85 - - [23/Jul/2019:17:29:45 +0000] "GET /img/icons/djecija-stomatologija.png HTTP/1.1" 200 2632 "https://www.ordinacija-sladovic.hr/" "Mozilla/5.0 (Linux; Android 4.2.1; en-us; Nexus 5 Build/JOP40D) AppleWebKit/535.19 (KHTML, like Gecko; googleweblight) Chrome/38.0.1025.166 Mobile Safari/535.19"
66.249.88.87 - - [23/Jul/2019:17:29:45 +0000] "GET /img/slides/slider3.jpg HTTP/1.1" 200 156824 "https://www.ordinacija-sladovic.hr/" "Mozilla/5.0 (Linux; Android 4.2.1; en-us; Nexus 5 Build/JOP40D) AppleWebKit/535.19 (KHTML, like Gecko; googleweblight) Chrome/38.0.1025.166 Mobile Safari/535.19"
95.168.121.9 - - [23/Jul/2019:17:29:45 +0000] "GET /vendor/vide/vide.min.js HTTP/1.1" 200 1935 "https://www.ordinacija-sladovic.hr/" "Mozilla/5.0 (Linux; Android 8.1.0; 9027X Build/O11019) AppleWebKit/537.36 (KHTML, like Gecko) Chrome/75.0.3770.143 Mobile Safari/537.36"
66.249.88.87 - - [23/Jul/2019:17:29:45 +0000] "GET /img/o-nama.jpg HTTP/1.1" 200 50429 "https://www.ordinacija-sladovic.hr/" "Mozilla/5.0 (Linux; Android 4.2.1; en-us; Nexus 5 Build/JOP40D) AppleWebKit/535.19 (KHTML, like Gecko; googleweblight) Chrome/38.0.1025.166 Mobile Safari/535.19"
66.249.88.83 - - [23/Jul/2019:17:29:45 +0000] "GET /vendor/jquery.validation/jquery.validation.min.js HTTP/1.1" 200 7565 "https://www.ordinacija-sladovic.hr/" "Mozilla/5.0 (Linux; Android 4.2.1; en-us; Nexus 5 Build/JOP40D) AppleWebKit/535.19 (KHTML, like Gecko; googleweblight) Chrome/38.0.1025.166 Mobile Safari/535.19"
66.249.88.83 - - [23/Jul/2019:17:29:45 +0000] "GET /vendor/jquery.lazyload/jquery.lazyload.min.js HTTP/1.1" 200 1407 "https://www.ordinacija-sladovic.hr/" "Mozilla/5.0 (Linux; Android 4.2.1; en-us; Nexus 5 Build/JOP40D) AppleWebKit/535.19 (KHTML, like Gecko; googleweblight) Chrome/38.0.1025.166 Mobile Safari/535.19"
66.249.88.83 - - [23/Jul/2019:17:29:45 +0000] "GET /img/logos/galderma-logo.png HTTP/1.1" 200 9388 "https://www.ordinacija-sladovic.hr/" "Mozilla/5.0 (Linux; Android 4.2.1; en-us; Nexus 5 Build/JOP40D) AppleWebKit/535.19 (KHTML, like Gecko; googleweblight) Chrome/38.0.1025.166 Mobile Safari/535.19"
66.249.88.85 - - [23/Jul/2019:17:29:45 +0000] "GET /img/avatar.jpg HTTP/1.1" 200 24085 "https://www.ordinacija-sladovic.hr/" "Mozilla/5.0 (Linux; Android 4.2.1; en-us; Nexus 5 Build/JOP40D) AppleWebKit/535.19 (KHTML, like Gecko; googleweblight) Chrome/38.0.1025.166 Mobile Safari/535.19"
66.249.88.87 - - [23/Jul/2019:17:29:45 +0000] "GET /vendor/isotope/jquery.isotope.min.js HTTP/1.1" 200 9678 "https://www.ordinacija-sladovic.hr/" "Mozilla/5.0 (Linux; Android 4.2.1; en-us; Nexus 5 Build/JOP40D) AppleWebKit/535.19 (KHTML, like Gecko; googleweblight) Chrome/38.0.1025.166 Mobile Safari/535.19"
95.168.121.9 - - [23/Jul/2019:17:29:45 +0000] "GET /img/slides/slider4.jpg HTTP/1.1" 200 213200 "https://www.ordinacija-sladovic.hr/" "Mozilla/5.0 (Linux; Android 8.1.0; 9027X Build/O11019) AppleWebKit/537.36 (KHTML, like Gecko) Chrome/75.0.3770.143 Mobile Safari/537.36"
66.249.88.83 - - [23/Jul/2019:17:29:45 +0000] "GET /img/logos/neste-skin-health.png HTTP/1.1" 200 4343 "https://www.ordinacija-sladovic.hr/" "Mozilla/5.0 (Linux; Android 4.2.1; en-us; Nexus 5 Build/JOP40D) AppleWebKit/535.19 (KHTML, like Gecko; googleweblight) Chrome/38.0.1025.166 Mobile Safari/535.19"
95.168.121.9 - - [23/Jul/2019:17:29:45 +0000] "GET /img/slides/slider3.jpg HTTP/1.1" 200 156824 "https://www.ordinacija-sladovic.hr/" "Mozilla/5.0 (Linux; Android 8.1.0; 9027X Build/O11019) AppleWebKit/537.36 (KHTML, like Gecko) Chrome/75.0.3770.143 Mobile Safari/537.36"
66.249.88.83 - - [23/Jul/2019:17:29:45 +0000] "GET /img/logos/restylane-logo.png HTTP/1.1" 200 25032 "https://www.ordinacija-sladovic.hr/" "Mozilla/5.0 (Linux; Android 4.2.1; en-us; Nexus 5 Build/JOP40D) AppleWebKit/535.19 (KHTML, like Gecko; googleweblight) Chrome/38.0.1025.166 Mobile Safari/535.19"
95.168.121.9 - - [23/Jul/2019:17:29:45 +0000] "GET /vendor/magnific-popup/jquery.magnific-popup.min.js HTTP/1.1" 200 7346 "https://www.ordinacija-sladovic.hr/" "Mozilla/5.0 (Linux; Android 8.1.0; 9027X Build/O11019) AppleWebKit/537.36 (KHTML, like Gecko) Chrome/75.0.3770.143 Mobile Safari/537.36"
95.168.121.9 - - [23/Jul/2019:17:29:45 +0000] "GET /vendor/rs-plugin/js/jquery.themepunch.tools.min.js HTTP/1.1" 200 36896 "https://www.ordinacija-sladovic.hr/" "Mozilla/5.0 (Linux; Android 8.1.0; 9027X Build/O11019) AppleWebKit/537.36 (KHTML, like Gecko) Chrome/75.0.3770.143 Mobile Safari/537.36"
66.249.88.87 - - [23/Jul/2019:17:29:45 +0000] "GET /img/doktor-1.jpg HTTP/1.1" 200 64059 "https://www.ordinacija-sladovic.hr/" "Mozilla/5.0 (Linux; Android 4.2.1; en-us; Nexus 5 Build/JOP40D) AppleWebKit/535.19 (KHTML, like Gecko; googleweblight) Chrome/38.0.1025.166 Mobile Safari/535.19"
95.168.121.9 - - [23/Jul/2019:17:29:45 +0000] "GET /js/demos/demo-medical.js HTTP/1.1" 200 811 "https://www.ordinacija-sladovic.hr/" "Mozilla/5.0 (Linux; Android 8.1.0; 9027X Build/O11019) AppleWebKit/537.36 (KHTML, like Gecko) Chrome/75.0.3770.143 Mobile Safari/537.36"
66.249.88.83 - - [23/Jul/2019:17:29:45 +0000] "GET /img/doktor-2.jpg HTTP/1.1" 200 61322 "https://www.ordinacija-sladovic.hr/" "Mozilla/5.0 (Linux; Android 4.2.1; en-us; Nexus 5 Build/JOP40D) AppleWebKit/535.19 (KHTML, like Gecko; googleweblight) Chrome/38.0.1025.166 Mobile Safari/535.19"
66.249.88.87 - - [23/Jul/2019:17:29:45 +0000] "GET /img/doktor-4.jpg HTTP/1.1" 200 56488 "https://www.ordinacija-sladovic.hr/" "Mozilla/5.0 (Linux; Android 4.2.1; en-us; Nexus 5 Build/JOP40D) AppleWebKit/535.19 (KHTML, like Gecko; googleweblight) Chrome/38.0.1025.166 Mobile Safari/535.19"
66.249.88.87 - - [23/Jul/2019:17:29:45 +0000] "GET /img/doktor-3.jpg HTTP/1.1" 200 52618 "https://www.ordinacija-sladovic.hr/" "Mozilla/5.0 (Linux; Android 4.2.1; en-us; Nexus 5 Build/JOP40D) AppleWebKit/535.19 (KHTML, like Gecko; googleweblight) Chrome/38.0.1025.166 Mobile Safari/535.19"
66.249.88.87 - - [23/Jul/2019:17:29:45 +0000] "GET /js/theme.js?v=2 HTTP/1.1" 200 10386 "https://www.ordinacija-sladovic.hr/" "Mozilla/5.0 (Linux; Android 4.2.1; en-us; Nexus 5 Build/JOP40D) AppleWebKit/535.19 (KHTML, like Gecko; googleweblight) Chrome/38.0.1025.166 Mobile Safari/535.19"
66.249.88.85 - - [23/Jul/2019:17:29:45 +0000] "GET /js/theme.init.js HTTP/1.1" 200 1029 "https://www.ordinacija-sladovic.hr/" "Mozilla/5.0 (Linux; Android 4.2.1; en-us; Nexus 5 Build/JOP40D) AppleWebKit/535.19 (KHTML, like Gecko; googleweblight) Chrome/38.0.1025.166 Mobile Safari/535.19"
95.168.121.9 - - [23/Jul/2019:17:29:45 +0000] "GET /vendor/rs-plugin/js/jquery.themepunch.revolution.min.js HTTP/1.1" 200 50220 "https://www.ordinacija-sladovic.hr/" "Mozilla/5.0 (Linux; Android 8.1.0; 9027X Build/O11019) AppleWebKit/537.36 (KHTML, like Gecko) Chrome/75.0.3770.143 Mobile Safari/537.36"
66.249.88.83 - - [23/Jul/2019:17:29:45 +0000] "GET /img/icons/parodontologija.png HTTP/1.1" 200 2667 "https://www.ordinacija-sladovic.hr/" "Mozilla/5.0 (Linux; Android 4.2.1; en-us; Nexus 5 Build/JOP40D) AppleWebKit/535.19 (KHTML, like Gecko; googleweblight) Chrome/38.0.1025.166 Mobile Safari/535.19"
95.168.121.9 - - [23/Jul/2019:17:29:45 +0000] "GET /js/custom.js HTTP/1.1" 200 - "https://www.ordinacija-sladovic.hr/" "Mozilla/5.0 (Linux; Android 8.1.0; 9027X Build/O11019) AppleWebKit/537.36 (KHTML, like Gecko) Chrome/75.0.3770.143 Mobile Safari/537.36"
95.168.121.9 - - [23/Jul/2019:17:29:45 +0000] "GET /assets/js/cookieconsent.min.js HTTP/1.1" 200 6849 "https://www.ordinacija-sladovic.hr/" "Mozilla/5.0 (Linux; Android 8.1.0; 9027X Build/O11019) AppleWebKit/537.36 (KHTML, like Gecko) Chrome/75.0.3770.143 Mobile Safari/537.36"
95.168.121.9 - - [23/Jul/2019:17:29:45 +0000] "GET /img/demos/medical/icons/medical-icon-heart.png HTTP/1.1" 200 1850 "https://www.ordinacija-sladovic.hr/" "Mozilla/5.0 (Linux; Android 8.1.0; 9027X Build/O11019) AppleWebKit/537.36 (KHTML, like Gecko) Chrome/75.0.3770.143 Mobile Safari/537.36"
95.168.121.9 - - [23/Jul/2019:17:29:45 +0000] "GET /js/theme.init.js HTTP/1.1" 200 1029 "https://www.ordinacija-sladovic.hr/" "Mozilla/5.0 (Linux; Android 8.1.0; 9027X Build/O11019) AppleWebKit/537.36 (KHTML, like Gecko) Chrome/75.0.3770.143 Mobile Safari/537.36"
95.168.121.9 - - [23/Jul/2019:17:29:45 +0000] "GET /js/theme.js?v=2 HTTP/1.1" 200 10386 "https://www.ordinacija-sladovic.hr/" "Mozilla/5.0 (Linux; Android 8.1.0; 9027X Build/O11019) AppleWebKit/537.36 (KHTML, like Gecko) Chrome/75.0.3770.143 Mobile Safari/537.36"
95.168.121.9 - - [23/Jul/2019:17:29:45 +0000] "GET /img/o-nama.jpg HTTP/1.1" 200 50429 "https://www.ordinacija-sladovic.hr/" "Mozilla/5.0 (Linux; Android 8.1.0; 9027X Build/O11019) AppleWebKit/537.36 (KHTML, like Gecko) Chrome/75.0.3770.143 Mobile Safari/537.36"
95.168.121.9 - - [23/Jul/2019:17:29:45 +0000] "GET /img/icons/implant.png HTTP/1.1" 200 1888 "https://www.ordinacija-sladovic.hr/" "Mozilla/5.0 (Linux; Android 8.1.0; 9027X Build/O11019) AppleWebKit/537.36 (KHTML, like Gecko) Chrome/75.0.3770.143 Mobile Safari/537.36"
95.168.121.9 - - [23/Jul/2019:17:29:45 +0000] "GET /img/icons/protetika.png HTTP/1.1" 200 2505 "https://www.ordinacija-sladovic.hr/" "Mozilla/5.0 (Linux; Android 8.1.0; 9027X Build/O11019) AppleWebKit/537.36 (KHTML, like Gecko) Chrome/75.0.3770.143 Mobile Safari/537.36"
95.168.121.9 - - [23/Jul/2019:17:29:45 +0000] "GET /img/icons/parodontologija.png HTTP/1.1" 200 2667 "https://www.ordinacija-sladovic.hr/" "Mozilla/5.0 (Linux; Android 8.1.0; 9027X Build/O11019) AppleWebKit/537.36 (KHTML, like Gecko) Chrome/75.0.3770.143 Mobile Safari/537.36"
95.168.121.9 - - [23/Jul/2019:17:29:45 +0000] "GET /img/icons/all-metoda.png HTTP/1.1" 200 2326 "https://www.ordinacija-sladovic.hr/" "Mozilla/5.0 (Linux; Android 8.1.0; 9027X Build/O11019) AppleWebKit/537.36 (KHTML, like Gecko) Chrome/75.0.3770.143 Mobile Safari/537.36"
95.168.121.9 - - [23/Jul/2019:17:29:45 +0000] "GET /img/icons/endondoncija.png HTTP/1.1" 200 2578 "https://www.ordinacija-sladovic.hr/" "Mozilla/5.0 (Linux; Android 8.1.0; 9027X Build/O11019) AppleWebKit/537.36 (KHTML, like Gecko) Chrome/75.0.3770.143 Mobile Safari/537.36"
95.168.121.9 - - [23/Jul/2019:17:29:45 +0000] "GET /img/icons/djecija-stomatologija.png HTTP/1.1" 200 2632 "https://www.ordinacija-sladovic.hr/" "Mozilla/5.0 (Linux; Android 8.1.0; 9027X Build/O11019) AppleWebKit/537.36 (KHTML, like Gecko) Chrome/75.0.3770.143 Mobile Safari/537.36"
95.168.121.9 - - [23/Jul/2019:17:29:45 +0000] "GET /img/avatar.jpg HTTP/1.1" 200 24085 "https://www.ordinacija-sladovic.hr/" "Mozilla/5.0 (Linux; Android 8.1.0; 9027X Build/O11019) AppleWebKit/537.36 (KHTML, like Gecko) Chrome/75.0.3770.143 Mobile Safari/537.36"
95.168.121.9 - - [23/Jul/2019:17:29:45 +0000] "GET /img/logos/galderma-logo.png HTTP/1.1" 200 9388 "https://www.ordinacija-sladovic.hr/" "Mozilla/5.0 (Linux; Android 8.1.0; 9027X Build/O11019) AppleWebKit/537.36 (KHTML, like Gecko) Chrome/75.0.3770.143 Mobile Safari/537.36"
95.168.121.9 - - [23/Jul/2019:17:29:45 +0000] "GET /img/doktor-1.jpg HTTP/1.1" 200 64059 "https://www.ordinacija-sladovic.hr/" "Mozilla/5.0 (Linux; Android 8.1.0; 9027X Build/O11019) AppleWebKit/537.36 (KHTML, like Gecko) Chrome/75.0.3770.143 Mobile Safari/537.36"
95.168.121.9 - - [23/Jul/2019:17:29:45 +0000] "GET /img/doktor-3.jpg HTTP/1.1" 200 52618 "https://www.ordinacija-sladovic.hr/" "Mozilla/5.0 (Linux; Android 8.1.0; 9027X Build/O11019) AppleWebKit/537.36 (KHTML, like Gecko) Chrome/75.0.3770.143 Mobile Safari/537.36"
95.168.121.9 - - [23/Jul/2019:17:29:45 +0000] "GET /img/doktor-2.jpg HTTP/1.1" 200 61322 "https://www.ordinacija-sladovic.hr/" "Mozilla/5.0 (Linux; Android 8.1.0; 9027X Build/O11019) AppleWebKit/537.36 (KHTML, like Gecko) Chrome/75.0.3770.143 Mobile Safari/537.36"
95.168.121.9 - - [23/Jul/2019:17:29:45 +0000] "GET /img/doktor-4.jpg HTTP/1.1" 200 56488 "https://www.ordinacija-sladovic.hr/" "Mozilla/5.0 (Linux; Android 8.1.0; 9027X Build/O11019) AppleWebKit/537.36 (KHTML, like Gecko) Chrome/75.0.3770.143 Mobile Safari/537.36"
95.168.121.9 - - [23/Jul/2019:17:29:46 +0000] "GET /img/logos/neste-skin-health.png HTTP/1.1" 200 4343 "https://www.ordinacija-sladovic.hr/" "Mozilla/5.0 (Linux; Android 8.1.0; 9027X Build/O11019) AppleWebKit/537.36 (KHTML, like Gecko) Chrome/75.0.3770.143 Mobile Safari/537.36"
95.168.121.9 - - [23/Jul/2019:17:29:46 +0000] "GET /img/logos/restylane-logo.png HTTP/1.1" 200 25032 "https://www.ordinacija-sladovic.hr/" "Mozilla/5.0 (Linux; Android 8.1.0; 9027X Build/O11019) AppleWebKit/537.36 (KHTML, like Gecko) Chrome/75.0.3770.143 Mobile Safari/537.36"
95.168.121.9 - - [23/Jul/2019:17:29:47 +0000] "GET /favicon-16x16.png HTTP/1.1" 200 1005 "https://www.ordinacija-sladovic.hr/" "Mozilla/5.0 (Linux; Android 8.1.0; 9027X Build/O11019) AppleWebKit/537.36 (KHTML, like Gecko) Chrome/75.0.3770.143 Mobile Safari/537.36"
66.249.88.83 - - [23/Jul/2019:17:29:47 +0000] "GET / HTTP/1.1" 200 6518 "-" "Mozilla/5.0 (Linux; Android 4.2.1; en-us; Nexus 5 Build/JOP40D) AppleWebKit/535.19 (KHTML, like Gecko; googleweblight) Chrome/38.0.1025.166 Mobile Safari/535.19"
95.168.121.9 - - [23/Jul/2019:17:29:47 +0000] "GET /favicon-32x32.png HTTP/1.1" 200 1591 "https://www.ordinacija-sladovic.hr/" "Mozilla/5.0 (Linux; Android 8.1.0; 9027X Build/O11019) AppleWebKit/537.36 (KHTML, like Gecko) Chrome/75.0.3770.143 Mobile Safari/537.36"
66.249.83.201 - - [23/Jul/2019:17:29:47 +0000] "GET /kontakt HTTP/1.1" 200 4405 "-" "Mozilla/5.0 (Linux; Android 4.2.1; en-us; Nexus 5 Build/JOP40D) AppleWebKit/535.19 (KHTML, like Gecko; googleweblight) Chrome/38.0.1025.166 Mobile Safari/535.19"
66.249.83.199 - - [23/Jul/2019:17:29:47 +0000] "GET /o-nama HTTP/1.1" 200 4122 "-" "Mozilla/5.0 (Linux; Android 4.2.1; en-us; Nexus 5 Build/JOP40D) AppleWebKit/535.19 (KHTML, like Gecko; googleweblight) Chrome/38.0.1025.166 Mobile Safari/535.19"
66.249.83.201 - - [23/Jul/2019:17:29:47 +0000] "GET /css/skins/skin-medical.css?v=2 HTTP/1.1" 200 11769 "https://www.ordinacija-sladovic.hr/kontakt" "Mozilla/5.0 (Linux; Android 4.2.1; en-us; Nexus 5 Build/JOP40D) AppleWebKit/535.19 (KHTML, like Gecko; googleweblight) Chrome/38.0.1025.166 Mobile Safari/535.19"
66.249.88.87 - - [23/Jul/2019:17:29:47 +0000] "GET /css/custom.css?v=3 HTTP/1.1" 200 140 "https://www.ordinacija-sladovic.hr/kontakt" "Mozilla/5.0 (Linux; Android 4.2.1; en-us; Nexus 5 Build/JOP40D) AppleWebKit/535.19 (KHTML, like Gecko; googleweblight) Chrome/38.0.1025.166 Mobile Safari/535.19"
66.249.88.85 - - [23/Jul/2019:17:29:47 +0000] "GET /css/demos/demo-medical.css?v=5 HTTP/1.1" 200 2458 "https://www.ordinacija-sladovic.hr/o-nama" "Mozilla/5.0 (Linux; Android 4.2.1; en-us; Nexus 5 Build/JOP40D) AppleWebKit/535.19 (KHTML, like Gecko; googleweblight) Chrome/38.0.1025.166 Mobile Safari/535.19"
66.249.83.199 - - [23/Jul/2019:17:29:47 +0000] "GET /vendor/rs-plugin/css/layers.css HTTP/1.1" 200 10411 "https://www.ordinacija-sladovic.hr/kontakt" "Mozilla/5.0 (Linux; Android 4.2.1; en-us; Nexus 5 Build/JOP40D) AppleWebKit/535.19 (KHTML, like Gecko; googleweblight) Chrome/38.0.1025.166 Mobile Safari/535.19"
66.249.88.85 - - [23/Jul/2019:17:29:47 +0000] "GET /js/theme.js?v=2 HTTP/1.1" 200 10386 "https://www.ordinacija-sladovic.hr/o-nama" "Mozilla/5.0 (Linux; Android 4.2.1; en-us; Nexus 5 Build/JOP40D) AppleWebKit/535.19 (KHTML, like Gecko; googleweblight) Chrome/38.0.1025.166 Mobile Safari/535.19"
66.249.83.201 - - [23/Jul/2019:17:29:47 +0000] "GET /vendor/rs-plugin/js/jquery.themepunch.tools.min.js HTTP/1.1" 200 36896 "https://www.ordinacija-sladovic.hr/o-nama" "Mozilla/5.0 (Linux; Android 4.2.1; en-us; Nexus 5 Build/JOP40D) AppleWebKit/535.19 (KHTML, like Gecko; googleweblight) Chrome/38.0.1025.166 Mobile Safari/535.19"
66.249.83.199 - - [23/Jul/2019:17:29:48 +0000] "GET /css/custom.css?v=3 HTTP/1.1" 200 140 "https://www.ordinacija-sladovic.hr/o-nama" "Mozilla/5.0 (Linux; Android 4.2.1; en-us; Nexus 5 Build/JOP40D) AppleWebKit/535.19 (KHTML, like Gecko; googleweblight) Chrome/38.0.1025.166 Mobile Safari/535.19"
66.249.83.201 - - [23/Jul/2019:17:29:48 +0000] "GET /css/demos/demo-medical.css?v=5 HTTP/1.1" 200 2458 "https://www.ordinacija-sladovic.hr/kontakt" "Mozilla/5.0 (Linux; Android 4.2.1; en-us; Nexus 5 Build/JOP40D) AppleWebKit/535.19 (KHTML, like Gecko; googleweblight) Chrome/38.0.1025.166 Mobile Safari/535.19"
66.249.83.199 - - [23/Jul/2019:17:29:48 +0000] "GET /vendor/animate/animate.min.css HTTP/1.1" 200 3954 "https://www.ordinacija-sladovic.hr/kontakt" "Mozilla/5.0 (Linux; Android 4.2.1; en-us; Nexus 5 Build/JOP40D) AppleWebKit/535.19 (KHTML, like Gecko; googleweblight) Chrome/38.0.1025.166 Mobile Safari/535.19"
66.249.83.203 - - [23/Jul/2019:17:29:48 +0000] "GET /vendor/rs-plugin/css/layers.css HTTP/1.1" 200 10411 "https://www.ordinacija-sladovic.hr/o-nama" "Mozilla/5.0 (Linux; Android 4.2.1; en-us; Nexus 5 Build/JOP40D) AppleWebKit/535.19 (KHTML, like Gecko; googleweblight) Chrome/38.0.1025.166 Mobile Safari/535.19"
66.249.83.201 - - [23/Jul/2019:17:29:48 +0000] "GET /vendor/jquery.appear/jquery.appear.min.js HTTP/1.1" 200 770 "https://www.ordinacija-sladovic.hr/kontakt" "Mozilla/5.0 (Linux; Android 4.2.1; en-us; Nexus 5 Build/JOP40D) AppleWebKit/535.19 (KHTML, like Gecko; googleweblight) Chrome/38.0.1025.166 Mobile Safari/535.19"
66.249.83.203 - - [23/Jul/2019:17:29:48 +0000] "GET /vendor/jquery.validation/jquery.validation.min.js HTTP/1.1" 200 7565 "https://www.ordinacija-sladovic.hr/o-nama" "Mozilla/5.0 (Linux; Android 4.2.1; en-us; Nexus 5 Build/JOP40D) AppleWebKit/535.19 (KHTML, like Gecko; googleweblight) Chrome/38.0.1025.166 Mobile Safari/535.19"
66.249.83.199 - - [23/Jul/2019:17:29:48 +0000] "GET /css/theme.css HTTP/1.1" 200 13408 "https://www.ordinacija-sladovic.hr/kontakt" "Mozilla/5.0 (Linux; Android 4.2.1; en-us; Nexus 5 Build/JOP40D) AppleWebKit/535.19 (KHTML, like Gecko; googleweblight) Chrome/38.0.1025.166 Mobile Safari/535.19"
66.249.83.203 - - [23/Jul/2019:17:29:48 +0000] "GET /vendor/jquery.easy-pie-chart/jquery.easy-pie-chart.min.js HTTP/1.1" 200 1684 "https://www.ordinacija-sladovic.hr/o-nama" "Mozilla/5.0 (Linux; Android 4.2.1; en-us; Nexus 5 Build/JOP40D) AppleWebKit/535.19 (KHTML, like Gecko; googleweblight) Chrome/38.0.1025.166 Mobile Safari/535.19"
66.249.83.199 - - [23/Jul/2019:17:29:48 +0000] "GET /vendor/bootstrap/js/bootstrap.min.js HTTP/1.1" 200 9833 "https://www.ordinacija-sladovic.hr/kontakt" "Mozilla/5.0 (Linux; Android 4.2.1; en-us; Nexus 5 Build/JOP40D) AppleWebKit/535.19 (KHTML, like Gecko; googleweblight) Chrome/38.0.1025.166 Mobile Safari/535.19"
66.249.83.201 - - [23/Jul/2019:17:29:48 +0000] "GET /css/theme-blog.css HTTP/1.1" 200 1468 "https://www.ordinacija-sladovic.hr/kontakt" "Mozilla/5.0 (Linux; Android 4.2.1; en-us; Nexus 5 Build/JOP40D) AppleWebKit/535.19 (KHTML, like Gecko; googleweblight) Chrome/38.0.1025.166 Mobile Safari/535.19"
66.249.83.199 - - [23/Jul/2019:17:29:48 +0000] "GET /vendor/rs-plugin/css/settings.css HTTP/1.1" 200 7775 "https://www.ordinacija-sladovic.hr/kontakt" "Mozilla/5.0 (Linux; Android 4.2.1; en-us; Nexus 5 Build/JOP40D) AppleWebKit/535.19 (KHTML, like Gecko; googleweblight) Chrome/38.0.1025.166 Mobile Safari/535.19"
66.249.83.199 - - [23/Jul/2019:17:29:48 +0000] "GET /vendor/jquery.gmap/jquery.gmap.min.js HTTP/1.1" 200 1466 "https://www.ordinacija-sladovic.hr/o-nama" "Mozilla/5.0 (Linux; Android 4.2.1; en-us; Nexus 5 Build/JOP40D) AppleWebKit/535.19 (KHTML, like Gecko; googleweblight) Chrome/38.0.1025.166 Mobile Safari/535.19"
66.249.83.199 - - [23/Jul/2019:17:29:48 +0000] "GET /vendor/isotope/jquery.isotope.min.js HTTP/1.1" 200 9678 "https://www.ordinacija-sladovic.hr/o-nama" "Mozilla/5.0 (Linux; Android 4.2.1; en-us; Nexus 5 Build/JOP40D) AppleWebKit/535.19 (KHTML, like Gecko; googleweblight) Chrome/38.0.1025.166 Mobile Safari/535.19"
66.249.83.201 - - [23/Jul/2019:17:29:48 +0000] "GET /js/theme.init.js HTTP/1.1" 200 1029 "https://www.ordinacija-sladovic.hr/o-nama" "Mozilla/5.0 (Linux; Android 4.2.1; en-us; Nexus 5 Build/JOP40D) AppleWebKit/535.19 (KHTML, like Gecko; googleweblight) Chrome/38.0.1025.166 Mobile Safari/535.19"
66.249.83.201 - - [23/Jul/2019:17:29:48 +0000] "GET /assets/js/cookieconsent.min.js HTTP/1.1" 200 6849 "https://www.ordinacija-sladovic.hr/o-nama" "Mozilla/5.0 (Linux; Android 4.2.1; en-us; Nexus 5 Build/JOP40D) AppleWebKit/535.19 (KHTML, like Gecko; googleweblight) Chrome/38.0.1025.166 Mobile Safari/535.19"
66.249.88.83 - - [23/Jul/2019:17:29:48 +0000] "GET /img/logo.png?v=3 HTTP/1.1" 200 2437 "https://www.ordinacija-sladovic.hr/o-nama" "Mozilla/5.0 (Linux; Android 4.2.1; en-us; Nexus 5 Build/JOP40D) AppleWebKit/535.19 (KHTML, like Gecko; googleweblight) Chrome/38.0.1025.166 Mobile Safari/535.19"
66.249.83.203 - - [23/Jul/2019:17:29:48 +0000] "GET /vendor/font-awesome/css/font-awesome.min.css HTTP/1.1" 200 6666 "https://www.ordinacija-sladovic.hr/kontakt" "Mozilla/5.0 (Linux; Android 4.2.1; en-us; Nexus 5 Build/JOP40D) AppleWebKit/535.19 (KHTML, like Gecko; googleweblight) Chrome/38.0.1025.166 Mobile Safari/535.19"
66.249.83.203 - - [23/Jul/2019:17:29:48 +0000] "GET /vendor/rs-plugin/css/navigation.css HTTP/1.1" 200 7789 "https://www.ordinacija-sladovic.hr/kontakt" "Mozilla/5.0 (Linux; Android 4.2.1; en-us; Nexus 5 Build/JOP40D) AppleWebKit/535.19 (KHTML, like Gecko; googleweblight) Chrome/38.0.1025.166 Mobile Safari/535.19"
66.249.83.203 - - [23/Jul/2019:17:29:48 +0000] "GET /img/o-nama1.jpg HTTP/1.1" 200 37554 "https://www.ordinacija-sladovic.hr/o-nama" "Mozilla/5.0 (Linux; Android 4.2.1; en-us; Nexus 5 Build/JOP40D) AppleWebKit/535.19 (KHTML, like Gecko; googleweblight) Chrome/38.0.1025.166 Mobile Safari/535.19"
66.249.83.203 - - [23/Jul/2019:17:29:48 +0000] "GET /vendor/magnific-popup/magnific-popup.min.css HTTP/1.1" 200 1583 "https://www.ordinacija-sladovic.hr/kontakt" "Mozilla/5.0 (Linux; Android 4.2.1; en-us; Nexus 5 Build/JOP40D) AppleWebKit/535.19 (KHTML, like Gecko; googleweblight) Chrome/38.0.1025.166 Mobile Safari/535.19"
66.249.83.199 - - [23/Jul/2019:17:29:48 +0000] "GET /vendor/jquery.easing/jquery.easing.min.js HTTP/1.1" 200 1757 "https://www.ordinacija-sladovic.hr/kontakt" "Mozilla/5.0 (Linux; Android 4.2.1; en-us; Nexus 5 Build/JOP40D) AppleWebKit/535.19 (KHTML, like Gecko; googleweblight) Chrome/38.0.1025.166 Mobile Safari/535.19"
66.249.83.203 - - [23/Jul/2019:17:29:48 +0000] "GET /vendor/magnific-popup/jquery.magnific-popup.min.js HTTP/1.1" 200 7346 "https://www.ordinacija-sladovic.hr/o-nama" "Mozilla/5.0 (Linux; Android 4.2.1; en-us; Nexus 5 Build/JOP40D) AppleWebKit/535.19 (KHTML, like Gecko; googleweblight) Chrome/38.0.1025.166 Mobile Safari/535.19"
66.249.88.85 - - [23/Jul/2019:17:29:48 +0000] "GET /img/o-nama2.jpg HTTP/1.1" 200 38344 "https://www.ordinacija-sladovic.hr/o-nama" "Mozilla/5.0 (Linux; Android 4.2.1; en-us; Nexus 5 Build/JOP40D) AppleWebKit/535.19 (KHTML, like Gecko; googleweblight) Chrome/38.0.1025.166 Mobile Safari/535.19"
66.249.83.199 - - [23/Jul/2019:17:29:48 +0000] "GET /img/o-nama3.jpg HTTP/1.1" 200 38003 "https://www.ordinacija-sladovic.hr/o-nama" "Mozilla/5.0 (Linux; Android 4.2.1; en-us; Nexus 5 Build/JOP40D) AppleWebKit/535.19 (KHTML, like Gecko; googleweblight) Chrome/38.0.1025.166 Mobile Safari/535.19"
66.249.83.201 - - [23/Jul/2019:17:29:48 +0000] "GET /vendor/jquery/jquery.min.js HTTP/1.1" 200 30080 "https://www.ordinacija-sladovic.hr/kontakt" "Mozilla/5.0 (Linux; Android 4.2.1; en-us; Nexus 5 Build/JOP40D) AppleWebKit/535.19 (KHTML, like Gecko; googleweblight) Chrome/38.0.1025.166 Mobile Safari/535.19"
66.249.83.201 - - [23/Jul/2019:17:29:48 +0000] "GET /img/logo.png?v=3 HTTP/1.1" 200 2437 "https://www.ordinacija-sladovic.hr/kontakt" "Mozilla/5.0 (Linux; Android 4.2.1; en-us; Nexus 5 Build/JOP40D) AppleWebKit/535.19 (KHTML, like Gecko; googleweblight) Chrome/38.0.1025.166 Mobile Safari/535.19"
66.249.83.201 - - [23/Jul/2019:17:29:48 +0000] "GET /vendor/owl.carousel/assets/owl.carousel.min.css HTTP/1.1" 200 923 "https://www.ordinacija-sladovic.hr/kontakt" "Mozilla/5.0 (Linux; Android 4.2.1; en-us; Nexus 5 Build/JOP40D) AppleWebKit/535.19 (KHTML, like Gecko; googleweblight) Chrome/38.0.1025.166 Mobile Safari/535.19"
66.249.83.203 - - [23/Jul/2019:17:29:48 +0000] "GET /css/theme-shop.css HTTP/1.1" 200 2546 "https://www.ordinacija-sladovic.hr/kontakt" "Mozilla/5.0 (Linux; Android 4.2.1; en-us; Nexus 5 Build/JOP40D) AppleWebKit/535.19 (KHTML, like Gecko; googleweblight) Chrome/38.0.1025.166 Mobile Safari/535.19"
66.249.83.199 - - [23/Jul/2019:17:29:48 +0000] "GET /css/theme-elements.css HTTP/1.1" 200 23209 "https://www.ordinacija-sladovic.hr/kontakt" "Mozilla/5.0 (Linux; Android 4.2.1; en-us; Nexus 5 Build/JOP40D) AppleWebKit/535.19 (KHTML, like Gecko; googleweblight) Chrome/38.0.1025.166 Mobile Safari/535.19"
66.249.83.203 - - [23/Jul/2019:17:29:48 +0000] "GET /vendor/bootstrap/css/bootstrap.min.css HTTP/1.1" 200 19744 "https://www.ordinacija-sladovic.hr/kontakt" "Mozilla/5.0 (Linux; Android 4.2.1; en-us; Nexus 5 Build/JOP40D) AppleWebKit/535.19 (KHTML, like Gecko; googleweblight) Chrome/38.0.1025.166 Mobile Safari/535.19"
66.249.83.203 - - [23/Jul/2019:17:29:48 +0000] "GET /vendor/simple-line-icons/css/simple-line-icons.min.css HTTP/1.1" 200 2380 "https://www.ordinacija-sladovic.hr/kontakt" "Mozilla/5.0 (Linux; Android 4.2.1; en-us; Nexus 5 Build/JOP40D) AppleWebKit/535.19 (KHTML, like Gecko; googleweblight) Chrome/38.0.1025.166 Mobile Safari/535.19"
66.249.83.201 - - [23/Jul/2019:17:29:48 +0000] "GET /vendor/vide/vide.min.js HTTP/1.1" 200 1935 "https://www.ordinacija-sladovic.hr/o-nama" "Mozilla/5.0 (Linux; Android 4.2.1; en-us; Nexus 5 Build/JOP40D) AppleWebKit/535.19 (KHTML, like Gecko; googleweblight) Chrome/38.0.1025.166 Mobile Safari/535.19"
66.249.83.203 - - [23/Jul/2019:17:29:48 +0000] "GET /js/demos/demo-medical.js HTTP/1.1" 200 811 "https://www.ordinacija-sladovic.hr/o-nama" "Mozilla/5.0 (Linux; Android 4.2.1; en-us; Nexus 5 Build/JOP40D) AppleWebKit/535.19 (KHTML, like Gecko; googleweblight) Chrome/38.0.1025.166 Mobile Safari/535.19"
66.249.83.203 - - [23/Jul/2019:17:29:48 +0000] "GET /js/custom.js HTTP/1.1" 200 - "https://www.ordinacija-sladovic.hr/o-nama" "Mozilla/5.0 (Linux; Android 4.2.1; en-us; Nexus 5 Build/JOP40D) AppleWebKit/535.19 (KHTML, like Gecko; googleweblight) Chrome/38.0.1025.166 Mobile Safari/535.19"
66.249.83.203 - - [23/Jul/2019:17:29:48 +0000] "GET /vendor/rs-plugin/js/jquery.themepunch.revolution.min.js HTTP/1.1" 200 50220 "https://www.ordinacija-sladovic.hr/o-nama" "Mozilla/5.0 (Linux; Android 4.2.1; en-us; Nexus 5 Build/JOP40D) AppleWebKit/535.19 (KHTML, like Gecko; googleweblight) Chrome/38.0.1025.166 Mobile Safari/535.19"
66.249.83.199 - - [23/Jul/2019:17:29:50 +0000] "GET /img/pin.png HTTP/1.1" 200 951 "https://www.ordinacija-sladovic.hr/kontakt" "Mozilla/5.0 (Linux; Android 4.2.1; en-us; Nexus 5 Build/JOP40D) AppleWebKit/535.19 (KHTML, like Gecko; googleweblight) Chrome/38.0.1025.166 Mobile Safari/535.19"
95.168.121.9 - - [23/Jul/2019:17:30:21 +0000] "GET /doktori HTTP/1.1" 200 4164 "https://www.ordinacija-sladovic.hr/" "Mozilla/5.0 (Linux; Android 8.1.0; 9027X Build/O11019) AppleWebKit/537.36 (KHTML, like Gecko) Chrome/75.0.3770.143 Mobile Safari/537.36"
66.249.83.203 - - [23/Jul/2019:17:30:22 +0000] "GET /doktori HTTP/1.1" 200 4164 "-" "Mozilla/5.0 (Linux; Android 4.2.1; en-us; Nexus 5 Build/JOP40D) AppleWebKit/535.19 (KHTML, like Gecko; googleweblight) Chrome/38.0.1025.166 Mobile Safari/535.19"
66.249.83.199 - - [23/Jul/2019:17:30:22 +0000] "GET /img/avatar.jpg HTTP/1.1" 200 24085 "https://www.ordinacija-sladovic.hr/doktori" "Mozilla/5.0 (Linux; Android 4.2.1; en-us; Nexus 5 Build/JOP40D) AppleWebKit/535.19 (KHTML, like Gecko; googleweblight) Chrome/38.0.1025.166 Mobile Safari/535.19"
66.249.83.201 - - [23/Jul/2019:17:30:22 +0000] "GET /img/doktor-1.jpg HTTP/1.1" 200 64059 "https://www.ordinacija-sladovic.hr/doktori" "Mozilla/5.0 (Linux; Android 4.2.1; en-us; Nexus 5 Build/JOP40D) AppleWebKit/535.19 (KHTML, like Gecko; googleweblight) Chrome/38.0.1025.166 Mobile Safari/535.19"
66.249.83.201 - - [23/Jul/2019:17:30:22 +0000] "GET /img/doktor-4.jpg HTTP/1.1" 200 56488 "https://www.ordinacija-sladovic.hr/doktori" "Mozilla/5.0 (Linux; Android 4.2.1; en-us; Nexus 5 Build/JOP40D) AppleWebKit/535.19 (KHTML, like Gecko; googleweblight) Chrome/38.0.1025.166 Mobile Safari/535.19"
66.249.83.203 - - [23/Jul/2019:17:30:22 +0000] "GET /img/doktor-2.jpg HTTP/1.1" 200 61322 "https://www.ordinacija-sladovic.hr/doktori" "Mozilla/5.0 (Linux; Android 4.2.1; en-us; Nexus 5 Build/JOP40D) AppleWebKit/535.19 (KHTML, like Gecko; googleweblight) Chrome/38.0.1025.166 Mobile Safari/535.19"
66.249.83.203 - - [23/Jul/2019:17:30:22 +0000] "GET /img/doktor-3.jpg HTTP/1.1" 200 52618 "https://www.ordinacija-sladovic.hr/doktori" "Mozilla/5.0 (Linux; Android 4.2.1; en-us; Nexus 5 Build/JOP40D) AppleWebKit/535.19 (KHTML, like Gecko; googleweblight) Chrome/38.0.1025.166 Mobile Safari/535.19"
