66.249.69.137 - - [21/Jul/2019:00:00:06 +0000] "GET /hr/stanovi/zadar-vidikovac-stan-50m2 HTTP/1.1" 200 6680 "-" "Mozilla/5.0 (Linux; Android 6.0.1; Nexus 5X Build/MMB29P) AppleWebKit/537.36 (KHTML, like Gecko) Chrome/41.0.2272.96 Mobile Safari/537.36 (compatible; Googlebot/2.1; +http://www.google.com/bot.html)"
66.249.69.135 - - [21/Jul/2019:00:00:18 +0000] "GET /stanovi/novogradnja-zadar-plovanija-stan-85m2-mogucnost-preinake-u-2-manja-stana HTTP/1.1" 500 26153 "-" "Mozilla/5.0 (Linux; Android 6.0.1; Nexus 5X Build/MMB29P) AppleWebKit/537.36 (KHTML, like Gecko) Chrome/41.0.2272.96 Mobile Safari/537.36 (compatible; Googlebot/2.1; +http://www.google.com/bot.html)"
66.249.69.137 - - [21/Jul/2019:00:19:47 +0000] "GET /stanovi/zadar-relja-sarmantan-stan-od-35m2 HTTP/1.1" 200 6620 "-" "Mozilla/5.0 (Linux; Android 6.0.1; Nexus 5X Build/MMB29P) AppleWebKit/537.36 (KHTML, like Gecko) Chrome/41.0.2272.96 Mobile Safari/537.36 (compatible; Googlebot/2.1; +http://www.google.com/bot.html)"
66.249.69.139 - - [21/Jul/2019:00:23:43 +0000] "GET /uploads/thumbnails/6251ddc5892b208b50fa098b362c038c.JPG HTTP/1.1" 200 26053 "-" "Googlebot-Image/1.0"
66.249.69.139 - - [21/Jul/2019:00:33:22 +0000] "GET /uploads/thumbnails/0e41060e2c2d7f295a24ba4a6231b7e2.jpg HTTP/1.1" 200 52302 "-" "Googlebot-Image/1.0"
66.249.69.137 - - [21/Jul/2019:00:33:49 +0000] "GET /zemljista/zadar-stari-bokanjac-gradevinsko-zemljiste-2030m2-m2-60eur HTTP/1.1" 200 6234 "-" "Mozilla/5.0 (compatible; Googlebot/2.1; +http://www.google.com/bot.html)"
216.244.66.240 - - [21/Jul/2019:00:35:50 +0000] "GET /robots.txt HTTP/1.1" 301 257 "-" "Mozilla/5.0 (compatible; DotBot/1.1; http://www.opensiteexplorer.org/dotbot, help@moz.com)"
216.244.66.240 - - [21/Jul/2019:00:35:51 +0000] "GET /robots.txt HTTP/1.1" 200 24 "-" "Mozilla/5.0 (compatible; DotBot/1.1; http://www.opensiteexplorer.org/dotbot, help@moz.com)"
54.36.148.147 - - [21/Jul/2019:00:35:56 +0000] "GET /robots.txt HTTP/1.1" 200 24 "-" "Mozilla/5.0 (compatible; AhrefsBot/6.1; +http://ahrefs.com/robot/)"
54.36.148.80 - - [21/Jul/2019:00:35:57 +0000] "GET /hr/apartmani/top-lokacija-vinjerac-ekskluzivni-novi-apartman-s-krovnom-terasom-12343m2 HTTP/1.1" 200 7831 "-" "Mozilla/5.0 (compatible; AhrefsBot/6.1; +http://ahrefs.com/robot/)"
207.102.138.158 - - [21/Jul/2019:00:36:58 +0000] "GET / HTTP/1.1" 301 247 "-" "Mozilla/5.0 (X11; Linux x86_64) AppleWebKit/537.36 (KHTML, like Gecko) Chrome/38.0.2125.101 Safari/537.36"
66.249.69.139 - - [21/Jul/2019:00:54:04 +0000] "GET /zemljista HTTP/1.1" 200 5918 "-" "Mozilla/5.0 (Linux; Android 6.0.1; Nexus 5X Build/MMB29P) AppleWebKit/537.36 (KHTML, like Gecko) Chrome/41.0.2272.96 Mobile Safari/537.36 (compatible; Googlebot/2.1; +http://www.google.com/bot.html)"
66.249.69.135 - - [21/Jul/2019:00:56:25 +0000] "GET /kuce/zaton-moderna-kuca-s-4-apartmana-i-bazenom HTTP/1.1" 200 7188 "-" "Mozilla/5.0 (Linux; Android 6.0.1; Nexus 5X Build/MMB29P) AppleWebKit/537.36 (KHTML, like Gecko) Chrome/41.0.2272.96 Mobile Safari/537.36 (compatible; Googlebot/2.1; +http://www.google.com/bot.html)"
66.249.69.137 - - [21/Jul/2019:00:56:53 +0000] "GET /hr/stanovi/zadar-branimirova-obala-uz-sami-poluotok-72m2-2kat HTTP/1.1" 200 6849 "-" "Mozilla/5.0 (Linux; Android 6.0.1; Nexus 5X Build/MMB29P) AppleWebKit/537.36 (KHTML, like Gecko) Chrome/41.0.2272.96 Mobile Safari/537.36 (compatible; Googlebot/2.1; +http://www.google.com/bot.html)"
54.36.149.66 - - [21/Jul/2019:01:06:47 +0000] "GET /apartmani/top-lokacija-vinjerac-ekskluzivni-novi-apartman-s-krovnom-terasom-12343m2 HTTP/1.1" 200 7830 "-" "Mozilla/5.0 (compatible; AhrefsBot/6.1; +http://ahrefs.com/robot/)"
66.249.69.135 - - [21/Jul/2019:01:08:53 +0000] "GET /stanovi/novogradnja-zadar-plovanija-stan-85m2-mogucnost-preinake-u-2-manja-stana HTTP/1.1" 500 26153 "-" "Mozilla/5.0 (Linux; Android 6.0.1; Nexus 5X Build/MMB29P) AppleWebKit/537.36 (KHTML, like Gecko) Chrome/41.0.2272.96 Mobile Safari/537.36 (compatible; Googlebot/2.1; +http://www.google.com/bot.html)"
207.46.13.132 - - [21/Jul/2019:01:10:45 +0000] "GET /uploads/thumbnails/b17b6909e671e8947eba7367b3a063c0.jpg HTTP/1.1" 200 47485 "-" "Mozilla/5.0 (compatible; bingbot/2.0; +http://www.bing.com/bingbot.htm)"
66.249.69.135 - - [21/Jul/2019:01:13:34 +0000] "GET /uploads/thumbnails/0b14d68858eb05465368284a21995bf8.JPG HTTP/1.1" 200 27950 "-" "Googlebot-Image/1.0"
66.249.69.135 - - [21/Jul/2019:01:20:34 +0000] "GET /kuce/prilika-zaton-postojeca-kamena-kuca-s-projektom-na-zemljistu-od-626m2 HTTP/1.1" 200 7227 "-" "Mozilla/5.0 (Linux; Android 6.0.1; Nexus 5X Build/MMB29P) AppleWebKit/537.36 (KHTML, like Gecko) Chrome/41.0.2272.96 Mobile Safari/537.36 (compatible; Googlebot/2.1; +http://www.google.com/bot.html)"
46.229.168.154 - - [21/Jul/2019:01:20:49 +0000] "GET /robots.txt HTTP/1.1" 200 24 "-" "Mozilla/5.0 (compatible; SemrushBot/3~bl; +http://www.semrush.com/bot.html)"
46.229.168.154 - - [21/Jul/2019:01:20:50 +0000] "GET /vile HTTP/1.1" 200 4375 "-" "Mozilla/5.0 (compatible; SemrushBot/3~bl; +http://www.semrush.com/bot.html)"
216.244.66.240 - - [21/Jul/2019:01:22:44 +0000] "GET /robots.txt HTTP/1.1" 301 257 "-" "Mozilla/5.0 (compatible; DotBot/1.1; http://www.opensiteexplorer.org/dotbot, help@moz.com)"
216.244.66.240 - - [21/Jul/2019:01:22:45 +0000] "GET /robots.txt HTTP/1.1" 200 24 "-" "Mozilla/5.0 (compatible; DotBot/1.1; http://www.opensiteexplorer.org/dotbot, help@moz.com)"
31.13.115.19 - - [21/Jul/2019:01:23:14 +0000] "GET /uploads/thumbnails/302130ceb6285017020247f4728791b9.jpg HTTP/1.1" 200 28629 "-" "facebookexternalhit/1.1 (+http://www.facebook.com/externalhit_uatext.php)"
31.13.115.19 - - [21/Jul/2019:01:23:14 +0000] "GET /uploads/thumbnails/8cf242d37b73896809ce976754997e1b.jpg HTTP/1.1" 200 47419 "-" "facebookexternalhit/1.1 (+http://www.facebook.com/externalhit_uatext.php)"
31.13.115.23 - - [21/Jul/2019:01:23:14 +0000] "GET /uploads/thumbnails/af7db0efe20c95c52aab6d24dba99776.jpg HTTP/1.1" 200 27558 "-" "facebookexternalhit/1.1 (+http://www.facebook.com/externalhit_uatext.php)"
31.13.115.22 - - [21/Jul/2019:01:23:14 +0000] "GET /uploads/thumbnails/3b5547b63aa2f05e948b6273f5007a2b.jpg HTTP/1.1" 200 49420 "-" "facebookexternalhit/1.1 (+http://www.facebook.com/externalhit_uatext.php)"
54.36.150.57 - - [21/Jul/2019:01:45:19 +0000] "GET /en/flats/novogradnja-plovanija-stanovi-od-94m2-do-112m2 HTTP/1.1" 200 6196 "-" "Mozilla/5.0 (compatible; AhrefsBot/6.1; +http://ahrefs.com/robot/)"
46.229.168.145 - - [21/Jul/2019:01:47:54 +0000] "GET /hr/pretraga?page=5 HTTP/1.1" 200 5361 "-" "Mozilla/5.0 (compatible; SemrushBot/3~bl; +http://www.semrush.com/bot.html)"
157.55.39.161 - - [21/Jul/2019:01:53:57 +0000] "GET / HTTP/1.1" 200 8915 "-" "Mozilla/5.0 (compatible; bingbot/2.0; +http://www.bing.com/bingbot.htm)"
40.77.189.125 - - [21/Jul/2019:01:54:02 +0000] "GET /css/bootstrap.min.css HTTP/1.1" 200 121200 "-" "Mozilla/5.0 (Windows NT 6.1; WOW64) AppleWebKit/534+ (KHTML, like Gecko) BingPreview/1.0b"
40.77.189.98 - - [21/Jul/2019:01:54:03 +0000] "GET /css/font-awesome.min.css HTTP/1.1" 200 31000 "-" "Mozilla/5.0 (Windows NT 6.1; WOW64) AppleWebKit/534+ (KHTML, like Gecko) BingPreview/1.0b"
40.77.189.86 - - [21/Jul/2019:01:54:04 +0000] "GET /css/bootstrap-dropdownhover.css HTTP/1.1" 200 1161 "-" "Mozilla/5.0 (Windows NT 6.1; WOW64) AppleWebKit/534+ (KHTML, like Gecko) BingPreview/1.0b"
40.77.189.98 - - [21/Jul/2019:01:54:05 +0000] "GET /css/hover.css HTTP/1.1" 200 99086 "-" "Mozilla/5.0 (Windows NT 6.1; WOW64) AppleWebKit/534+ (KHTML, like Gecko) BingPreview/1.0b"
40.77.189.50 - - [21/Jul/2019:01:54:06 +0000] "GET /css/animations.css HTTP/1.1" 200 26703 "-" "Mozilla/5.0 (Windows NT 6.1; WOW64) AppleWebKit/534+ (KHTML, like Gecko) BingPreview/1.0b"
40.77.188.110 - - [21/Jul/2019:01:54:06 +0000] "GET /css/animate.min.css HTTP/1.1" 200 53678 "-" "Mozilla/5.0 (Windows NT 6.1; WOW64) AppleWebKit/534+ (KHTML, like Gecko) BingPreview/1.0b"
40.77.188.110 - - [21/Jul/2019:01:54:07 +0000] "GET /assets/plugins/flag/css/flag-icon.css HTTP/1.1" 200 37528 "-" "Mozilla/5.0 (Windows NT 6.1; WOW64) AppleWebKit/534+ (KHTML, like Gecko) BingPreview/1.0b"
40.77.191.32 - - [21/Jul/2019:01:54:08 +0000] "GET /css/style.css?v=15 HTTP/1.1" 200 52774 "-" "Mozilla/5.0 (Windows NT 6.1; WOW64) AppleWebKit/534+ (KHTML, like Gecko) BingPreview/1.0b"
40.77.190.122 - - [21/Jul/2019:01:54:09 +0000] "GET /css/responsive.css?v=4 HTTP/1.1" 200 4966 "-" "Mozilla/5.0 (Windows NT 6.1; WOW64) AppleWebKit/534+ (KHTML, like Gecko) BingPreview/1.0b"
40.77.188.127 - - [21/Jul/2019:01:54:10 +0000] "GET /css/vegas.css HTTP/1.1" 200 13399 "-" "Mozilla/5.0 (Windows NT 6.1; WOW64) AppleWebKit/534+ (KHTML, like Gecko) BingPreview/1.0b"
40.77.188.190 - - [21/Jul/2019:01:54:12 +0000] "GET /js/jquery.min.js HTTP/1.1" 200 85577 "-" "Mozilla/5.0 (Windows NT 6.1; WOW64) AppleWebKit/534+ (KHTML, like Gecko) BingPreview/1.0b"
40.77.190.122 - - [21/Jul/2019:01:54:14 +0000] "GET /js/bootstrap.min.js HTTP/1.1" 200 37045 "-" "Mozilla/5.0 (Windows NT 6.1; WOW64) AppleWebKit/534+ (KHTML, like Gecko) BingPreview/1.0b"
40.77.189.207 - - [21/Jul/2019:01:54:15 +0000] "GET /js/css3-animate-it.js HTTP/1.1" 200 4857 "-" "Mozilla/5.0 (Windows NT 6.1; WOW64) AppleWebKit/534+ (KHTML, like Gecko) BingPreview/1.0b"
40.77.189.125 - - [21/Jul/2019:01:54:15 +0000] "GET /js/bootstrap-dropdownhover.min.js HTTP/1.1" 200 4055 "-" "Mozilla/5.0 (Windows NT 6.1; WOW64) AppleWebKit/534+ (KHTML, like Gecko) BingPreview/1.0b"
40.77.189.181 - - [21/Jul/2019:01:54:16 +0000] "GET /js/jarallax.js HTTP/1.1" 200 8287 "-" "Mozilla/5.0 (Windows NT 6.1; WOW64) AppleWebKit/534+ (KHTML, like Gecko) BingPreview/1.0b"
40.77.188.156 - - [21/Jul/2019:01:54:17 +0000] "GET /assets/plugins/flag/flags/4x3/hr.svg HTTP/1.1" 200 80697 "-" "Mozilla/5.0 (Windows NT 6.1; WOW64) AppleWebKit/534+ (KHTML, like Gecko) BingPreview/1.0b"
40.77.189.16 - - [21/Jul/2019:01:54:18 +0000] "GET /fonts/icofont.ttf?v=1.0.0-beta HTTP/1.1" 200 1018620 "-" "Mozilla/5.0 (Windows NT 6.1; WOW64) AppleWebKit/534+ (KHTML, like Gecko) BingPreview/1.0b"
40.77.190.106 - - [21/Jul/2019:01:54:20 +0000] "GET /fonts/fontawesome-webfont.ttf?v=4.7.0 HTTP/1.1" 200 165548 "-" "Mozilla/5.0 (Windows NT 6.1; WOW64) AppleWebKit/534+ (KHTML, like Gecko) BingPreview/1.0b"
40.77.190.153 - - [21/Jul/2019:01:54:22 +0000] "GET /js/jquery-scrolltofixed-min.js HTTP/1.1" 200 5853 "-" "Mozilla/5.0 (Windows NT 6.1; WOW64) AppleWebKit/534+ (KHTML, like Gecko) BingPreview/1.0b"
40.77.190.61 - - [21/Jul/2019:01:54:23 +0000] "GET /js/dyscrollup.js HTTP/1.1" 200 1595 "-" "Mozilla/5.0 (Windows NT 6.1; WOW64) AppleWebKit/534+ (KHTML, like Gecko) BingPreview/1.0b"
40.77.189.207 - - [21/Jul/2019:01:54:23 +0000] "GET /js/cookieconsent.min.js HTTP/1.1" 200 20808 "-" "Mozilla/5.0 (Windows NT 6.1; WOW64) AppleWebKit/534+ (KHTML, like Gecko) BingPreview/1.0b"
40.77.190.106 - - [21/Jul/2019:01:54:24 +0000] "GET /js/main.js?v=4 HTTP/1.1" 200 1173 "-" "Mozilla/5.0 (Windows NT 6.1; WOW64) AppleWebKit/534+ (KHTML, like Gecko) BingPreview/1.0b"
40.77.189.193 - - [21/Jul/2019:01:54:25 +0000] "GET /js/vegas.min.js HTTP/1.1" 200 9620 "-" "Mozilla/5.0 (Windows NT 6.1; WOW64) AppleWebKit/534+ (KHTML, like Gecko) BingPreview/1.0b"
207.46.13.57 - - [21/Jul/2019:01:57:26 +0000] "GET /uploads/thumbnails/095f67483f3704b7a78e9aa3b1440daf.JPG HTTP/1.1" 200 28217 "-" "Mozilla/5.0 (compatible; bingbot/2.0; +http://www.bing.com/bingbot.htm)"
216.244.66.240 - - [21/Jul/2019:02:10:00 +0000] "GET /robots.txt HTTP/1.1" 301 257 "-" "Mozilla/5.0 (compatible; DotBot/1.1; http://www.opensiteexplorer.org/dotbot, help@moz.com)"
216.244.66.240 - - [21/Jul/2019:02:10:02 +0000] "GET /robots.txt HTTP/1.1" 200 24 "-" "Mozilla/5.0 (compatible; DotBot/1.1; http://www.opensiteexplorer.org/dotbot, help@moz.com)"
66.249.69.135 - - [21/Jul/2019:02:20:34 +0000] "GET /kuce/diklo-kuca-170m2-s-2-stana-20m-od-mora HTTP/1.1" 200 6722 "-" "Mozilla/5.0 (Linux; Android 6.0.1; Nexus 5X Build/MMB29P) AppleWebKit/537.36 (KHTML, like Gecko) Chrome/41.0.2272.96 Mobile Safari/537.36 (compatible; Googlebot/2.1; +http://www.google.com/bot.html)"
207.46.13.12 - - [21/Jul/2019:02:29:42 +0000] "GET /stanovi/zadar-diklovac-dvoetazan-stan-9607m2 HTTP/1.1" 200 7071 "-" "Mozilla/5.0 (compatible; bingbot/2.0; +http://www.bing.com/bingbot.htm)"
66.249.69.139 - - [21/Jul/2019:02:38:29 +0000] "GET /stanovi/novogradnja-zadar-plovanija-stan-85m2-mogucnost-preinake-u-2-manja-stana HTTP/1.1" 500 26153 "-" "Mozilla/5.0 (Linux; Android 6.0.1; Nexus 5X Build/MMB29P) AppleWebKit/537.36 (KHTML, like Gecko) Chrome/41.0.2272.96 Mobile Safari/537.36 (compatible; Googlebot/2.1; +http://www.google.com/bot.html)"
87.250.224.91 - - [21/Jul/2019:02:43:25 +0000] "GET /robots.txt HTTP/1.1" 200 24 "-" "Mozilla/5.0 (compatible; YandexBot/3.0; +http://yandex.com/bots)"
87.250.224.91 - - [21/Jul/2019:02:43:29 +0000] "GET /uploads/thumbnails/4100dad038347920de3cc6597aa021ec.JPG HTTP/1.1" 200 22347 "-" "Mozilla/5.0 (compatible; YandexImages/3.0; +http://yandex.com/bots)"
216.244.66.240 - - [21/Jul/2019:02:56:10 +0000] "GET /robots.txt HTTP/1.1" 301 257 "-" "Mozilla/5.0 (compatible; DotBot/1.1; http://www.opensiteexplorer.org/dotbot, help@moz.com)"
216.244.66.240 - - [21/Jul/2019:02:56:11 +0000] "GET /robots.txt HTTP/1.1" 200 24 "-" "Mozilla/5.0 (compatible; DotBot/1.1; http://www.opensiteexplorer.org/dotbot, help@moz.com)"
54.36.150.109 - - [21/Jul/2019:03:07:14 +0000] "GET /stanovi?page=1 HTTP/1.1" 200 5978 "-" "Mozilla/5.0 (compatible; AhrefsBot/6.1; +http://ahrefs.com/robot/)"
66.249.69.135 - - [21/Jul/2019:03:17:27 +0000] "GET / HTTP/1.1" 200 8915 "-" "Mozilla/5.0 (compatible; Googlebot/2.1; +http://www.google.com/bot.html)"
66.249.69.139 - - [21/Jul/2019:03:19:47 +0000] "GET /stanovi/zadar-diklovac-dvoetazan-stan-9607m2 HTTP/1.1" 200 7068 "-" "Mozilla/5.0 (Linux; Android 6.0.1; Nexus 5X Build/MMB29P) AppleWebKit/537.36 (KHTML, like Gecko) Chrome/41.0.2272.96 Mobile Safari/537.36 (compatible; Googlebot/2.1; +http://www.google.com/bot.html)"
34.217.5.22 - - [21/Jul/2019:03:22:52 +0000] "GET / HTTP/1.1" 301 247 "-" "Go-http-client/1.1"
216.244.66.240 - - [21/Jul/2019:03:29:41 +0000] "GET /zemljista/hr HTTP/1.1" 500 26153 "-" "Mozilla/5.0 (compatible; DotBot/1.1; http://www.opensiteexplorer.org/dotbot, help@moz.com)"
66.249.69.139 - - [21/Jul/2019:03:33:02 +0000] "GET /stanovi/novogradnja-zadar-plovanija-stan-85m2-mogucnost-preinake-u-2-manja-stana HTTP/1.1" 500 26153 "-" "Mozilla/5.0 (Linux; Android 6.0.1; Nexus 5X Build/MMB29P) AppleWebKit/537.36 (KHTML, like Gecko) Chrome/41.0.2272.96 Mobile Safari/537.36 (compatible; Googlebot/2.1; +http://www.google.com/bot.html)"
216.244.66.240 - - [21/Jul/2019:03:42:21 +0000] "GET /robots.txt HTTP/1.1" 301 257 "-" "Mozilla/5.0 (compatible; DotBot/1.1; http://www.opensiteexplorer.org/dotbot, help@moz.com)"
216.244.66.240 - - [21/Jul/2019:03:42:22 +0000] "GET /robots.txt HTTP/1.1" 200 24 "-" "Mozilla/5.0 (compatible; DotBot/1.1; http://www.opensiteexplorer.org/dotbot, help@moz.com)"
66.249.69.135 - - [21/Jul/2019:03:43:36 +0000] "GET /uploads/thumbnails/bf39a9e56d93745400fb6eaff1aeb5ef.JPG HTTP/1.1" 200 29071 "-" "Googlebot-Image/1.0"
207.46.13.12 - - [21/Jul/2019:03:57:59 +0000] "GET /hr/stanovi/diklo-prekrasan-trosoban-stan-s-terasom-i-vrtom-93m2 HTTP/1.1" 200 6668 "-" "Mozilla/5.0 (compatible; bingbot/2.0; +http://www.bing.com/bingbot.htm)"
207.46.13.103 - - [21/Jul/2019:04:06:01 +0000] "GET /en/houses HTTP/1.1" 200 5634 "-" "Mozilla/5.0 (compatible; bingbot/2.0; +http://www.bing.com/bingbot.htm)"
157.55.39.41 - - [21/Jul/2019:04:14:15 +0000] "GET /robots.txt HTTP/1.1" 301 257 "-" "Mozilla/5.0 (compatible; bingbot/2.0; +http://www.bing.com/bingbot.htm)"
157.55.39.41 - - [21/Jul/2019:04:14:16 +0000] "GET /robots.txt HTTP/1.1" 200 24 "-" "Mozilla/5.0 (compatible; bingbot/2.0; +http://www.bing.com/bingbot.htm)"
157.55.39.41 - - [21/Jul/2019:04:14:17 +0000] "GET /robots.txt HTTP/1.1" 301 257 "-" "Mozilla/5.0 (compatible; bingbot/2.0; +http://www.bing.com/bingbot.htm)"
157.55.39.41 - - [21/Jul/2019:04:14:18 +0000] "GET /robots.txt HTTP/1.1" 200 24 "-" "Mozilla/5.0 (compatible; bingbot/2.0; +http://www.bing.com/bingbot.htm)"
207.46.13.12 - - [21/Jul/2019:04:14:29 +0000] "GET /en/lands/zaton-zemljiste-1042m2-sa-zapocetim-objektom-360m2-100m-od-mora HTTP/1.1" 301 319 "-" "Mozilla/5.0 (compatible; bingbot/2.0; +http://www.bing.com/bingbot.htm)"
157.55.39.184 - - [21/Jul/2019:04:19:40 +0000] "GET / HTTP/1.1" 200 8915 "-" "Mozilla/5.0 (compatible; bingbot/2.0; +http://www.bing.com/bingbot.htm)"
216.244.66.240 - - [21/Jul/2019:04:21:48 +0000] "GET /en/lands/bibinje-gradevinski-teren-770m2 HTTP/1.1" 200 28147 "-" "Mozilla/5.0 (compatible; DotBot/1.1; http://www.opensiteexplorer.org/dotbot, help@moz.com)"
216.244.66.240 - - [21/Jul/2019:04:21:52 +0000] "GET /hr/zemljista/bibinje-predio-rezani-1700m2 HTTP/1.1" 200 28371 "-" "Mozilla/5.0 (compatible; DotBot/1.1; http://www.opensiteexplorer.org/dotbot, help@moz.com)"
66.249.69.135 - - [21/Jul/2019:04:23:41 +0000] "GET /stanovi HTTP/1.1" 200 5975 "-" "Mozilla/5.0 (Linux; Android 6.0.1; Nexus 5X Build/MMB29P) AppleWebKit/537.36 (KHTML, like Gecko) Chrome/41.0.2272.96 Mobile Safari/537.36 (compatible; Googlebot/2.1; +http://www.google.com/bot.html)"
40.77.167.206 - - [21/Jul/2019:04:33:57 +0000] "GET /uploads/thumbnails/ab93a0b37d63d5292c26e9d4bde4ae08.jpg HTTP/1.1" 200 27975 "-" "Mozilla/5.0 (compatible; bingbot/2.0; +http://www.bing.com/bingbot.htm)"
40.77.167.134 - - [21/Jul/2019:04:39:46 +0000] "GET /uploads/thumbnails/0b9e7605c4a41d9036ee7f137545c7ee.jpg HTTP/1.1" 200 15709 "-" "Mozilla/5.0 (compatible; bingbot/2.0; +http://www.bing.com/bingbot.htm)"
66.249.69.139 - - [21/Jul/2019:05:12:37 +0000] "GET /kuce/zadar-arbanasi-idilicna-kamena-kuca-130m2-na-zelenoj-oazi-od-612m2 HTTP/1.1" 200 7555 "-" "Mozilla/5.0 (Linux; Android 6.0.1; Nexus 5X Build/MMB29P) AppleWebKit/537.36 (KHTML, like Gecko) Chrome/41.0.2272.96 Mobile Safari/537.36 (compatible; Googlebot/2.1; +http://www.google.com/bot.html)"
216.244.66.240 - - [21/Jul/2019:05:15:13 +0000] "GET /robots.txt HTTP/1.1" 301 257 "-" "Mozilla/5.0 (compatible; DotBot/1.1; http://www.opensiteexplorer.org/dotbot, help@moz.com)"
216.244.66.240 - - [21/Jul/2019:05:15:14 +0000] "GET /robots.txt HTTP/1.1" 200 24 "-" "Mozilla/5.0 (compatible; DotBot/1.1; http://www.opensiteexplorer.org/dotbot, help@moz.com)"
54.36.148.130 - - [21/Jul/2019:05:19:54 +0000] "GET /hr/apartmani/starigrad-seline-apartman-8937m2-s-vrtom-od-9075m2 HTTP/1.1" 200 7301 "-" "Mozilla/5.0 (compatible; AhrefsBot/6.1; +http://ahrefs.com/robot/)"
66.249.69.139 - - [21/Jul/2019:05:57:58 +0000] "GET /stanovi HTTP/1.1" 200 5975 "-" "Mozilla/5.0 (compatible; Googlebot/2.1; +http://www.google.com/bot.html)"
216.244.66.240 - - [21/Jul/2019:06:02:58 +0000] "GET /robots.txt HTTP/1.1" 301 257 "-" "Mozilla/5.0 (compatible; DotBot/1.1; http://www.opensiteexplorer.org/dotbot, help@moz.com)"
216.244.66.240 - - [21/Jul/2019:06:02:59 +0000] "GET /robots.txt HTTP/1.1" 200 24 "-" "Mozilla/5.0 (compatible; DotBot/1.1; http://www.opensiteexplorer.org/dotbot, help@moz.com)"
66.249.69.135 - - [21/Jul/2019:06:07:53 +0000] "GET /stanovi/novogradnja-zadar-plovanija-stan-85m2-mogucnost-preinake-u-2-manja-stana HTTP/1.1" 500 26153 "-" "Mozilla/5.0 (Linux; Android 6.0.1; Nexus 5X Build/MMB29P) AppleWebKit/537.36 (KHTML, like Gecko) Chrome/41.0.2272.96 Mobile Safari/537.36 (compatible; Googlebot/2.1; +http://www.google.com/bot.html)"
66.249.69.137 - - [21/Jul/2019:06:22:46 +0000] "GET /kuce/zadar-arbanasi-idilicna-kamena-kuca-130m2-na-zelenoj-oazi-od-612m2 HTTP/1.1" 200 7551 "-" "Mozilla/5.0 (compatible; Googlebot/2.1; +http://www.google.com/bot.html)"
178.220.202.128 - - [21/Jul/2019:06:28:27 +0000] "GET /apartmani/starigrad-seline-apartman-8937m2-s-vrtom-od-9075m2 HTTP/1.1" 200 7299 "-" "Mozilla/5.0 (Linux; Android 6.0; LENNY3) AppleWebKit/537.36 (KHTML, like Gecko) Chrome/75.0.3770.143 Mobile Safari/537.36"
178.220.202.128 - - [21/Jul/2019:06:28:27 +0000] "GET /css/bootstrap.min.css HTTP/1.1" 200 19744 "https://www.toplokacija-nekretnine.com/apartmani/starigrad-seline-apartman-8937m2-s-vrtom-od-9075m2" "Mozilla/5.0 (Linux; Android 6.0; LENNY3) AppleWebKit/537.36 (KHTML, like Gecko) Chrome/75.0.3770.143 Mobile Safari/537.36"
178.220.202.128 - - [21/Jul/2019:06:28:34 +0000] "GET /css/icofont.css HTTP/1.1" 200 16775 "https://www.toplokacija-nekretnine.com/apartmani/starigrad-seline-apartman-8937m2-s-vrtom-od-9075m2" "Mozilla/5.0 (Linux; Android 6.0; LENNY3) AppleWebKit/537.36 (KHTML, like Gecko) Chrome/75.0.3770.143 Mobile Safari/537.36"
178.220.202.128 - - [21/Jul/2019:06:28:34 +0000] "GET /js/jquery.min.js HTTP/1.1" 200 29820 "https://www.toplokacija-nekretnine.com/apartmani/starigrad-seline-apartman-8937m2-s-vrtom-od-9075m2" "Mozilla/5.0 (Linux; Android 6.0; LENNY3) AppleWebKit/537.36 (KHTML, like Gecko) Chrome/75.0.3770.143 Mobile Safari/537.36"
178.220.202.128 - - [21/Jul/2019:06:28:34 +0000] "GET /unitegallery/js/jquery-11.0.min.js HTTP/1.1" 200 33369 "https://www.toplokacija-nekretnine.com/apartmani/starigrad-seline-apartman-8937m2-s-vrtom-od-9075m2" "Mozilla/5.0 (Linux; Android 6.0; LENNY3) AppleWebKit/537.36 (KHTML, like Gecko) Chrome/75.0.3770.143 Mobile Safari/537.36"
178.220.202.128 - - [21/Jul/2019:06:28:35 +0000] "GET /unitegallery/js/unitegallery.min.js HTTP/1.1" 200 66910 "https://www.toplokacija-nekretnine.com/apartmani/starigrad-seline-apartman-8937m2-s-vrtom-od-9075m2" "Mozilla/5.0 (Linux; Android 6.0; LENNY3) AppleWebKit/537.36 (KHTML, like Gecko) Chrome/75.0.3770.143 Mobile Safari/537.36"
178.220.202.128 - - [21/Jul/2019:06:28:38 +0000] "GET /uploads/thumbnails/c807da0fa0d811a1729b138a6ce29394.JPG HTTP/1.1" 200 34236 "https://www.toplokacija-nekretnine.com/apartmani/starigrad-seline-apartman-8937m2-s-vrtom-od-9075m2" "Mozilla/5.0 (Linux; Android 6.0; LENNY3) AppleWebKit/537.36 (KHTML, like Gecko) Chrome/75.0.3770.143 Mobile Safari/537.36"
178.220.202.128 - - [21/Jul/2019:06:28:38 +0000] "GET /uploads/thumbnails/2e88ee92570071c1d0d865f54248a972.JPG HTTP/1.1" 200 37167 "https://www.toplokacija-nekretnine.com/apartmani/starigrad-seline-apartman-8937m2-s-vrtom-od-9075m2" "Mozilla/5.0 (Linux; Android 6.0; LENNY3) AppleWebKit/537.36 (KHTML, like Gecko) Chrome/75.0.3770.143 Mobile Safari/537.36"
178.220.202.128 - - [21/Jul/2019:06:28:38 +0000] "GET /uploads/thumbnails/9a425ed8256088036759070220ffd568.JPG HTTP/1.1" 200 28663 "https://www.toplokacija-nekretnine.com/apartmani/starigrad-seline-apartman-8937m2-s-vrtom-od-9075m2" "Mozilla/5.0 (Linux; Android 6.0; LENNY3) AppleWebKit/537.36 (KHTML, like Gecko) Chrome/75.0.3770.143 Mobile Safari/537.36"
178.220.202.128 - - [21/Jul/2019:06:28:40 +0000] "GET /uploads/thumbnails/c4e9ea87f5969b07eecc51d1f3d286bc.JPG HTTP/1.1" 200 35113 "https://www.toplokacija-nekretnine.com/apartmani/starigrad-seline-apartman-8937m2-s-vrtom-od-9075m2" "Mozilla/5.0 (Linux; Android 6.0; LENNY3) AppleWebKit/537.36 (KHTML, like Gecko) Chrome/75.0.3770.143 Mobile Safari/537.36"
178.220.202.128 - - [21/Jul/2019:06:28:40 +0000] "GET /uploads/thumbnails/88a43259d78b17931992fa0519046143.JPG HTTP/1.1" 200 31517 "https://www.toplokacija-nekretnine.com/apartmani/starigrad-seline-apartman-8937m2-s-vrtom-od-9075m2" "Mozilla/5.0 (Linux; Android 6.0; LENNY3) AppleWebKit/537.36 (KHTML, like Gecko) Chrome/75.0.3770.143 Mobile Safari/537.36"
178.220.202.128 - - [21/Jul/2019:06:28:41 +0000] "GET /uploads/thumbnails/a65e038bc300878d97c7e1c6f31e2230.JPG HTTP/1.1" 200 31507 "https://www.toplokacija-nekretnine.com/apartmani/starigrad-seline-apartman-8937m2-s-vrtom-od-9075m2" "Mozilla/5.0 (Linux; Android 6.0; LENNY3) AppleWebKit/537.36 (KHTML, like Gecko) Chrome/75.0.3770.143 Mobile Safari/537.36"
178.220.202.128 - - [21/Jul/2019:06:28:41 +0000] "GET /uploads/thumbnails/f3e4b158ad04fb7811372b348f72f039.JPG HTTP/1.1" 200 46175 "https://www.toplokacija-nekretnine.com/apartmani/starigrad-seline-apartman-8937m2-s-vrtom-od-9075m2" "Mozilla/5.0 (Linux; Android 6.0; LENNY3) AppleWebKit/537.36 (KHTML, like Gecko) Chrome/75.0.3770.143 Mobile Safari/537.36"
178.220.202.128 - - [21/Jul/2019:06:28:41 +0000] "GET /uploads/thumbnails/586635bdcf19f2f46999f8663fc5020f.JPG HTTP/1.1" 200 39050 "https://www.toplokacija-nekretnine.com/apartmani/starigrad-seline-apartman-8937m2-s-vrtom-od-9075m2" "Mozilla/5.0 (Linux; Android 6.0; LENNY3) AppleWebKit/537.36 (KHTML, like Gecko) Chrome/75.0.3770.143 Mobile Safari/537.36"
178.220.202.128 - - [21/Jul/2019:06:28:41 +0000] "GET /uploads/thumbnails/7dac8f2dcd7598c865ca264181c1e682.JPG HTTP/1.1" 200 59116 "https://www.toplokacija-nekretnine.com/apartmani/starigrad-seline-apartman-8937m2-s-vrtom-od-9075m2" "Mozilla/5.0 (Linux; Android 6.0; LENNY3) AppleWebKit/537.36 (KHTML, like Gecko) Chrome/75.0.3770.143 Mobile Safari/537.36"
178.220.202.128 - - [21/Jul/2019:06:28:41 +0000] "GET /uploads/thumbnails/3a2f974c57655529d7360b95296f3d50.JPG HTTP/1.1" 200 66610 "https://www.toplokacija-nekretnine.com/apartmani/starigrad-seline-apartman-8937m2-s-vrtom-od-9075m2" "Mozilla/5.0 (Linux; Android 6.0; LENNY3) AppleWebKit/537.36 (KHTML, like Gecko) Chrome/75.0.3770.143 Mobile Safari/537.36"
178.220.202.128 - - [21/Jul/2019:06:28:42 +0000] "GET /uploads/thumbnails/2896608f85d1917a50118d55d7e1bf1e.JPG HTTP/1.1" 200 23484 "https://www.toplokacija-nekretnine.com/apartmani/starigrad-seline-apartman-8937m2-s-vrtom-od-9075m2" "Mozilla/5.0 (Linux; Android 6.0; LENNY3) AppleWebKit/537.36 (KHTML, like Gecko) Chrome/75.0.3770.143 Mobile Safari/537.36"
178.220.202.128 - - [21/Jul/2019:06:28:42 +0000] "GET /uploads/thumbnails/a3061332e911980ef0be2f1672ff79d8.JPG HTTP/1.1" 200 59365 "https://www.toplokacija-nekretnine.com/apartmani/starigrad-seline-apartman-8937m2-s-vrtom-od-9075m2" "Mozilla/5.0 (Linux; Android 6.0; LENNY3) AppleWebKit/537.36 (KHTML, like Gecko) Chrome/75.0.3770.143 Mobile Safari/537.36"
178.220.202.128 - - [21/Jul/2019:06:28:42 +0000] "GET /uploads/thumbnails/dd20c18144ddd0a75ec50829ab243e8e.JPG HTTP/1.1" 200 18992 "https://www.toplokacija-nekretnine.com/apartmani/starigrad-seline-apartman-8937m2-s-vrtom-od-9075m2" "Mozilla/5.0 (Linux; Android 6.0; LENNY3) AppleWebKit/537.36 (KHTML, like Gecko) Chrome/75.0.3770.143 Mobile Safari/537.36"
178.220.202.128 - - [21/Jul/2019:06:28:43 +0000] "GET /uploads/thumbnails/ae9f16e61b9af80e4d367d42482e9eed.JPG HTTP/1.1" 200 31336 "https://www.toplokacija-nekretnine.com/apartmani/starigrad-seline-apartman-8937m2-s-vrtom-od-9075m2" "Mozilla/5.0 (Linux; Android 6.0; LENNY3) AppleWebKit/537.36 (KHTML, like Gecko) Chrome/75.0.3770.143 Mobile Safari/537.36"
178.220.202.128 - - [21/Jul/2019:06:28:43 +0000] "GET /uploads/thumbnails/5368db23c4e370848f593e19cc9e7821.JPG HTTP/1.1" 200 38506 "https://www.toplokacija-nekretnine.com/apartmani/starigrad-seline-apartman-8937m2-s-vrtom-od-9075m2" "Mozilla/5.0 (Linux; Android 6.0; LENNY3) AppleWebKit/537.36 (KHTML, like Gecko) Chrome/75.0.3770.143 Mobile Safari/537.36"
178.220.202.128 - - [21/Jul/2019:06:28:43 +0000] "GET /uploads/thumbnails/4d52f6c38513286bff2465daee287e3f.JPG HTTP/1.1" 200 36739 "https://www.toplokacija-nekretnine.com/apartmani/starigrad-seline-apartman-8937m2-s-vrtom-od-9075m2" "Mozilla/5.0 (Linux; Android 6.0; LENNY3) AppleWebKit/537.36 (KHTML, like Gecko) Chrome/75.0.3770.143 Mobile Safari/537.36"
178.220.202.128 - - [21/Jul/2019:06:28:44 +0000] "GET /uploads/thumbnails/8bbef6e407a8635ddc948c09f7afefc6.JPG HTTP/1.1" 200 32711 "https://www.toplokacija-nekretnine.com/apartmani/starigrad-seline-apartman-8937m2-s-vrtom-od-9075m2" "Mozilla/5.0 (Linux; Android 6.0; LENNY3) AppleWebKit/537.36 (KHTML, like Gecko) Chrome/75.0.3770.143 Mobile Safari/537.36"
178.220.202.128 - - [21/Jul/2019:06:28:44 +0000] "GET /uploads/thumbnails/d6a701ab9fd1d039a0a29b44bb63c95e.JPG HTTP/1.1" 200 32379 "https://www.toplokacija-nekretnine.com/apartmani/starigrad-seline-apartman-8937m2-s-vrtom-od-9075m2" "Mozilla/5.0 (Linux; Android 6.0; LENNY3) AppleWebKit/537.36 (KHTML, like Gecko) Chrome/75.0.3770.143 Mobile Safari/537.36"
178.220.202.128 - - [21/Jul/2019:06:28:44 +0000] "GET /uploads/thumbnails/d86027ccb5bbdb821da5988db9c64dbe.JPG HTTP/1.1" 200 38384 "https://www.toplokacija-nekretnine.com/apartmani/starigrad-seline-apartman-8937m2-s-vrtom-od-9075m2" "Mozilla/5.0 (Linux; Android 6.0; LENNY3) AppleWebKit/537.36 (KHTML, like Gecko) Chrome/75.0.3770.143 Mobile Safari/537.36"
178.220.202.128 - - [21/Jul/2019:06:28:44 +0000] "GET /uploads/thumbnails/687c9cd6878acdae65366ebac198075e.JPG HTTP/1.1" 200 25589 "https://www.toplokacija-nekretnine.com/apartmani/starigrad-seline-apartman-8937m2-s-vrtom-od-9075m2" "Mozilla/5.0 (Linux; Android 6.0; LENNY3) AppleWebKit/537.36 (KHTML, like Gecko) Chrome/75.0.3770.143 Mobile Safari/537.36"
178.220.202.128 - - [21/Jul/2019:06:28:44 +0000] "GET /uploads/thumbnails/bf39a9e56d93745400fb6eaff1aeb5ef.JPG HTTP/1.1" 200 29071 "https://www.toplokacija-nekretnine.com/apartmani/starigrad-seline-apartman-8937m2-s-vrtom-od-9075m2" "Mozilla/5.0 (Linux; Android 6.0; LENNY3) AppleWebKit/537.36 (KHTML, like Gecko) Chrome/75.0.3770.143 Mobile Safari/537.36"
178.220.202.128 - - [21/Jul/2019:06:28:45 +0000] "GET /uploads/thumbnails/98dc155791663701d9a0ccb1fa59541c.JPG HTTP/1.1" 200 26265 "https://www.toplokacija-nekretnine.com/apartmani/starigrad-seline-apartman-8937m2-s-vrtom-od-9075m2" "Mozilla/5.0 (Linux; Android 6.0; LENNY3) AppleWebKit/537.36 (KHTML, like Gecko) Chrome/75.0.3770.143 Mobile Safari/537.36"
178.220.202.128 - - [21/Jul/2019:06:28:45 +0000] "GET /uploads/thumbnails/401b2e653619607091deb7351d399097.JPG HTTP/1.1" 200 22789 "https://www.toplokacija-nekretnine.com/apartmani/starigrad-seline-apartman-8937m2-s-vrtom-od-9075m2" "Mozilla/5.0 (Linux; Android 6.0; LENNY3) AppleWebKit/537.36 (KHTML, like Gecko) Chrome/75.0.3770.143 Mobile Safari/537.36"
178.220.202.128 - - [21/Jul/2019:06:28:45 +0000] "GET /uploads/thumbnails/c9a2ee587c2282d2714866edba46de48.JPG HTTP/1.1" 200 31162 "https://www.toplokacija-nekretnine.com/apartmani/starigrad-seline-apartman-8937m2-s-vrtom-od-9075m2" "Mozilla/5.0 (Linux; Android 6.0; LENNY3) AppleWebKit/537.36 (KHTML, like Gecko) Chrome/75.0.3770.143 Mobile Safari/537.36"
178.220.202.128 - - [21/Jul/2019:06:28:45 +0000] "GET /uploads/thumbnails/bda6967ea672c9aae8b35dba5393befb.JPG HTTP/1.1" 200 31978 "https://www.toplokacija-nekretnine.com/apartmani/starigrad-seline-apartman-8937m2-s-vrtom-od-9075m2" "Mozilla/5.0 (Linux; Android 6.0; LENNY3) AppleWebKit/537.36 (KHTML, like Gecko) Chrome/75.0.3770.143 Mobile Safari/537.36"
178.220.202.128 - - [21/Jul/2019:06:28:45 +0000] "GET /uploads/thumbnails/75855b5762b9f93dd4a0b0fc5e175b4b.JPG HTTP/1.1" 200 42753 "https://www.toplokacija-nekretnine.com/apartmani/starigrad-seline-apartman-8937m2-s-vrtom-od-9075m2" "Mozilla/5.0 (Linux; Android 6.0; LENNY3) AppleWebKit/537.36 (KHTML, like Gecko) Chrome/75.0.3770.143 Mobile Safari/537.36"
178.220.202.128 - - [21/Jul/2019:06:28:45 +0000] "GET /uploads/thumbnails/8638f1f44601c493b347a4c34b60c376.JPG HTTP/1.1" 200 52336 "https://www.toplokacija-nekretnine.com/apartmani/starigrad-seline-apartman-8937m2-s-vrtom-od-9075m2" "Mozilla/5.0 (Linux; Android 6.0; LENNY3) AppleWebKit/537.36 (KHTML, like Gecko) Chrome/75.0.3770.143 Mobile Safari/537.36"
178.220.202.128 - - [21/Jul/2019:06:28:46 +0000] "GET /uploads/thumbnails/a6b8f6655d75c29f2709d847aa979ef5.JPG HTTP/1.1" 200 42315 "https://www.toplokacija-nekretnine.com/apartmani/starigrad-seline-apartman-8937m2-s-vrtom-od-9075m2" "Mozilla/5.0 (Linux; Android 6.0; LENNY3) AppleWebKit/537.36 (KHTML, like Gecko) Chrome/75.0.3770.143 Mobile Safari/537.36"
178.220.202.128 - - [21/Jul/2019:06:28:46 +0000] "GET /uploads/thumbnails/0f18c3a19ca96a0be64647bfce58bd32.jpg HTTP/1.1" 200 27905 "https://www.toplokacija-nekretnine.com/apartmani/starigrad-seline-apartman-8937m2-s-vrtom-od-9075m2" "Mozilla/5.0 (Linux; Android 6.0; LENNY3) AppleWebKit/537.36 (KHTML, like Gecko) Chrome/75.0.3770.143 Mobile Safari/537.36"
178.220.202.128 - - [21/Jul/2019:06:28:46 +0000] "GET /uploads/thumbnails/4a7f204d395cf00225b71e7fbd80a5d2.jpg HTTP/1.1" 200 52892 "https://www.toplokacija-nekretnine.com/apartmani/starigrad-seline-apartman-8937m2-s-vrtom-od-9075m2" "Mozilla/5.0 (Linux; Android 6.0; LENNY3) AppleWebKit/537.36 (KHTML, like Gecko) Chrome/75.0.3770.143 Mobile Safari/537.36"
178.220.202.128 - - [21/Jul/2019:06:28:47 +0000] "GET /images/spinner.gif HTTP/1.1" 200 56260 "https://www.toplokacija-nekretnine.com/css/style.css?v=15" "Mozilla/5.0 (Linux; Android 6.0; LENNY3) AppleWebKit/537.36 (KHTML, like Gecko) Chrome/75.0.3770.143 Mobile Safari/537.36"
178.220.202.128 - - [21/Jul/2019:06:28:47 +0000] "GET /fonts/fontawesome-webfont.woff2?v=4.7.0 HTTP/1.1" 200 77160 "https://www.toplokacija-nekretnine.com/css/font-awesome.min.css" "Mozilla/5.0 (Linux; Android 6.0; LENNY3) AppleWebKit/537.36 (KHTML, like Gecko) Chrome/75.0.3770.143 Mobile Safari/537.36"
178.220.202.128 - - [21/Jul/2019:06:29:12 +0000] "GET /apartmani/starigrad-seline-apartman-8937m2-s-vrtom-od-9075m2 HTTP/1.1" 200 7299 "-" "Mozilla/5.0 (Linux; Android 6.0; LENNY3) AppleWebKit/537.36 (KHTML, like Gecko) Chrome/75.0.3770.143 Mobile Safari/537.36"
178.220.202.128 - - [21/Jul/2019:06:29:15 +0000] "GET /css/icofont.css HTTP/1.1" 200 16775 "https://www.toplokacija-nekretnine.com/apartmani/starigrad-seline-apartman-8937m2-s-vrtom-od-9075m2" "Mozilla/5.0 (Linux; Android 6.0; LENNY3) AppleWebKit/537.36 (KHTML, like Gecko) Chrome/75.0.3770.143 Mobile Safari/537.36"
178.220.202.128 - - [21/Jul/2019:06:29:23 +0000] "GET /uploads/images/c807da0fa0d811a1729b138a6ce29394.JPG HTTP/1.1" 200 185405 "https://www.toplokacija-nekretnine.com/apartmani/starigrad-seline-apartman-8937m2-s-vrtom-od-9075m2" "Mozilla/5.0 (Linux; Android 6.0; LENNY3) AppleWebKit/537.36 (KHTML, like Gecko) Chrome/75.0.3770.143 Mobile Safari/537.36"
178.220.202.128 - - [21/Jul/2019:06:29:23 +0000] "GET /uploads/images/2e88ee92570071c1d0d865f54248a972.JPG HTTP/1.1" 200 204974 "https://www.toplokacija-nekretnine.com/apartmani/starigrad-seline-apartman-8937m2-s-vrtom-od-9075m2" "Mozilla/5.0 (Linux; Android 6.0; LENNY3) AppleWebKit/537.36 (KHTML, like Gecko) Chrome/75.0.3770.143 Mobile Safari/537.36"
178.220.202.128 - - [21/Jul/2019:06:29:21 +0000] "GET /fonts/icofont.ttf?v=1.0.0-beta HTTP/1.1" 200 1018620 "https://www.toplokacija-nekretnine.com/css/icofont.css" "Mozilla/5.0 (Linux; Android 6.0; LENNY3) AppleWebKit/537.36 (KHTML, like Gecko) Chrome/75.0.3770.143 Mobile Safari/537.36"
178.220.202.128 - - [21/Jul/2019:06:29:43 +0000] "GET /apartmani/starigrad-seline-apartman-8937m2-s-vrtom-od-9075m2 HTTP/1.1" 200 7299 "-" "Mozilla/5.0 (Linux; Android 6.0; LENNY3) AppleWebKit/537.36 (KHTML, like Gecko) Chrome/75.0.3770.143 Mobile Safari/537.36"
178.220.202.128 - - [21/Jul/2019:06:29:45 +0000] "GET /fonts/icofont.ttf?v=1.0.0-beta HTTP/1.1" 206 1 "https://www.toplokacija-nekretnine.com/css/icofont.css" "Mozilla/5.0 (Linux; Android 6.0; LENNY3) AppleWebKit/537.36 (KHTML, like Gecko) Chrome/75.0.3770.143 Mobile Safari/537.36"
178.220.202.128 - - [21/Jul/2019:06:29:49 +0000] "GET /uploads/images/2e88ee92570071c1d0d865f54248a972.JPG HTTP/1.1" 206 1 "https://www.toplokacija-nekretnine.com/apartmani/starigrad-seline-apartman-8937m2-s-vrtom-od-9075m2" "Mozilla/5.0 (Linux; Android 6.0; LENNY3) AppleWebKit/537.36 (KHTML, like Gecko) Chrome/75.0.3770.143 Mobile Safari/537.36"
178.220.202.128 - - [21/Jul/2019:06:29:49 +0000] "GET /uploads/images/c807da0fa0d811a1729b138a6ce29394.JPG HTTP/1.1" 206 1 "https://www.toplokacija-nekretnine.com/apartmani/starigrad-seline-apartman-8937m2-s-vrtom-od-9075m2" "Mozilla/5.0 (Linux; Android 6.0; LENNY3) AppleWebKit/537.36 (KHTML, like Gecko) Chrome/75.0.3770.143 Mobile Safari/537.36"
178.220.202.128 - - [21/Jul/2019:06:29:49 +0000] "GET /uploads/images/c807da0fa0d811a1729b138a6ce29394.JPG HTTP/1.1" 206 169383 "https://www.toplokacija-nekretnine.com/apartmani/starigrad-seline-apartman-8937m2-s-vrtom-od-9075m2" "Mozilla/5.0 (Linux; Android 6.0; LENNY3) AppleWebKit/537.36 (KHTML, like Gecko) Chrome/75.0.3770.143 Mobile Safari/537.36"
178.220.202.128 - - [21/Jul/2019:06:29:49 +0000] "GET /uploads/images/2e88ee92570071c1d0d865f54248a972.JPG HTTP/1.1" 206 188952 "https://www.toplokacija-nekretnine.com/apartmani/starigrad-seline-apartman-8937m2-s-vrtom-od-9075m2" "Mozilla/5.0 (Linux; Android 6.0; LENNY3) AppleWebKit/537.36 (KHTML, like Gecko) Chrome/75.0.3770.143 Mobile Safari/537.36"
178.220.202.128 - - [21/Jul/2019:06:29:46 +0000] "GET /fonts/icofont.ttf?v=1.0.0-beta HTTP/1.1" 206 1002597 "https://www.toplokacija-nekretnine.com/css/icofont.css" "Mozilla/5.0 (Linux; Android 6.0; LENNY3) AppleWebKit/537.36 (KHTML, like Gecko) Chrome/75.0.3770.143 Mobile Safari/537.36"
157.55.39.184 - - [21/Jul/2019:06:38:33 +0000] "GET /uploads/thumbnails/a3391951c36fecb14495f8146dd9756c.jpg HTTP/1.1" 200 39492 "-" "Mozilla/5.0 (compatible; bingbot/2.0; +http://www.bing.com/bingbot.htm)"
66.249.69.135 - - [21/Jul/2019:06:49:14 +0000] "GET /zemljista/prilika-privlaka-gradevinski-teren-519m2 HTTP/1.1" 500 26153 "-" "Mozilla/5.0 (Linux; Android 6.0.1; Nexus 5X Build/MMB29P) AppleWebKit/537.36 (KHTML, like Gecko) Chrome/41.0.2272.96 Mobile Safari/537.36 (compatible; Googlebot/2.1; +http://www.google.com/bot.html)"
216.244.66.240 - - [21/Jul/2019:06:50:08 +0000] "GET /robots.txt HTTP/1.1" 301 257 "-" "Mozilla/5.0 (compatible; DotBot/1.1; http://www.opensiteexplorer.org/dotbot, help@moz.com)"
216.244.66.240 - - [21/Jul/2019:06:50:09 +0000] "GET /robots.txt HTTP/1.1" 200 24 "-" "Mozilla/5.0 (compatible; DotBot/1.1; http://www.opensiteexplorer.org/dotbot, help@moz.com)"
66.249.69.139 - - [21/Jul/2019:06:55:38 +0000] "GET /zemljista/filip-jakov-gradevinsko-zemljiste-1098m2 HTTP/1.1" 200 6406 "-" "Mozilla/5.0 (Linux; Android 6.0.1; Nexus 5X Build/MMB29P) AppleWebKit/537.36 (KHTML, like Gecko) Chrome/41.0.2272.96 Mobile Safari/537.36 (compatible; Googlebot/2.1; +http://www.google.com/bot.html)"
66.249.69.135 - - [21/Jul/2019:07:07:56 +0000] "GET /hr/kuce/diklo-kuca-170m2-s-2-stana-20m-od-mora HTTP/1.1" 200 6724 "-" "Mozilla/5.0 (Linux; Android 6.0.1; Nexus 5X Build/MMB29P) AppleWebKit/537.36 (KHTML, like Gecko) Chrome/41.0.2272.96 Mobile Safari/537.36 (compatible; Googlebot/2.1; +http://www.google.com/bot.html)"
66.249.69.135 - - [21/Jul/2019:07:30:03 +0000] "GET /hr/kuce/zaton-moderna-kuca-s-4-apartmana-i-bazenom HTTP/1.1" 200 7188 "-" "Mozilla/5.0 (Linux; Android 6.0.1; Nexus 5X Build/MMB29P) AppleWebKit/537.36 (KHTML, like Gecko) Chrome/41.0.2272.96 Mobile Safari/537.36 (compatible; Googlebot/2.1; +http://www.google.com/bot.html)"
157.55.39.169 - - [21/Jul/2019:07:32:29 +0000] "GET /zemljista/diklo-top-lokacija-pogodno-za-investitore-1231m2 HTTP/1.1" 200 6322 "-" "Mozilla/5.0 (compatible; bingbot/2.0; +http://www.bing.com/bingbot.htm)"
161.69.99.11 - - [21/Jul/2019:07:44:04 +0000] "GET / HTTP/1.1" 301 247 "-" "Mozilla/5.0 (Windows NT 6.1; WOW64; rv:29.0) Gecko/20120101 Firefox/29.0"
161.69.99.11 - - [21/Jul/2019:07:44:04 +0000] "GET / HTTP/1.1" 200 8915 "http://5.79.67.196" "Go-http-client/1.1"
40.77.167.134 - - [21/Jul/2019:07:44:27 +0000] "GET /uploads/thumbnails/1b07e08c5f857f905dd1fd1b4705dc0d.jpg HTTP/1.1" 200 29223 "-" "Mozilla/5.0 (compatible; bingbot/2.0; +http://www.bing.com/bingbot.htm)"
66.249.69.135 - - [21/Jul/2019:07:47:32 +0000] "GET /stanovi/novogradnja-zadar-plovanija-stan-85m2-mogucnost-preinake-u-2-manja-stana HTTP/1.1" 500 26153 "-" "Mozilla/5.0 (Linux; Android 6.0.1; Nexus 5X Build/MMB29P) AppleWebKit/537.36 (KHTML, like Gecko) Chrome/41.0.2272.96 Mobile Safari/537.36 (compatible; Googlebot/2.1; +http://www.google.com/bot.html)"
69.171.251.31 - - [21/Jul/2019:07:49:42 +0000] "GET /images/about_us_hr.png HTTP/1.1" 206 7915 "-" "facebookexternalhit/1.1 (+http://www.facebook.com/externalhit_uatext.php)"
69.171.251.33 - - [21/Jul/2019:07:49:47 +0000] "GET /images/about_us_hr.png HTTP/1.1" 200 7915 "-" "facebookexternalhit/1.1 (+http://www.facebook.com/externalhit_uatext.php)"
69.171.251.33 - - [21/Jul/2019:07:49:48 +0000] "GET / HTTP/1.1" 206 8915 "-" "facebookexternalhit/1.1 (+http://www.facebook.com/externalhit_uatext.php)"
69.171.251.33 - - [21/Jul/2019:07:49:48 +0000] "GET / HTTP/1.1" 206 8915 "-" "facebookexternalhit/1.1 (+http://www.facebook.com/externalhit_uatext.php)"
69.171.251.3 - - [21/Jul/2019:07:49:48 +0000] "GET / HTTP/1.1" 206 8915 "-" "facebookexternalhit/1.1 (+http://www.facebook.com/externalhit_uatext.php)"
69.171.251.22 - - [21/Jul/2019:07:49:49 +0000] "GET / HTTP/1.1" 206 8915 "-" "facebookexternalhit/1.1 (+http://www.facebook.com/externalhit_uatext.php)"
69.171.251.6 - - [21/Jul/2019:07:49:49 +0000] "GET / HTTP/1.1" 206 8915 "-" "facebookexternalhit/1.1 (+http://www.facebook.com/externalhit_uatext.php)"
69.171.251.3 - - [21/Jul/2019:07:49:49 +0000] "GET / HTTP/1.1" 206 8915 "-" "facebookexternalhit/1.1 (+http://www.facebook.com/externalhit_uatext.php)"
54.36.148.43 - - [21/Jul/2019:07:52:58 +0000] "GET /en/flats?page=1 HTTP/1.1" 200 5898 "-" "Mozilla/5.0 (compatible; AhrefsBot/6.1; +http://ahrefs.com/robot/)"
40.77.167.134 - - [21/Jul/2019:07:54:32 +0000] "GET /uploads/thumbnails/3919ce697cc8d996f3713c9e59e9d50a.jpg HTTP/1.1" 200 71314 "-" "Mozilla/5.0 (compatible; bingbot/2.0; +http://www.bing.com/bingbot.htm)"
69.171.251.37 - - [21/Jul/2019:08:04:46 +0000] "GET / HTTP/1.1" 301 247 "-" "facebookexternalhit/1.1 (+http://www.facebook.com/externalhit_uatext.php)"
69.171.251.37 - - [21/Jul/2019:08:04:46 +0000] "GET / HTTP/1.1" 206 8915 "-" "facebookexternalhit/1.1 (+http://www.facebook.com/externalhit_uatext.php)"
54.36.150.147 - - [21/Jul/2019:08:10:33 +0000] "GET /hr HTTP/1.1" 200 8917 "-" "Mozilla/5.0 (compatible; AhrefsBot/6.1; +http://ahrefs.com/robot/)"
54.36.150.70 - - [21/Jul/2019:08:11:04 +0000] "GET /hr/zemljista/zadar-stari-bokanjac-gradevinsko-zemljiste-2030m2-m2-60eur HTTP/1.1" 200 6236 "-" "Mozilla/5.0 (compatible; AhrefsBot/6.1; +http://ahrefs.com/robot/)"
54.36.149.70 - - [21/Jul/2019:08:17:31 +0000] "GET /en/flats/zadar-vidikovac-stan-50m2 HTTP/1.1" 200 6592 "-" "Mozilla/5.0 (compatible; AhrefsBot/6.1; +http://ahrefs.com/robot/)"
69.171.251.41 - - [21/Jul/2019:08:19:36 +0000] "GET /images/about_us_hr.png HTTP/1.1" 200 7915 "-" "facebookexternalhit/1.1 (+http://www.facebook.com/externalhit_uatext.php)"
161.69.99.11 - - [21/Jul/2019:08:21:07 +0000] "GET / HTTP/1.1" 301 247 "-" "Mozilla/5.0 (Windows NT 6.1; WOW64; rv:29.0) Gecko/20120101 Firefox/29.0"
161.69.99.11 - - [21/Jul/2019:08:21:07 +0000] "GET / HTTP/1.1" 200 8915 "http://5.79.67.196" "Go-http-client/1.1"
54.36.148.130 - - [21/Jul/2019:08:24:28 +0000] "GET /blog/savjeti-kako-razumno-investirati-u-nekretnine-na-jadranu HTTP/1.1" 200 5846 "-" "Mozilla/5.0 (compatible; AhrefsBot/6.1; +http://ahrefs.com/robot/)"
66.249.69.137 - - [21/Jul/2019:08:31:11 +0000] "GET /kuce HTTP/1.1" 200 5693 "-" "Mozilla/5.0 (Linux; Android 6.0.1; Nexus 5X Build/MMB29P) AppleWebKit/537.36 (KHTML, like Gecko) Chrome/41.0.2272.96 Mobile Safari/537.36 (compatible; Googlebot/2.1; +http://www.google.com/bot.html)"
66.249.69.135 - - [21/Jul/2019:08:31:25 +0000] "GET /hr/kuce/prekrasna-kuca-sa-bazenom-maslenica-pokraj-zadra HTTP/1.1" 200 7515 "-" "Mozilla/5.0 (Linux; Android 6.0.1; Nexus 5X Build/MMB29P) AppleWebKit/537.36 (KHTML, like Gecko) Chrome/41.0.2272.96 Mobile Safari/537.36 (compatible; Googlebot/2.1; +http://www.google.com/bot.html)"
109.60.24.109 - - [21/Jul/2019:08:31:26 +0000] "GET / HTTP/1.1" 200 8915 "https://www.njuskalo.hr/agencija/toplokacija" "Mozilla/5.0 (Windows NT 10.0; Win64; x64) AppleWebKit/537.36 (KHTML, like Gecko) Chrome/75.0.3770.142 Safari/537.36"
109.60.24.109 - - [21/Jul/2019:08:31:26 +0000] "GET /css/bootstrap.min.css HTTP/1.1" 200 19744 "https://www.toplokacija-nekretnine.com/" "Mozilla/5.0 (Windows NT 10.0; Win64; x64) AppleWebKit/537.36 (KHTML, like Gecko) Chrome/75.0.3770.142 Safari/537.36"
109.60.24.109 - - [21/Jul/2019:08:31:26 +0000] "GET /css/font-awesome.min.css HTTP/1.1" 200 7053 "https://www.toplokacija-nekretnine.com/" "Mozilla/5.0 (Windows NT 10.0; Win64; x64) AppleWebKit/537.36 (KHTML, like Gecko) Chrome/75.0.3770.142 Safari/537.36"
109.60.24.109 - - [21/Jul/2019:08:31:26 +0000] "GET /css/icofont.css HTTP/1.1" 200 16775 "https://www.toplokacija-nekretnine.com/" "Mozilla/5.0 (Windows NT 10.0; Win64; x64) AppleWebKit/537.36 (KHTML, like Gecko) Chrome/75.0.3770.142 Safari/537.36"
109.60.24.109 - - [21/Jul/2019:08:31:26 +0000] "GET /css/bootstrap-dropdownhover.css HTTP/1.1" 200 433 "https://www.toplokacija-nekretnine.com/" "Mozilla/5.0 (Windows NT 10.0; Win64; x64) AppleWebKit/537.36 (KHTML, like Gecko) Chrome/75.0.3770.142 Safari/537.36"
109.60.24.109 - - [21/Jul/2019:08:31:26 +0000] "GET /css/hover.css HTTP/1.1" 200 7051 "https://www.toplokacija-nekretnine.com/" "Mozilla/5.0 (Windows NT 10.0; Win64; x64) AppleWebKit/537.36 (KHTML, like Gecko) Chrome/75.0.3770.142 Safari/537.36"
109.60.24.109 - - [21/Jul/2019:08:31:26 +0000] "GET /css/animations.css HTTP/1.1" 200 2856 "https://www.toplokacija-nekretnine.com/" "Mozilla/5.0 (Windows NT 10.0; Win64; x64) AppleWebKit/537.36 (KHTML, like Gecko) Chrome/75.0.3770.142 Safari/537.36"
109.60.24.109 - - [21/Jul/2019:08:31:26 +0000] "GET /css/animate.min.css HTTP/1.1" 200 3598 "https://www.toplokacija-nekretnine.com/" "Mozilla/5.0 (Windows NT 10.0; Win64; x64) AppleWebKit/537.36 (KHTML, like Gecko) Chrome/75.0.3770.142 Safari/537.36"
109.60.24.109 - - [21/Jul/2019:08:31:26 +0000] "GET /assets/plugins/flag/css/flag-icon.css HTTP/1.1" 200 2837 "https://www.toplokacija-nekretnine.com/" "Mozilla/5.0 (Windows NT 10.0; Win64; x64) AppleWebKit/537.36 (KHTML, like Gecko) Chrome/75.0.3770.142 Safari/537.36"
109.60.24.109 - - [21/Jul/2019:08:31:26 +0000] "GET /css/cookieconsent.min.css HTTP/1.1" 200 1209 "https://www.toplokacija-nekretnine.com/" "Mozilla/5.0 (Windows NT 10.0; Win64; x64) AppleWebKit/537.36 (KHTML, like Gecko) Chrome/75.0.3770.142 Safari/537.36"
109.60.24.109 - - [21/Jul/2019:08:31:26 +0000] "GET /css/style.css?v=15 HTTP/1.1" 200 7634 "https://www.toplokacija-nekretnine.com/" "Mozilla/5.0 (Windows NT 10.0; Win64; x64) AppleWebKit/537.36 (KHTML, like Gecko) Chrome/75.0.3770.142 Safari/537.36"
109.60.24.109 - - [21/Jul/2019:08:31:26 +0000] "GET /css/responsive.css?v=4 HTTP/1.1" 200 1151 "https://www.toplokacija-nekretnine.com/" "Mozilla/5.0 (Windows NT 10.0; Win64; x64) AppleWebKit/537.36 (KHTML, like Gecko) Chrome/75.0.3770.142 Safari/537.36"
109.60.24.109 - - [21/Jul/2019:08:31:26 +0000] "GET /css/vegas.css HTTP/1.1" 200 1522 "https://www.toplokacija-nekretnine.com/" "Mozilla/5.0 (Windows NT 10.0; Win64; x64) AppleWebKit/537.36 (KHTML, like Gecko) Chrome/75.0.3770.142 Safari/537.36"
109.60.24.109 - - [21/Jul/2019:08:31:26 +0000] "GET /js/jquery.min.js HTTP/1.1" 200 29820 "https://www.toplokacija-nekretnine.com/" "Mozilla/5.0 (Windows NT 10.0; Win64; x64) AppleWebKit/537.36 (KHTML, like Gecko) Chrome/75.0.3770.142 Safari/537.36"
109.60.24.109 - - [21/Jul/2019:08:31:26 +0000] "GET /js/bootstrap.min.js HTTP/1.1" 200 9833 "https://www.toplokacija-nekretnine.com/" "Mozilla/5.0 (Windows NT 10.0; Win64; x64) AppleWebKit/537.36 (KHTML, like Gecko) Chrome/75.0.3770.142 Safari/537.36"
109.60.24.109 - - [21/Jul/2019:08:31:26 +0000] "GET /js/css3-animate-it.js HTTP/1.1" 200 1504 "https://www.toplokacija-nekretnine.com/" "Mozilla/5.0 (Windows NT 10.0; Win64; x64) AppleWebKit/537.36 (KHTML, like Gecko) Chrome/75.0.3770.142 Safari/537.36"
109.60.24.109 - - [21/Jul/2019:08:31:26 +0000] "GET /js/bootstrap-dropdownhover.min.js HTTP/1.1" 200 1355 "https://www.toplokacija-nekretnine.com/" "Mozilla/5.0 (Windows NT 10.0; Win64; x64) AppleWebKit/537.36 (KHTML, like Gecko) Chrome/75.0.3770.142 Safari/537.36"
109.60.24.109 - - [21/Jul/2019:08:31:27 +0000] "GET /js/jarallax.js HTTP/1.1" 200 2670 "https://www.toplokacija-nekretnine.com/" "Mozilla/5.0 (Windows NT 10.0; Win64; x64) AppleWebKit/537.36 (KHTML, like Gecko) Chrome/75.0.3770.142 Safari/537.36"
109.60.24.109 - - [21/Jul/2019:08:31:27 +0000] "GET /js/jquery-scrolltofixed-min.js HTTP/1.1" 200 1717 "https://www.toplokacija-nekretnine.com/" "Mozilla/5.0 (Windows NT 10.0; Win64; x64) AppleWebKit/537.36 (KHTML, like Gecko) Chrome/75.0.3770.142 Safari/537.36"
109.60.24.109 - - [21/Jul/2019:08:31:27 +0000] "GET /js/dyscrollup.js HTTP/1.1" 200 704 "https://www.toplokacija-nekretnine.com/" "Mozilla/5.0 (Windows NT 10.0; Win64; x64) AppleWebKit/537.36 (KHTML, like Gecko) Chrome/75.0.3770.142 Safari/537.36"
109.60.24.109 - - [21/Jul/2019:08:31:27 +0000] "GET /js/cookieconsent.min.js HTTP/1.1" 200 6849 "https://www.toplokacija-nekretnine.com/" "Mozilla/5.0 (Windows NT 10.0; Win64; x64) AppleWebKit/537.36 (KHTML, like Gecko) Chrome/75.0.3770.142 Safari/537.36"
109.60.24.109 - - [21/Jul/2019:08:31:27 +0000] "GET /fonts/fontawesome-webfont.woff2?v=4.7.0 HTTP/1.1" 200 77160 "https://www.toplokacija-nekretnine.com/css/font-awesome.min.css" "Mozilla/5.0 (Windows NT 10.0; Win64; x64) AppleWebKit/537.36 (KHTML, like Gecko) Chrome/75.0.3770.142 Safari/537.36"
109.60.24.109 - - [21/Jul/2019:08:31:27 +0000] "GET /images/spinner.gif HTTP/1.1" 200 56260 "https://www.toplokacija-nekretnine.com/css/style.css?v=15" "Mozilla/5.0 (Windows NT 10.0; Win64; x64) AppleWebKit/537.36 (KHTML, like Gecko) Chrome/75.0.3770.142 Safari/537.36"
109.60.24.109 - - [21/Jul/2019:08:31:27 +0000] "GET /assets/plugins/flag/flags/4x3/hr.svg HTTP/1.1" 200 80697 "https://www.toplokacija-nekretnine.com/assets/plugins/flag/css/flag-icon.css" "Mozilla/5.0 (Windows NT 10.0; Win64; x64) AppleWebKit/537.36 (KHTML, like Gecko) Chrome/75.0.3770.142 Safari/537.36"
109.60.24.109 - - [21/Jul/2019:08:31:27 +0000] "GET /images/logo_hr.png HTTP/1.1" 200 5600 "https://www.toplokacija-nekretnine.com/" "Mozilla/5.0 (Windows NT 10.0; Win64; x64) AppleWebKit/537.36 (KHTML, like Gecko) Chrome/75.0.3770.142 Safari/537.36"
109.60.24.109 - - [21/Jul/2019:08:31:27 +0000] "GET /js/main.js?v=4 HTTP/1.1" 200 551 "https://www.toplokacija-nekretnine.com/" "Mozilla/5.0 (Windows NT 10.0; Win64; x64) AppleWebKit/537.36 (KHTML, like Gecko) Chrome/75.0.3770.142 Safari/537.36"
