137.226.113.26 - - [29/Jul/2019:00:03:35 +0000] "GET / HTTP/1.1" 200 8920 "-" "Mozilla/5.0 zgrab/0.x (compatible; Researchscan/t13rl; +http://researchscan.comsys.rwth-aachen.de)"
66.249.64.105 - - [29/Jul/2019:00:16:39 +0000] "GET /uploads/thumbnails/a902b892fac7b8a1162f6bc0a2d2aeaf.JPG HTTP/1.1" 200 57316 "-" "Googlebot-Image/1.0"
66.249.64.107 - - [29/Jul/2019:00:28:00 +0000] "GET /apartmani/zadar-kozino-top-lokacija-50m-od-mora-6420m2 HTTP/1.1" 200 6877 "-" "Mozilla/5.0 (compatible; Googlebot/2.1; +http://www.google.com/bot.html)"
46.229.168.134 - - [29/Jul/2019:00:32:50 +0000] "GET /robots.txt HTTP/1.1" 200 24 "-" "Mozilla/5.0 (compatible; SemrushBot/3~bl; +http://www.semrush.com/bot.html)"
46.229.168.154 - - [29/Jul/2019:00:32:51 +0000] "GET /zemljista/top-lokacija-sukosan-2030m2-pogodno-za-investitore HTTP/1.1" 200 6175 "-" "Mozilla/5.0 (compatible; SemrushBot/3~bl; +http://www.semrush.com/bot.html)"
66.249.64.105 - - [29/Jul/2019:01:01:32 +0000] "GET /zemljista/diklo-top-lokacija-pogodno-za-investitore-1231m2 HTTP/1.1" 200 6323 "-" "Mozilla/5.0 (Linux; Android 6.0.1; Nexus 5X Build/MMB29P) AppleWebKit/537.36 (KHTML, like Gecko) Chrome/41.0.2272.96 Mobile Safari/537.36 (compatible; Googlebot/2.1; +http://www.google.com/bot.html)"
157.55.39.143 - - [29/Jul/2019:01:02:16 +0000] "GET /uploads/thumbnails/718544fe26c22349878255869f55542f.JPG HTTP/1.1" 200 63265 "-" "Mozilla/5.0 (compatible; bingbot/2.0; +http://www.bing.com/bingbot.htm)"
66.249.64.109 - - [29/Jul/2019:01:03:06 +0000] "GET /uploads/images/0b17147893e33edaec05a59a1ccec16b.JPG HTTP/1.1" 200 170196 "-" "Googlebot-Image/1.0"
66.249.64.105 - - [29/Jul/2019:01:12:24 +0000] "GET /uploads/thumbnails/154dbe83f102d36daacb1e7e9e7185bb.JPG HTTP/1.1" 200 27770 "-" "Googlebot-Image/1.0"
66.249.64.105 - - [29/Jul/2019:01:14:43 +0000] "GET /uploads/thumbnails/480bd63f499033e619a609f9c667dd0b.JPG HTTP/1.1" 200 61679 "-" "Googlebot-Image/1.0"
46.229.168.145 - - [29/Jul/2019:01:29:46 +0000] "GET /robots.txt HTTP/1.1" 200 24 "-" "Mozilla/5.0 (compatible; SemrushBot/3~bl; +http://www.semrush.com/bot.html)"
46.229.168.140 - - [29/Jul/2019:01:29:47 +0000] "GET /en/search?page=2 HTTP/1.1" 200 6066 "-" "Mozilla/5.0 (compatible; SemrushBot/3~bl; +http://www.semrush.com/bot.html)"
66.249.64.107 - - [29/Jul/2019:01:49:33 +0000] "GET /uploads/thumbnails/16162935419973c131d96602bda0af87.JPG HTTP/1.1" 200 24245 "-" "Googlebot-Image/1.0"
157.55.39.244 - - [29/Jul/2019:01:52:16 +0000] "GET /uploads/thumbnails/63d5640a9b6303614dc937007b71a703.JPG HTTP/1.1" 200 44953 "-" "Mozilla/5.0 (compatible; bingbot/2.0; +http://www.bing.com/bingbot.htm)"
216.244.66.240 - - [29/Jul/2019:01:58:45 +0000] "GET /robots.txt HTTP/1.1" 301 257 "-" "Mozilla/5.0 (compatible; DotBot/1.1; http://www.opensiteexplorer.org/dotbot, help@moz.com)"
216.244.66.240 - - [29/Jul/2019:01:58:46 +0000] "GET /robots.txt HTTP/1.1" 200 24 "-" "Mozilla/5.0 (compatible; DotBot/1.1; http://www.opensiteexplorer.org/dotbot, help@moz.com)"
207.46.13.77 - - [29/Jul/2019:02:02:18 +0000] "GET /uploads/thumbnails/7220e6edb9e7d916282211e82241fb71.jpg HTTP/1.1" 200 56830 "-" "Mozilla/5.0 (compatible; bingbot/2.0; +http://www.bing.com/bingbot.htm)"
66.249.64.109 - - [29/Jul/2019:02:08:36 +0000] "GET /kuce/smokovic-kuca-80m2-na-terenu-od-2000m2 HTTP/1.1" 500 26153 "-" "Mozilla/5.0 (Linux; Android 6.0.1; Nexus 5X Build/MMB29P) AppleWebKit/537.36 (KHTML, like Gecko) Chrome/41.0.2272.96 Mobile Safari/537.36 (compatible; Googlebot/2.1; +http://www.google.com/bot.html)"
66.249.64.107 - - [29/Jul/2019:02:17:26 +0000] "GET /uploads/thumbnails/e345a9f711b1b74d5e1489c3a69edfc2.JPG HTTP/1.1" 200 42756 "-" "Googlebot-Image/1.0"
66.249.64.105 - - [29/Jul/2019:02:25:41 +0000] "GET /blog/dolaskom-proljeca-raste-interes-i-potraznja-za-nekretninama HTTP/1.1" 200 4960 "-" "Mozilla/5.0 (Linux; Android 6.0.1; Nexus 5X Build/MMB29P) AppleWebKit/537.36 (KHTML, like Gecko) Chrome/41.0.2272.96 Mobile Safari/537.36 (compatible; Googlebot/2.1; +http://www.google.com/bot.html)"
66.249.64.105 - - [29/Jul/2019:02:28:50 +0000] "GET /kuce/zadar-arbanasi-idilicna-kamena-kuca-130m2-na-zelenoj-oazi-od-612m2 HTTP/1.1" 200 7551 "-" "Mozilla/5.0 (compatible; Googlebot/2.1; +http://www.google.com/bot.html)"
207.46.13.89 - - [29/Jul/2019:02:40:21 +0000] "GET /uploads/thumbnails/953a33506014a870cc2bcef01a301817.jpg HTTP/1.1" 200 27491 "-" "Mozilla/5.0 (compatible; bingbot/2.0; +http://www.bing.com/bingbot.htm)"
216.244.66.240 - - [29/Jul/2019:02:45:06 +0000] "GET /robots.txt HTTP/1.1" 301 257 "-" "Mozilla/5.0 (compatible; DotBot/1.1; http://www.opensiteexplorer.org/dotbot, help@moz.com)"
216.244.66.240 - - [29/Jul/2019:02:45:06 +0000] "GET /robots.txt HTTP/1.1" 200 24 "-" "Mozilla/5.0 (compatible; DotBot/1.1; http://www.opensiteexplorer.org/dotbot, help@moz.com)"
66.249.64.107 - - [29/Jul/2019:02:45:18 +0000] "GET /uploads/images/7edea6edc763ceb7273a241568782259.JPG HTTP/1.1" 200 263106 "-" "Googlebot-Image/1.0"
66.249.64.105 - - [29/Jul/2019:02:52:16 +0000] "GET /uploads/thumbnails/007c29deee7a12992c7353449f551202.JPG HTTP/1.1" 200 57633 "-" "Googlebot-Image/1.0"
54.218.67.43 - - [29/Jul/2019:02:54:30 +0000] "GET / HTTP/1.1" 301 247 "-" "Go-http-client/1.1"
54.218.67.43 - - [29/Jul/2019:02:54:32 +0000] "GET / HTTP/1.1" 200 8920 "-" "Go-http-client/1.1"
34.210.54.13 - - [29/Jul/2019:02:54:34 +0000] "GET / HTTP/1.1" 301 247 "-" "Go-http-client/1.1"
66.249.64.107 - - [29/Jul/2019:02:54:47 +0000] "GET /hr/blog/savjeti-kako-razumno-investirati-u-nekretnine-na-jadranu HTTP/1.1" 200 5844 "-" "Mozilla/5.0 (Linux; Android 6.0.1; Nexus 5X Build/MMB29P) AppleWebKit/537.36 (KHTML, like Gecko) Chrome/41.0.2272.96 Mobile Safari/537.36 (compatible; Googlebot/2.1; +http://www.google.com/bot.html)"
46.229.168.132 - - [29/Jul/2019:02:56:12 +0000] "GET /robots.txt HTTP/1.1" 200 24 "-" "Mozilla/5.0 (compatible; SemrushBot/3~bl; +http://www.semrush.com/bot.html)"
46.229.168.151 - - [29/Jul/2019:02:56:13 +0000] "GET /hr/zemljista/zaton-centar-gradevinsko-zemljiste-985m2 HTTP/1.1" 200 6109 "-" "Mozilla/5.0 (compatible; SemrushBot/3~bl; +http://www.semrush.com/bot.html)"
66.249.64.105 - - [29/Jul/2019:03:01:06 +0000] "GET /kuce/smokovic-kuca-80m2-na-terenu-od-2000m2 HTTP/1.1" 500 26153 "-" "Mozilla/5.0 (Linux; Android 6.0.1; Nexus 5X Build/MMB29P) AppleWebKit/537.36 (KHTML, like Gecko) Chrome/41.0.2272.96 Mobile Safari/537.36 (compatible; Googlebot/2.1; +http://www.google.com/bot.html)"
40.77.167.19 - - [29/Jul/2019:03:13:34 +0000] "GET /uploads/thumbnails/d4fca5b79f00a9ec165a7ac7d22b3c4a.JPG HTTP/1.1" 200 37165 "-" "Mozilla/5.0 (compatible; bingbot/2.0; +http://www.bing.com/bingbot.htm)"
66.249.64.105 - - [29/Jul/2019:03:27:03 +0000] "GET /stanovi/novogradnja-plovanija-stanovi-od-94m2-do-112m2 HTTP/1.1" 200 6292 "-" "Mozilla/5.0 (Linux; Android 6.0.1; Nexus 5X Build/MMB29P) AppleWebKit/537.36 (KHTML, like Gecko) Chrome/41.0.2272.96 Mobile Safari/537.36 (compatible; Googlebot/2.1; +http://www.google.com/bot.html)"
216.244.66.240 - - [29/Jul/2019:03:30:54 +0000] "GET /robots.txt HTTP/1.1" 301 257 "-" "Mozilla/5.0 (compatible; DotBot/1.1; http://www.opensiteexplorer.org/dotbot, help@moz.com)"
216.244.66.240 - - [29/Jul/2019:03:30:55 +0000] "GET /robots.txt HTTP/1.1" 200 24 "-" "Mozilla/5.0 (compatible; DotBot/1.1; http://www.opensiteexplorer.org/dotbot, help@moz.com)"
66.249.64.109 - - [29/Jul/2019:03:38:43 +0000] "GET /uploads/images/79136cc48eb64efa03a195b6fe4bd3b5.JPG HTTP/1.1" 200 146459 "-" "Googlebot-Image/1.0"
46.229.168.151 - - [29/Jul/2019:03:48:17 +0000] "GET /robots.txt HTTP/1.1" 200 24 "-" "Mozilla/5.0 (compatible; SemrushBot/3~bl; +http://www.semrush.com/bot.html)"
46.229.168.140 - - [29/Jul/2019:03:48:17 +0000] "GET /en/apartments/prilika-pag-riva-1red-uz-more-top-lokacija-65m2 HTTP/1.1" 200 6041 "-" "Mozilla/5.0 (compatible; SemrushBot/3~bl; +http://www.semrush.com/bot.html)"
46.229.168.143 - - [29/Jul/2019:03:55:55 +0000] "GET /stanovi/zadar-borik-novogradnja-ekskluzivan-top-objekt-s-5-stanova-1kat-7918m2 HTTP/1.1" 200 7148 "-" "Mozilla/5.0 (compatible; SemrushBot/3~bl; +http://www.semrush.com/bot.html)"
216.244.66.240 - - [29/Jul/2019:03:59:33 +0000] "GET /en/lands/zadar-stari-bokanjac-gradevinsko-zemljiste-2030m2-m2-60eur HTTP/1.1" 200 29535 "-" "Mozilla/5.0 (compatible; DotBot/1.1; http://www.opensiteexplorer.org/dotbot, help@moz.com)"
66.249.64.109 - - [29/Jul/2019:04:00:35 +0000] "GET /apartmani/top-lokacija-vinjerac-ekskluzivni-novi-apartman-s-krovnom-terasom-12343m2 HTTP/1.1" 200 7831 "-" "Mozilla/5.0 (Linux; Android 6.0.1; Nexus 5X Build/MMB29P) AppleWebKit/537.36 (KHTML, like Gecko) Chrome/41.0.2272.96 Mobile Safari/537.36 (compatible; Googlebot/2.1; +http://www.google.com/bot.html)"
66.249.64.105 - - [29/Jul/2019:04:21:27 +0000] "GET /zemljista/top-lokacija-udaljenost-od-mora-15m-zaton-uvala-jaz HTTP/1.1" 200 5985 "-" "Mozilla/5.0 (Linux; Android 6.0.1; Nexus 5X Build/MMB29P) AppleWebKit/537.36 (KHTML, like Gecko) Chrome/41.0.2272.96 Mobile Safari/537.36 (compatible; Googlebot/2.1; +http://www.google.com/bot.html)"
46.229.168.134 - - [29/Jul/2019:04:24:21 +0000] "GET /robots.txt HTTP/1.1" 200 24 "-" "Mozilla/5.0 (compatible; SemrushBot/3~bl; +http://www.semrush.com/bot.html)"
46.229.168.141 - - [29/Jul/2019:04:24:22 +0000] "GET /en/offer-property HTTP/1.1" 200 4272 "-" "Mozilla/5.0 (compatible; SemrushBot/3~bl; +http://www.semrush.com/bot.html)"
66.249.64.109 - - [29/Jul/2019:04:25:10 +0000] "GET /uploads/images/04e04d2340584ab004bb01d9eaf53111.JPG HTTP/1.1" 200 160698 "-" "Googlebot-Image/1.0"
66.249.64.109 - - [29/Jul/2019:04:29:49 +0000] "GET /uploads/thumbnails/7edea6edc763ceb7273a241568782259.JPG HTTP/1.1" 200 45664 "-" "Googlebot-Image/1.0"
46.229.168.141 - - [29/Jul/2019:04:35:23 +0000] "GET /hr/o-nama HTTP/1.1" 200 3969 "-" "Mozilla/5.0 (compatible; SemrushBot/3~bl; +http://www.semrush.com/bot.html)"
46.229.168.132 - - [29/Jul/2019:05:01:01 +0000] "GET /robots.txt HTTP/1.1" 200 24 "-" "Mozilla/5.0 (compatible; SemrushBot/3~bl; +http://www.semrush.com/bot.html)"
46.229.168.145 - - [29/Jul/2019:05:01:02 +0000] "GET /apartmani/starigrad-seline-apartman-8937m2-s-vrtom-od-9075m2 HTTP/1.1" 200 7304 "-" "Mozilla/5.0 (compatible; SemrushBot/3~bl; +http://www.semrush.com/bot.html)"
66.249.64.105 - - [29/Jul/2019:05:11:27 +0000] "GET /stanovi/zadar-borik-novogradnja-ekskluzivan-top-objekt-s-5-stanova-prizemlje-6323m2 HTTP/1.1" 200 7118 "-" "Mozilla/5.0 (Linux; Android 6.0.1; Nexus 5X Build/MMB29P) AppleWebKit/537.36 (KHTML, like Gecko) Chrome/41.0.2272.96 Mobile Safari/537.36 (compatible; Googlebot/2.1; +http://www.google.com/bot.html)"
137.226.113.28 - - [29/Jul/2019:05:12:28 +0000] "GET / HTTP/1.1" 200 8920 "-" "Mozilla/5.0 zgrab/0.x (compatible; Researchscan/t12sns; +http://researchscan.comsys.rwth-aachen.de)"
46.229.168.150 - - [29/Jul/2019:05:29:07 +0000] "GET /hr/stanovi/zadar-plovanija-noviji-stan-52m2 HTTP/1.1" 200 6582 "-" "Mozilla/5.0 (compatible; SemrushBot/3~bl; +http://www.semrush.com/bot.html)"
40.77.167.19 - - [29/Jul/2019:05:46:11 +0000] "GET /hr/kuce/zaton-moderna-kuca-s-4-apartmana-i-bazenom HTTP/1.1" 200 7189 "-" "Mozilla/5.0 (compatible; bingbot/2.0; +http://www.bing.com/bingbot.htm)"
31.217.11.75 - - [29/Jul/2019:05:49:20 +0000] "GET /uploads/images/3b5547b63aa2f05e948b6273f5007a2b.jpg HTTP/1.1" 200 194343 "https://www.google.com/" "Mozilla/5.0 (Linux; Android 7.1.1; SM-J510FN Build/NMF26X) AppleWebKit/537.36 (KHTML, like Gecko) Chrome/69.0.3497.100 Mobile Safari/537.36"
39.79.136.4 - - [29/Jul/2019:05:54:10 +0000] "GET /robots.txt HTTP/1.1" 200 24 "https://www.google.com" "Mozilla/5.0(Linux;Android 5.1.1;OPPO A33 Build/LMY47V;wv) AppleWebKit/537.36(KHTML,link Gecko) Version/4.0 Chrome/42.0.2311.138 Mobile Safari/537.36 Mb2345Browser/9.0"
173.252.127.16 - - [29/Jul/2019:05:58:30 +0000] "GET /images/logo_hr.png HTTP/1.1" 200 5600 "-" "facebookexternalhit/1.1 (+http://www.facebook.com/externalhit_uatext.php)"
157.55.39.158 - - [29/Jul/2019:06:16:26 +0000] "GET /en/houses/zaton-moderna-kuca-s-4-apartmana-i-bazenom HTTP/1.1" 200 7108 "-" "Mozilla/5.0 (compatible; bingbot/2.0; +http://www.bing.com/bingbot.htm)"
66.249.64.107 - - [29/Jul/2019:06:16:36 +0000] "GET /stanovi/zadar-vidikovac-stan-50m2 HTTP/1.1" 200 6682 "-" "Mozilla/5.0 (compatible; Googlebot/2.1; +http://www.google.com/bot.html)"
66.249.64.107 - - [29/Jul/2019:06:20:24 +0000] "GET /kontakt HTTP/1.1" 200 4112 "-" "Mozilla/5.0 (Linux; Android 6.0.1; Nexus 5X Build/MMB29P) AppleWebKit/537.36 (KHTML, like Gecko) Chrome/41.0.2272.96 Mobile Safari/537.36 (compatible; Googlebot/2.1; +http://www.google.com/bot.html)"
66.249.64.105 - - [29/Jul/2019:06:20:27 +0000] "GET /js/google-map.js?v=3 HTTP/1.1" 200 197 "https://www.toplokacija-nekretnine.com/kontakt" "Mozilla/5.0 (Linux; Android 6.0.1; Nexus 5X Build/MMB29P) AppleWebKit/537.36 (KHTML, like Gecko) Chrome/41.0.2272.96 Mobile Safari/537.36 (compatible; Googlebot/2.1; +http://www.google.com/bot.html)"
213.149.51.108 - - [29/Jul/2019:06:24:21 +0000] "GET / HTTP/1.1" 200 8920 "https://www.google.com/" "Mozilla/5.0 (Linux; Android 8.0.0; SM-G935F) AppleWebKit/537.36 (KHTML, like Gecko) Chrome/75.0.3770.143 Mobile Safari/537.36"
213.149.51.108 - - [29/Jul/2019:06:24:21 +0000] "GET /css/bootstrap.min.css HTTP/1.1" 200 19744 "https://www.toplokacija-nekretnine.com/" "Mozilla/5.0 (Linux; Android 8.0.0; SM-G935F) AppleWebKit/537.36 (KHTML, like Gecko) Chrome/75.0.3770.143 Mobile Safari/537.36"
213.149.51.108 - - [29/Jul/2019:06:24:21 +0000] "GET /css/font-awesome.min.css HTTP/1.1" 200 7053 "https://www.toplokacija-nekretnine.com/" "Mozilla/5.0 (Linux; Android 8.0.0; SM-G935F) AppleWebKit/537.36 (KHTML, like Gecko) Chrome/75.0.3770.143 Mobile Safari/537.36"
213.149.51.108 - - [29/Jul/2019:06:24:22 +0000] "GET /css/icofont.css HTTP/1.1" 200 16775 "https://www.toplokacija-nekretnine.com/" "Mozilla/5.0 (Linux; Android 8.0.0; SM-G935F) AppleWebKit/537.36 (KHTML, like Gecko) Chrome/75.0.3770.143 Mobile Safari/537.36"
213.149.51.108 - - [29/Jul/2019:06:24:22 +0000] "GET /css/bootstrap-dropdownhover.css HTTP/1.1" 200 433 "https://www.toplokacija-nekretnine.com/" "Mozilla/5.0 (Linux; Android 8.0.0; SM-G935F) AppleWebKit/537.36 (KHTML, like Gecko) Chrome/75.0.3770.143 Mobile Safari/537.36"
213.149.51.108 - - [29/Jul/2019:06:24:22 +0000] "GET /css/animations.css HTTP/1.1" 200 2856 "https://www.toplokacija-nekretnine.com/" "Mozilla/5.0 (Linux; Android 8.0.0; SM-G935F) AppleWebKit/537.36 (KHTML, like Gecko) Chrome/75.0.3770.143 Mobile Safari/537.36"
213.149.51.108 - - [29/Jul/2019:06:24:22 +0000] "GET /assets/plugins/flag/css/flag-icon.css HTTP/1.1" 200 2837 "https://www.toplokacija-nekretnine.com/" "Mozilla/5.0 (Linux; Android 8.0.0; SM-G935F) AppleWebKit/537.36 (KHTML, like Gecko) Chrome/75.0.3770.143 Mobile Safari/537.36"
213.149.51.108 - - [29/Jul/2019:06:24:22 +0000] "GET /css/animate.min.css HTTP/1.1" 200 3598 "https://www.toplokacija-nekretnine.com/" "Mozilla/5.0 (Linux; Android 8.0.0; SM-G935F) AppleWebKit/537.36 (KHTML, like Gecko) Chrome/75.0.3770.143 Mobile Safari/537.36"
213.149.51.108 - - [29/Jul/2019:06:24:22 +0000] "GET /css/hover.css HTTP/1.1" 200 7051 "https://www.toplokacija-nekretnine.com/" "Mozilla/5.0 (Linux; Android 8.0.0; SM-G935F) AppleWebKit/537.36 (KHTML, like Gecko) Chrome/75.0.3770.143 Mobile Safari/537.36"
213.149.51.108 - - [29/Jul/2019:06:24:22 +0000] "GET /css/cookieconsent.min.css HTTP/1.1" 200 1209 "https://www.toplokacija-nekretnine.com/" "Mozilla/5.0 (Linux; Android 8.0.0; SM-G935F) AppleWebKit/537.36 (KHTML, like Gecko) Chrome/75.0.3770.143 Mobile Safari/537.36"
213.149.51.108 - - [29/Jul/2019:06:24:22 +0000] "GET /css/style.css?v=15 HTTP/1.1" 200 7634 "https://www.toplokacija-nekretnine.com/" "Mozilla/5.0 (Linux; Android 8.0.0; SM-G935F) AppleWebKit/537.36 (KHTML, like Gecko) Chrome/75.0.3770.143 Mobile Safari/537.36"
213.149.51.108 - - [29/Jul/2019:06:24:22 +0000] "GET /css/responsive.css?v=4 HTTP/1.1" 200 1151 "https://www.toplokacija-nekretnine.com/" "Mozilla/5.0 (Linux; Android 8.0.0; SM-G935F) AppleWebKit/537.36 (KHTML, like Gecko) Chrome/75.0.3770.143 Mobile Safari/537.36"
213.149.51.108 - - [29/Jul/2019:06:24:22 +0000] "GET /images/logo_hr.png HTTP/1.1" 200 5600 "https://www.toplokacija-nekretnine.com/" "Mozilla/5.0 (Linux; Android 8.0.0; SM-G935F) AppleWebKit/537.36 (KHTML, like Gecko) Chrome/75.0.3770.143 Mobile Safari/537.36"
213.149.51.108 - - [29/Jul/2019:06:24:22 +0000] "GET /css/vegas.css HTTP/1.1" 200 1522 "https://www.toplokacija-nekretnine.com/" "Mozilla/5.0 (Linux; Android 8.0.0; SM-G935F) AppleWebKit/537.36 (KHTML, like Gecko) Chrome/75.0.3770.143 Mobile Safari/537.36"
213.149.51.108 - - [29/Jul/2019:06:24:22 +0000] "GET /js/jquery.min.js HTTP/1.1" 200 29820 "https://www.toplokacija-nekretnine.com/" "Mozilla/5.0 (Linux; Android 8.0.0; SM-G935F) AppleWebKit/537.36 (KHTML, like Gecko) Chrome/75.0.3770.143 Mobile Safari/537.36"
213.149.51.108 - - [29/Jul/2019:06:24:22 +0000] "GET /js/css3-animate-it.js HTTP/1.1" 200 1504 "https://www.toplokacija-nekretnine.com/" "Mozilla/5.0 (Linux; Android 8.0.0; SM-G935F) AppleWebKit/537.36 (KHTML, like Gecko) Chrome/75.0.3770.143 Mobile Safari/537.36"
213.149.51.108 - - [29/Jul/2019:06:24:22 +0000] "GET /js/bootstrap.min.js HTTP/1.1" 200 9833 "https://www.toplokacija-nekretnine.com/" "Mozilla/5.0 (Linux; Android 8.0.0; SM-G935F) AppleWebKit/537.36 (KHTML, like Gecko) Chrome/75.0.3770.143 Mobile Safari/537.36"
213.149.51.108 - - [29/Jul/2019:06:24:22 +0000] "GET /js/bootstrap-dropdownhover.min.js HTTP/1.1" 200 1355 "https://www.toplokacija-nekretnine.com/" "Mozilla/5.0 (Linux; Android 8.0.0; SM-G935F) AppleWebKit/537.36 (KHTML, like Gecko) Chrome/75.0.3770.143 Mobile Safari/537.36"
213.149.51.108 - - [29/Jul/2019:06:24:22 +0000] "GET /js/jquery-scrolltofixed-min.js HTTP/1.1" 200 1717 "https://www.toplokacija-nekretnine.com/" "Mozilla/5.0 (Linux; Android 8.0.0; SM-G935F) AppleWebKit/537.36 (KHTML, like Gecko) Chrome/75.0.3770.143 Mobile Safari/537.36"
213.149.51.108 - - [29/Jul/2019:06:24:22 +0000] "GET /js/jarallax.js HTTP/1.1" 200 2670 "https://www.toplokacija-nekretnine.com/" "Mozilla/5.0 (Linux; Android 8.0.0; SM-G935F) AppleWebKit/537.36 (KHTML, like Gecko) Chrome/75.0.3770.143 Mobile Safari/537.36"
213.149.51.108 - - [29/Jul/2019:06:24:22 +0000] "GET /js/dyscrollup.js HTTP/1.1" 200 704 "https://www.toplokacija-nekretnine.com/" "Mozilla/5.0 (Linux; Android 8.0.0; SM-G935F) AppleWebKit/537.36 (KHTML, like Gecko) Chrome/75.0.3770.143 Mobile Safari/537.36"
213.149.51.108 - - [29/Jul/2019:06:24:22 +0000] "GET /js/cookieconsent.min.js HTTP/1.1" 200 6849 "https://www.toplokacija-nekretnine.com/" "Mozilla/5.0 (Linux; Android 8.0.0; SM-G935F) AppleWebKit/537.36 (KHTML, like Gecko) Chrome/75.0.3770.143 Mobile Safari/537.36"
213.149.51.108 - - [29/Jul/2019:06:24:22 +0000] "GET /js/main.js?v=4 HTTP/1.1" 200 551 "https://www.toplokacija-nekretnine.com/" "Mozilla/5.0 (Linux; Android 8.0.0; SM-G935F) AppleWebKit/537.36 (KHTML, like Gecko) Chrome/75.0.3770.143 Mobile Safari/537.36"
213.149.51.108 - - [29/Jul/2019:06:24:22 +0000] "GET /js/vegas.min.js HTTP/1.1" 200 3068 "https://www.toplokacija-nekretnine.com/" "Mozilla/5.0 (Linux; Android 8.0.0; SM-G935F) AppleWebKit/537.36 (KHTML, like Gecko) Chrome/75.0.3770.143 Mobile Safari/537.36"
213.149.51.108 - - [29/Jul/2019:06:24:22 +0000] "GET /images/about_us_hr.png HTTP/1.1" 200 7915 "https://www.toplokacija-nekretnine.com/" "Mozilla/5.0 (Linux; Android 8.0.0; SM-G935F) AppleWebKit/537.36 (KHTML, like Gecko) Chrome/75.0.3770.143 Mobile Safari/537.36"
213.149.51.108 - - [29/Jul/2019:06:24:22 +0000] "GET /fonts/fontawesome-webfont.woff2?v=4.7.0 HTTP/1.1" 200 77160 "https://www.toplokacija-nekretnine.com/css/font-awesome.min.css" "Mozilla/5.0 (Linux; Android 8.0.0; SM-G935F) AppleWebKit/537.36 (KHTML, like Gecko) Chrome/75.0.3770.143 Mobile Safari/537.36"
213.149.51.108 - - [29/Jul/2019:06:24:22 +0000] "GET /uploads/thumbnails/d38d156172b3fe670c7e78d3bd3b1910.jpg HTTP/1.1" 200 34330 "https://www.toplokacija-nekretnine.com/" "Mozilla/5.0 (Linux; Android 8.0.0; SM-G935F) AppleWebKit/537.36 (KHTML, like Gecko) Chrome/75.0.3770.143 Mobile Safari/537.36"
213.149.51.108 - - [29/Jul/2019:06:24:22 +0000] "GET /uploads/thumbnails/884ccf315fda60dc6fcbd2b4a3db759a.jpg HTTP/1.1" 200 44526 "https://www.toplokacija-nekretnine.com/" "Mozilla/5.0 (Linux; Android 8.0.0; SM-G935F) AppleWebKit/537.36 (KHTML, like Gecko) Chrome/75.0.3770.143 Mobile Safari/537.36"
213.149.51.108 - - [29/Jul/2019:06:24:22 +0000] "GET /uploads/thumbnails/6be0a155aaedef264a5f5aaacc21d7de.jpg HTTP/1.1" 200 39788 "https://www.toplokacija-nekretnine.com/" "Mozilla/5.0 (Linux; Android 8.0.0; SM-G935F) AppleWebKit/537.36 (KHTML, like Gecko) Chrome/75.0.3770.143 Mobile Safari/537.36"
213.149.51.108 - - [29/Jul/2019:06:24:22 +0000] "GET /uploads/thumbnails/f3b369fd7b1877abc4c80a5dcf4cf352.JPG HTTP/1.1" 200 51129 "https://www.toplokacija-nekretnine.com/" "Mozilla/5.0 (Linux; Android 8.0.0; SM-G935F) AppleWebKit/537.36 (KHTML, like Gecko) Chrome/75.0.3770.143 Mobile Safari/537.36"
213.149.51.108 - - [29/Jul/2019:06:24:22 +0000] "GET /uploads/thumbnails/7473108ac3a0cc371d22c2b6bda37ac6.jpg HTTP/1.1" 200 35921 "https://www.toplokacija-nekretnine.com/" "Mozilla/5.0 (Linux; Android 8.0.0; SM-G935F) AppleWebKit/537.36 (KHTML, like Gecko) Chrome/75.0.3770.143 Mobile Safari/537.36"
213.149.51.108 - - [29/Jul/2019:06:24:22 +0000] "GET /uploads/thumbnails/9a52a8ca0447ea31fa487a3e6f96fdb3.jpg HTTP/1.1" 200 37164 "https://www.toplokacija-nekretnine.com/" "Mozilla/5.0 (Linux; Android 8.0.0; SM-G935F) AppleWebKit/537.36 (KHTML, like Gecko) Chrome/75.0.3770.143 Mobile Safari/537.36"
213.149.51.108 - - [29/Jul/2019:06:24:22 +0000] "GET /uploads/thumbnails/a3391951c36fecb14495f8146dd9756c.jpg HTTP/1.1" 200 39492 "https://www.toplokacija-nekretnine.com/" "Mozilla/5.0 (Linux; Android 8.0.0; SM-G935F) AppleWebKit/537.36 (KHTML, like Gecko) Chrome/75.0.3770.143 Mobile Safari/537.36"
213.149.51.108 - - [29/Jul/2019:06:24:22 +0000] "GET /uploads/thumbnails/3ae69bc61d2e4547b674fcf9dfe3b4a0.jpg HTTP/1.1" 200 29836 "https://www.toplokacija-nekretnine.com/" "Mozilla/5.0 (Linux; Android 8.0.0; SM-G935F) AppleWebKit/537.36 (KHTML, like Gecko) Chrome/75.0.3770.143 Mobile Safari/537.36"
213.149.51.108 - - [29/Jul/2019:06:24:22 +0000] "GET /uploads/thumbnails/e9fcab5ad37211f1229dd445cc150467.jpg HTTP/1.1" 200 29836 "https://www.toplokacija-nekretnine.com/" "Mozilla/5.0 (Linux; Android 8.0.0; SM-G935F) AppleWebKit/537.36 (KHTML, like Gecko) Chrome/75.0.3770.143 Mobile Safari/537.36"
213.149.51.108 - - [29/Jul/2019:06:24:22 +0000] "GET /uploads/thumbnails/3270bb88adea04f5dd8728ccf81ec3a7.jpg HTTP/1.1" 200 31076 "https://www.toplokacija-nekretnine.com/" "Mozilla/5.0 (Linux; Android 8.0.0; SM-G935F) AppleWebKit/537.36 (KHTML, like Gecko) Chrome/75.0.3770.143 Mobile Safari/537.36"
213.149.51.108 - - [29/Jul/2019:06:24:22 +0000] "GET /uploads/thumbnails/48ef9daccad38b1a1bc9fb22121db6ac.jpg HTTP/1.1" 200 42355 "https://www.toplokacija-nekretnine.com/" "Mozilla/5.0 (Linux; Android 8.0.0; SM-G935F) AppleWebKit/537.36 (KHTML, like Gecko) Chrome/75.0.3770.143 Mobile Safari/537.36"
213.149.51.108 - - [29/Jul/2019:06:24:22 +0000] "GET /images/spinner.gif HTTP/1.1" 200 56260 "https://www.toplokacija-nekretnine.com/css/style.css?v=15" "Mozilla/5.0 (Linux; Android 8.0.0; SM-G935F) AppleWebKit/537.36 (KHTML, like Gecko) Chrome/75.0.3770.143 Mobile Safari/537.36"
213.149.51.108 - - [29/Jul/2019:06:24:22 +0000] "GET /fonts/icofont.ttf?v=1.0.0-beta HTTP/1.1" 200 1018620 "https://www.toplokacija-nekretnine.com/css/icofont.css" "Mozilla/5.0 (Linux; Android 8.0.0; SM-G935F) AppleWebKit/537.36 (KHTML, like Gecko) Chrome/75.0.3770.143 Mobile Safari/537.36"
213.149.51.108 - - [29/Jul/2019:06:24:22 +0000] "GET /uploads/thumbnails/1bdceb72103556851f310280f3efbc16.JPG HTTP/1.1" 200 29195 "https://www.toplokacija-nekretnine.com/" "Mozilla/5.0 (Linux; Android 8.0.0; SM-G935F) AppleWebKit/537.36 (KHTML, like Gecko) Chrome/75.0.3770.143 Mobile Safari/537.36"
213.149.51.108 - - [29/Jul/2019:06:24:22 +0000] "GET /uploads/thumbnails/4100dad038347920de3cc6597aa021ec.JPG HTTP/1.1" 200 22347 "https://www.toplokacija-nekretnine.com/" "Mozilla/5.0 (Linux; Android 8.0.0; SM-G935F) AppleWebKit/537.36 (KHTML, like Gecko) Chrome/75.0.3770.143 Mobile Safari/537.36"
213.149.51.108 - - [29/Jul/2019:06:24:22 +0000] "GET /uploads/thumbnails/f7b7bfd134d93ade755afc2d162e2aed.jpg HTTP/1.1" 200 56756 "https://www.toplokacija-nekretnine.com/" "Mozilla/5.0 (Linux; Android 8.0.0; SM-G935F) AppleWebKit/537.36 (KHTML, like Gecko) Chrome/75.0.3770.143 Mobile Safari/537.36"
213.149.51.108 - - [29/Jul/2019:06:24:22 +0000] "GET /uploads/thumbnails/79136cc48eb64efa03a195b6fe4bd3b5.JPG HTTP/1.1" 200 27006 "https://www.toplokacija-nekretnine.com/" "Mozilla/5.0 (Linux; Android 8.0.0; SM-G935F) AppleWebKit/537.36 (KHTML, like Gecko) Chrome/75.0.3770.143 Mobile Safari/537.36"
213.149.51.108 - - [29/Jul/2019:06:24:22 +0000] "GET /uploads/thumbnails/c807da0fa0d811a1729b138a6ce29394.JPG HTTP/1.1" 200 34236 "https://www.toplokacija-nekretnine.com/" "Mozilla/5.0 (Linux; Android 8.0.0; SM-G935F) AppleWebKit/537.36 (KHTML, like Gecko) Chrome/75.0.3770.143 Mobile Safari/537.36"
213.149.51.108 - - [29/Jul/2019:06:24:23 +0000] "GET /uploads/thumbnails/5cb719cec5eac5afe864e39e77c475db.jpg HTTP/1.1" 200 36106 "https://www.toplokacija-nekretnine.com/" "Mozilla/5.0 (Linux; Android 8.0.0; SM-G935F) AppleWebKit/537.36 (KHTML, like Gecko) Chrome/75.0.3770.143 Mobile Safari/537.36"
213.149.51.108 - - [29/Jul/2019:06:24:23 +0000] "GET /uploads/thumbnails/86eb79cb71de4b34a84307106770edb8.jpg HTTP/1.1" 200 40841 "https://www.toplokacija-nekretnine.com/" "Mozilla/5.0 (Linux; Android 8.0.0; SM-G935F) AppleWebKit/537.36 (KHTML, like Gecko) Chrome/75.0.3770.143 Mobile Safari/537.36"
213.149.51.108 - - [29/Jul/2019:06:24:23 +0000] "GET /uploads/thumbnails/e76983ca8180780c45b603dfd235f369.jpg HTTP/1.1" 200 43919 "https://www.toplokacija-nekretnine.com/" "Mozilla/5.0 (Linux; Android 8.0.0; SM-G935F) AppleWebKit/537.36 (KHTML, like Gecko) Chrome/75.0.3770.143 Mobile Safari/537.36"
213.149.51.108 - - [29/Jul/2019:06:24:23 +0000] "GET /uploads/thumbnails/42f6bf5e8582c075da16d579d90c242d.JPG HTTP/1.1" 200 55274 "https://www.toplokacija-nekretnine.com/" "Mozilla/5.0 (Linux; Android 8.0.0; SM-G935F) AppleWebKit/537.36 (KHTML, like Gecko) Chrome/75.0.3770.143 Mobile Safari/537.36"
213.149.51.108 - - [29/Jul/2019:06:24:23 +0000] "GET /images/background/1.jpg HTTP/1.1" 200 99961 "https://www.toplokacija-nekretnine.com/css/style.css?v=15" "Mozilla/5.0 (Linux; Android 8.0.0; SM-G935F) AppleWebKit/537.36 (KHTML, like Gecko) Chrome/75.0.3770.143 Mobile Safari/537.36"
213.149.51.108 - - [29/Jul/2019:06:24:23 +0000] "GET /images/background/pattern.png HTTP/1.1" 200 101 "https://www.toplokacija-nekretnine.com/css/style.css?v=15" "Mozilla/5.0 (Linux; Android 8.0.0; SM-G935F) AppleWebKit/537.36 (KHTML, like Gecko) Chrome/75.0.3770.143 Mobile Safari/537.36"
213.149.51.108 - - [29/Jul/2019:06:24:23 +0000] "GET /images/slides/slider1.jpg HTTP/1.1" 200 209946 "https://www.toplokacija-nekretnine.com/" "Mozilla/5.0 (Linux; Android 8.0.0; SM-G935F) AppleWebKit/537.36 (KHTML, like Gecko) Chrome/75.0.3770.143 Mobile Safari/537.36"
213.149.51.108 - - [29/Jul/2019:06:24:23 +0000] "GET /images/background/3.jpg HTTP/1.1" 200 202051 "https://www.toplokacija-nekretnine.com/css/style.css?v=15" "Mozilla/5.0 (Linux; Android 8.0.0; SM-G935F) AppleWebKit/537.36 (KHTML, like Gecko) Chrome/75.0.3770.143 Mobile Safari/537.36"
213.149.51.108 - - [29/Jul/2019:06:24:23 +0000] "GET /uploads/thumbnails/048d8f6a0235788257cc123efdaaa516.jpg HTTP/1.1" 200 72940 "https://www.toplokacija-nekretnine.com/" "Mozilla/5.0 (Linux; Android 8.0.0; SM-G935F) AppleWebKit/537.36 (KHTML, like Gecko) Chrome/75.0.3770.143 Mobile Safari/537.36"
213.149.51.108 - - [29/Jul/2019:06:24:23 +0000] "GET /uploads/thumbnails/7a6c35fe2c7d39af1613fafa80170c08.jpg HTTP/1.1" 200 106014 "https://www.toplokacija-nekretnine.com/" "Mozilla/5.0 (Linux; Android 8.0.0; SM-G935F) AppleWebKit/537.36 (KHTML, like Gecko) Chrome/75.0.3770.143 Mobile Safari/537.36"
213.149.51.108 - - [29/Jul/2019:06:24:24 +0000] "GET /site.webmanifest HTTP/1.1" 200 291 "https://www.toplokacija-nekretnine.com/" "Mozilla/5.0 (Linux; Android 8.0.0; SM-G935F) AppleWebKit/537.36 (KHTML, like Gecko) Chrome/75.0.3770.143 Mobile Safari/537.36"
213.149.51.108 - - [29/Jul/2019:06:24:28 +0000] "GET /images/slides/slider2.jpg HTTP/1.1" 200 295487 "https://www.toplokacija-nekretnine.com/" "Mozilla/5.0 (Linux; Android 8.0.0; SM-G935F) AppleWebKit/537.36 (KHTML, like Gecko) Chrome/75.0.3770.143 Mobile Safari/537.36"
213.149.51.108 - - [29/Jul/2019:06:24:34 +0000] "GET /images/slides/slider3.jpg HTTP/1.1" 200 405556 "https://www.toplokacija-nekretnine.com/" "Mozilla/5.0 (Linux; Android 8.0.0; SM-G935F) AppleWebKit/537.36 (KHTML, like Gecko) Chrome/75.0.3770.143 Mobile Safari/537.36"
213.149.51.108 - - [29/Jul/2019:06:24:40 +0000] "GET /images/slides/slider4.jpg HTTP/1.1" 200 439744 "https://www.toplokacija-nekretnine.com/" "Mozilla/5.0 (Linux; Android 8.0.0; SM-G935F) AppleWebKit/537.36 (KHTML, like Gecko) Chrome/75.0.3770.143 Mobile Safari/537.36"
213.149.51.108 - - [29/Jul/2019:06:24:47 +0000] "GET /images/slides/slider5.jpg HTTP/1.1" 200 488462 "https://www.toplokacija-nekretnine.com/" "Mozilla/5.0 (Linux; Android 8.0.0; SM-G935F) AppleWebKit/537.36 (KHTML, like Gecko) Chrome/75.0.3770.143 Mobile Safari/537.36"
157.55.39.158 - - [29/Jul/2019:06:26:50 +0000] "GET /apartmani/prilika-pag-riva-1red-uz-more-top-lokacija-65m2 HTTP/1.1" 200 6123 "-" "Mozilla/5.0 (compatible; bingbot/2.0; +http://www.bing.com/bingbot.htm)"
95.168.124.10 - - [29/Jul/2019:06:27:02 +0000] "GET / HTTP/1.1" 200 8920 "https://www.google.com/" "Mozilla/5.0 (Linux; Android 9; SM-G950F) AppleWebKit/537.36 (KHTML, like Gecko) Chrome/75.0.3770.143 Mobile Safari/537.36"
95.168.124.10 - - [29/Jul/2019:06:27:25 +0000] "GET /images/slides/slider5.jpg HTTP/1.1" 200 488462 "https://www.toplokacija-nekretnine.com/" "Mozilla/5.0 (Linux; Android 9; SM-G950F) AppleWebKit/537.36 (KHTML, like Gecko) Chrome/75.0.3770.143 Mobile Safari/537.36"
95.168.124.10 - - [29/Jul/2019:06:27:30 +0000] "GET /apartmani/starigrad-seline-apartman-8937m2-s-vrtom-od-9075m2 HTTP/1.1" 200 7306 "https://www.toplokacija-nekretnine.com/" "Mozilla/5.0 (Linux; Android 9; SM-G950F) AppleWebKit/537.36 (KHTML, like Gecko) Chrome/75.0.3770.143 Mobile Safari/537.36"
46.229.168.134 - - [29/Jul/2019:06:28:52 +0000] "GET /robots.txt HTTP/1.1" 200 24 "-" "Mozilla/5.0 (compatible; SemrushBot/3~bl; +http://www.semrush.com/bot.html)"
46.229.168.146 - - [29/Jul/2019:06:28:53 +0000] "GET /en/flats HTTP/1.1" 200 5878 "-" "Mozilla/5.0 (compatible; SemrushBot/3~bl; +http://www.semrush.com/bot.html)"
46.229.168.130 - - [29/Jul/2019:06:39:22 +0000] "GET /en/contact HTTP/1.1" 200 4026 "-" "Mozilla/5.0 (compatible; SemrushBot/3~bl; +http://www.semrush.com/bot.html)"
95.168.120.4 - - [29/Jul/2019:06:55:28 +0000] "GET /images/logo_hr.png HTTP/1.1" 200 5600 "-" "Viber/11.1.0.1 CFNetwork/978.0.7 Darwin/18.7.0"
157.55.39.158 - - [29/Jul/2019:07:02:18 +0000] "GET /uploads/thumbnails/997ecf3093123dd60734044aa3349e9c.JPG HTTP/1.1" 200 50695 "-" "Mozilla/5.0 (compatible; bingbot/2.0; +http://www.bing.com/bingbot.htm)"
207.46.13.89 - - [29/Jul/2019:07:19:48 +0000] "GET /uploads/thumbnails/680f4af2cf147e51f8722f6958d70b04.JPG HTTP/1.1" 200 61333 "-" "Mozilla/5.0 (compatible; bingbot/2.0; +http://www.bing.com/bingbot.htm)"
46.229.168.132 - - [29/Jul/2019:07:38:37 +0000] "GET /robots.txt HTTP/1.1" 200 24 "-" "Mozilla/5.0 (compatible; SemrushBot/3~bl; +http://www.semrush.com/bot.html)"
46.229.168.162 - - [29/Jul/2019:07:38:39 +0000] "GET /hr/kuce/vir-kuca-sa-apartmanima-50m-od-mora HTTP/1.1" 200 6712 "-" "Mozilla/5.0 (compatible; SemrushBot/3~bl; +http://www.semrush.com/bot.html)"
66.249.64.105 - - [29/Jul/2019:07:43:17 +0000] "GET /zemljista/privlaka-bilotinjak-gradevinsko-zemljiste-1157m2 HTTP/1.1" 200 6030 "-" "Mozilla/5.0 (compatible; Googlebot/2.1; +http://www.google.com/bot.html)"
216.244.66.240 - - [29/Jul/2019:08:05:10 +0000] "GET /robots.txt HTTP/1.1" 301 257 "-" "Mozilla/5.0 (compatible; DotBot/1.1; http://www.opensiteexplorer.org/dotbot, help@moz.com)"
216.244.66.240 - - [29/Jul/2019:08:05:10 +0000] "GET /robots.txt HTTP/1.1" 200 24 "-" "Mozilla/5.0 (compatible; DotBot/1.1; http://www.opensiteexplorer.org/dotbot, help@moz.com)"
78.134.212.100 - - [29/Jul/2019:08:10:09 +0000] "GET /uploads/images/6aaa967777fd72e29ea98bcc48d74c93.jpg HTTP/1.1" 200 234389 "https://www.google.hr/blank.html" "Mozilla/5.0 (Windows NT 10.0; WOW64; Trident/7.0; rv:11.0) like Gecko"
46.229.168.142 - - [29/Jul/2019:08:18:31 +0000] "GET /robots.txt HTTP/1.1" 200 24 "-" "Mozilla/5.0 (compatible; SemrushBot/3~bl; +http://www.semrush.com/bot.html)"
46.229.168.161 - - [29/Jul/2019:08:18:32 +0000] "GET /hr/pretraga?page=2 HTTP/1.1" 200 6128 "-" "Mozilla/5.0 (compatible; SemrushBot/3~bl; +http://www.semrush.com/bot.html)"
46.229.168.130 - - [29/Jul/2019:08:29:20 +0000] "GET /hr/stanovi/zadar-relja-sarmantan-stan-od-35m2 HTTP/1.1" 500 26153 "-" "Mozilla/5.0 (compatible; SemrushBot/3~bl; +http://www.semrush.com/bot.html)"
66.249.64.107 - - [29/Jul/2019:08:30:44 +0000] "GET /stanovi/diklo-prekrasan-trosoban-stan-s-terasom-i-vrtom-93m2 HTTP/1.1" 200 6671 "-" "Mozilla/5.0 (compatible; Googlebot/2.1; +http://www.google.com/bot.html)"
66.249.64.105 - - [29/Jul/2019:08:30:55 +0000] "GET /css/animations.css HTTP/1.1" 200 2856 "https://www.toplokacija-nekretnine.com/stanovi/diklo-prekrasan-trosoban-stan-s-terasom-i-vrtom-93m2" "Mozilla/5.0 AppleWebKit/537.36 (KHTML, like Gecko; compatible; Googlebot/2.1; +http://www.google.com/bot.html) Safari/537.36"
66.249.64.107 - - [29/Jul/2019:08:30:55 +0000] "GET /css/animate.min.css HTTP/1.1" 200 3598 "https://www.toplokacija-nekretnine.com/stanovi/diklo-prekrasan-trosoban-stan-s-terasom-i-vrtom-93m2" "Mozilla/5.0 AppleWebKit/537.36 (KHTML, like Gecko; compatible; Googlebot/2.1; +http://www.google.com/bot.html) Safari/537.36"
66.249.64.105 - - [29/Jul/2019:08:30:56 +0000] "GET /assets/plugins/flag/css/flag-icon.css HTTP/1.1" 200 2837 "https://www.toplokacija-nekretnine.com/stanovi/diklo-prekrasan-trosoban-stan-s-terasom-i-vrtom-93m2" "Mozilla/5.0 AppleWebKit/537.36 (KHTML, like Gecko; compatible; Googlebot/2.1; +http://www.google.com/bot.html) Safari/537.36"
66.249.64.107 - - [29/Jul/2019:08:30:56 +0000] "GET /css/cookieconsent.min.css HTTP/1.1" 200 1209 "https://www.toplokacija-nekretnine.com/stanovi/diklo-prekrasan-trosoban-stan-s-terasom-i-vrtom-93m2" "Mozilla/5.0 AppleWebKit/537.36 (KHTML, like Gecko; compatible; Googlebot/2.1; +http://www.google.com/bot.html) Safari/537.36"
66.249.64.105 - - [29/Jul/2019:08:30:57 +0000] "GET /js/css3-animate-it.js HTTP/1.1" 200 1504 "https://www.toplokacija-nekretnine.com/stanovi/diklo-prekrasan-trosoban-stan-s-terasom-i-vrtom-93m2" "Mozilla/5.0 AppleWebKit/537.36 (KHTML, like Gecko; compatible; Googlebot/2.1; +http://www.google.com/bot.html) Safari/537.36"
66.249.64.105 - - [29/Jul/2019:08:30:57 +0000] "GET /js/jarallax.js HTTP/1.1" 200 2670 "https://www.toplokacija-nekretnine.com/stanovi/diklo-prekrasan-trosoban-stan-s-terasom-i-vrtom-93m2" "Mozilla/5.0 AppleWebKit/537.36 (KHTML, like Gecko; compatible; Googlebot/2.1; +http://www.google.com/bot.html) Safari/537.36"
66.249.64.107 - - [29/Jul/2019:08:30:58 +0000] "GET /js/jquery-scrolltofixed-min.js HTTP/1.1" 200 1717 "https://www.toplokacija-nekretnine.com/stanovi/diklo-prekrasan-trosoban-stan-s-terasom-i-vrtom-93m2" "Mozilla/5.0 AppleWebKit/537.36 (KHTML, like Gecko; compatible; Googlebot/2.1; +http://www.google.com/bot.html) Safari/537.36"
66.249.64.107 - - [29/Jul/2019:08:30:58 +0000] "GET /js/cookieconsent.min.js HTTP/1.1" 200 6849 "https://www.toplokacija-nekretnine.com/stanovi/diklo-prekrasan-trosoban-stan-s-terasom-i-vrtom-93m2" "Mozilla/5.0 AppleWebKit/537.36 (KHTML, like Gecko; compatible; Googlebot/2.1; +http://www.google.com/bot.html) Safari/537.36"
157.55.39.158 - - [29/Jul/2019:08:32:30 +0000] "GET /hr/zemljista HTTP/1.1" 200 5945 "-" "Mozilla/5.0 (compatible; bingbot/2.0; +http://www.bing.com/bingbot.htm)"
216.244.66.240 - - [29/Jul/2019:08:33:55 +0000] "GET /hr/stanovi/zadar-vidikovac-stan-50m2 HTTP/1.1" 200 32903 "-" "Mozilla/5.0 (compatible; DotBot/1.1; http://www.opensiteexplorer.org/dotbot, help@moz.com)"
66.249.64.105 - - [29/Jul/2019:08:50:21 +0000] "GET /snizeno HTTP/1.1" 200 4374 "-" "Mozilla/5.0 (Linux; Android 6.0.1; Nexus 5X Build/MMB29P) AppleWebKit/537.36 (KHTML, like Gecko) Chrome/41.0.2272.96 Mobile Safari/537.36 (compatible; Googlebot/2.1; +http://www.google.com/bot.html)"
66.249.64.105 - - [29/Jul/2019:08:54:09 +0000] "GET /en/houses/diklo-kuca-170m2-s-2-stana-20m-od-mora HTTP/1.1" 200 6636 "-" "Mozilla/5.0 (Linux; Android 6.0.1; Nexus 5X Build/MMB29P) AppleWebKit/537.36 (KHTML, like Gecko) Chrome/41.0.2272.96 Mobile Safari/537.36 (compatible; Googlebot/2.1; +http://www.google.com/bot.html)"
207.46.13.89 - - [29/Jul/2019:09:07:10 +0000] "GET /uploads/thumbnails/6f430f87109786159b7042d2b6ec9722.JPG HTTP/1.1" 200 46793 "-" "Mozilla/5.0 (compatible; bingbot/2.0; +http://www.bing.com/bingbot.htm)"
207.46.13.176 - - [29/Jul/2019:09:27:09 +0000] "GET /uploads/thumbnails/6d5dfcce75c98f365c1be5e866015bfc.jpg HTTP/1.1" 200 22750 "-" "Mozilla/5.0 (compatible; bingbot/2.0; +http://www.bing.com/bingbot.htm)"
216.244.66.240 - - [29/Jul/2019:09:37:12 +0000] "GET /robots.txt HTTP/1.1" 301 257 "-" "Mozilla/5.0 (compatible; DotBot/1.1; http://www.opensiteexplorer.org/dotbot, help@moz.com)"
216.244.66.240 - - [29/Jul/2019:09:37:13 +0000] "GET /robots.txt HTTP/1.1" 200 24 "-" "Mozilla/5.0 (compatible; DotBot/1.1; http://www.opensiteexplorer.org/dotbot, help@moz.com)"
66.249.64.109 - - [29/Jul/2019:09:44:46 +0000] "GET /stanovi/zadar-branimirova-obala-uz-sami-poluotok-72m2-2kat HTTP/1.1" 200 6850 "-" "Mozilla/5.0 (compatible; Googlebot/2.1; +http://www.google.com/bot.html)"
157.55.39.158 - - [29/Jul/2019:09:56:00 +0000] "GET /uploads/thumbnails/326ebf5a9125fdf8cd60a2f35b1d7c7f.JPG HTTP/1.1" 200 38317 "-" "Mozilla/5.0 (compatible; bingbot/2.0; +http://www.bing.com/bingbot.htm)"
46.229.168.131 - - [29/Jul/2019:10:16:19 +0000] "GET /robots.txt HTTP/1.1" 200 24 "-" "Mozilla/5.0 (compatible; SemrushBot/3~bl; +http://www.semrush.com/bot.html)"
46.229.168.133 - - [29/Jul/2019:10:16:20 +0000] "GET /poslovni-prostori/top-lokacija-svfilip-i-jakov-poslovni-prostor-na-setnici-21m2 HTTP/1.1" 200 6095 "-" "Mozilla/5.0 (compatible; SemrushBot/3~bl; +http://www.semrush.com/bot.html)"
66.249.64.109 - - [29/Jul/2019:10:22:43 +0000] "GET /kuce/prekrasna-kuca-sa-bazenom-maslenica-pokraj-zadra HTTP/1.1" 200 7508 "-" "Mozilla/5.0 (compatible; Googlebot/2.1; +http://www.google.com/bot.html)"
216.244.66.240 - - [29/Jul/2019:10:23:24 +0000] "GET /robots.txt HTTP/1.1" 301 257 "-" "Mozilla/5.0 (compatible; DotBot/1.1; http://www.opensiteexplorer.org/dotbot, help@moz.com)"
216.244.66.240 - - [29/Jul/2019:10:23:25 +0000] "GET /robots.txt HTTP/1.1" 200 24 "-" "Mozilla/5.0 (compatible; DotBot/1.1; http://www.opensiteexplorer.org/dotbot, help@moz.com)"
66.249.64.107 - - [29/Jul/2019:10:34:07 +0000] "GET /kuce/smokovic-kuca-80m2-na-terenu-od-2000m2 HTTP/1.1" 500 26153 "-" "Mozilla/5.0 (Linux; Android 6.0.1; Nexus 5X Build/MMB29P) AppleWebKit/537.36 (KHTML, like Gecko) Chrome/41.0.2272.96 Mobile Safari/537.36 (compatible; Googlebot/2.1; +http://www.google.com/bot.html)"
93.140.40.97 - - [29/Jul/2019:10:34:56 +0000] "GET /uploads/images/7916ffa6a96aa0811c8320c7fae31687.JPG HTTP/1.1" 200 285931 "https://www.google.com/blank.html" "Mozilla/5.0 (Windows NT 6.1; WOW64; Trident/7.0; rv:11.0) like Gecko"
93.140.91.213 - - [29/Jul/2019:10:38:33 +0000] "GET /apartmani/top-lokacija-vinjerac-ekskluzivni-novi-apartman-s-krovnom-terasom-12343m2 HTTP/1.1" 200 7830 "https://www.google.com/" "Mozilla/5.0 (Windows NT 6.1; Win64; x64) AppleWebKit/537.36 (KHTML, like Gecko) Chrome/75.0.3770.142 Safari/537.36"
93.140.91.213 - - [29/Jul/2019:10:38:33 +0000] "GET /css/bootstrap.min.css HTTP/1.1" 200 19744 "https://www.toplokacija-nekretnine.com/apartmani/top-lokacija-vinjerac-ekskluzivni-novi-apartman-s-krovnom-terasom-12343m2" "Mozilla/5.0 (Windows NT 6.1; Win64; x64) AppleWebKit/537.36 (KHTML, like Gecko) Chrome/75.0.3770.142 Safari/537.36"
93.140.91.213 - - [29/Jul/2019:10:38:33 +0000] "GET /css/font-awesome.min.css HTTP/1.1" 200 7053 "https://www.toplokacija-nekretnine.com/apartmani/top-lokacija-vinjerac-ekskluzivni-novi-apartman-s-krovnom-terasom-12343m2" "Mozilla/5.0 (Windows NT 6.1; Win64; x64) AppleWebKit/537.36 (KHTML, like Gecko) Chrome/75.0.3770.142 Safari/537.36"
93.140.91.213 - - [29/Jul/2019:10:38:33 +0000] "GET /css/icofont.css HTTP/1.1" 200 16775 "https://www.toplokacija-nekretnine.com/apartmani/top-lokacija-vinjerac-ekskluzivni-novi-apartman-s-krovnom-terasom-12343m2" "Mozilla/5.0 (Windows NT 6.1; Win64; x64) AppleWebKit/537.36 (KHTML, like Gecko) Chrome/75.0.3770.142 Safari/537.36"
93.140.91.213 - - [29/Jul/2019:10:38:33 +0000] "GET /css/bootstrap-dropdownhover.css HTTP/1.1" 200 433 "https://www.toplokacija-nekretnine.com/apartmani/top-lokacija-vinjerac-ekskluzivni-novi-apartman-s-krovnom-terasom-12343m2" "Mozilla/5.0 (Windows NT 6.1; Win64; x64) AppleWebKit/537.36 (KHTML, like Gecko) Chrome/75.0.3770.142 Safari/537.36"
93.140.91.213 - - [29/Jul/2019:10:38:33 +0000] "GET /css/hover.css HTTP/1.1" 200 7051 "https://www.toplokacija-nekretnine.com/apartmani/top-lokacija-vinjerac-ekskluzivni-novi-apartman-s-krovnom-terasom-12343m2" "Mozilla/5.0 (Windows NT 6.1; Win64; x64) AppleWebKit/537.36 (KHTML, like Gecko) Chrome/75.0.3770.142 Safari/537.36"
93.140.91.213 - - [29/Jul/2019:10:38:33 +0000] "GET /css/animations.css HTTP/1.1" 200 2856 "https://www.toplokacija-nekretnine.com/apartmani/top-lokacija-vinjerac-ekskluzivni-novi-apartman-s-krovnom-terasom-12343m2" "Mozilla/5.0 (Windows NT 6.1; Win64; x64) AppleWebKit/537.36 (KHTML, like Gecko) Chrome/75.0.3770.142 Safari/537.36"
93.140.91.213 - - [29/Jul/2019:10:38:33 +0000] "GET /css/animate.min.css HTTP/1.1" 200 3598 "https://www.toplokacija-nekretnine.com/apartmani/top-lokacija-vinjerac-ekskluzivni-novi-apartman-s-krovnom-terasom-12343m2" "Mozilla/5.0 (Windows NT 6.1; Win64; x64) AppleWebKit/537.36 (KHTML, like Gecko) Chrome/75.0.3770.142 Safari/537.36"
93.140.91.213 - - [29/Jul/2019:10:38:33 +0000] "GET /assets/plugins/flag/css/flag-icon.css HTTP/1.1" 200 2837 "https://www.toplokacija-nekretnine.com/apartmani/top-lokacija-vinjerac-ekskluzivni-novi-apartman-s-krovnom-terasom-12343m2" "Mozilla/5.0 (Windows NT 6.1; Win64; x64) AppleWebKit/537.36 (KHTML, like Gecko) Chrome/75.0.3770.142 Safari/537.36"
93.140.91.213 - - [29/Jul/2019:10:38:33 +0000] "GET /css/cookieconsent.min.css HTTP/1.1" 200 1209 "https://www.toplokacija-nekretnine.com/apartmani/top-lokacija-vinjerac-ekskluzivni-novi-apartman-s-krovnom-terasom-12343m2" "Mozilla/5.0 (Windows NT 6.1; Win64; x64) AppleWebKit/537.36 (KHTML, like Gecko) Chrome/75.0.3770.142 Safari/537.36"
93.140.91.213 - - [29/Jul/2019:10:38:33 +0000] "GET /css/style.css?v=15 HTTP/1.1" 200 7634 "https://www.toplokacija-nekretnine.com/apartmani/top-lokacija-vinjerac-ekskluzivni-novi-apartman-s-krovnom-terasom-12343m2" "Mozilla/5.0 (Windows NT 6.1; Win64; x64) AppleWebKit/537.36 (KHTML, like Gecko) Chrome/75.0.3770.142 Safari/537.36"
93.140.91.213 - - [29/Jul/2019:10:38:33 +0000] "GET /css/responsive.css?v=4 HTTP/1.1" 200 1151 "https://www.toplokacija-nekretnine.com/apartmani/top-lokacija-vinjerac-ekskluzivni-novi-apartman-s-krovnom-terasom-12343m2" "Mozilla/5.0 (Windows NT 6.1; Win64; x64) AppleWebKit/537.36 (KHTML, like Gecko) Chrome/75.0.3770.142 Safari/537.36"
93.140.91.213 - - [29/Jul/2019:10:38:33 +0000] "GET /unitegallery/css/unite-gallery.css HTTP/1.1" 200 4825 "https://www.toplokacija-nekretnine.com/apartmani/top-lokacija-vinjerac-ekskluzivni-novi-apartman-s-krovnom-terasom-12343m2" "Mozilla/5.0 (Windows NT 6.1; Win64; x64) AppleWebKit/537.36 (KHTML, like Gecko) Chrome/75.0.3770.142 Safari/537.36"
93.140.91.213 - - [29/Jul/2019:10:38:33 +0000] "GET /js/jquery.min.js HTTP/1.1" 200 29820 "https://www.toplokacija-nekretnine.com/apartmani/top-lokacija-vinjerac-ekskluzivni-novi-apartman-s-krovnom-terasom-12343m2" "Mozilla/5.0 (Windows NT 6.1; Win64; x64) AppleWebKit/537.36 (KHTML, like Gecko) Chrome/75.0.3770.142 Safari/537.36"
93.140.91.213 - - [29/Jul/2019:10:38:33 +0000] "GET /js/bootstrap.min.js HTTP/1.1" 200 9833 "https://www.toplokacija-nekretnine.com/apartmani/top-lokacija-vinjerac-ekskluzivni-novi-apartman-s-krovnom-terasom-12343m2" "Mozilla/5.0 (Windows NT 6.1; Win64; x64) AppleWebKit/537.36 (KHTML, like Gecko) Chrome/75.0.3770.142 Safari/537.36"
93.140.91.213 - - [29/Jul/2019:10:38:33 +0000] "GET /js/css3-animate-it.js HTTP/1.1" 200 1504 "https://www.toplokacija-nekretnine.com/apartmani/top-lokacija-vinjerac-ekskluzivni-novi-apartman-s-krovnom-terasom-12343m2" "Mozilla/5.0 (Windows NT 6.1; Win64; x64) AppleWebKit/537.36 (KHTML, like Gecko) Chrome/75.0.3770.142 Safari/537.36"
93.140.91.213 - - [29/Jul/2019:10:38:33 +0000] "GET /js/bootstrap-dropdownhover.min.js HTTP/1.1" 200 1355 "https://www.toplokacija-nekretnine.com/apartmani/top-lokacija-vinjerac-ekskluzivni-novi-apartman-s-krovnom-terasom-12343m2" "Mozilla/5.0 (Windows NT 6.1; Win64; x64) AppleWebKit/537.36 (KHTML, like Gecko) Chrome/75.0.3770.142 Safari/537.36"
93.140.91.213 - - [29/Jul/2019:10:38:33 +0000] "GET /js/jarallax.js HTTP/1.1" 200 2670 "https://www.toplokacija-nekretnine.com/apartmani/top-lokacija-vinjerac-ekskluzivni-novi-apartman-s-krovnom-terasom-12343m2" "Mozilla/5.0 (Windows NT 6.1; Win64; x64) AppleWebKit/537.36 (KHTML, like Gecko) Chrome/75.0.3770.142 Safari/537.36"
93.140.91.213 - - [29/Jul/2019:10:38:33 +0000] "GET /js/jquery-scrolltofixed-min.js HTTP/1.1" 200 1717 "https://www.toplokacija-nekretnine.com/apartmani/top-lokacija-vinjerac-ekskluzivni-novi-apartman-s-krovnom-terasom-12343m2" "Mozilla/5.0 (Windows NT 6.1; Win64; x64) AppleWebKit/537.36 (KHTML, like Gecko) Chrome/75.0.3770.142 Safari/537.36"
93.140.91.213 - - [29/Jul/2019:10:38:33 +0000] "GET /js/dyscrollup.js HTTP/1.1" 200 704 "https://www.toplokacija-nekretnine.com/apartmani/top-lokacija-vinjerac-ekskluzivni-novi-apartman-s-krovnom-terasom-12343m2" "Mozilla/5.0 (Windows NT 6.1; Win64; x64) AppleWebKit/537.36 (KHTML, like Gecko) Chrome/75.0.3770.142 Safari/537.36"
93.140.91.213 - - [29/Jul/2019:10:38:33 +0000] "GET /js/cookieconsent.min.js HTTP/1.1" 200 6849 "https://www.toplokacija-nekretnine.com/apartmani/top-lokacija-vinjerac-ekskluzivni-novi-apartman-s-krovnom-terasom-12343m2" "Mozilla/5.0 (Windows NT 6.1; Win64; x64) AppleWebKit/537.36 (KHTML, like Gecko) Chrome/75.0.3770.142 Safari/537.36"
93.140.91.213 - - [29/Jul/2019:10:38:33 +0000] "GET /js/main.js?v=4 HTTP/1.1" 200 551 "https://www.toplokacija-nekretnine.com/apartmani/top-lokacija-vinjerac-ekskluzivni-novi-apartman-s-krovnom-terasom-12343m2" "Mozilla/5.0 (Windows NT 6.1; Win64; x64) AppleWebKit/537.36 (KHTML, like Gecko) Chrome/75.0.3770.142 Safari/537.36"
93.140.91.213 - - [29/Jul/2019:10:38:33 +0000] "GET /images/logo_hr.png HTTP/1.1" 200 5600 "https://www.toplokacija-nekretnine.com/apartmani/top-lokacija-vinjerac-ekskluzivni-novi-apartman-s-krovnom-terasom-12343m2" "Mozilla/5.0 (Windows NT 6.1; Win64; x64) AppleWebKit/537.36 (KHTML, like Gecko) Chrome/75.0.3770.142 Safari/537.36"
93.140.91.213 - - [29/Jul/2019:10:38:33 +0000] "GET /unitegallery/js/jquery-11.0.min.js HTTP/1.1" 200 33369 "https://www.toplokacija-nekretnine.com/apartmani/top-lokacija-vinjerac-ekskluzivni-novi-apartman-s-krovnom-terasom-12343m2" "Mozilla/5.0 (Windows NT 6.1; Win64; x64) AppleWebKit/537.36 (KHTML, like Gecko) Chrome/75.0.3770.142 Safari/537.36"
93.140.91.213 - - [29/Jul/2019:10:38:33 +0000] "GET /unitegallery/themes/compact/ug-theme-compact.js HTTP/1.1" 200 2477 "https://www.toplokacija-nekretnine.com/apartmani/top-lokacija-vinjerac-ekskluzivni-novi-apartman-s-krovnom-terasom-12343m2" "Mozilla/5.0 (Windows NT 6.1; Win64; x64) AppleWebKit/537.36 (KHTML, like Gecko) Chrome/75.0.3770.142 Safari/537.36"
93.140.91.213 - - [29/Jul/2019:10:38:33 +0000] "GET /unitegallery/js/unitegallery.min.js HTTP/1.1" 200 66910 "https://www.toplokacija-nekretnine.com/apartmani/top-lokacija-vinjerac-ekskluzivni-novi-apartman-s-krovnom-terasom-12343m2" "Mozilla/5.0 (Windows NT 6.1; Win64; x64) AppleWebKit/537.36 (KHTML, like Gecko) Chrome/75.0.3770.142 Safari/537.36"
93.140.91.213 - - [29/Jul/2019:10:38:33 +0000] "GET /assets/plugins/flag/flags/4x3/hr.svg HTTP/1.1" 200 80697 "https://www.toplokacija-nekretnine.com/assets/plugins/flag/css/flag-icon.css" "Mozilla/5.0 (Windows NT 6.1; Win64; x64) AppleWebKit/537.36 (KHTML, like Gecko) Chrome/75.0.3770.142 Safari/537.36"
93.140.91.213 - - [29/Jul/2019:10:38:33 +0000] "GET /fonts/fontawesome-webfont.woff2?v=4.7.0 HTTP/1.1" 200 77160 "https://www.toplokacija-nekretnine.com/css/font-awesome.min.css" "Mozilla/5.0 (Windows NT 6.1; Win64; x64) AppleWebKit/537.36 (KHTML, like Gecko) Chrome/75.0.3770.142 Safari/537.36"
93.140.91.213 - - [29/Jul/2019:10:38:34 +0000] "GET /uploads/thumbnails/79136cc48eb64efa03a195b6fe4bd3b5.JPG HTTP/1.1" 200 27006 "https://www.toplokacija-nekretnine.com/apartmani/top-lokacija-vinjerac-ekskluzivni-novi-apartman-s-krovnom-terasom-12343m2" "Mozilla/5.0 (Windows NT 6.1; Win64; x64) AppleWebKit/537.36 (KHTML, like Gecko) Chrome/75.0.3770.142 Safari/537.36"
93.140.91.213 - - [29/Jul/2019:10:38:34 +0000] "GET /uploads/thumbnails/a938b033bfb3c1fe183e073269571e36.JPG HTTP/1.1" 200 43921 "https://www.toplokacija-nekretnine.com/apartmani/top-lokacija-vinjerac-ekskluzivni-novi-apartman-s-krovnom-terasom-12343m2" "Mozilla/5.0 (Windows NT 6.1; Win64; x64) AppleWebKit/537.36 (KHTML, like Gecko) Chrome/75.0.3770.142 Safari/537.36"
