66.249.69.171 - - [05/Aug/2019:00:03:08 +0000] "GET /stanovi/diklo-prekrasan-trosoban-stan-s-terasom-i-vrtovima-93m2 HTTP/1.1" 500 26153 "-" "Mozilla/5.0 (Linux; Android 6.0.1; Nexus 5X Build/MMB29P) AppleWebKit/537.36 (KHTML, like Gecko) Chrome/41.0.2272.96 Mobile Safari/537.36 (compatible; Googlebot/2.1; +http://www.google.com/bot.html)"
77.75.79.101 - - [05/Aug/2019:00:10:07 +0000] "GET /robots.txt HTTP/1.1" 200 24 "-" "Mozilla/5.0 (compatible; SeznamBot/3.2; +http://napoveda.seznam.cz/en/seznambot-intro/)"
77.75.79.101 - - [05/Aug/2019:00:10:08 +0000] "GET /uploads/thumbnails/4100dad038347920de3cc6597aa021ec.JPG HTTP/1.1" 304 - "-" "Mozilla/5.0 (compatible; SeznamBot/3.2; +http://napoveda.seznam.cz/en/seznambot-intro/)"
66.249.69.171 - - [05/Aug/2019:00:15:52 +0000] "GET /images/slides/slider1.jpg HTTP/1.1" 200 209946 "-" "Googlebot-Image/1.0"
66.249.69.173 - - [05/Aug/2019:00:24:39 +0000] "GET /favicon-32x32.png HTTP/1.1" 200 2105 "-" "Googlebot-Image/1.0"
157.55.39.74 - - [05/Aug/2019:00:28:13 +0000] "GET /en/lands/zaton-zemljiste-1042m2-sa-zapocetim-objektom-360m2-100m-od-mora HTTP/1.1" 500 26153 "-" "Mozilla/5.0 (compatible; bingbot/2.0; +http://www.bing.com/bingbot.htm)"
216.244.66.240 - - [05/Aug/2019:00:36:40 +0000] "GET /robots.txt HTTP/1.1" 301 257 "-" "Mozilla/5.0 (compatible; DotBot/1.1; http://www.opensiteexplorer.org/dotbot, help@moz.com)"
216.244.66.240 - - [05/Aug/2019:00:36:41 +0000] "GET /robots.txt HTTP/1.1" 200 24 "-" "Mozilla/5.0 (compatible; DotBot/1.1; http://www.opensiteexplorer.org/dotbot, help@moz.com)"
46.229.168.151 - - [05/Aug/2019:00:49:23 +0000] "GET /robots.txt HTTP/1.1" 200 24 "-" "Mozilla/5.0 (compatible; SemrushBot/3~bl; +http://www.semrush.com/bot.html)"
46.229.168.137 - - [05/Aug/2019:00:49:24 +0000] "GET /kuce/prekrasna-kuca-sa-bazenom-maslenica-pokraj-zadra HTTP/1.1" 200 7510 "-" "Mozilla/5.0 (compatible; SemrushBot/6~bl; +http://www.semrush.com/bot.html)"
77.75.76.168 - - [05/Aug/2019:01:18:29 +0000] "GET /robots.txt HTTP/1.1" 200 24 "-" "Mozilla/5.0 (compatible; SeznamBot/3.2; +http://napoveda.seznam.cz/en/seznambot-intro/)"
77.75.76.168 - - [05/Aug/2019:01:18:30 +0000] "GET /uploads/thumbnails/7473108ac3a0cc371d22c2b6bda37ac6.jpg HTTP/1.1" 304 - "-" "Mozilla/5.0 (compatible; SeznamBot/3.2; +http://napoveda.seznam.cz/en/seznambot-intro/)"
216.244.66.240 - - [05/Aug/2019:01:23:14 +0000] "GET /robots.txt HTTP/1.1" 301 257 "-" "Mozilla/5.0 (compatible; DotBot/1.1; http://www.opensiteexplorer.org/dotbot, help@moz.com)"
216.244.66.240 - - [05/Aug/2019:01:23:15 +0000] "GET /robots.txt HTTP/1.1" 200 24 "-" "Mozilla/5.0 (compatible; DotBot/1.1; http://www.opensiteexplorer.org/dotbot, help@moz.com)"
54.36.148.243 - - [05/Aug/2019:01:30:15 +0000] "GET /robots.txt HTTP/1.1" 200 24 "-" "Mozilla/5.0 (compatible; AhrefsBot/6.1; +http://ahrefs.com/robot/)"
54.36.150.70 - - [05/Aug/2019:01:30:16 +0000] "GET /hr/stanovi/top-exkluzivna-nekretnina-penthouse-zadar-visnjik HTTP/1.1" 200 7653 "-" "Mozilla/5.0 (compatible; AhrefsBot/6.1; +http://ahrefs.com/robot/)"
66.249.69.169 - - [05/Aug/2019:01:32:04 +0000] "GET /poslovni-prostori/poluotok-top-lokacija-poslovni-prostor-22m2 HTTP/1.1" 500 26153 "-" "Mozilla/5.0 (Linux; Android 6.0.1; Nexus 5X Build/MMB29P) AppleWebKit/537.36 (KHTML, like Gecko) Chrome/41.0.2272.96 Mobile Safari/537.36 (compatible; Googlebot/2.1; +http://www.google.com/bot.html)"
66.249.69.169 - - [05/Aug/2019:01:32:40 +0000] "GET /poslovni-prostori/top-lokacija-svfilip-jakov-poslovni-prostor-na-setnici-21m2 HTTP/1.1" 500 26153 "-" "Mozilla/5.0 (Linux; Android 6.0.1; Nexus 5X Build/MMB29P) AppleWebKit/537.36 (KHTML, like Gecko) Chrome/41.0.2272.96 Mobile Safari/537.36 (compatible; Googlebot/2.1; +http://www.google.com/bot.html)"
66.249.69.171 - - [05/Aug/2019:01:33:53 +0000] "GET /stanovi/diklo-prekrasan-trosoban-stan-s-terasom-i-vrtovima-93m2 HTTP/1.1" 500 26153 "-" "Mozilla/5.0 (Linux; Android 6.0.1; Nexus 5X Build/MMB29P) AppleWebKit/537.36 (KHTML, like Gecko) Chrome/41.0.2272.96 Mobile Safari/537.36 (compatible; Googlebot/2.1; +http://www.google.com/bot.html)"
66.249.69.171 - - [05/Aug/2019:01:50:06 +0000] "GET /stanovi/zadar-borik-novogradnja-ekskluzivan-top-objekt-s-5-stanova-prizemlje-6834m2 HTTP/1.1" 200 7125 "-" "Mozilla/5.0 (Linux; Android 6.0.1; Nexus 5X Build/MMB29P) AppleWebKit/537.36 (KHTML, like Gecko) Chrome/41.0.2272.96 Mobile Safari/537.36 (compatible; Googlebot/2.1; +http://www.google.com/bot.html)"
46.119.121.39 - - [05/Aug/2019:02:04:01 +0000] "GET / HTTP/1.1" 301 247 "https://sexreliz.com/" "Mozilla/4.0 (compatible; MSIE 5.0; Windows 2000) Opera 6.0 [en]"
46.119.121.39 - - [05/Aug/2019:02:04:02 +0000] "GET / HTTP/1.1" 301 247 "https://sexreliz.com/" "Mozilla/4.0 (compatible; MSIE 5.0; Windows 2000) Opera 6.0 [en]"
46.119.121.39 - - [05/Aug/2019:02:04:02 +0000] "GET / HTTP/1.1" 301 247 "https://sexreliz.com/" "Mozilla/4.0 (compatible; MSIE 5.0; Windows 2000) Opera 6.0 [en]"
216.244.66.240 - - [05/Aug/2019:02:09:13 +0000] "GET /robots.txt HTTP/1.1" 301 257 "-" "Mozilla/5.0 (compatible; DotBot/1.1; http://www.opensiteexplorer.org/dotbot, help@moz.com)"
216.244.66.240 - - [05/Aug/2019:02:09:14 +0000] "GET /robots.txt HTTP/1.1" 200 24 "-" "Mozilla/5.0 (compatible; DotBot/1.1; http://www.opensiteexplorer.org/dotbot, help@moz.com)"
77.75.78.161 - - [05/Aug/2019:02:20:31 +0000] "GET /robots.txt HTTP/1.1" 200 24 "-" "Mozilla/5.0 (compatible; SeznamBot/3.2; +http://napoveda.seznam.cz/en/seznambot-intro/)"
77.75.78.161 - - [05/Aug/2019:02:20:31 +0000] "GET / HTTP/1.1" 200 8920 "-" "Mozilla/5.0 (compatible; SeznamBot/3.2; +http://napoveda.seznam.cz/en/seznambot-intro/)"
46.229.168.129 - - [05/Aug/2019:02:27:14 +0000] "GET /robots.txt HTTP/1.1" 200 24 "-" "Mozilla/5.0 (compatible; SemrushBot/3~bl; +http://www.semrush.com/bot.html)"
46.229.168.133 - - [05/Aug/2019:02:27:15 +0000] "GET /hr/poslovni-prostori/smiljevac-ulicni-poslovni-prostor-44m2 HTTP/1.1" 200 6302 "-" "Mozilla/5.0 (compatible; SemrushBot/3~bl; +http://www.semrush.com/bot.html)"
66.249.69.169 - - [05/Aug/2019:02:32:47 +0000] "GET /poslovni-prostori/top-lokacija-svfilip-jakov-poslovni-prostor-na-setnici-21m2 HTTP/1.1" 500 26153 "-" "Mozilla/5.0 (Linux; Android 6.0.1; Nexus 5X Build/MMB29P) AppleWebKit/537.36 (KHTML, like Gecko) Chrome/41.0.2272.96 Mobile Safari/537.36 (compatible; Googlebot/2.1; +http://www.google.com/bot.html)"
178.137.88.68 - - [05/Aug/2019:02:45:38 +0000] "GET / HTTP/1.1" 301 247 "https://kursy-ege.ru/" "Mozilla/4.0 (compatible; MSIE 5.0; Windows 2000) Opera 6.0 [en]"
178.137.88.68 - - [05/Aug/2019:02:45:38 +0000] "GET / HTTP/1.1" 301 247 "https://kursy-ege.ru/" "Mozilla/4.0 (compatible; MSIE 5.0; Windows 2000) Opera 6.0 [en]"
178.137.88.68 - - [05/Aug/2019:02:45:38 +0000] "GET / HTTP/1.1" 301 247 "https://kursy-ege.ru/" "Mozilla/4.0 (compatible; MSIE 5.0; Windows 2000) Opera 6.0 [en]"
46.229.168.153 - - [05/Aug/2019:02:47:37 +0000] "GET /en/flats/zadar-vidikovac-stan-50m2 HTTP/1.1" 200 6591 "-" "Mozilla/5.0 (compatible; SemrushBot/3~bl; +http://www.semrush.com/bot.html)"
137.226.113.27 - - [05/Aug/2019:02:54:38 +0000] "GET / HTTP/1.1" 200 8920 "-" "Mozilla/5.0 zgrab/0.x (compatible; Researchscan/t12sns; +http://researchscan.comsys.rwth-aachen.de)"
216.244.66.240 - - [05/Aug/2019:02:55:30 +0000] "GET /robots.txt HTTP/1.1" 301 257 "-" "Mozilla/5.0 (compatible; DotBot/1.1; http://www.opensiteexplorer.org/dotbot, help@moz.com)"
216.244.66.240 - - [05/Aug/2019:02:55:31 +0000] "GET /robots.txt HTTP/1.1" 200 24 "-" "Mozilla/5.0 (compatible; DotBot/1.1; http://www.opensiteexplorer.org/dotbot, help@moz.com)"
54.36.150.80 - - [05/Aug/2019:03:13:53 +0000] "GET /hr/zemljista/bibinje-gradevinski-teren-770m2 HTTP/1.1" 200 6086 "-" "Mozilla/5.0 (compatible; AhrefsBot/6.1; +http://ahrefs.com/robot/)"
181.214.190.129 - - [05/Aug/2019:03:14:34 +0000] "GET / HTTP/1.1" 301 247 "-" "Go-http-client/1.1"
66.249.69.171 - - [05/Aug/2019:03:34:05 +0000] "GET /poslovni-prostori/poluotok-top-lokacija-poslovni-prostor-22m2 HTTP/1.1" 500 26153 "-" "Mozilla/5.0 (Linux; Android 6.0.1; Nexus 5X Build/MMB29P) AppleWebKit/537.36 (KHTML, like Gecko) Chrome/41.0.2272.96 Mobile Safari/537.36 (compatible; Googlebot/2.1; +http://www.google.com/bot.html)"
178.137.165.186 - - [05/Aug/2019:03:35:54 +0000] "GET / HTTP/1.1" 301 247 "https://capitalin.org/" "Mozilla/5.0 (Windows NT 5.1; U; en) Opera 8.01"
178.137.165.186 - - [05/Aug/2019:03:35:55 +0000] "GET / HTTP/1.1" 301 247 "https://capitalin.org/" "Mozilla/5.0 (Windows NT 5.1; U; en) Opera 8.01"
178.137.165.186 - - [05/Aug/2019:03:35:55 +0000] "GET / HTTP/1.1" 301 247 "https://capitalin.org/" "Mozilla/5.0 (Windows NT 5.1; U; en) Opera 8.01"
54.36.149.21 - - [05/Aug/2019:03:37:08 +0000] "GET /hr/zemljista/filip-jakov-gradevinsko-zemljiste-1098m2 HTTP/1.1" 200 6406 "-" "Mozilla/5.0 (compatible; AhrefsBot/6.1; +http://ahrefs.com/robot/)"
216.244.66.240 - - [05/Aug/2019:03:41:30 +0000] "GET /robots.txt HTTP/1.1" 301 257 "-" "Mozilla/5.0 (compatible; DotBot/1.1; http://www.opensiteexplorer.org/dotbot, help@moz.com)"
216.244.66.240 - - [05/Aug/2019:03:41:31 +0000] "GET /robots.txt HTTP/1.1" 200 24 "-" "Mozilla/5.0 (compatible; DotBot/1.1; http://www.opensiteexplorer.org/dotbot, help@moz.com)"
66.249.69.171 - - [05/Aug/2019:04:05:56 +0000] "GET /poslovni-prostori/top-lokacija-svfilip-jakov-poslovni-prostor-na-setnici-21m2 HTTP/1.1" 500 26153 "-" "Mozilla/5.0 (Linux; Android 6.0.1; Nexus 5X Build/MMB29P) AppleWebKit/537.36 (KHTML, like Gecko) Chrome/41.0.2272.96 Mobile Safari/537.36 (compatible; Googlebot/2.1; +http://www.google.com/bot.html)"
216.244.66.240 - - [05/Aug/2019:04:27:17 +0000] "GET /robots.txt HTTP/1.1" 301 257 "-" "Mozilla/5.0 (compatible; DotBot/1.1; http://www.opensiteexplorer.org/dotbot, help@moz.com)"
216.244.66.240 - - [05/Aug/2019:04:27:18 +0000] "GET /robots.txt HTTP/1.1" 200 24 "-" "Mozilla/5.0 (compatible; DotBot/1.1; http://www.opensiteexplorer.org/dotbot, help@moz.com)"
216.244.66.240 - - [05/Aug/2019:05:13:02 +0000] "GET /robots.txt HTTP/1.1" 301 257 "-" "Mozilla/5.0 (compatible; DotBot/1.1; http://www.opensiteexplorer.org/dotbot, help@moz.com)"
216.244.66.240 - - [05/Aug/2019:05:13:02 +0000] "GET /robots.txt HTTP/1.1" 200 24 "-" "Mozilla/5.0 (compatible; DotBot/1.1; http://www.opensiteexplorer.org/dotbot, help@moz.com)"
46.229.168.152 - - [05/Aug/2019:05:14:20 +0000] "GET /robots.txt HTTP/1.1" 200 24 "-" "Mozilla/5.0 (compatible; SemrushBot/3~bl; +http://www.semrush.com/bot.html)"
46.229.168.162 - - [05/Aug/2019:05:14:21 +0000] "GET /en/flats/stan-poluotok-kalelarga-74m2 HTTP/1.1" 200 6051 "-" "Mozilla/5.0 (compatible; SemrushBot/3~bl; +http://www.semrush.com/bot.html)"
46.229.168.140 - - [05/Aug/2019:05:21:08 +0000] "GET /kuce/vir-kuca-sa-apartmanima-50m-od-mora HTTP/1.1" 200 6711 "-" "Mozilla/5.0 (compatible; SemrushBot/3~bl; +http://www.semrush.com/bot.html)"
77.75.77.62 - - [05/Aug/2019:05:26:44 +0000] "GET /robots.txt HTTP/1.1" 200 24 "-" "Mozilla/5.0 (compatible; SeznamBot/3.2; +http://napoveda.seznam.cz/en/seznambot-intro/)"
77.75.77.62 - - [05/Aug/2019:05:26:44 +0000] "GET /en/apartments HTTP/1.1" 200 5238 "-" "Mozilla/5.0 (compatible; SeznamBot/3.2; +http://napoveda.seznam.cz/en/seznambot-intro/)"
66.249.69.173 - - [05/Aug/2019:05:29:28 +0000] "GET /poslovni-prostori/top-lokacija-svfilip-jakov-poslovni-prostor-na-setnici-21m2 HTTP/1.1" 500 26153 "-" "Mozilla/5.0 (Linux; Android 6.0.1; Nexus 5X Build/MMB29P) AppleWebKit/537.36 (KHTML, like Gecko) Chrome/41.0.2272.96 Mobile Safari/537.36 (compatible; Googlebot/2.1; +http://www.google.com/bot.html)"
66.249.69.173 - - [05/Aug/2019:05:30:04 +0000] "GET /poslovni-prostori/poluotok-top-lokacija-poslovni-prostor-22m2 HTTP/1.1" 500 26153 "-" "Mozilla/5.0 (Linux; Android 6.0.1; Nexus 5X Build/MMB29P) AppleWebKit/537.36 (KHTML, like Gecko) Chrome/41.0.2272.96 Mobile Safari/537.36 (compatible; Googlebot/2.1; +http://www.google.com/bot.html)"
54.36.148.97 - - [05/Aug/2019:05:33:11 +0000] "GET /blog/dolaskom-proljeca-raste-interes-i-potraznja-za-nekretninama HTTP/1.1" 200 4960 "-" "Mozilla/5.0 (compatible; AhrefsBot/6.1; +http://ahrefs.com/robot/)"
40.77.167.94 - - [05/Aug/2019:05:37:38 +0000] "GET /stanovi/zadar-borik-novogradnja-ekskluzivan-top-objekt-s-5-stanova-1kat-7199m2 HTTP/1.1" 200 7145 "-" "Mozilla/5.0 (compatible; bingbot/2.0; +http://www.bing.com/bingbot.htm)"
216.244.66.240 - - [05/Aug/2019:05:59:18 +0000] "GET /robots.txt HTTP/1.1" 301 257 "-" "Mozilla/5.0 (compatible; DotBot/1.1; http://www.opensiteexplorer.org/dotbot, help@moz.com)"
216.244.66.240 - - [05/Aug/2019:05:59:19 +0000] "GET /robots.txt HTTP/1.1" 200 24 "-" "Mozilla/5.0 (compatible; DotBot/1.1; http://www.opensiteexplorer.org/dotbot, help@moz.com)"
46.229.168.138 - - [05/Aug/2019:06:44:24 +0000] "GET /robots.txt HTTP/1.1" 200 24 "-" "Mozilla/5.0 (compatible; SemrushBot/3~bl; +http://www.semrush.com/bot.html)"
46.229.168.141 - - [05/Aug/2019:06:44:28 +0000] "GET /hr/zemljista/zadar-panorama-atraktivno HTTP/1.1" 200 6459 "-" "Mozilla/5.0 (compatible; SemrushBot/3~bl; +http://www.semrush.com/bot.html)"
216.244.66.240 - - [05/Aug/2019:06:45:28 +0000] "GET /robots.txt HTTP/1.1" 301 257 "-" "Mozilla/5.0 (compatible; DotBot/1.1; http://www.opensiteexplorer.org/dotbot, help@moz.com)"
216.244.66.240 - - [05/Aug/2019:06:45:28 +0000] "GET /robots.txt HTTP/1.1" 200 24 "-" "Mozilla/5.0 (compatible; DotBot/1.1; http://www.opensiteexplorer.org/dotbot, help@moz.com)"
46.229.168.138 - - [05/Aug/2019:07:07:17 +0000] "GET /hr/stanovi/bili-brig-trosoban-stan-82m2-1kat HTTP/1.1" 200 6388 "-" "Mozilla/5.0 (compatible; SemrushBot/3~bl; +http://www.semrush.com/bot.html)"
216.244.66.240 - - [05/Aug/2019:07:23:08 +0000] "GET /en/flats/novogradnja-plovanija-stanovi-od-94m2-do-112m2 HTTP/1.1" 200 28935 "-" "Mozilla/5.0 (compatible; DotBot/1.1; http://www.opensiteexplorer.org/dotbot, help@moz.com)"
54.36.150.176 - - [05/Aug/2019:07:41:26 +0000] "GET /en/flats/zadar-relja-sarmantan-stan-od-35m2 HTTP/1.1" 500 26153 "-" "Mozilla/5.0 (compatible; AhrefsBot/6.1; +http://ahrefs.com/robot/)"
66.249.69.173 - - [05/Aug/2019:07:56:44 +0000] "GET /poslovni-prostori/top-lokacija-svfilip-jakov-poslovni-prostor-na-setnici-21m2 HTTP/1.1" 500 26153 "-" "Mozilla/5.0 (Linux; Android 6.0.1; Nexus 5X Build/MMB29P) AppleWebKit/537.36 (KHTML, like Gecko) Chrome/41.0.2272.96 Mobile Safari/537.36 (compatible; Googlebot/2.1; +http://www.google.com/bot.html)"
66.249.69.169 - - [05/Aug/2019:07:58:40 +0000] "GET /stanovi/diklo-prekrasan-trosoban-stan-s-terasom-i-vrtovima-93m2 HTTP/1.1" 500 26153 "-" "Mozilla/5.0 (Linux; Android 6.0.1; Nexus 5X Build/MMB29P) AppleWebKit/537.36 (KHTML, like Gecko) Chrome/41.0.2272.96 Mobile Safari/537.36 (compatible; Googlebot/2.1; +http://www.google.com/bot.html)"
77.75.77.101 - - [05/Aug/2019:08:01:57 +0000] "GET /robots.txt HTTP/1.1" 200 24 "-" "Mozilla/5.0 (compatible; SeznamBot/3.2; +http://napoveda.seznam.cz/en/seznambot-intro/)"
77.75.77.101 - - [05/Aug/2019:08:01:57 +0000] "GET /uploads/thumbnails/d4fca5b79f00a9ec165a7ac7d22b3c4a.JPG HTTP/1.1" 304 - "-" "Mozilla/5.0 (compatible; SeznamBot/3.2; +http://napoveda.seznam.cz/en/seznambot-intro/)"
137.226.113.27 - - [05/Aug/2019:08:07:59 +0000] "GET / HTTP/1.1" 200 8920 "-" "Mozilla/5.0 zgrab/0.x (compatible; Researchscan/t12ca; +http://researchscan.comsys.rwth-aachen.de)"
87.250.224.91 - - [05/Aug/2019:08:18:51 +0000] "GET /robots.txt HTTP/1.1" 200 24 "-" "Mozilla/5.0 (compatible; YandexBot/3.0; +http://yandex.com/bots)"
87.250.224.91 - - [05/Aug/2019:08:18:55 +0000] "GET /stanovi/zadar-borik-novogradnja-ekskluzivan-top-objekt-s-5-stanova-1kat-7918m2 HTTP/1.1" 200 7145 "-" "Mozilla/5.0 (compatible; YandexBot/3.0; +http://yandex.com/bots)"
46.229.168.153 - - [05/Aug/2019:08:19:34 +0000] "GET /robots.txt HTTP/1.1" 200 24 "-" "Mozilla/5.0 (compatible; SemrushBot/3~bl; +http://www.semrush.com/bot.html)"
46.229.168.147 - - [05/Aug/2019:08:19:35 +0000] "GET /en/sale HTTP/1.1" 200 4304 "-" "Mozilla/5.0 (compatible; SemrushBot/3~bl; +http://www.semrush.com/bot.html)"
66.249.69.171 - - [05/Aug/2019:08:24:29 +0000] "GET /poslovni-prostori/poluotok-top-lokacija-poslovni-prostor-22m2 HTTP/1.1" 500 26153 "-" "Mozilla/5.0 (Linux; Android 6.0.1; Nexus 5X Build/MMB29P) AppleWebKit/537.36 (KHTML, like Gecko) Chrome/41.0.2272.96 Mobile Safari/537.36 (compatible; Googlebot/2.1; +http://www.google.com/bot.html)"
54.36.150.77 - - [05/Aug/2019:08:44:33 +0000] "GET /hr/stanovi/zadar-relja-sarmantan-stan-od-35m2 HTTP/1.1" 500 26153 "-" "Mozilla/5.0 (compatible; AhrefsBot/6.1; +http://ahrefs.com/robot/)"
66.249.69.171 - - [05/Aug/2019:08:50:48 +0000] "GET /poslovni-prostori/top-lokacija-svfilip-jakov-poslovni-prostor-na-setnici-21m2 HTTP/1.1" 500 26153 "-" "Mozilla/5.0 (Linux; Android 6.0.1; Nexus 5X Build/MMB29P) AppleWebKit/537.36 (KHTML, like Gecko) Chrome/41.0.2272.96 Mobile Safari/537.36 (compatible; Googlebot/2.1; +http://www.google.com/bot.html)"
46.229.168.136 - - [05/Aug/2019:09:00:22 +0000] "GET /robots.txt HTTP/1.1" 200 24 "-" "Mozilla/5.0 (compatible; SemrushBot/3~bl; +http://www.semrush.com/bot.html)"
46.229.168.142 - - [05/Aug/2019:09:00:23 +0000] "GET /hr/zemljista/bibinje-gradevinski-teren-770m2 HTTP/1.1" 200 6091 "-" "Mozilla/5.0 (compatible; SemrushBot/3~bl; +http://www.semrush.com/bot.html)"
46.229.168.143 - - [05/Aug/2019:09:10:27 +0000] "GET /en/apartments/zadar-kozino-top-lokacija-50m-od-mora-6420m2 HTTP/1.1" 200 6797 "-" "Mozilla/5.0 (compatible; SemrushBot/3~bl; +http://www.semrush.com/bot.html)"
157.55.39.45 - - [05/Aug/2019:09:15:00 +0000] "GET /robots.txt HTTP/1.1" 200 24 "-" "Mozilla/5.0 (compatible; bingbot/2.0; +http://www.bing.com/bingbot.htm)"
157.55.39.45 - - [05/Aug/2019:09:15:02 +0000] "GET /robots.txt HTTP/1.1" 200 24 "-" "Mozilla/5.0 (compatible; bingbot/2.0; +http://www.bing.com/bingbot.htm)"
157.55.39.70 - - [05/Aug/2019:09:15:48 +0000] "GET /zemljista/top-lokacija-udaljenost-od-mora-15m-zaton-uvala-jaz HTTP/1.1" 200 5982 "-" "Mozilla/5.0 (compatible; bingbot/2.0; +http://www.bing.com/bingbot.htm)"
178.137.88.68 - - [05/Aug/2019:09:19:48 +0000] "GET / HTTP/1.1" 301 247 "https://boom-celebs.com/" "Mozilla/4.61 [en] (X11; U; ) - BrowseX (2.0.0 Windows)"
178.137.88.68 - - [05/Aug/2019:09:19:49 +0000] "GET / HTTP/1.1" 301 247 "https://boom-celebs.com/" "Mozilla/4.61 [en] (X11; U; ) - BrowseX (2.0.0 Windows)"
178.137.88.68 - - [05/Aug/2019:09:19:49 +0000] "GET / HTTP/1.1" 301 247 "https://boom-celebs.com/" "Mozilla/4.61 [en] (X11; U; ) - BrowseX (2.0.0 Windows)"
46.229.168.139 - - [05/Aug/2019:09:33:56 +0000] "GET /robots.txt HTTP/1.1" 200 24 "-" "Mozilla/5.0 (compatible; SemrushBot/3~bl; +http://www.semrush.com/bot.html)"
46.229.168.132 - - [05/Aug/2019:09:33:57 +0000] "GET /en/flats/novogradnja-plovanija-stanovi-od-94m2-do-112m2 HTTP/1.1" 200 6198 "-" "Mozilla/5.0 (compatible; SemrushBot/3~bl; +http://www.semrush.com/bot.html)"
173.252.95.19 - - [05/Aug/2019:09:40:15 +0000] "GET / HTTP/1.1" 301 247 "-" "facebookexternalhit/1.1 (+http://www.facebook.com/externalhit_uatext.php)"
173.252.95.38 - - [05/Aug/2019:09:40:15 +0000] "HEAD / HTTP/1.1" 301 - "-" "facebookexternalhit/1.1 (+http://www.facebook.com/externalhit_uatext.php)"
46.229.168.150 - - [05/Aug/2019:09:59:44 +0000] "GET /en/flats/zadar-plovanija-noviji-stan-52m2 HTTP/1.1" 200 6497 "-" "Mozilla/5.0 (compatible; SemrushBot/3~bl; +http://www.semrush.com/bot.html)"
46.229.168.135 - - [05/Aug/2019:10:05:06 +0000] "GET /hr/stanovi/zadar-borik-novogradnja-ekskluzivan-top-objekt-s-5-stanova-1kat-7918m2 HTTP/1.1" 200 7145 "-" "Mozilla/5.0 (compatible; SemrushBot/3~bl; +http://www.semrush.com/bot.html)"
66.249.69.171 - - [05/Aug/2019:10:09:14 +0000] "GET /poslovni-prostori/poluotok-top-lokacija-poslovni-prostor-22m2 HTTP/1.1" 500 26153 "-" "Mozilla/5.0 (Linux; Android 6.0.1; Nexus 5X Build/MMB29P) AppleWebKit/537.36 (KHTML, like Gecko) Chrome/41.0.2272.96 Mobile Safari/537.36 (compatible; Googlebot/2.1; +http://www.google.com/bot.html)"
66.249.69.171 - - [05/Aug/2019:10:10:41 +0000] "GET /poslovni-prostori/top-lokacija-svfilip-jakov-poslovni-prostor-na-setnici-21m2 HTTP/1.1" 500 26153 "-" "Mozilla/5.0 (Linux; Android 6.0.1; Nexus 5X Build/MMB29P) AppleWebKit/537.36 (KHTML, like Gecko) Chrome/41.0.2272.96 Mobile Safari/537.36 (compatible; Googlebot/2.1; +http://www.google.com/bot.html)"
54.36.148.109 - - [05/Aug/2019:10:42:55 +0000] "GET /stanovi/novogradnja-plovanija-stanovi-od-94m2-do-115m2 HTTP/1.1" 500 26153 "-" "Mozilla/5.0 (compatible; AhrefsBot/6.1; +http://ahrefs.com/robot/)"
104.222.43.76 - - [05/Aug/2019:11:00:47 +0000] "GET / HTTP/1.1" 301 247 "-" "Mozilla/5.0 (Windows NT 6.1; WOW64; rv:27.0) Gecko/20100101 Firefox/27.0"
104.222.43.70 - - [05/Aug/2019:11:00:48 +0000] "GET / HTTP/1.1" 200 64345 "-" "Mozilla/5.0 (Windows NT 6.1; WOW64; rv:27.0) Gecko/20100101 Firefox/27.0"
77.75.79.32 - - [05/Aug/2019:11:11:33 +0000] "GET /robots.txt HTTP/1.1" 200 24 "-" "Mozilla/5.0 (compatible; SeznamBot/3.2; +http://napoveda.seznam.cz/en/seznambot-intro/)"
77.75.79.32 - - [05/Aug/2019:11:11:34 +0000] "GET /images/service.jpg HTTP/1.1" 304 - "-" "Mozilla/5.0 (compatible; SeznamBot/3.2; +http://napoveda.seznam.cz/en/seznambot-intro/)"
93.138.248.9 - - [05/Aug/2019:11:14:11 +0000] "GET /wp-login.php HTTP/1.1" 301 259 "-" "Mozilla/5.0 (Windows NT 6.1; WOW64; rv:40.0) Gecko/20100101 Firefox/40.1"
93.138.248.9 - - [05/Aug/2019:11:14:17 +0000] "GET /wp-login.php HTTP/1.1" 301 259 "-" "Mozilla/5.0 (Windows NT 6.1; WOW64; rv:40.0) Gecko/20100101 Firefox/40.1"
93.138.248.9 - - [05/Aug/2019:11:14:22 +0000] "GET / HTTP/1.1" 301 247 "-" "Mozilla/5.0 (Windows NT 6.1; WOW64; rv:40.0) Gecko/20100101 Firefox/40.1"
216.244.66.240 - - [05/Aug/2019:11:23:29 +0000] "GET /robots.txt HTTP/1.1" 301 257 "-" "Mozilla/5.0 (compatible; DotBot/1.1; http://www.opensiteexplorer.org/dotbot, help@moz.com)"
216.244.66.240 - - [05/Aug/2019:11:23:30 +0000] "GET /robots.txt HTTP/1.1" 200 24 "-" "Mozilla/5.0 (compatible; DotBot/1.1; http://www.opensiteexplorer.org/dotbot, help@moz.com)"
46.229.168.135 - - [05/Aug/2019:11:26:32 +0000] "GET /robots.txt HTTP/1.1" 200 24 "-" "Mozilla/5.0 (compatible; SemrushBot/3~bl; +http://www.semrush.com/bot.html)"
46.229.168.154 - - [05/Aug/2019:11:26:35 +0000] "GET /hr/kuce/prilika-zaton-centar-stara-kuca-sa-crnom-kuhinjom HTTP/1.1" 200 5849 "-" "Mozilla/5.0 (compatible; SemrushBot/3~bl; +http://www.semrush.com/bot.html)"
46.119.121.39 - - [05/Aug/2019:11:43:09 +0000] "GET / HTTP/1.1" 301 247 "https://banking.vc/" "Mozilla/5.0 (Windows NT 5.1; U; en) Opera 8.01"
46.119.121.39 - - [05/Aug/2019:11:43:09 +0000] "GET / HTTP/1.1" 301 247 "https://vorotavtomatika.od.ua/" "Mozilla/5.0 (Windows NT 5.1; U; en) Opera 8.01"
46.119.121.39 - - [05/Aug/2019:11:43:10 +0000] "GET / HTTP/1.1" 301 247 "https://banking.vc/" "Mozilla/5.0 (Windows NT 5.1; U; en) Opera 8.01"
46.119.121.39 - - [05/Aug/2019:11:43:10 +0000] "GET / HTTP/1.1" 301 247 "https://vorotavtomatika.od.ua/" "Mozilla/5.0 (Windows NT 5.1; U; en) Opera 8.01"
46.119.121.39 - - [05/Aug/2019:11:43:10 +0000] "GET / HTTP/1.1" 301 247 "https://banking.vc/" "Mozilla/5.0 (Windows NT 5.1; U; en) Opera 8.01"
46.119.121.39 - - [05/Aug/2019:11:43:10 +0000] "GET / HTTP/1.1" 301 247 "https://vorotavtomatika.od.ua/" "Mozilla/5.0 (Windows NT 5.1; U; en) Opera 8.01"
54.36.148.232 - - [05/Aug/2019:11:57:24 +0000] "GET /en/offices/smiljevac-ulicni-poslovni-prostor-44m2 HTTP/1.1" 200 6233 "-" "Mozilla/5.0 (compatible; AhrefsBot/6.1; +http://ahrefs.com/robot/)"
216.244.66.240 - - [05/Aug/2019:11:58:25 +0000] "GET /hr/stanovi/hr HTTP/1.1" 500 26153 "-" "Mozilla/5.0 (compatible; DotBot/1.1; http://www.opensiteexplorer.org/dotbot, help@moz.com)"
216.244.66.240 - - [05/Aug/2019:12:09:13 +0000] "GET /robots.txt HTTP/1.1" 301 257 "-" "Mozilla/5.0 (compatible; DotBot/1.1; http://www.opensiteexplorer.org/dotbot, help@moz.com)"
216.244.66.240 - - [05/Aug/2019:12:09:14 +0000] "GET /robots.txt HTTP/1.1" 200 24 "-" "Mozilla/5.0 (compatible; DotBot/1.1; http://www.opensiteexplorer.org/dotbot, help@moz.com)"
66.249.69.169 - - [05/Aug/2019:12:32:27 +0000] "GET /poslovni-prostori/poluotok-top-lokacija-poslovni-prostor-22m2 HTTP/1.1" 500 26153 "-" "Mozilla/5.0 (Linux; Android 6.0.1; Nexus 5X Build/MMB29P) AppleWebKit/537.36 (KHTML, like Gecko) Chrome/41.0.2272.96 Mobile Safari/537.36 (compatible; Googlebot/2.1; +http://www.google.com/bot.html)"
77.75.78.161 - - [05/Aug/2019:12:35:55 +0000] "GET /robots.txt HTTP/1.1" 200 24 "-" "Mozilla/5.0 (compatible; SeznamBot/3.2; +http://napoveda.seznam.cz/en/seznambot-intro/)"
77.75.78.161 - - [05/Aug/2019:12:35:55 +0000] "GET /uploads/thumbnails/9a52a8ca0447ea31fa487a3e6f96fdb3.jpg HTTP/1.1" 304 - "-" "Mozilla/5.0 (compatible; SeznamBot/3.2; +http://napoveda.seznam.cz/en/seznambot-intro/)"
46.229.168.143 - - [05/Aug/2019:12:43:20 +0000] "GET /robots.txt HTTP/1.1" 200 24 "-" "Mozilla/5.0 (compatible; SemrushBot/3~bl; +http://www.semrush.com/bot.html)"
46.229.168.150 - - [05/Aug/2019:12:43:21 +0000] "GET /zemljista/poljica-poljoprivredno-na-granici-gradevinskog HTTP/1.1" 200 6306 "-" "Mozilla/5.0 (compatible; SemrushBot/3~bl; +http://www.semrush.com/bot.html)"
213.149.51.16 - - [05/Aug/2019:12:46:19 +0000] "GET / HTTP/1.1" 200 8920 "https://www.google.com/" "Mozilla/5.0 (Linux; Android 8.0.0; SM-G935F) AppleWebKit/537.36 (KHTML, like Gecko) Chrome/76.0.3809.89 Mobile Safari/537.36"
213.149.51.16 - - [05/Aug/2019:12:46:20 +0000] "GET /css/bootstrap.min.css HTTP/1.1" 200 19744 "https://www.toplokacija-nekretnine.com/" "Mozilla/5.0 (Linux; Android 8.0.0; SM-G935F) AppleWebKit/537.36 (KHTML, like Gecko) Chrome/76.0.3809.89 Mobile Safari/537.36"
213.149.51.16 - - [05/Aug/2019:12:46:20 +0000] "GET /css/animations.css HTTP/1.1" 200 2856 "https://www.toplokacija-nekretnine.com/" "Mozilla/5.0 (Linux; Android 8.0.0; SM-G935F) AppleWebKit/537.36 (KHTML, like Gecko) Chrome/76.0.3809.89 Mobile Safari/537.36"
213.149.51.16 - - [05/Aug/2019:12:46:20 +0000] "GET /assets/plugins/flag/css/flag-icon.css HTTP/1.1" 200 2837 "https://www.toplokacija-nekretnine.com/" "Mozilla/5.0 (Linux; Android 8.0.0; SM-G935F) AppleWebKit/537.36 (KHTML, like Gecko) Chrome/76.0.3809.89 Mobile Safari/537.36"
213.149.51.16 - - [05/Aug/2019:12:46:20 +0000] "GET /css/icofont.css HTTP/1.1" 200 16775 "https://www.toplokacija-nekretnine.com/" "Mozilla/5.0 (Linux; Android 8.0.0; SM-G935F) AppleWebKit/537.36 (KHTML, like Gecko) Chrome/76.0.3809.89 Mobile Safari/537.36"
213.149.51.16 - - [05/Aug/2019:12:46:20 +0000] "GET /css/cookieconsent.min.css HTTP/1.1" 200 1209 "https://www.toplokacija-nekretnine.com/" "Mozilla/5.0 (Linux; Android 8.0.0; SM-G935F) AppleWebKit/537.36 (KHTML, like Gecko) Chrome/76.0.3809.89 Mobile Safari/537.36"
213.149.51.16 - - [05/Aug/2019:12:46:20 +0000] "GET /css/style.css?v=15 HTTP/1.1" 200 7634 "https://www.toplokacija-nekretnine.com/" "Mozilla/5.0 (Linux; Android 8.0.0; SM-G935F) AppleWebKit/537.36 (KHTML, like Gecko) Chrome/76.0.3809.89 Mobile Safari/537.36"
213.149.51.16 - - [05/Aug/2019:12:46:20 +0000] "GET /css/responsive.css?v=4 HTTP/1.1" 200 1151 "https://www.toplokacija-nekretnine.com/" "Mozilla/5.0 (Linux; Android 8.0.0; SM-G935F) AppleWebKit/537.36 (KHTML, like Gecko) Chrome/76.0.3809.89 Mobile Safari/537.36"
213.149.51.16 - - [05/Aug/2019:12:46:20 +0000] "GET /css/vegas.css HTTP/1.1" 200 1522 "https://www.toplokacija-nekretnine.com/" "Mozilla/5.0 (Linux; Android 8.0.0; SM-G935F) AppleWebKit/537.36 (KHTML, like Gecko) Chrome/76.0.3809.89 Mobile Safari/537.36"
213.149.51.16 - - [05/Aug/2019:12:46:20 +0000] "GET /css/font-awesome.min.css HTTP/1.1" 200 7053 "https://www.toplokacija-nekretnine.com/" "Mozilla/5.0 (Linux; Android 8.0.0; SM-G935F) AppleWebKit/537.36 (KHTML, like Gecko) Chrome/76.0.3809.89 Mobile Safari/537.36"
213.149.51.16 - - [05/Aug/2019:12:46:20 +0000] "GET /css/bootstrap-dropdownhover.css HTTP/1.1" 200 433 "https://www.toplokacija-nekretnine.com/" "Mozilla/5.0 (Linux; Android 8.0.0; SM-G935F) AppleWebKit/537.36 (KHTML, like Gecko) Chrome/76.0.3809.89 Mobile Safari/537.36"
213.149.51.16 - - [05/Aug/2019:12:46:20 +0000] "GET /css/hover.css HTTP/1.1" 200 7051 "https://www.toplokacija-nekretnine.com/" "Mozilla/5.0 (Linux; Android 8.0.0; SM-G935F) AppleWebKit/537.36 (KHTML, like Gecko) Chrome/76.0.3809.89 Mobile Safari/537.36"
213.149.51.16 - - [05/Aug/2019:12:46:20 +0000] "GET /css/animate.min.css HTTP/1.1" 200 3598 "https://www.toplokacija-nekretnine.com/" "Mozilla/5.0 (Linux; Android 8.0.0; SM-G935F) AppleWebKit/537.36 (KHTML, like Gecko) Chrome/76.0.3809.89 Mobile Safari/537.36"
213.149.51.16 - - [05/Aug/2019:12:46:20 +0000] "GET /js/jquery.min.js HTTP/1.1" 200 29820 "https://www.toplokacija-nekretnine.com/" "Mozilla/5.0 (Linux; Android 8.0.0; SM-G935F) AppleWebKit/537.36 (KHTML, like Gecko) Chrome/76.0.3809.89 Mobile Safari/537.36"
213.149.51.16 - - [05/Aug/2019:12:46:20 +0000] "GET /images/logo_hr.png HTTP/1.1" 200 5600 "https://www.toplokacija-nekretnine.com/" "Mozilla/5.0 (Linux; Android 8.0.0; SM-G935F) AppleWebKit/537.36 (KHTML, like Gecko) Chrome/76.0.3809.89 Mobile Safari/537.36"
213.149.51.16 - - [05/Aug/2019:12:46:20 +0000] "GET /js/bootstrap.min.js HTTP/1.1" 200 9833 "https://www.toplokacija-nekretnine.com/" "Mozilla/5.0 (Linux; Android 8.0.0; SM-G935F) AppleWebKit/537.36 (KHTML, like Gecko) Chrome/76.0.3809.89 Mobile Safari/537.36"
213.149.51.16 - - [05/Aug/2019:12:46:20 +0000] "GET /js/bootstrap-dropdownhover.min.js HTTP/1.1" 200 1355 "https://www.toplokacija-nekretnine.com/" "Mozilla/5.0 (Linux; Android 8.0.0; SM-G935F) AppleWebKit/537.36 (KHTML, like Gecko) Chrome/76.0.3809.89 Mobile Safari/537.36"
213.149.51.16 - - [05/Aug/2019:12:46:20 +0000] "GET /js/css3-animate-it.js HTTP/1.1" 200 1504 "https://www.toplokacija-nekretnine.com/" "Mozilla/5.0 (Linux; Android 8.0.0; SM-G935F) AppleWebKit/537.36 (KHTML, like Gecko) Chrome/76.0.3809.89 Mobile Safari/537.36"
213.149.51.16 - - [05/Aug/2019:12:46:20 +0000] "GET /js/jarallax.js HTTP/1.1" 200 2670 "https://www.toplokacija-nekretnine.com/" "Mozilla/5.0 (Linux; Android 8.0.0; SM-G935F) AppleWebKit/537.36 (KHTML, like Gecko) Chrome/76.0.3809.89 Mobile Safari/537.36"
213.149.51.16 - - [05/Aug/2019:12:46:20 +0000] "GET /js/dyscrollup.js HTTP/1.1" 200 704 "https://www.toplokacija-nekretnine.com/" "Mozilla/5.0 (Linux; Android 8.0.0; SM-G935F) AppleWebKit/537.36 (KHTML, like Gecko) Chrome/76.0.3809.89 Mobile Safari/537.36"
213.149.51.16 - - [05/Aug/2019:12:46:20 +0000] "GET /js/jquery-scrolltofixed-min.js HTTP/1.1" 200 1717 "https://www.toplokacija-nekretnine.com/" "Mozilla/5.0 (Linux; Android 8.0.0; SM-G935F) AppleWebKit/537.36 (KHTML, like Gecko) Chrome/76.0.3809.89 Mobile Safari/537.36"
213.149.51.16 - - [05/Aug/2019:12:46:20 +0000] "GET /js/cookieconsent.min.js HTTP/1.1" 200 6849 "https://www.toplokacija-nekretnine.com/" "Mozilla/5.0 (Linux; Android 8.0.0; SM-G935F) AppleWebKit/537.36 (KHTML, like Gecko) Chrome/76.0.3809.89 Mobile Safari/537.36"
213.149.51.16 - - [05/Aug/2019:12:46:20 +0000] "GET /images/about_us_hr.png HTTP/1.1" 200 7915 "https://www.toplokacija-nekretnine.com/" "Mozilla/5.0 (Linux; Android 8.0.0; SM-G935F) AppleWebKit/537.36 (KHTML, like Gecko) Chrome/76.0.3809.89 Mobile Safari/537.36"
213.149.51.16 - - [05/Aug/2019:12:46:20 +0000] "GET /js/main.js?v=4 HTTP/1.1" 200 551 "https://www.toplokacija-nekretnine.com/" "Mozilla/5.0 (Linux; Android 8.0.0; SM-G935F) AppleWebKit/537.36 (KHTML, like Gecko) Chrome/76.0.3809.89 Mobile Safari/537.36"
213.149.51.16 - - [05/Aug/2019:12:46:20 +0000] "GET /js/vegas.min.js HTTP/1.1" 200 3068 "https://www.toplokacija-nekretnine.com/" "Mozilla/5.0 (Linux; Android 8.0.0; SM-G935F) AppleWebKit/537.36 (KHTML, like Gecko) Chrome/76.0.3809.89 Mobile Safari/537.36"
213.149.51.16 - - [05/Aug/2019:12:46:20 +0000] "GET /uploads/thumbnails/d38d156172b3fe670c7e78d3bd3b1910.jpg HTTP/1.1" 200 34330 "https://www.toplokacija-nekretnine.com/" "Mozilla/5.0 (Linux; Android 8.0.0; SM-G935F) AppleWebKit/537.36 (KHTML, like Gecko) Chrome/76.0.3809.89 Mobile Safari/537.36"
213.149.51.16 - - [05/Aug/2019:12:46:20 +0000] "GET /uploads/thumbnails/884ccf315fda60dc6fcbd2b4a3db759a.jpg HTTP/1.1" 200 44526 "https://www.toplokacija-nekretnine.com/" "Mozilla/5.0 (Linux; Android 8.0.0; SM-G935F) AppleWebKit/537.36 (KHTML, like Gecko) Chrome/76.0.3809.89 Mobile Safari/537.36"
213.149.51.16 - - [05/Aug/2019:12:46:20 +0000] "GET /uploads/thumbnails/6be0a155aaedef264a5f5aaacc21d7de.jpg HTTP/1.1" 200 39788 "https://www.toplokacija-nekretnine.com/" "Mozilla/5.0 (Linux; Android 8.0.0; SM-G935F) AppleWebKit/537.36 (KHTML, like Gecko) Chrome/76.0.3809.89 Mobile Safari/537.36"
213.149.51.16 - - [05/Aug/2019:12:46:20 +0000] "GET /uploads/thumbnails/9a52a8ca0447ea31fa487a3e6f96fdb3.jpg HTTP/1.1" 200 37164 "https://www.toplokacija-nekretnine.com/" "Mozilla/5.0 (Linux; Android 8.0.0; SM-G935F) AppleWebKit/537.36 (KHTML, like Gecko) Chrome/76.0.3809.89 Mobile Safari/537.36"
213.149.51.16 - - [05/Aug/2019:12:46:20 +0000] "GET /uploads/thumbnails/7473108ac3a0cc371d22c2b6bda37ac6.jpg HTTP/1.1" 200 35921 "https://www.toplokacija-nekretnine.com/" "Mozilla/5.0 (Linux; Android 8.0.0; SM-G935F) AppleWebKit/537.36 (KHTML, like Gecko) Chrome/76.0.3809.89 Mobile Safari/537.36"
213.149.51.16 - - [05/Aug/2019:12:46:20 +0000] "GET /uploads/thumbnails/f3b369fd7b1877abc4c80a5dcf4cf352.JPG HTTP/1.1" 200 51129 "https://www.toplokacija-nekretnine.com/" "Mozilla/5.0 (Linux; Android 8.0.0; SM-G935F) AppleWebKit/537.36 (KHTML, like Gecko) Chrome/76.0.3809.89 Mobile Safari/537.36"
213.149.51.16 - - [05/Aug/2019:12:46:21 +0000] "GET /uploads/thumbnails/a3391951c36fecb14495f8146dd9756c.jpg HTTP/1.1" 200 39492 "https://www.toplokacija-nekretnine.com/" "Mozilla/5.0 (Linux; Android 8.0.0; SM-G935F) AppleWebKit/537.36 (KHTML, like Gecko) Chrome/76.0.3809.89 Mobile Safari/537.36"
213.149.51.16 - - [05/Aug/2019:12:46:21 +0000] "GET /uploads/thumbnails/3ae69bc61d2e4547b674fcf9dfe3b4a0.jpg HTTP/1.1" 200 29836 "https://www.toplokacija-nekretnine.com/" "Mozilla/5.0 (Linux; Android 8.0.0; SM-G935F) AppleWebKit/537.36 (KHTML, like Gecko) Chrome/76.0.3809.89 Mobile Safari/537.36"
213.149.51.16 - - [05/Aug/2019:12:46:21 +0000] "GET /uploads/thumbnails/e9fcab5ad37211f1229dd445cc150467.jpg HTTP/1.1" 200 29836 "https://www.toplokacija-nekretnine.com/" "Mozilla/5.0 (Linux; Android 8.0.0; SM-G935F) AppleWebKit/537.36 (KHTML, like Gecko) Chrome/76.0.3809.89 Mobile Safari/537.36"
213.149.51.16 - - [05/Aug/2019:12:46:21 +0000] "GET /uploads/thumbnails/3270bb88adea04f5dd8728ccf81ec3a7.jpg HTTP/1.1" 200 31076 "https://www.toplokacija-nekretnine.com/" "Mozilla/5.0 (Linux; Android 8.0.0; SM-G935F) AppleWebKit/537.36 (KHTML, like Gecko) Chrome/76.0.3809.89 Mobile Safari/537.36"
213.149.51.16 - - [05/Aug/2019:12:46:21 +0000] "GET /uploads/thumbnails/48ef9daccad38b1a1bc9fb22121db6ac.jpg HTTP/1.1" 200 42355 "https://www.toplokacija-nekretnine.com/" "Mozilla/5.0 (Linux; Android 8.0.0; SM-G935F) AppleWebKit/537.36 (KHTML, like Gecko) Chrome/76.0.3809.89 Mobile Safari/537.36"
213.149.51.16 - - [05/Aug/2019:12:46:21 +0000] "GET /uploads/thumbnails/1bdceb72103556851f310280f3efbc16.JPG HTTP/1.1" 200 29195 "https://www.toplokacija-nekretnine.com/" "Mozilla/5.0 (Linux; Android 8.0.0; SM-G935F) AppleWebKit/537.36 (KHTML, like Gecko) Chrome/76.0.3809.89 Mobile Safari/537.36"
213.149.51.16 - - [05/Aug/2019:12:46:21 +0000] "GET /uploads/thumbnails/f7b7bfd134d93ade755afc2d162e2aed.jpg HTTP/1.1" 200 56756 "https://www.toplokacija-nekretnine.com/" "Mozilla/5.0 (Linux; Android 8.0.0; SM-G935F) AppleWebKit/537.36 (KHTML, like Gecko) Chrome/76.0.3809.89 Mobile Safari/537.36"
213.149.51.16 - - [05/Aug/2019:12:46:21 +0000] "GET /fonts/fontawesome-webfont.woff2?v=4.7.0 HTTP/1.1" 200 77160 "https://www.toplokacija-nekretnine.com/css/font-awesome.min.css" "Mozilla/5.0 (Linux; Android 8.0.0; SM-G935F) AppleWebKit/537.36 (KHTML, like Gecko) Chrome/76.0.3809.89 Mobile Safari/537.36"
213.149.51.16 - - [05/Aug/2019:12:46:21 +0000] "GET /uploads/thumbnails/4100dad038347920de3cc6597aa021ec.JPG HTTP/1.1" 200 22347 "https://www.toplokacija-nekretnine.com/" "Mozilla/5.0 (Linux; Android 8.0.0; SM-G935F) AppleWebKit/537.36 (KHTML, like Gecko) Chrome/76.0.3809.89 Mobile Safari/537.36"
213.149.51.16 - - [05/Aug/2019:12:46:21 +0000] "GET /images/spinner.gif HTTP/1.1" 200 56260 "https://www.toplokacija-nekretnine.com/css/style.css?v=15" "Mozilla/5.0 (Linux; Android 8.0.0; SM-G935F) AppleWebKit/537.36 (KHTML, like Gecko) Chrome/76.0.3809.89 Mobile Safari/537.36"
213.149.51.16 - - [05/Aug/2019:12:46:21 +0000] "GET /uploads/thumbnails/c807da0fa0d811a1729b138a6ce29394.JPG HTTP/1.1" 200 34236 "https://www.toplokacija-nekretnine.com/" "Mozilla/5.0 (Linux; Android 8.0.0; SM-G935F) AppleWebKit/537.36 (KHTML, like Gecko) Chrome/76.0.3809.89 Mobile Safari/537.36"
213.149.51.16 - - [05/Aug/2019:12:46:21 +0000] "GET /uploads/thumbnails/79136cc48eb64efa03a195b6fe4bd3b5.JPG HTTP/1.1" 200 27006 "https://www.toplokacija-nekretnine.com/" "Mozilla/5.0 (Linux; Android 8.0.0; SM-G935F) AppleWebKit/537.36 (KHTML, like Gecko) Chrome/76.0.3809.89 Mobile Safari/537.36"
213.149.51.16 - - [05/Aug/2019:12:46:21 +0000] "GET /uploads/thumbnails/5cb719cec5eac5afe864e39e77c475db.jpg HTTP/1.1" 200 36106 "https://www.toplokacija-nekretnine.com/" "Mozilla/5.0 (Linux; Android 8.0.0; SM-G935F) AppleWebKit/537.36 (KHTML, like Gecko) Chrome/76.0.3809.89 Mobile Safari/537.36"
213.149.51.16 - - [05/Aug/2019:12:46:21 +0000] "GET /uploads/thumbnails/86eb79cb71de4b34a84307106770edb8.jpg HTTP/1.1" 200 40841 "https://www.toplokacija-nekretnine.com/" "Mozilla/5.0 (Linux; Android 8.0.0; SM-G935F) AppleWebKit/537.36 (KHTML, like Gecko) Chrome/76.0.3809.89 Mobile Safari/537.36"
213.149.51.16 - - [05/Aug/2019:12:46:21 +0000] "GET /uploads/thumbnails/e76983ca8180780c45b603dfd235f369.jpg HTTP/1.1" 200 43919 "https://www.toplokacija-nekretnine.com/" "Mozilla/5.0 (Linux; Android 8.0.0; SM-G935F) AppleWebKit/537.36 (KHTML, like Gecko) Chrome/76.0.3809.89 Mobile Safari/537.36"
213.149.51.16 - - [05/Aug/2019:12:46:21 +0000] "GET /uploads/thumbnails/42f6bf5e8582c075da16d579d90c242d.JPG HTTP/1.1" 200 55274 "https://www.toplokacija-nekretnine.com/" "Mozilla/5.0 (Linux; Android 8.0.0; SM-G935F) AppleWebKit/537.36 (KHTML, like Gecko) Chrome/76.0.3809.89 Mobile Safari/537.36"
213.149.51.16 - - [05/Aug/2019:12:46:21 +0000] "GET /images/background/pattern.png HTTP/1.1" 200 101 "https://www.toplokacija-nekretnine.com/css/style.css?v=15" "Mozilla/5.0 (Linux; Android 8.0.0; SM-G935F) AppleWebKit/537.36 (KHTML, like Gecko) Chrome/76.0.3809.89 Mobile Safari/537.36"
213.149.51.16 - - [05/Aug/2019:12:46:21 +0000] "GET /uploads/thumbnails/048d8f6a0235788257cc123efdaaa516.jpg HTTP/1.1" 200 72940 "https://www.toplokacija-nekretnine.com/" "Mozilla/5.0 (Linux; Android 8.0.0; SM-G935F) AppleWebKit/537.36 (KHTML, like Gecko) Chrome/76.0.3809.89 Mobile Safari/537.36"
213.149.51.16 - - [05/Aug/2019:12:46:21 +0000] "GET /uploads/thumbnails/7a6c35fe2c7d39af1613fafa80170c08.jpg HTTP/1.1" 200 106014 "https://www.toplokacija-nekretnine.com/" "Mozilla/5.0 (Linux; Android 8.0.0; SM-G935F) AppleWebKit/537.36 (KHTML, like Gecko) Chrome/76.0.3809.89 Mobile Safari/537.36"
213.149.51.16 - - [05/Aug/2019:12:46:21 +0000] "GET /fonts/icofont.ttf?v=1.0.0-beta HTTP/1.1" 200 1018620 "https://www.toplokacija-nekretnine.com/css/icofont.css" "Mozilla/5.0 (Linux; Android 8.0.0; SM-G935F) AppleWebKit/537.36 (KHTML, like Gecko) Chrome/76.0.3809.89 Mobile Safari/537.36"
213.149.51.16 - - [05/Aug/2019:12:46:21 +0000] "GET /images/background/1.jpg HTTP/1.1" 200 99961 "https://www.toplokacija-nekretnine.com/css/style.css?v=15" "Mozilla/5.0 (Linux; Android 8.0.0; SM-G935F) AppleWebKit/537.36 (KHTML, like Gecko) Chrome/76.0.3809.89 Mobile Safari/537.36"
213.149.51.16 - - [05/Aug/2019:12:46:21 +0000] "GET /images/background/3.jpg HTTP/1.1" 200 202051 "https://www.toplokacija-nekretnine.com/css/style.css?v=15" "Mozilla/5.0 (Linux; Android 8.0.0; SM-G935F) AppleWebKit/537.36 (KHTML, like Gecko) Chrome/76.0.3809.89 Mobile Safari/537.36"
213.149.51.16 - - [05/Aug/2019:12:46:21 +0000] "GET /images/slides/slider1.jpg HTTP/1.1" 200 209946 "https://www.toplokacija-nekretnine.com/" "Mozilla/5.0 (Linux; Android 8.0.0; SM-G935F) AppleWebKit/537.36 (KHTML, like Gecko) Chrome/76.0.3809.89 Mobile Safari/537.36"
213.149.51.16 - - [05/Aug/2019:12:46:22 +0000] "GET /apple-touch-icon.png HTTP/1.1" 200 9735 "https://www.toplokacija-nekretnine.com/" "Mozilla/5.0 (Linux; Android 8.0.0; SM-G935F) AppleWebKit/537.36 (KHTML, like Gecko) Chrome/76.0.3809.89 Mobile Safari/537.36"
213.149.51.16 - - [05/Aug/2019:12:46:22 +0000] "GET /favicon-32x32.png HTTP/1.1" 200 2105 "https://www.toplokacija-nekretnine.com/" "Mozilla/5.0 (Linux; Android 8.0.0; SM-G935F) AppleWebKit/537.36 (KHTML, like Gecko) Chrome/76.0.3809.89 Mobile Safari/537.36"
213.149.51.16 - - [05/Aug/2019:12:46:28 +0000] "GET /images/slides/slider2.jpg HTTP/1.1" 200 295487 "https://www.toplokacija-nekretnine.com/" "Mozilla/5.0 (Linux; Android 8.0.0; SM-G935F) AppleWebKit/537.36 (KHTML, like Gecko) Chrome/76.0.3809.89 Mobile Safari/537.36"
213.149.51.16 - - [05/Aug/2019:12:46:35 +0000] "GET /images/slides/slider3.jpg HTTP/1.1" 200 405556 "https://www.toplokacija-nekretnine.com/" "Mozilla/5.0 (Linux; Android 8.0.0; SM-G935F) AppleWebKit/537.36 (KHTML, like Gecko) Chrome/76.0.3809.89 Mobile Safari/537.36"
213.149.51.16 - - [05/Aug/2019:12:46:35 +0000] "GET /images/slides/slider2.jpg HTTP/1.1" 200 295487 "https://www.toplokacija-nekretnine.com/" "Mozilla/5.0 (Linux; Android 8.0.0; SM-G935F) AppleWebKit/537.36 (KHTML, like Gecko) Chrome/76.0.3809.89 Mobile Safari/537.36"
213.149.51.16 - - [05/Aug/2019:12:46:42 +0000] "GET /images/slides/slider4.jpg HTTP/1.1" 200 439744 "https://www.toplokacija-nekretnine.com/" "Mozilla/5.0 (Linux; Android 8.0.0; SM-G935F) AppleWebKit/537.36 (KHTML, like Gecko) Chrome/76.0.3809.89 Mobile Safari/537.36"
213.149.51.16 - - [05/Aug/2019:12:46:49 +0000] "GET /images/slides/slider5.jpg HTTP/1.1" 200 488462 "https://www.toplokacija-nekretnine.com/" "Mozilla/5.0 (Linux; Android 8.0.0; SM-G935F) AppleWebKit/537.36 (KHTML, like Gecko) Chrome/76.0.3809.89 Mobile Safari/537.36"
46.229.168.143 - - [05/Aug/2019:12:51:10 +0000] "GET /en/flats/zadar-borik-novogradnja-ekskluzivan-top-objekt-s-5-stanova-prizemlje-6834m2 HTTP/1.1" 200 7046 "-" "Mozilla/5.0 (compatible; SemrushBot/3~bl; +http://www.semrush.com/bot.html)"
213.149.51.16 - - [05/Aug/2019:13:15:03 +0000] "GET / HTTP/1.1" 200 8920 "https://www.google.com/" "Mozilla/5.0 (Linux; Android 8.0.0; SM-G935F) AppleWebKit/537.36 (KHTML, like Gecko) Chrome/76.0.3809.89 Mobile Safari/537.36"
213.149.51.16 - - [05/Aug/2019:13:15:03 +0000] "GET /css/bootstrap.min.css HTTP/1.1" 200 19744 "https://www.toplokacija-nekretnine.com/" "Mozilla/5.0 (Linux; Android 8.0.0; SM-G935F) AppleWebKit/537.36 (KHTML, like Gecko) Chrome/76.0.3809.89 Mobile Safari/537.36"
213.149.51.16 - - [05/Aug/2019:13:15:03 +0000] "GET /css/font-awesome.min.css HTTP/1.1" 200 7053 "https://www.toplokacija-nekretnine.com/" "Mozilla/5.0 (Linux; Android 8.0.0; SM-G935F) AppleWebKit/537.36 (KHTML, like Gecko) Chrome/76.0.3809.89 Mobile Safari/537.36"
213.149.51.16 - - [05/Aug/2019:13:15:03 +0000] "GET /assets/plugins/flag/css/flag-icon.css HTTP/1.1" 200 2837 "https://www.toplokacija-nekretnine.com/" "Mozilla/5.0 (Linux; Android 8.0.0; SM-G935F) AppleWebKit/537.36 (KHTML, like Gecko) Chrome/76.0.3809.89 Mobile Safari/537.36"
213.149.51.16 - - [05/Aug/2019:13:15:04 +0000] "GET /css/style.css?v=15 HTTP/1.1" 200 7634 "https://www.toplokacija-nekretnine.com/" "Mozilla/5.0 (Linux; Android 8.0.0; SM-G935F) AppleWebKit/537.36 (KHTML, like Gecko) Chrome/76.0.3809.89 Mobile Safari/537.36"
213.149.51.16 - - [05/Aug/2019:13:15:04 +0000] "GET /css/hover.css HTTP/1.1" 200 7051 "https://www.toplokacija-nekretnine.com/" "Mozilla/5.0 (Linux; Android 8.0.0; SM-G935F) AppleWebKit/537.36 (KHTML, like Gecko) Chrome/76.0.3809.89 Mobile Safari/537.36"
213.149.51.16 - - [05/Aug/2019:13:15:04 +0000] "GET /css/responsive.css?v=4 HTTP/1.1" 200 1151 "https://www.toplokacija-nekretnine.com/" "Mozilla/5.0 (Linux; Android 8.0.0; SM-G935F) AppleWebKit/537.36 (KHTML, like Gecko) Chrome/76.0.3809.89 Mobile Safari/537.36"
213.149.51.16 - - [05/Aug/2019:13:15:04 +0000] "GET /css/cookieconsent.min.css HTTP/1.1" 200 1209 "https://www.toplokacija-nekretnine.com/" "Mozilla/5.0 (Linux; Android 8.0.0; SM-G935F) AppleWebKit/537.36 (KHTML, like Gecko) Chrome/76.0.3809.89 Mobile Safari/537.36"
213.149.51.16 - - [05/Aug/2019:13:15:04 +0000] "GET /css/vegas.css HTTP/1.1" 200 1522 "https://www.toplokacija-nekretnine.com/" "Mozilla/5.0 (Linux; Android 8.0.0; SM-G935F) AppleWebKit/537.36 (KHTML, like Gecko) Chrome/76.0.3809.89 Mobile Safari/537.36"
213.149.51.16 - - [05/Aug/2019:13:15:04 +0000] "GET /css/icofont.css HTTP/1.1" 200 16775 "https://www.toplokacija-nekretnine.com/" "Mozilla/5.0 (Linux; Android 8.0.0; SM-G935F) AppleWebKit/537.36 (KHTML, like Gecko) Chrome/76.0.3809.89 Mobile Safari/537.36"
213.149.51.16 - - [05/Aug/2019:13:15:04 +0000] "GET /css/bootstrap-dropdownhover.css HTTP/1.1" 200 433 "https://www.toplokacija-nekretnine.com/" "Mozilla/5.0 (Linux; Android 8.0.0; SM-G935F) AppleWebKit/537.36 (KHTML, like Gecko) Chrome/76.0.3809.89 Mobile Safari/537.36"
213.149.51.16 - - [05/Aug/2019:13:15:04 +0000] "GET /images/logo_hr.png HTTP/1.1" 200 5600 "https://www.toplokacija-nekretnine.com/" "Mozilla/5.0 (Linux; Android 8.0.0; SM-G935F) AppleWebKit/537.36 (KHTML, like Gecko) Chrome/76.0.3809.89 Mobile Safari/537.36"
213.149.51.16 - - [05/Aug/2019:13:15:04 +0000] "GET /css/animations.css HTTP/1.1" 200 2856 "https://www.toplokacija-nekretnine.com/" "Mozilla/5.0 (Linux; Android 8.0.0; SM-G935F) AppleWebKit/537.36 (KHTML, like Gecko) Chrome/76.0.3809.89 Mobile Safari/537.36"
213.149.51.16 - - [05/Aug/2019:13:15:04 +0000] "GET /css/animate.min.css HTTP/1.1" 200 3598 "https://www.toplokacija-nekretnine.com/" "Mozilla/5.0 (Linux; Android 8.0.0; SM-G935F) AppleWebKit/537.36 (KHTML, like Gecko) Chrome/76.0.3809.89 Mobile Safari/537.36"
213.149.51.16 - - [05/Aug/2019:13:15:04 +0000] "GET /js/jquery.min.js HTTP/1.1" 200 29820 "https://www.toplokacija-nekretnine.com/" "Mozilla/5.0 (Linux; Android 8.0.0; SM-G935F) AppleWebKit/537.36 (KHTML, like Gecko) Chrome/76.0.3809.89 Mobile Safari/537.36"
213.149.51.16 - - [05/Aug/2019:13:15:04 +0000] "GET /js/bootstrap.min.js HTTP/1.1" 200 9833 "https://www.toplokacija-nekretnine.com/" "Mozilla/5.0 (Linux; Android 8.0.0; SM-G935F) AppleWebKit/537.36 (KHTML, like Gecko) Chrome/76.0.3809.89 Mobile Safari/537.36"
213.149.51.16 - - [05/Aug/2019:13:15:04 +0000] "GET /js/css3-animate-it.js HTTP/1.1" 200 1504 "https://www.toplokacija-nekretnine.com/" "Mozilla/5.0 (Linux; Android 8.0.0; SM-G935F) AppleWebKit/537.36 (KHTML, like Gecko) Chrome/76.0.3809.89 Mobile Safari/537.36"
213.149.51.16 - - [05/Aug/2019:13:15:04 +0000] "GET /js/bootstrap-dropdownhover.min.js HTTP/1.1" 200 1355 "https://www.toplokacija-nekretnine.com/" "Mozilla/5.0 (Linux; Android 8.0.0; SM-G935F) AppleWebKit/537.36 (KHTML, like Gecko) Chrome/76.0.3809.89 Mobile Safari/537.36"
213.149.51.16 - - [05/Aug/2019:13:15:04 +0000] "GET /js/dyscrollup.js HTTP/1.1" 200 704 "https://www.toplokacija-nekretnine.com/" "Mozilla/5.0 (Linux; Android 8.0.0; SM-G935F) AppleWebKit/537.36 (KHTML, like Gecko) Chrome/76.0.3809.89 Mobile Safari/537.36"
213.149.51.16 - - [05/Aug/2019:13:15:04 +0000] "GET /js/jarallax.js HTTP/1.1" 200 2670 "https://www.toplokacija-nekretnine.com/" "Mozilla/5.0 (Linux; Android 8.0.0; SM-G935F) AppleWebKit/537.36 (KHTML, like Gecko) Chrome/76.0.3809.89 Mobile Safari/537.36"
213.149.51.16 - - [05/Aug/2019:13:15:04 +0000] "GET /js/jquery-scrolltofixed-min.js HTTP/1.1" 200 1717 "https://www.toplokacija-nekretnine.com/" "Mozilla/5.0 (Linux; Android 8.0.0; SM-G935F) AppleWebKit/537.36 (KHTML, like Gecko) Chrome/76.0.3809.89 Mobile Safari/537.36"
213.149.51.16 - - [05/Aug/2019:13:15:04 +0000] "GET /js/main.js?v=4 HTTP/1.1" 200 551 "https://www.toplokacija-nekretnine.com/" "Mozilla/5.0 (Linux; Android 8.0.0; SM-G935F) AppleWebKit/537.36 (KHTML, like Gecko) Chrome/76.0.3809.89 Mobile Safari/537.36"
213.149.51.16 - - [05/Aug/2019:13:15:04 +0000] "GET /js/cookieconsent.min.js HTTP/1.1" 200 6849 "https://www.toplokacija-nekretnine.com/" "Mozilla/5.0 (Linux; Android 8.0.0; SM-G935F) AppleWebKit/537.36 (KHTML, like Gecko) Chrome/76.0.3809.89 Mobile Safari/537.36"
213.149.51.16 - - [05/Aug/2019:13:15:04 +0000] "GET /js/vegas.min.js HTTP/1.1" 200 3068 "https://www.toplokacija-nekretnine.com/" "Mozilla/5.0 (Linux; Android 8.0.0; SM-G935F) AppleWebKit/537.36 (KHTML, like Gecko) Chrome/76.0.3809.89 Mobile Safari/537.36"
213.149.51.16 - - [05/Aug/2019:13:15:04 +0000] "GET /uploads/thumbnails/884ccf315fda60dc6fcbd2b4a3db759a.jpg HTTP/1.1" 200 44526 "https://www.toplokacija-nekretnine.com/" "Mozilla/5.0 (Linux; Android 8.0.0; SM-G935F) AppleWebKit/537.36 (KHTML, like Gecko) Chrome/76.0.3809.89 Mobile Safari/537.36"
213.149.51.16 - - [05/Aug/2019:13:15:04 +0000] "GET /images/about_us_hr.png HTTP/1.1" 200 7915 "https://www.toplokacija-nekretnine.com/" "Mozilla/5.0 (Linux; Android 8.0.0; SM-G935F) AppleWebKit/537.36 (KHTML, like Gecko) Chrome/76.0.3809.89 Mobile Safari/537.36"
213.149.51.16 - - [05/Aug/2019:13:15:04 +0000] "GET /uploads/thumbnails/d38d156172b3fe670c7e78d3bd3b1910.jpg HTTP/1.1" 200 34330 "https://www.toplokacija-nekretnine.com/" "Mozilla/5.0 (Linux; Android 8.0.0; SM-G935F) AppleWebKit/537.36 (KHTML, like Gecko) Chrome/76.0.3809.89 Mobile Safari/537.36"
213.149.51.16 - - [05/Aug/2019:13:15:04 +0000] "GET /uploads/thumbnails/6be0a155aaedef264a5f5aaacc21d7de.jpg HTTP/1.1" 200 39788 "https://www.toplokacija-nekretnine.com/" "Mozilla/5.0 (Linux; Android 8.0.0; SM-G935F) AppleWebKit/537.36 (KHTML, like Gecko) Chrome/76.0.3809.89 Mobile Safari/537.36"
213.149.51.16 - - [05/Aug/2019:13:15:04 +0000] "GET /uploads/thumbnails/7473108ac3a0cc371d22c2b6bda37ac6.jpg HTTP/1.1" 200 35921 "https://www.toplokacija-nekretnine.com/" "Mozilla/5.0 (Linux; Android 8.0.0; SM-G935F) AppleWebKit/537.36 (KHTML, like Gecko) Chrome/76.0.3809.89 Mobile Safari/537.36"
