40.77.167.113 - - [06/Aug/2019:00:06:45 +0000] "GET / HTTP/1.1" 200 8920 "-" "Mozilla/5.0 (compatible; bingbot/2.0; +http://www.bing.com/bingbot.htm)"
40.77.167.113 - - [06/Aug/2019:00:06:55 +0000] "GET /css/vegas.css HTTP/1.1" 200 1522 "-" "Mozilla/5.0 (compatible; bingbot/2.0; +http://www.bing.com/bingbot.htm)"
207.46.13.169 - - [06/Aug/2019:00:06:59 +0000] "GET /assets/plugins/flag/flags/4x3/gb.svg HTTP/1.1" 200 989 "-" "Mozilla/5.0 (compatible; bingbot/2.0; +http://www.bing.com/bingbot.htm)"
207.46.13.26 - - [06/Aug/2019:00:07:04 +0000] "GET /js/vegas.min.js HTTP/1.1" 200 3068 "-" "Mozilla/5.0 (compatible; bingbot/2.0; +http://www.bing.com/bingbot.htm)"
66.249.66.205 - - [06/Aug/2019:00:07:56 +0000] "GET /hr/stanovi/zadar-plovanija-noviji-stan-52m2 HTTP/1.1" 200 6582 "-" "Mozilla/5.0 (Linux; Android 6.0.1; Nexus 5X Build/MMB29P) AppleWebKit/537.36 (KHTML, like Gecko) Chrome/41.0.2272.96 Mobile Safari/537.36 (compatible; Googlebot/2.1; +http://www.google.com/bot.html)"
207.46.13.26 - - [06/Aug/2019:00:13:26 +0000] "GET /en/services HTTP/1.1" 200 3648 "-" "Mozilla/5.0 (compatible; bingbot/2.0; +http://www.bing.com/bingbot.htm)"
66.249.66.205 - - [06/Aug/2019:00:17:24 +0000] "GET /hr/zemljista/privlaka-top-lokacija-20m-od-mora HTTP/1.1" 200 6054 "-" "Mozilla/5.0 (Linux; Android 6.0.1; Nexus 5X Build/MMB29P) AppleWebKit/537.36 (KHTML, like Gecko) Chrome/41.0.2272.96 Mobile Safari/537.36 (compatible; Googlebot/2.1; +http://www.google.com/bot.html)"
216.244.66.240 - - [06/Aug/2019:00:17:49 +0000] "GET /robots.txt HTTP/1.1" 301 257 "-" "Mozilla/5.0 (compatible; DotBot/1.1; http://www.opensiteexplorer.org/dotbot, help@moz.com)"
216.244.66.240 - - [06/Aug/2019:00:17:49 +0000] "GET /robots.txt HTTP/1.1" 200 24 "-" "Mozilla/5.0 (compatible; DotBot/1.1; http://www.opensiteexplorer.org/dotbot, help@moz.com)"
46.229.168.142 - - [06/Aug/2019:00:47:21 +0000] "GET /robots.txt HTTP/1.1" 200 24 "-" "Mozilla/5.0 (compatible; SemrushBot/3~bl; +http://www.semrush.com/bot.html)"
46.229.168.134 - - [06/Aug/2019:00:47:22 +0000] "GET /en/flats/top-exkluzivna-nekretnina-penthouse-zadar-visnjik HTTP/1.1" 200 7572 "-" "Mozilla/5.0 (compatible; SemrushBot/3~bl; +http://www.semrush.com/bot.html)"
66.249.66.205 - - [06/Aug/2019:01:02:54 +0000] "GET /zemljista/zaton-zemljiste-1042m2-sa-zapocetim-objektom-360m2-100m-od-mora HTTP/1.1" 500 26153 "-" "Mozilla/5.0 (Linux; Android 6.0.1; Nexus 5X Build/MMB29P) AppleWebKit/537.36 (KHTML, like Gecko) Chrome/41.0.2272.96 Mobile Safari/537.36 (compatible; Googlebot/2.1; +http://www.google.com/bot.html)"
216.244.66.240 - - [06/Aug/2019:01:03:20 +0000] "GET /robots.txt HTTP/1.1" 301 257 "-" "Mozilla/5.0 (compatible; DotBot/1.1; http://www.opensiteexplorer.org/dotbot, help@moz.com)"
216.244.66.240 - - [06/Aug/2019:01:03:21 +0000] "GET /robots.txt HTTP/1.1" 200 24 "-" "Mozilla/5.0 (compatible; DotBot/1.1; http://www.opensiteexplorer.org/dotbot, help@moz.com)"
66.249.66.201 - - [06/Aug/2019:01:03:52 +0000] "GET /poslovni-prostori/poluotok-top-lokacija-poslovni-prostor-22m2 HTTP/1.1" 500 26153 "-" "Mozilla/5.0 (Linux; Android 6.0.1; Nexus 5X Build/MMB29P) AppleWebKit/537.36 (KHTML, like Gecko) Chrome/41.0.2272.96 Mobile Safari/537.36 (compatible; Googlebot/2.1; +http://www.google.com/bot.html)"
46.229.168.139 - - [06/Aug/2019:01:22:34 +0000] "GET /robots.txt HTTP/1.1" 200 24 "-" "Mozilla/5.0 (compatible; SemrushBot/3~bl; +http://www.semrush.com/bot.html)"
46.229.168.139 - - [06/Aug/2019:01:22:35 +0000] "GET /en/houses/diklo-kuca-170m2-s-2-stana-20m-od-mora HTTP/1.1" 200 6634 "-" "Mozilla/5.0 (compatible; SemrushBot/3~bl; +http://www.semrush.com/bot.html)"
66.249.66.203 - - [06/Aug/2019:01:33:09 +0000] "GET /hr/stanovi?page=2 HTTP/1.1" 200 5175 "-" "Mozilla/5.0 (Linux; Android 6.0.1; Nexus 5X Build/MMB29P) AppleWebKit/537.36 (KHTML, like Gecko) Chrome/41.0.2272.96 Mobile Safari/537.36 (compatible; Googlebot/2.1; +http://www.google.com/bot.html)"
66.249.66.205 - - [06/Aug/2019:02:01:33 +0000] "GET /hr/zemljista/bibinje-predio-rezani-1700m2 HTTP/1.1" 200 6079 "-" "Mozilla/5.0 (Linux; Android 6.0.1; Nexus 5X Build/MMB29P) AppleWebKit/537.36 (KHTML, like Gecko) Chrome/41.0.2272.96 Mobile Safari/537.36 (compatible; Googlebot/2.1; +http://www.google.com/bot.html)"
66.249.66.201 - - [06/Aug/2019:02:03:47 +0000] "GET /zemljista/zaton-zemljiste-1042m2-sa-zapocetim-objektom-360m2-100m-od-mora HTTP/1.1" 500 26153 "-" "Mozilla/5.0 (Linux; Android 6.0.1; Nexus 5X Build/MMB29P) AppleWebKit/537.36 (KHTML, like Gecko) Chrome/41.0.2272.96 Mobile Safari/537.36 (compatible; Googlebot/2.1; +http://www.google.com/bot.html)"
40.77.167.148 - - [06/Aug/2019:02:25:05 +0000] "GET /hr/apartmani/zadar-kozino-top-lokacija-50m-od-mora-6420m2 HTTP/1.1" 200 6874 "-" "Mozilla/5.0 (compatible; bingbot/2.0; +http://www.bing.com/bingbot.htm)"
216.244.66.240 - - [06/Aug/2019:02:34:31 +0000] "GET /robots.txt HTTP/1.1" 301 257 "-" "Mozilla/5.0 (compatible; DotBot/1.1; http://www.opensiteexplorer.org/dotbot, help@moz.com)"
216.244.66.240 - - [06/Aug/2019:02:34:32 +0000] "GET /robots.txt HTTP/1.1" 200 24 "-" "Mozilla/5.0 (compatible; DotBot/1.1; http://www.opensiteexplorer.org/dotbot, help@moz.com)"
46.229.168.150 - - [06/Aug/2019:02:42:26 +0000] "GET /robots.txt HTTP/1.1" 200 24 "-" "Mozilla/5.0 (compatible; SemrushBot/3~bl; +http://www.semrush.com/bot.html)"
46.229.168.145 - - [06/Aug/2019:02:42:27 +0000] "GET /stanovi/top-exkluzivna-nekretnina-penthouse-zadar-visnjik HTTP/1.1" 200 7650 "-" "Mozilla/5.0 (compatible; SemrushBot/3~bl; +http://www.semrush.com/bot.html)"
46.229.168.148 - - [06/Aug/2019:02:54:05 +0000] "GET /hr/stanovi/zadar-borik-novogradnja-ekskluzivan-top-objekt-s-5-stanova-1kat-7199m2 HTTP/1.1" 200 7146 "-" "Mozilla/5.0 (compatible; SemrushBot/3~bl; +http://www.semrush.com/bot.html)"
66.249.66.201 - - [06/Aug/2019:02:58:23 +0000] "GET /hr/apartmani/prilika-pag-riva-1red-uz-more-top-lokacija-65m2 HTTP/1.1" 200 6120 "-" "Mozilla/5.0 (Linux; Android 6.0.1; Nexus 5X Build/MMB29P) AppleWebKit/537.36 (KHTML, like Gecko) Chrome/41.0.2272.96 Mobile Safari/537.36 (compatible; Googlebot/2.1; +http://www.google.com/bot.html)"
111.225.149.228 - - [06/Aug/2019:03:01:09 +0000] "GET /kuce/zaton-moderna-kuca-s-4-apartmana-i-bazenom HTTP/1.1" 200 7191 "-" "Mozilla/5.0 (Linux; Android 5.0; SM-G900P Build/LRX21T) AppleWebKit/537.36 (KHTML, like Gecko) Chrome/53.0.6345.1327 Mobile Safari/537.36; Bytespider"
111.225.149.228 - - [06/Aug/2019:03:01:09 +0000] "GET /css/bootstrap.min.css HTTP/1.1" 200 19744 "https://www.toplokacija-nekretnine.com/kuce/zaton-moderna-kuca-s-4-apartmana-i-bazenom" "Mozilla/5.0 (Linux; Android 5.0; SM-G900P Build/LRX21T) AppleWebKit/537.36 (KHTML, like Gecko) Chrome/53.0.6345.1327 Mobile Safari/537.36; Bytespider"
111.225.149.221 - - [06/Aug/2019:03:01:10 +0000] "GET /css/icofont.css HTTP/1.1" 200 16775 "https://www.toplokacija-nekretnine.com/kuce/zaton-moderna-kuca-s-4-apartmana-i-bazenom" "Mozilla/5.0 (Linux; Android 5.0; SM-G900P Build/LRX21T) AppleWebKit/537.36 (KHTML, like Gecko) Chrome/53.0.6345.1327 Mobile Safari/537.36; Bytespider"
111.225.149.221 - - [06/Aug/2019:03:01:10 +0000] "GET /css/bootstrap-dropdownhover.css HTTP/1.1" 200 433 "https://www.toplokacija-nekretnine.com/kuce/zaton-moderna-kuca-s-4-apartmana-i-bazenom" "Mozilla/5.0 (Linux; Android 5.0; SM-G900P Build/LRX21T) AppleWebKit/537.36 (KHTML, like Gecko) Chrome/53.0.6345.1327 Mobile Safari/537.36; Bytespider"
111.225.149.221 - - [06/Aug/2019:03:01:10 +0000] "GET /css/font-awesome.min.css HTTP/1.1" 200 7053 "https://www.toplokacija-nekretnine.com/kuce/zaton-moderna-kuca-s-4-apartmana-i-bazenom" "Mozilla/5.0 (Linux; Android 5.0; SM-G900P Build/LRX21T) AppleWebKit/537.36 (KHTML, like Gecko) Chrome/53.0.6345.1327 Mobile Safari/537.36; Bytespider"
111.225.149.221 - - [06/Aug/2019:03:01:10 +0000] "GET /css/hover.css HTTP/1.1" 200 7051 "https://www.toplokacija-nekretnine.com/kuce/zaton-moderna-kuca-s-4-apartmana-i-bazenom" "Mozilla/5.0 (Linux; Android 5.0; SM-G900P Build/LRX21T) AppleWebKit/537.36 (KHTML, like Gecko) Chrome/53.0.6345.1327 Mobile Safari/537.36; Bytespider"
111.225.149.221 - - [06/Aug/2019:03:01:10 +0000] "GET /css/cookieconsent.min.css HTTP/1.1" 200 1209 "https://www.toplokacija-nekretnine.com/kuce/zaton-moderna-kuca-s-4-apartmana-i-bazenom" "Mozilla/5.0 (Linux; Android 5.0; SM-G900P Build/LRX21T) AppleWebKit/537.36 (KHTML, like Gecko) Chrome/53.0.6345.1327 Mobile Safari/537.36; Bytespider"
111.225.149.221 - - [06/Aug/2019:03:01:10 +0000] "GET /css/style.css?v=15 HTTP/1.1" 200 7634 "https://www.toplokacija-nekretnine.com/kuce/zaton-moderna-kuca-s-4-apartmana-i-bazenom" "Mozilla/5.0 (Linux; Android 5.0; SM-G900P Build/LRX21T) AppleWebKit/537.36 (KHTML, like Gecko) Chrome/53.0.6345.1327 Mobile Safari/537.36; Bytespider"
111.225.149.221 - - [06/Aug/2019:03:01:10 +0000] "GET /css/animations.css HTTP/1.1" 200 2856 "https://www.toplokacija-nekretnine.com/kuce/zaton-moderna-kuca-s-4-apartmana-i-bazenom" "Mozilla/5.0 (Linux; Android 5.0; SM-G900P Build/LRX21T) AppleWebKit/537.36 (KHTML, like Gecko) Chrome/53.0.6345.1327 Mobile Safari/537.36; Bytespider"
111.225.149.221 - - [06/Aug/2019:03:01:10 +0000] "GET /css/responsive.css?v=4 HTTP/1.1" 200 1151 "https://www.toplokacija-nekretnine.com/kuce/zaton-moderna-kuca-s-4-apartmana-i-bazenom" "Mozilla/5.0 (Linux; Android 5.0; SM-G900P Build/LRX21T) AppleWebKit/537.36 (KHTML, like Gecko) Chrome/53.0.6345.1327 Mobile Safari/537.36; Bytespider"
111.225.149.221 - - [06/Aug/2019:03:01:10 +0000] "GET /css/animate.min.css HTTP/1.1" 200 3598 "https://www.toplokacija-nekretnine.com/kuce/zaton-moderna-kuca-s-4-apartmana-i-bazenom" "Mozilla/5.0 (Linux; Android 5.0; SM-G900P Build/LRX21T) AppleWebKit/537.36 (KHTML, like Gecko) Chrome/53.0.6345.1327 Mobile Safari/537.36; Bytespider"
111.225.149.221 - - [06/Aug/2019:03:01:10 +0000] "GET /assets/plugins/flag/css/flag-icon.css HTTP/1.1" 200 2837 "https://www.toplokacija-nekretnine.com/kuce/zaton-moderna-kuca-s-4-apartmana-i-bazenom" "Mozilla/5.0 (Linux; Android 5.0; SM-G900P Build/LRX21T) AppleWebKit/537.36 (KHTML, like Gecko) Chrome/53.0.6345.1327 Mobile Safari/537.36; Bytespider"
111.225.149.221 - - [06/Aug/2019:03:01:11 +0000] "GET /unitegallery/css/unite-gallery.css HTTP/1.1" 200 4825 "https://www.toplokacija-nekretnine.com/kuce/zaton-moderna-kuca-s-4-apartmana-i-bazenom" "Mozilla/5.0 (Linux; Android 5.0; SM-G900P Build/LRX21T) AppleWebKit/537.36 (KHTML, like Gecko) Chrome/53.0.6345.1327 Mobile Safari/537.36; Bytespider"
111.225.149.221 - - [06/Aug/2019:03:01:11 +0000] "GET /js/jquery.min.js HTTP/1.1" 200 29820 "https://www.toplokacija-nekretnine.com/kuce/zaton-moderna-kuca-s-4-apartmana-i-bazenom" "Mozilla/5.0 (Linux; Android 5.0; SM-G900P Build/LRX21T) AppleWebKit/537.36 (KHTML, like Gecko) Chrome/53.0.6345.1327 Mobile Safari/537.36; Bytespider"
111.225.149.221 - - [06/Aug/2019:03:01:11 +0000] "GET /js/bootstrap.min.js HTTP/1.1" 200 9833 "https://www.toplokacija-nekretnine.com/kuce/zaton-moderna-kuca-s-4-apartmana-i-bazenom" "Mozilla/5.0 (Linux; Android 5.0; SM-G900P Build/LRX21T) AppleWebKit/537.36 (KHTML, like Gecko) Chrome/53.0.6345.1327 Mobile Safari/537.36; Bytespider"
111.225.149.221 - - [06/Aug/2019:03:01:11 +0000] "GET /js/css3-animate-it.js HTTP/1.1" 200 1504 "https://www.toplokacija-nekretnine.com/kuce/zaton-moderna-kuca-s-4-apartmana-i-bazenom" "Mozilla/5.0 (Linux; Android 5.0; SM-G900P Build/LRX21T) AppleWebKit/537.36 (KHTML, like Gecko) Chrome/53.0.6345.1327 Mobile Safari/537.36; Bytespider"
111.225.149.221 - - [06/Aug/2019:03:01:11 +0000] "GET /js/bootstrap-dropdownhover.min.js HTTP/1.1" 200 1355 "https://www.toplokacija-nekretnine.com/kuce/zaton-moderna-kuca-s-4-apartmana-i-bazenom" "Mozilla/5.0 (Linux; Android 5.0; SM-G900P Build/LRX21T) AppleWebKit/537.36 (KHTML, like Gecko) Chrome/53.0.6345.1327 Mobile Safari/537.36; Bytespider"
111.225.149.228 - - [06/Aug/2019:03:01:11 +0000] "GET /js/jarallax.js HTTP/1.1" 200 2670 "https://www.toplokacija-nekretnine.com/kuce/zaton-moderna-kuca-s-4-apartmana-i-bazenom" "Mozilla/5.0 (Linux; Android 5.0; SM-G900P Build/LRX21T) AppleWebKit/537.36 (KHTML, like Gecko) Chrome/53.0.6345.1327 Mobile Safari/537.36; Bytespider"
111.225.149.221 - - [06/Aug/2019:03:01:11 +0000] "GET /js/jquery-scrolltofixed-min.js HTTP/1.1" 200 1717 "https://www.toplokacija-nekretnine.com/kuce/zaton-moderna-kuca-s-4-apartmana-i-bazenom" "Mozilla/5.0 (Linux; Android 5.0; SM-G900P Build/LRX21T) AppleWebKit/537.36 (KHTML, like Gecko) Chrome/53.0.6345.1327 Mobile Safari/537.36; Bytespider"
52.80.239.247 - - [06/Aug/2019:03:01:11 +0000] "GET /js/cookieconsent.min.js HTTP/1.1" 200 6849 "-" "Mozilla/5.0 (iPhone; CPU iPhone OS 11_0 like Mac OS X) AppleWebKit/537.36 (KHTML, like Gecko) Chrome/47.0.3258.1487 Mobile Safari/537.36"
52.80.239.247 - - [06/Aug/2019:03:01:11 +0000] "GET /js/dyscrollup.js HTTP/1.1" 200 704 "-" "Mozilla/5.0 (iPhone; CPU iPhone OS 11_0 like Mac OS X) AppleWebKit/537.36 (KHTML, like Gecko) Chrome/51.0.2541.1659 Mobile Safari/537.36"
111.225.149.221 - - [06/Aug/2019:03:01:11 +0000] "GET /js/dyscrollup.js HTTP/1.1" 200 704 "https://www.toplokacija-nekretnine.com/kuce/zaton-moderna-kuca-s-4-apartmana-i-bazenom" "Mozilla/5.0 (Linux; Android 5.0; SM-G900P Build/LRX21T) AppleWebKit/537.36 (KHTML, like Gecko) Chrome/53.0.6345.1327 Mobile Safari/537.36; Bytespider"
111.225.149.221 - - [06/Aug/2019:03:01:11 +0000] "GET /js/cookieconsent.min.js HTTP/1.1" 200 6849 "https://www.toplokacija-nekretnine.com/kuce/zaton-moderna-kuca-s-4-apartmana-i-bazenom" "Mozilla/5.0 (Linux; Android 5.0; SM-G900P Build/LRX21T) AppleWebKit/537.36 (KHTML, like Gecko) Chrome/53.0.6345.1327 Mobile Safari/537.36; Bytespider"
111.225.149.221 - - [06/Aug/2019:03:01:11 +0000] "GET /js/main.js?v=4 HTTP/1.1" 200 551 "https://www.toplokacija-nekretnine.com/kuce/zaton-moderna-kuca-s-4-apartmana-i-bazenom" "Mozilla/5.0 (Linux; Android 5.0; SM-G900P Build/LRX21T) AppleWebKit/537.36 (KHTML, like Gecko) Chrome/53.0.6345.1327 Mobile Safari/537.36; Bytespider"
52.80.239.247 - - [06/Aug/2019:03:01:11 +0000] "GET /js/jquery.min.js HTTP/1.1" 200 29820 "-" "Mozilla/5.0 (Linux; Android 5.0; SM-G900P Build/LRX21T) AppleWebKit/537.36 (KHTML, like Gecko) Chrome/56.0.1583.1717 Mobile Safari/537.36"
52.80.239.247 - - [06/Aug/2019:03:01:11 +0000] "GET /css/cookieconsent.min.css HTTP/1.1" 200 1209 "-" "Mozilla/5.0 (Linux; Android 6.0; Nexus 5 Build/MRA58N) AppleWebKit/537.36 (KHTML, like Gecko) Chrome/47.0.5561.1887 Mobile Safari/537.36"
111.225.149.228 - - [06/Aug/2019:03:01:11 +0000] "GET /unitegallery/js/jquery-11.0.min.js HTTP/1.1" 200 33369 "https://www.toplokacija-nekretnine.com/kuce/zaton-moderna-kuca-s-4-apartmana-i-bazenom" "Mozilla/5.0 (Linux; Android 5.0; SM-G900P Build/LRX21T) AppleWebKit/537.36 (KHTML, like Gecko) Chrome/53.0.6345.1327 Mobile Safari/537.36; Bytespider"
54.222.212.129 - - [06/Aug/2019:03:01:11 +0000] "GET /css/responsive.css?v=4 HTTP/1.1" 200 1151 "-" "Mozilla/5.0 (Linux; Android 6.0; Nexus 5 Build/MRA58N) AppleWebKit/537.36 (KHTML, like Gecko) Chrome/56.0.8416.1675 Mobile Safari/537.36"
54.222.212.129 - - [06/Aug/2019:03:01:11 +0000] "GET /css/animate.min.css HTTP/1.1" 200 3598 "-" "Mozilla/5.0 (Linux; Android 5.0; SM-G900P Build/LRX21T) AppleWebKit/537.36 (KHTML, like Gecko) Chrome/42.0.1530.1839 Mobile Safari/537.36"
54.222.212.129 - - [06/Aug/2019:03:01:11 +0000] "GET /css/hover.css HTTP/1.1" 200 7051 "-" "Mozilla/5.0 (Linux; Android 8.0; Pixel 2 Build/OPD3.170816.012) AppleWebKit/537.36 (KHTML, like Gecko) Chrome/59.0.6295.1903 Mobile Safari/537.36"
54.222.212.129 - - [06/Aug/2019:03:01:11 +0000] "GET /js/jquery-scrolltofixed-min.js HTTP/1.1" 200 1717 "-" "Mozilla/5.0 (Linux; Android 8.0; Pixel 2 Build/OPD3.170816.012) AppleWebKit/537.36 (KHTML, like Gecko) Chrome/48.0.5946.1104 Mobile Safari/537.36"
54.223.27.19 - - [06/Aug/2019:03:01:11 +0000] "GET /unitegallery/themes/compact/ug-theme-compact.js HTTP/1.1" 200 2477 "-" "Mozilla/5.0 (Linux; Android 5.0; SM-G900P Build/LRX21T) AppleWebKit/537.36 (KHTML, like Gecko) Chrome/57.0.4396.1646 Mobile Safari/537.36"
54.222.212.129 - - [06/Aug/2019:03:01:11 +0000] "GET /assets/plugins/flag/css/flag-icon.css HTTP/1.1" 200 2837 "-" "Mozilla/5.0 (iPhone; CPU iPhone OS 11_0 like Mac OS X) AppleWebKit/537.36 (KHTML, like Gecko) Chrome/59.0.7734.1770 Mobile Safari/537.36"
111.225.149.221 - - [06/Aug/2019:03:01:11 +0000] "GET /unitegallery/js/unitegallery.min.js HTTP/1.1" 200 66910 "https://www.toplokacija-nekretnine.com/kuce/zaton-moderna-kuca-s-4-apartmana-i-bazenom" "Mozilla/5.0 (Linux; Android 5.0; SM-G900P Build/LRX21T) AppleWebKit/537.36 (KHTML, like Gecko) Chrome/53.0.6345.1327 Mobile Safari/537.36; Bytespider"
54.223.27.19 - - [06/Aug/2019:03:01:11 +0000] "GET /unitegallery/js/jquery-11.0.min.js HTTP/1.1" 200 33369 "-" "Mozilla/5.0 (Linux; Android 6.0; Nexus 5 Build/MRA58N) AppleWebKit/537.36 (KHTML, like Gecko) Chrome/39.0.6906.1654 Mobile Safari/537.36"
54.223.27.19 - - [06/Aug/2019:03:01:11 +0000] "GET /js/main.js?v=4 HTTP/1.1" 200 551 "-" "Mozilla/5.0 (Linux; Android 5.0; SM-G900P Build/LRX21T) AppleWebKit/537.36 (KHTML, like Gecko) Chrome/55.0.3304.1229 Mobile Safari/537.36"
111.225.149.221 - - [06/Aug/2019:03:01:11 +0000] "GET /unitegallery/themes/compact/ug-theme-compact.js HTTP/1.1" 200 2477 "https://www.toplokacija-nekretnine.com/kuce/zaton-moderna-kuca-s-4-apartmana-i-bazenom" "Mozilla/5.0 (Linux; Android 5.0; SM-G900P Build/LRX21T) AppleWebKit/537.36 (KHTML, like Gecko) Chrome/53.0.6345.1327 Mobile Safari/537.36; Bytespider"
111.225.149.221 - - [06/Aug/2019:03:01:11 +0000] "GET /fonts/fontawesome-webfont.woff2?v=4.7.0 HTTP/1.1" 200 77160 "https://www.toplokacija-nekretnine.com/css/font-awesome.min.css" "Mozilla/5.0 (Linux; Android 5.0; SM-G900P Build/LRX21T) AppleWebKit/537.36 (KHTML, like Gecko) Chrome/53.0.6345.1327 Mobile Safari/537.36; Bytespider"
52.80.190.124 - - [06/Aug/2019:03:01:11 +0000] "GET /js/jarallax.js HTTP/1.1" 200 2670 "-" "Mozilla/5.0 (Linux; Android 8.0; Pixel 2 Build/OPD3.170816.012) AppleWebKit/537.36 (KHTML, like Gecko) Chrome/58.0.5318.1347 Mobile Safari/537.36"
54.222.212.191 - - [06/Aug/2019:03:01:12 +0000] "GET /css/bootstrap-dropdownhover.css HTTP/1.1" 200 433 "-" "Mozilla/5.0 (Linux; Android 6.0; Nexus 5 Build/MRA58N) AppleWebKit/537.36 (KHTML, like Gecko) Chrome/46.0.2617.1435 Mobile Safari/537.36"
54.222.212.129 - - [06/Aug/2019:03:01:12 +0000] "GET /css/animations.css HTTP/1.1" 200 2856 "-" "Mozilla/5.0 (Linux; Android 8.0; Pixel 2 Build/OPD3.170816.012) AppleWebKit/537.36 (KHTML, like Gecko) Chrome/42.0.8428.1318 Mobile Safari/537.36"
54.222.212.191 - - [06/Aug/2019:03:01:12 +0000] "GET /js/bootstrap.min.js HTTP/1.1" 200 9833 "-" "Mozilla/5.0 (Linux; Android 5.0; SM-G900P Build/LRX21T) AppleWebKit/537.36 (KHTML, like Gecko) Chrome/47.0.3234.1168 Mobile Safari/537.36"
52.80.239.247 - - [06/Aug/2019:03:01:12 +0000] "GET /css/font-awesome.min.css HTTP/1.1" 200 7053 "-" "Mozilla/5.0 (Linux; Android 5.0; SM-G900P Build/LRX21T) AppleWebKit/537.36 (KHTML, like Gecko) Chrome/44.0.5995.1275 Mobile Safari/537.36"
54.222.212.191 - - [06/Aug/2019:03:01:12 +0000] "GET /js/css3-animate-it.js HTTP/1.1" 200 1504 "-" "Mozilla/5.0 (Linux; Android 8.0; Pixel 2 Build/OPD3.170816.012) AppleWebKit/537.36 (KHTML, like Gecko) Chrome/50.0.5087.1342 Mobile Safari/537.36"
54.222.212.129 - - [06/Aug/2019:03:01:12 +0000] "GET /js/bootstrap-dropdownhover.min.js HTTP/1.1" 200 1355 "-" "Mozilla/5.0 (Linux; Android 5.0; SM-G900P Build/LRX21T) AppleWebKit/537.36 (KHTML, like Gecko) Chrome/54.0.8095.1049 Mobile Safari/537.36"
54.223.27.19 - - [06/Aug/2019:03:01:13 +0000] "GET /css/bootstrap.min.css HTTP/1.1" 200 19744 "-" "Mozilla/5.0 (Linux; Android 8.0; Pixel 2 Build/OPD3.170816.012) AppleWebKit/537.36 (KHTML, like Gecko) Chrome/52.0.2404.1470 Mobile Safari/537.36"
54.222.212.191 - - [06/Aug/2019:03:01:13 +0000] "GET /css/icofont.css HTTP/1.1" 200 16775 "-" "Mozilla/5.0 (iPhone; CPU iPhone OS 11_0 like Mac OS X) AppleWebKit/537.36 (KHTML, like Gecko) Chrome/45.0.9550.1176 Mobile Safari/537.36"
54.222.212.129 - - [06/Aug/2019:03:01:14 +0000] "GET /css/style.css?v=15 HTTP/1.1" 200 7634 "-" "Mozilla/5.0 (Linux; Android 6.0; Nexus 5 Build/MRA58N) AppleWebKit/537.36 (KHTML, like Gecko) Chrome/51.0.8514.1799 Mobile Safari/537.36"
54.222.162.60 - - [06/Aug/2019:03:01:16 +0000] "GET /unitegallery/js/unitegallery.min.js HTTP/1.1" 200 66910 "-" "Mozilla/5.0 (Linux; Android 8.0; Pixel 2 Build/OPD3.170816.012) AppleWebKit/537.36 (KHTML, like Gecko) Chrome/57.0.5675.1964 Mobile Safari/537.36"
54.222.212.129 - - [06/Aug/2019:03:01:17 +0000] "GET /unitegallery/css/unite-gallery.css HTTP/1.1" 200 4825 "-" "Mozilla/5.0 (Linux; Android 5.0; SM-G900P Build/LRX21T) AppleWebKit/537.36 (KHTML, like Gecko) Chrome/56.0.9794.1585 Mobile Safari/537.36"
111.225.149.221 - - [06/Aug/2019:03:01:12 +0000] "GET /fonts/icofont.ttf?v=1.0.0-beta HTTP/1.1" 200 1018620 "https://www.toplokacija-nekretnine.com/css/icofont.css" "Mozilla/5.0 (Linux; Android 5.0; SM-G900P Build/LRX21T) AppleWebKit/537.36 (KHTML, like Gecko) Chrome/53.0.6345.1327 Mobile Safari/537.36; Bytespider"
111.225.149.228 - - [06/Aug/2019:03:01:41 +0000] "GET /fonts/icofont.woff?v=1.0.0-beta HTTP/1.1" 200 629908 "https://www.toplokacija-nekretnine.com/css/icofont.css" "Mozilla/5.0 (Linux; Android 5.0; SM-G900P Build/LRX21T) AppleWebKit/537.36 (KHTML, like Gecko) Chrome/53.0.6345.1327 Mobile Safari/537.36; Bytespider"
66.249.66.203 - - [06/Aug/2019:03:12:29 +0000] "GET /zemljista/zaton-zemljiste-1042m2-sa-zapocetim-objektom-360m2-100m-od-mora HTTP/1.1" 500 26153 "-" "Mozilla/5.0 (Linux; Android 6.0.1; Nexus 5X Build/MMB29P) AppleWebKit/537.36 (KHTML, like Gecko) Chrome/41.0.2272.96 Mobile Safari/537.36 (compatible; Googlebot/2.1; +http://www.google.com/bot.html)"
216.244.66.240 - - [06/Aug/2019:03:20:11 +0000] "GET /robots.txt HTTP/1.1" 301 257 "-" "Mozilla/5.0 (compatible; DotBot/1.1; http://www.opensiteexplorer.org/dotbot, help@moz.com)"
216.244.66.240 - - [06/Aug/2019:03:20:11 +0000] "GET /robots.txt HTTP/1.1" 200 24 "-" "Mozilla/5.0 (compatible; DotBot/1.1; http://www.opensiteexplorer.org/dotbot, help@moz.com)"
207.46.13.11 - - [06/Aug/2019:03:26:17 +0000] "GET /zemljista/poljica-poljoprivredno-na-granici-gradevinskog HTTP/1.1" 200 6303 "-" "Mozilla/5.0 (compatible; bingbot/2.0; +http://www.bing.com/bingbot.htm)"
60.169.77.98 - - [06/Aug/2019:03:27:45 +0000] "GET /wp-login.php HTTP/1.1" 301 259 "-" "Mozilla/5.0 (Windows NT 6.1; WOW64) AppleWebKit/537.36 (KHTML, like Gecko) Chrome/58.0.3029.110 Safari/537.36 SE 2.X MetaSr 1.0"
46.229.168.129 - - [06/Aug/2019:03:29:28 +0000] "GET /robots.txt HTTP/1.1" 200 24 "-" "Mozilla/5.0 (compatible; SemrushBot/3~bl; +http://www.semrush.com/bot.html)"
46.229.168.151 - - [06/Aug/2019:03:29:28 +0000] "GET /en/flats/prilika-bili-brig-komforan-cetverosoban-stan-92m2 HTTP/1.1" 200 6301 "-" "Mozilla/5.0 (compatible; SemrushBot/3~bl; +http://www.semrush.com/bot.html)"
207.46.13.46 - - [06/Aug/2019:03:34:16 +0000] "GET /hr/blog/savjeti-kako-razumno-investirati-u-nekretnine-na-jadranu HTTP/1.1" 200 5844 "-" "Mozilla/5.0 (compatible; bingbot/2.0; +http://www.bing.com/bingbot.htm)"
207.46.13.46 - - [06/Aug/2019:03:39:16 +0000] "GET /hr/zemljista/top-lokacija-udaljenost-od-mora-15m-zaton-uvala-jaz HTTP/1.1" 200 5983 "-" "Mozilla/5.0 (compatible; bingbot/2.0; +http://www.bing.com/bingbot.htm)"
66.249.64.107 - - [06/Aug/2019:03:45:42 +0000] "GET /hr/zemljista/bibinje-gradevinski-teren-770m2 HTTP/1.1" 200 6086 "-" "Mozilla/5.0 (Linux; Android 6.0.1; Nexus 5X Build/MMB29P) AppleWebKit/537.36 (KHTML, like Gecko) Chrome/41.0.2272.96 Mobile Safari/537.36 (compatible; Googlebot/2.1; +http://www.google.com/bot.html)"
54.36.148.14 - - [06/Aug/2019:04:02:57 +0000] "GET /robots.txt HTTP/1.1" 200 24 "-" "Mozilla/5.0 (compatible; AhrefsBot/6.1; +http://ahrefs.com/robot/)"
54.36.149.24 - - [06/Aug/2019:04:02:57 +0000] "GET /hr/poslovni-prostori HTTP/1.1" 200 5030 "-" "Mozilla/5.0 (compatible; AhrefsBot/6.1; +http://ahrefs.com/robot/)"
216.244.66.240 - - [06/Aug/2019:04:05:01 +0000] "GET /robots.txt HTTP/1.1" 301 257 "-" "Mozilla/5.0 (compatible; DotBot/1.1; http://www.opensiteexplorer.org/dotbot, help@moz.com)"
216.244.66.240 - - [06/Aug/2019:04:05:02 +0000] "GET /robots.txt HTTP/1.1" 200 24 "-" "Mozilla/5.0 (compatible; DotBot/1.1; http://www.opensiteexplorer.org/dotbot, help@moz.com)"
54.69.214.92 - - [06/Aug/2019:04:19:34 +0000] "GET / HTTP/1.1" 301 247 "-" "Mozilla/5.0 (Macintosh; Intel Mac OS X 10_10_3) AppleWebKit/537.36 (KHTML, like Gecko) Chrome/44.0.2403.89 Safari/537.36"
54.69.214.92 - - [06/Aug/2019:04:19:37 +0000] "GET / HTTP/1.1" 200 8920 "-" "Mozilla/5.0 (Macintosh; Intel Mac OS X 10_10_3) AppleWebKit/537.36 (KHTML, like Gecko) Chrome/44.0.2403.89 Safari/537.36"
66.249.80.41 - - [06/Aug/2019:04:28:27 +0000] "GET /kuce/zaton-moderna-kuca-s-4-apartmana-i-bazenom HTTP/1.1" 200 7189 "-" "Mozilla/5.0 (Linux; Android 4.2.1; en-us; Nexus 5 Build/JOP40D) AppleWebKit/535.19 (KHTML, like Gecko; googleweblight) Chrome/38.0.1025.166 Mobile Safari/535.19"
66.249.80.41 - - [06/Aug/2019:04:28:27 +0000] "GET /js/css3-animate-it.js HTTP/1.1" 200 1504 "https://www.toplokacija-nekretnine.com/kuce/zaton-moderna-kuca-s-4-apartmana-i-bazenom" "Mozilla/5.0 (Linux; Android 4.2.1; en-us; Nexus 5 Build/JOP40D) AppleWebKit/535.19 (KHTML, like Gecko; googleweblight) Chrome/38.0.1025.166 Mobile Safari/535.19"
66.249.80.41 - - [06/Aug/2019:04:28:27 +0000] "GET /css/responsive.css?v=4 HTTP/1.1" 200 1151 "https://www.toplokacija-nekretnine.com/kuce/zaton-moderna-kuca-s-4-apartmana-i-bazenom" "Mozilla/5.0 (Linux; Android 4.2.1; en-us; Nexus 5 Build/JOP40D) AppleWebKit/535.19 (KHTML, like Gecko; googleweblight) Chrome/38.0.1025.166 Mobile Safari/535.19"
66.249.80.41 - - [06/Aug/2019:04:28:27 +0000] "GET /js/cookieconsent.min.js HTTP/1.1" 200 6849 "https://www.toplokacija-nekretnine.com/kuce/zaton-moderna-kuca-s-4-apartmana-i-bazenom" "Mozilla/5.0 (Linux; Android 4.2.1; en-us; Nexus 5 Build/JOP40D) AppleWebKit/535.19 (KHTML, like Gecko; googleweblight) Chrome/38.0.1025.166 Mobile Safari/535.19"
66.249.80.43 - - [06/Aug/2019:04:28:27 +0000] "GET /css/bootstrap.min.css HTTP/1.1" 200 19744 "https://www.toplokacija-nekretnine.com/kuce/zaton-moderna-kuca-s-4-apartmana-i-bazenom" "Mozilla/5.0 (Linux; Android 4.2.1; en-us; Nexus 5 Build/JOP40D) AppleWebKit/535.19 (KHTML, like Gecko; googleweblight) Chrome/38.0.1025.166 Mobile Safari/535.19"
66.249.80.43 - - [06/Aug/2019:04:28:27 +0000] "GET /js/jarallax.js HTTP/1.1" 200 2670 "https://www.toplokacija-nekretnine.com/kuce/zaton-moderna-kuca-s-4-apartmana-i-bazenom" "Mozilla/5.0 (Linux; Android 4.2.1; en-us; Nexus 5 Build/JOP40D) AppleWebKit/535.19 (KHTML, like Gecko; googleweblight) Chrome/38.0.1025.166 Mobile Safari/535.19"
66.249.80.43 - - [06/Aug/2019:04:28:27 +0000] "GET /js/dyscrollup.js HTTP/1.1" 200 704 "https://www.toplokacija-nekretnine.com/kuce/zaton-moderna-kuca-s-4-apartmana-i-bazenom" "Mozilla/5.0 (Linux; Android 4.2.1; en-us; Nexus 5 Build/JOP40D) AppleWebKit/535.19 (KHTML, like Gecko; googleweblight) Chrome/38.0.1025.166 Mobile Safari/535.19"
66.249.80.43 - - [06/Aug/2019:04:28:27 +0000] "GET /css/font-awesome.min.css HTTP/1.1" 200 7053 "https://www.toplokacija-nekretnine.com/kuce/zaton-moderna-kuca-s-4-apartmana-i-bazenom" "Mozilla/5.0 (Linux; Android 4.2.1; en-us; Nexus 5 Build/JOP40D) AppleWebKit/535.19 (KHTML, like Gecko; googleweblight) Chrome/38.0.1025.166 Mobile Safari/535.19"
66.249.80.43 - - [06/Aug/2019:04:28:27 +0000] "GET /unitegallery/css/unite-gallery.css HTTP/1.1" 200 4825 "https://www.toplokacija-nekretnine.com/kuce/zaton-moderna-kuca-s-4-apartmana-i-bazenom" "Mozilla/5.0 (Linux; Android 4.2.1; en-us; Nexus 5 Build/JOP40D) AppleWebKit/535.19 (KHTML, like Gecko; googleweblight) Chrome/38.0.1025.166 Mobile Safari/535.19"
66.249.80.41 - - [06/Aug/2019:04:28:27 +0000] "GET /unitegallery/js/unitegallery.min.js HTTP/1.1" 200 66910 "https://www.toplokacija-nekretnine.com/kuce/zaton-moderna-kuca-s-4-apartmana-i-bazenom" "Mozilla/5.0 (Linux; Android 4.2.1; en-us; Nexus 5 Build/JOP40D) AppleWebKit/535.19 (KHTML, like Gecko; googleweblight) Chrome/38.0.1025.166 Mobile Safari/535.19"
66.249.80.43 - - [06/Aug/2019:04:28:27 +0000] "GET /unitegallery/themes/compact/ug-theme-compact.js HTTP/1.1" 200 2477 "https://www.toplokacija-nekretnine.com/kuce/zaton-moderna-kuca-s-4-apartmana-i-bazenom" "Mozilla/5.0 (Linux; Android 4.2.1; en-us; Nexus 5 Build/JOP40D) AppleWebKit/535.19 (KHTML, like Gecko; googleweblight) Chrome/38.0.1025.166 Mobile Safari/535.19"
66.249.80.43 - - [06/Aug/2019:04:28:27 +0000] "GET /js/main.js?v=4 HTTP/1.1" 200 551 "https://www.toplokacija-nekretnine.com/kuce/zaton-moderna-kuca-s-4-apartmana-i-bazenom" "Mozilla/5.0 (Linux; Android 4.2.1; en-us; Nexus 5 Build/JOP40D) AppleWebKit/535.19 (KHTML, like Gecko; googleweblight) Chrome/38.0.1025.166 Mobile Safari/535.19"
66.249.80.41 - - [06/Aug/2019:04:28:27 +0000] "GET /uploads/thumbnails/7473108ac3a0cc371d22c2b6bda37ac6.jpg HTTP/1.1" 200 35921 "https://www.toplokacija-nekretnine.com/kuce/zaton-moderna-kuca-s-4-apartmana-i-bazenom" "Mozilla/5.0 (Linux; Android 4.2.1; en-us; Nexus 5 Build/JOP40D) AppleWebKit/535.19 (KHTML, like Gecko; googleweblight) Chrome/38.0.1025.166 Mobile Safari/535.19"
66.249.80.43 - - [06/Aug/2019:04:28:27 +0000] "GET /images/logo_hr.png HTTP/1.1" 200 5600 "https://www.toplokacija-nekretnine.com/kuce/zaton-moderna-kuca-s-4-apartmana-i-bazenom" "Mozilla/5.0 (Linux; Android 4.2.1; en-us; Nexus 5 Build/JOP40D) AppleWebKit/535.19 (KHTML, like Gecko; googleweblight) Chrome/38.0.1025.166 Mobile Safari/535.19"
66.249.80.43 - - [06/Aug/2019:04:28:28 +0000] "GET /css/icofont.css HTTP/1.1" 200 16775 "https://www.toplokacija-nekretnine.com/kuce/zaton-moderna-kuca-s-4-apartmana-i-bazenom" "Mozilla/5.0 (Linux; Android 4.2.1; en-us; Nexus 5 Build/JOP40D) AppleWebKit/535.19 (KHTML, like Gecko; googleweblight) Chrome/38.0.1025.166 Mobile Safari/535.19"
66.249.80.43 - - [06/Aug/2019:04:28:28 +0000] "GET /assets/plugins/flag/css/flag-icon.css HTTP/1.1" 200 2837 "https://www.toplokacija-nekretnine.com/kuce/zaton-moderna-kuca-s-4-apartmana-i-bazenom" "Mozilla/5.0 (Linux; Android 4.2.1; en-us; Nexus 5 Build/JOP40D) AppleWebKit/535.19 (KHTML, like Gecko; googleweblight) Chrome/38.0.1025.166 Mobile Safari/535.19"
66.249.80.43 - - [06/Aug/2019:04:28:28 +0000] "GET /js/bootstrap.min.js HTTP/1.1" 200 9833 "https://www.toplokacija-nekretnine.com/kuce/zaton-moderna-kuca-s-4-apartmana-i-bazenom" "Mozilla/5.0 (Linux; Android 4.2.1; en-us; Nexus 5 Build/JOP40D) AppleWebKit/535.19 (KHTML, like Gecko; googleweblight) Chrome/38.0.1025.166 Mobile Safari/535.19"
66.249.80.43 - - [06/Aug/2019:04:28:28 +0000] "GET /css/hover.css HTTP/1.1" 200 7051 "https://www.toplokacija-nekretnine.com/kuce/zaton-moderna-kuca-s-4-apartmana-i-bazenom" "Mozilla/5.0 (Linux; Android 4.2.1; en-us; Nexus 5 Build/JOP40D) AppleWebKit/535.19 (KHTML, like Gecko; googleweblight) Chrome/38.0.1025.166 Mobile Safari/535.19"
66.249.80.41 - - [06/Aug/2019:04:28:28 +0000] "GET /js/bootstrap-dropdownhover.min.js HTTP/1.1" 200 1355 "https://www.toplokacija-nekretnine.com/kuce/zaton-moderna-kuca-s-4-apartmana-i-bazenom" "Mozilla/5.0 (Linux; Android 4.2.1; en-us; Nexus 5 Build/JOP40D) AppleWebKit/535.19 (KHTML, like Gecko; googleweblight) Chrome/38.0.1025.166 Mobile Safari/535.19"
66.249.80.45 - - [06/Aug/2019:04:28:28 +0000] "GET /js/jquery-scrolltofixed-min.js HTTP/1.1" 200 1717 "https://www.toplokacija-nekretnine.com/kuce/zaton-moderna-kuca-s-4-apartmana-i-bazenom" "Mozilla/5.0 (Linux; Android 4.2.1; en-us; Nexus 5 Build/JOP40D) AppleWebKit/535.19 (KHTML, like Gecko; googleweblight) Chrome/38.0.1025.166 Mobile Safari/535.19"
66.249.80.43 - - [06/Aug/2019:04:28:28 +0000] "GET /css/bootstrap-dropdownhover.css HTTP/1.1" 200 433 "https://www.toplokacija-nekretnine.com/kuce/zaton-moderna-kuca-s-4-apartmana-i-bazenom" "Mozilla/5.0 (Linux; Android 4.2.1; en-us; Nexus 5 Build/JOP40D) AppleWebKit/535.19 (KHTML, like Gecko; googleweblight) Chrome/38.0.1025.166 Mobile Safari/535.19"
66.249.80.43 - - [06/Aug/2019:04:28:28 +0000] "GET /js/jquery.min.js HTTP/1.1" 200 29820 "https://www.toplokacija-nekretnine.com/kuce/zaton-moderna-kuca-s-4-apartmana-i-bazenom" "Mozilla/5.0 (Linux; Android 4.2.1; en-us; Nexus 5 Build/JOP40D) AppleWebKit/535.19 (KHTML, like Gecko; googleweblight) Chrome/38.0.1025.166 Mobile Safari/535.19"
66.249.80.43 - - [06/Aug/2019:04:28:28 +0000] "GET /uploads/thumbnails/1861d9e0c711ad91a344792ad93cdcbe.jpg HTTP/1.1" 200 39579 "https://www.toplokacija-nekretnine.com/kuce/zaton-moderna-kuca-s-4-apartmana-i-bazenom" "Mozilla/5.0 (Linux; Android 4.2.1; en-us; Nexus 5 Build/JOP40D) AppleWebKit/535.19 (KHTML, like Gecko; googleweblight) Chrome/38.0.1025.166 Mobile Safari/535.19"
66.249.80.43 - - [06/Aug/2019:04:28:28 +0000] "GET /css/animations.css HTTP/1.1" 200 2856 "https://www.toplokacija-nekretnine.com/kuce/zaton-moderna-kuca-s-4-apartmana-i-bazenom" "Mozilla/5.0 (Linux; Android 4.2.1; en-us; Nexus 5 Build/JOP40D) AppleWebKit/535.19 (KHTML, like Gecko; googleweblight) Chrome/38.0.1025.166 Mobile Safari/535.19"
66.249.80.45 - - [06/Aug/2019:04:28:28 +0000] "GET /css/cookieconsent.min.css HTTP/1.1" 200 1209 "https://www.toplokacija-nekretnine.com/kuce/zaton-moderna-kuca-s-4-apartmana-i-bazenom" "Mozilla/5.0 (Linux; Android 4.2.1; en-us; Nexus 5 Build/JOP40D) AppleWebKit/535.19 (KHTML, like Gecko; googleweblight) Chrome/38.0.1025.166 Mobile Safari/535.19"
66.249.80.41 - - [06/Aug/2019:04:28:28 +0000] "GET /css/animate.min.css HTTP/1.1" 200 3598 "https://www.toplokacija-nekretnine.com/kuce/zaton-moderna-kuca-s-4-apartmana-i-bazenom" "Mozilla/5.0 (Linux; Android 4.2.1; en-us; Nexus 5 Build/JOP40D) AppleWebKit/535.19 (KHTML, like Gecko; googleweblight) Chrome/38.0.1025.166 Mobile Safari/535.19"
66.249.80.41 - - [06/Aug/2019:04:28:28 +0000] "GET /css/style.css?v=15 HTTP/1.1" 200 7634 "https://www.toplokacija-nekretnine.com/kuce/zaton-moderna-kuca-s-4-apartmana-i-bazenom" "Mozilla/5.0 (Linux; Android 4.2.1; en-us; Nexus 5 Build/JOP40D) AppleWebKit/535.19 (KHTML, like Gecko; googleweblight) Chrome/38.0.1025.166 Mobile Safari/535.19"
66.249.80.43 - - [06/Aug/2019:04:28:28 +0000] "GET /uploads/thumbnails/33e6e12fd5b01a820273e4f7add8d592.jpg HTTP/1.1" 200 44550 "https://www.toplokacija-nekretnine.com/kuce/zaton-moderna-kuca-s-4-apartmana-i-bazenom" "Mozilla/5.0 (Linux; Android 4.2.1; en-us; Nexus 5 Build/JOP40D) AppleWebKit/535.19 (KHTML, like Gecko; googleweblight) Chrome/38.0.1025.166 Mobile Safari/535.19"
66.249.80.43 - - [06/Aug/2019:04:28:28 +0000] "GET /uploads/thumbnails/315cf79fbda743e77707f2295d615cbe.jpg HTTP/1.1" 200 30329 "https://www.toplokacija-nekretnine.com/kuce/zaton-moderna-kuca-s-4-apartmana-i-bazenom" "Mozilla/5.0 (Linux; Android 4.2.1; en-us; Nexus 5 Build/JOP40D) AppleWebKit/535.19 (KHTML, like Gecko; googleweblight) Chrome/38.0.1025.166 Mobile Safari/535.19"
66.249.80.41 - - [06/Aug/2019:04:28:28 +0000] "GET /uploads/thumbnails/f8801b953b60e9c393e6dd8a56d5ddd1.jpg HTTP/1.1" 200 36152 "https://www.toplokacija-nekretnine.com/kuce/zaton-moderna-kuca-s-4-apartmana-i-bazenom" "Mozilla/5.0 (Linux; Android 4.2.1; en-us; Nexus 5 Build/JOP40D) AppleWebKit/535.19 (KHTML, like Gecko; googleweblight) Chrome/38.0.1025.166 Mobile Safari/535.19"
66.249.80.43 - - [06/Aug/2019:04:28:28 +0000] "GET /uploads/thumbnails/c44f04d238a59d16e563fec26dd92b3e.jpg HTTP/1.1" 200 47410 "https://www.toplokacija-nekretnine.com/kuce/zaton-moderna-kuca-s-4-apartmana-i-bazenom" "Mozilla/5.0 (Linux; Android 4.2.1; en-us; Nexus 5 Build/JOP40D) AppleWebKit/535.19 (KHTML, like Gecko; googleweblight) Chrome/38.0.1025.166 Mobile Safari/535.19"
66.249.80.43 - - [06/Aug/2019:04:28:28 +0000] "GET /unitegallery/js/jquery-11.0.min.js HTTP/1.1" 200 33369 "https://www.toplokacija-nekretnine.com/kuce/zaton-moderna-kuca-s-4-apartmana-i-bazenom" "Mozilla/5.0 (Linux; Android 4.2.1; en-us; Nexus 5 Build/JOP40D) AppleWebKit/535.19 (KHTML, like Gecko; googleweblight) Chrome/38.0.1025.166 Mobile Safari/535.19"
66.249.80.45 - - [06/Aug/2019:04:28:28 +0000] "GET /uploads/thumbnails/2609053650175efe3d83c11b6e2b3b7b.jpg HTTP/1.1" 200 26210 "https://www.toplokacija-nekretnine.com/kuce/zaton-moderna-kuca-s-4-apartmana-i-bazenom" "Mozilla/5.0 (Linux; Android 4.2.1; en-us; Nexus 5 Build/JOP40D) AppleWebKit/535.19 (KHTML, like Gecko; googleweblight) Chrome/38.0.1025.166 Mobile Safari/535.19"
66.249.80.43 - - [06/Aug/2019:04:28:28 +0000] "GET /uploads/thumbnails/16af6be780833098edb6a9d1b39aabec.jpg HTTP/1.1" 200 44680 "https://www.toplokacija-nekretnine.com/kuce/zaton-moderna-kuca-s-4-apartmana-i-bazenom" "Mozilla/5.0 (Linux; Android 4.2.1; en-us; Nexus 5 Build/JOP40D) AppleWebKit/535.19 (KHTML, like Gecko; googleweblight) Chrome/38.0.1025.166 Mobile Safari/535.19"
66.249.80.43 - - [06/Aug/2019:04:28:28 +0000] "GET /uploads/thumbnails/63f19f238dae35fb45400552258743c0.jpg HTTP/1.1" 200 41102 "https://www.toplokacija-nekretnine.com/kuce/zaton-moderna-kuca-s-4-apartmana-i-bazenom" "Mozilla/5.0 (Linux; Android 4.2.1; en-us; Nexus 5 Build/JOP40D) AppleWebKit/535.19 (KHTML, like Gecko; googleweblight) Chrome/38.0.1025.166 Mobile Safari/535.19"
66.249.80.43 - - [06/Aug/2019:04:28:28 +0000] "GET /uploads/thumbnails/55c68e91f600842450fb9692f281310e.jpg HTTP/1.1" 200 20932 "https://www.toplokacija-nekretnine.com/kuce/zaton-moderna-kuca-s-4-apartmana-i-bazenom" "Mozilla/5.0 (Linux; Android 4.2.1; en-us; Nexus 5 Build/JOP40D) AppleWebKit/535.19 (KHTML, like Gecko; googleweblight) Chrome/38.0.1025.166 Mobile Safari/535.19"
66.249.80.41 - - [06/Aug/2019:04:28:28 +0000] "GET /uploads/thumbnails/eae0b20a750b1e9577ca3a869c2d7da5.jpg HTTP/1.1" 200 21563 "https://www.toplokacija-nekretnine.com/kuce/zaton-moderna-kuca-s-4-apartmana-i-bazenom" "Mozilla/5.0 (Linux; Android 4.2.1; en-us; Nexus 5 Build/JOP40D) AppleWebKit/535.19 (KHTML, like Gecko; googleweblight) Chrome/38.0.1025.166 Mobile Safari/535.19"
66.249.80.43 - - [06/Aug/2019:04:28:28 +0000] "GET /uploads/thumbnails/8ea753343a875a99aff79e666bad3ff8.jpg HTTP/1.1" 200 22997 "https://www.toplokacija-nekretnine.com/kuce/zaton-moderna-kuca-s-4-apartmana-i-bazenom" "Mozilla/5.0 (Linux; Android 4.2.1; en-us; Nexus 5 Build/JOP40D) AppleWebKit/535.19 (KHTML, like Gecko; googleweblight) Chrome/38.0.1025.166 Mobile Safari/535.19"
66.249.80.43 - - [06/Aug/2019:04:28:28 +0000] "GET /uploads/thumbnails/0a1a7438cab596f51989151d81185243.jpg HTTP/1.1" 200 31394 "https://www.toplokacija-nekretnine.com/kuce/zaton-moderna-kuca-s-4-apartmana-i-bazenom" "Mozilla/5.0 (Linux; Android 4.2.1; en-us; Nexus 5 Build/JOP40D) AppleWebKit/535.19 (KHTML, like Gecko; googleweblight) Chrome/38.0.1025.166 Mobile Safari/535.19"
66.249.80.41 - - [06/Aug/2019:04:28:28 +0000] "GET /uploads/thumbnails/7264af5629cae54c92499e71ef94b46c.jpg HTTP/1.1" 200 20872 "https://www.toplokacija-nekretnine.com/kuce/zaton-moderna-kuca-s-4-apartmana-i-bazenom" "Mozilla/5.0 (Linux; Android 4.2.1; en-us; Nexus 5 Build/JOP40D) AppleWebKit/535.19 (KHTML, like Gecko; googleweblight) Chrome/38.0.1025.166 Mobile Safari/535.19"
66.249.80.45 - - [06/Aug/2019:04:28:28 +0000] "GET /uploads/thumbnails/c73ede151605defe6fbb63bded409fd8.jpg HTTP/1.1" 200 30410 "https://www.toplokacija-nekretnine.com/kuce/zaton-moderna-kuca-s-4-apartmana-i-bazenom" "Mozilla/5.0 (Linux; Android 4.2.1; en-us; Nexus 5 Build/JOP40D) AppleWebKit/535.19 (KHTML, like Gecko; googleweblight) Chrome/38.0.1025.166 Mobile Safari/535.19"
66.249.80.43 - - [06/Aug/2019:04:28:28 +0000] "GET /uploads/thumbnails/c393513bdf11661f825f5c1529a84d05.jpg HTTP/1.1" 200 27066 "https://www.toplokacija-nekretnine.com/kuce/zaton-moderna-kuca-s-4-apartmana-i-bazenom" "Mozilla/5.0 (Linux; Android 4.2.1; en-us; Nexus 5 Build/JOP40D) AppleWebKit/535.19 (KHTML, like Gecko; googleweblight) Chrome/38.0.1025.166 Mobile Safari/535.19"
66.249.80.43 - - [06/Aug/2019:04:28:28 +0000] "GET /uploads/thumbnails/5c113313c34fbc75d863b265beebd79a.jpg HTTP/1.1" 200 29521 "https://www.toplokacija-nekretnine.com/kuce/zaton-moderna-kuca-s-4-apartmana-i-bazenom" "Mozilla/5.0 (Linux; Android 4.2.1; en-us; Nexus 5 Build/JOP40D) AppleWebKit/535.19 (KHTML, like Gecko; googleweblight) Chrome/38.0.1025.166 Mobile Safari/535.19"
66.249.80.45 - - [06/Aug/2019:04:28:28 +0000] "GET /uploads/thumbnails/7eb01dc385b861d65b8a5e0e229ec5bb.jpg HTTP/1.1" 200 37233 "https://www.toplokacija-nekretnine.com/kuce/zaton-moderna-kuca-s-4-apartmana-i-bazenom" "Mozilla/5.0 (Linux; Android 4.2.1; en-us; Nexus 5 Build/JOP40D) AppleWebKit/535.19 (KHTML, like Gecko; googleweblight) Chrome/38.0.1025.166 Mobile Safari/535.19"
66.249.80.41 - - [06/Aug/2019:04:28:28 +0000] "GET /uploads/thumbnails/1704c48146e54cbb6151d0b3b925e95a.jpg HTTP/1.1" 200 46808 "https://www.toplokacija-nekretnine.com/kuce/zaton-moderna-kuca-s-4-apartmana-i-bazenom" "Mozilla/5.0 (Linux; Android 4.2.1; en-us; Nexus 5 Build/JOP40D) AppleWebKit/535.19 (KHTML, like Gecko; googleweblight) Chrome/38.0.1025.166 Mobile Safari/535.19"
66.249.80.41 - - [06/Aug/2019:04:28:28 +0000] "GET /uploads/thumbnails/c3ec25822bfdafe927fe178761f5a4f1.jpg HTTP/1.1" 200 22312 "https://www.toplokacija-nekretnine.com/kuce/zaton-moderna-kuca-s-4-apartmana-i-bazenom" "Mozilla/5.0 (Linux; Android 4.2.1; en-us; Nexus 5 Build/JOP40D) AppleWebKit/535.19 (KHTML, like Gecko; googleweblight) Chrome/38.0.1025.166 Mobile Safari/535.19"
66.249.80.45 - - [06/Aug/2019:04:28:28 +0000] "GET /uploads/thumbnails/5ecd52314173aac7b7fc8fb73c8ee918.jpg HTTP/1.1" 200 44305 "https://www.toplokacija-nekretnine.com/kuce/zaton-moderna-kuca-s-4-apartmana-i-bazenom" "Mozilla/5.0 (Linux; Android 4.2.1; en-us; Nexus 5 Build/JOP40D) AppleWebKit/535.19 (KHTML, like Gecko; googleweblight) Chrome/38.0.1025.166 Mobile Safari/535.19"
66.249.80.41 - - [06/Aug/2019:04:28:28 +0000] "GET /images/spinner.gif HTTP/1.1" 200 56260 "https://www.toplokacija-nekretnine.com/css/style.css?v=15" "Mozilla/5.0 (Linux; Android 4.2.1; en-us; Nexus 5 Build/JOP40D) AppleWebKit/535.19 (KHTML, like Gecko; googleweblight) Chrome/38.0.1025.166 Mobile Safari/535.19"
66.249.80.45 - - [06/Aug/2019:04:28:28 +0000] "GET /uploads/thumbnails/5a4b310d2da5b2bba2d243b10c7d96ac.jpg HTTP/1.1" 200 31434 "https://www.toplokacija-nekretnine.com/kuce/zaton-moderna-kuca-s-4-apartmana-i-bazenom" "Mozilla/5.0 (Linux; Android 4.2.1; en-us; Nexus 5 Build/JOP40D) AppleWebKit/535.19 (KHTML, like Gecko; googleweblight) Chrome/38.0.1025.166 Mobile Safari/535.19"
66.249.80.41 - - [06/Aug/2019:04:28:28 +0000] "GET /uploads/thumbnails/b18c6aa4d72233220f33c3bca1eaf1a0.jpg HTTP/1.1" 200 64674 "https://www.toplokacija-nekretnine.com/kuce/zaton-moderna-kuca-s-4-apartmana-i-bazenom" "Mozilla/5.0 (Linux; Android 4.2.1; en-us; Nexus 5 Build/JOP40D) AppleWebKit/535.19 (KHTML, like Gecko; googleweblight) Chrome/38.0.1025.166 Mobile Safari/535.19"
66.249.80.43 - - [06/Aug/2019:04:28:28 +0000] "GET /unitegallery/skins/default/slider_arrow_left.png HTTP/1.1" 200 493 "https://www.toplokacija-nekretnine.com/unitegallery/css/unite-gallery.css" "Mozilla/5.0 (Linux; Android 4.2.1; en-us; Nexus 5 Build/JOP40D) AppleWebKit/535.19 (KHTML, like Gecko; googleweblight) Chrome/38.0.1025.166 Mobile Safari/535.19"
66.249.80.41 - - [06/Aug/2019:04:28:28 +0000] "GET /unitegallery/images/loader.gif HTTP/1.1" 200 673 "https://www.toplokacija-nekretnine.com/unitegallery/css/unite-gallery.css" "Mozilla/5.0 (Linux; Android 4.2.1; en-us; Nexus 5 Build/JOP40D) AppleWebKit/535.19 (KHTML, like Gecko; googleweblight) Chrome/38.0.1025.166 Mobile Safari/535.19"
66.249.80.45 - - [06/Aug/2019:04:28:28 +0000] "GET /unitegallery/images/loader-white1.gif HTTP/1.1" 200 2545 "https://www.toplokacija-nekretnine.com/unitegallery/css/unite-gallery.css" "Mozilla/5.0 (Linux; Android 4.2.1; en-us; Nexus 5 Build/JOP40D) AppleWebKit/535.19 (KHTML, like Gecko; googleweblight) Chrome/38.0.1025.166 Mobile Safari/535.19"
66.249.80.43 - - [06/Aug/2019:04:28:28 +0000] "GET /unitegallery/images/not_loaded.png HTTP/1.1" 200 858 "https://www.toplokacija-nekretnine.com/unitegallery/css/unite-gallery.css" "Mozilla/5.0 (Linux; Android 4.2.1; en-us; Nexus 5 Build/JOP40D) AppleWebKit/535.19 (KHTML, like Gecko; googleweblight) Chrome/38.0.1025.166 Mobile Safari/535.19"
66.249.80.45 - - [06/Aug/2019:04:28:28 +0000] "GET /unitegallery/images/button-close.png HTTP/1.1" 200 7155 "https://www.toplokacija-nekretnine.com/unitegallery/css/unite-gallery.css" "Mozilla/5.0 (Linux; Android 4.2.1; en-us; Nexus 5 Build/JOP40D) AppleWebKit/535.19 (KHTML, like Gecko; googleweblight) Chrome/38.0.1025.166 Mobile Safari/535.19"
66.249.80.43 - - [06/Aug/2019:04:28:28 +0000] "GET /unitegallery/images/loader-black1.gif HTTP/1.1" 200 5855 "https://www.toplokacija-nekretnine.com/unitegallery/css/unite-gallery.css" "Mozilla/5.0 (Linux; Android 4.2.1; en-us; Nexus 5 Build/JOP40D) AppleWebKit/535.19 (KHTML, like Gecko; googleweblight) Chrome/38.0.1025.166 Mobile Safari/535.19"
66.249.80.43 - - [06/Aug/2019:04:28:28 +0000] "GET /unitegallery/skins/default/slider_arrow_right.png HTTP/1.1" 200 505 "https://www.toplokacija-nekretnine.com/unitegallery/css/unite-gallery.css" "Mozilla/5.0 (Linux; Android 4.2.1; en-us; Nexus 5 Build/JOP40D) AppleWebKit/535.19 (KHTML, like Gecko; googleweblight) Chrome/38.0.1025.166 Mobile Safari/535.19"
66.249.80.41 - - [06/Aug/2019:04:28:28 +0000] "GET /unitegallery/images/play-button-square.png HTTP/1.1" 200 4591 "https://www.toplokacija-nekretnine.com/unitegallery/css/unite-gallery.css" "Mozilla/5.0 (Linux; Android 4.2.1; en-us; Nexus 5 Build/JOP40D) AppleWebKit/535.19 (KHTML, like Gecko; googleweblight) Chrome/38.0.1025.166 Mobile Safari/535.19"
66.249.80.43 - - [06/Aug/2019:04:28:28 +0000] "GET /unitegallery/images/cover-grid.png HTTP/1.1" 200 933 "https://www.toplokacija-nekretnine.com/unitegallery/css/unite-gallery.css" "Mozilla/5.0 (Linux; Android 4.2.1; en-us; Nexus 5 Build/JOP40D) AppleWebKit/535.19 (KHTML, like Gecko; googleweblight) Chrome/38.0.1025.166 Mobile Safari/535.19"
66.249.80.43 - - [06/Aug/2019:04:28:28 +0000] "GET /uploads/images/1704c48146e54cbb6151d0b3b925e95a.jpg HTTP/1.1" 200 271143 "https://www.toplokacija-nekretnine.com/kuce/zaton-moderna-kuca-s-4-apartmana-i-bazenom" "Mozilla/5.0 (Linux; Android 4.2.1; en-us; Nexus 5 Build/JOP40D) AppleWebKit/535.19 (KHTML, like Gecko; googleweblight) Chrome/38.0.1025.166 Mobile Safari/535.19"
66.249.80.43 - - [06/Aug/2019:04:28:28 +0000] "GET /unitegallery/skins/default/button_fullscreen.png HTTP/1.1" 200 1146 "https://www.toplokacija-nekretnine.com/unitegallery/css/unite-gallery.css" "Mozilla/5.0 (Linux; Android 4.2.1; en-us; Nexus 5 Build/JOP40D) AppleWebKit/535.19 (KHTML, like Gecko; googleweblight) Chrome/38.0.1025.166 Mobile Safari/535.19"
66.249.80.43 - - [06/Aug/2019:04:28:28 +0000] "GET /uploads/images/7473108ac3a0cc371d22c2b6bda37ac6.jpg HTTP/1.1" 200 213846 "https://www.toplokacija-nekretnine.com/kuce/zaton-moderna-kuca-s-4-apartmana-i-bazenom" "Mozilla/5.0 (Linux; Android 4.2.1; en-us; Nexus 5 Build/JOP40D) AppleWebKit/535.19 (KHTML, like Gecko; googleweblight) Chrome/38.0.1025.166 Mobile Safari/535.19"
66.249.80.43 - - [06/Aug/2019:04:28:28 +0000] "GET /uploads/images/c3ec25822bfdafe927fe178761f5a4f1.jpg HTTP/1.1" 200 113924 "https://www.toplokacija-nekretnine.com/kuce/zaton-moderna-kuca-s-4-apartmana-i-bazenom" "Mozilla/5.0 (Linux; Android 4.2.1; en-us; Nexus 5 Build/JOP40D) AppleWebKit/535.19 (KHTML, like Gecko; googleweblight) Chrome/38.0.1025.166 Mobile Safari/535.19"
66.249.80.45 - - [06/Aug/2019:04:28:28 +0000] "GET /images/background/2.jpg?v=2 HTTP/1.1" 200 111462 "https://www.toplokacija-nekretnine.com/css/style.css?v=15" "Mozilla/5.0 (Linux; Android 4.2.1; en-us; Nexus 5 Build/JOP40D) AppleWebKit/535.19 (KHTML, like Gecko; googleweblight) Chrome/38.0.1025.166 Mobile Safari/535.19"
66.249.80.45 - - [06/Aug/2019:04:28:28 +0000] "GET /images/background/1.jpg HTTP/1.1" 200 99961 "https://www.toplokacija-nekretnine.com/css/style.css?v=15" "Mozilla/5.0 (Linux; Android 4.2.1; en-us; Nexus 5 Build/JOP40D) AppleWebKit/535.19 (KHTML, like Gecko; googleweblight) Chrome/38.0.1025.166 Mobile Safari/535.19"
66.249.66.201 - - [06/Aug/2019:04:42:32 +0000] "GET /hr/zemljista/top-lokacija-udaljenost-od-mora-15m-zaton-uvala-jaz HTTP/1.1" 200 5984 "-" "Mozilla/5.0 (Linux; Android 6.0.1; Nexus 5X Build/MMB29P) AppleWebKit/537.36 (KHTML, like Gecko) Chrome/41.0.2272.96 Mobile Safari/537.36 (compatible; Googlebot/2.1; +http://www.google.com/bot.html)"
46.229.168.141 - - [06/Aug/2019:04:46:35 +0000] "GET /robots.txt HTTP/1.1" 200 24 "-" "Mozilla/5.0 (compatible; SemrushBot/3~bl; +http://www.semrush.com/bot.html)"
46.229.168.161 - - [06/Aug/2019:04:46:36 +0000] "GET /en/houses/prilika-zaton-centar-stara-kuca-sa-crnom-kuhinjom HTTP/1.1" 200 5751 "-" "Mozilla/5.0 (compatible; SemrushBot/3~bl; +http://www.semrush.com/bot.html)"
216.244.66.240 - - [06/Aug/2019:04:50:15 +0000] "GET /robots.txt HTTP/1.1" 301 257 "-" "Mozilla/5.0 (compatible; DotBot/1.1; http://www.opensiteexplorer.org/dotbot, help@moz.com)"
216.244.66.240 - - [06/Aug/2019:04:50:17 +0000] "GET /robots.txt HTTP/1.1" 200 24 "-" "Mozilla/5.0 (compatible; DotBot/1.1; http://www.opensiteexplorer.org/dotbot, help@moz.com)"
66.249.66.203 - - [06/Aug/2019:05:03:33 +0000] "GET /zemljista/zaton-zemljiste-1042m2-sa-zapocetim-objektom-360m2-100m-od-mora HTTP/1.1" 500 26153 "-" "Mozilla/5.0 (Linux; Android 6.0.1; Nexus 5X Build/MMB29P) AppleWebKit/537.36 (KHTML, like Gecko) Chrome/41.0.2272.96 Mobile Safari/537.36 (compatible; Googlebot/2.1; +http://www.google.com/bot.html)"
66.249.66.201 - - [06/Aug/2019:05:10:55 +0000] "GET /hr/zemljista/privlaka-gradevinski-teren-610m2 HTTP/1.1" 200 6057 "-" "Mozilla/5.0 (Linux; Android 6.0.1; Nexus 5X Build/MMB29P) AppleWebKit/537.36 (KHTML, like Gecko) Chrome/41.0.2272.96 Mobile Safari/537.36 (compatible; Googlebot/2.1; +http://www.google.com/bot.html)"
46.229.168.161 - - [06/Aug/2019:05:39:37 +0000] "GET /robots.txt HTTP/1.1" 200 24 "-" "Mozilla/5.0 (compatible; SemrushBot/3~bl; +http://www.semrush.com/bot.html)"
