212.165.231.34 - - [11/Aug/2019:01:23:36 +0000] "GET /css/icofont.css HTTP/1.1" 200 16775 "https://www.toplokacija-nekretnine.com/" "Mozilla/5.0 (iPhone; CPU iPhone OS 12_3_1 like Mac OS X) AppleWebKit/605.1.15 (KHTML, like Gecko) Version/12.1.1 Mobile/15E148 Safari/604.1"
212.165.231.34 - - [11/Aug/2019:01:23:37 +0000] "GET /css/animate.min.css HTTP/1.1" 200 3598 "https://www.toplokacija-nekretnine.com/" "Mozilla/5.0 (iPhone; CPU iPhone OS 12_3_1 like Mac OS X) AppleWebKit/605.1.15 (KHTML, like Gecko) Version/12.1.1 Mobile/15E148 Safari/604.1"
212.165.231.34 - - [11/Aug/2019:01:23:38 +0000] "GET /assets/plugins/flag/css/flag-icon.css HTTP/1.1" 200 2837 "https://www.toplokacija-nekretnine.com/" "Mozilla/5.0 (iPhone; CPU iPhone OS 12_3_1 like Mac OS X) AppleWebKit/605.1.15 (KHTML, like Gecko) Version/12.1.1 Mobile/15E148 Safari/604.1"
212.165.231.34 - - [11/Aug/2019:01:23:39 +0000] "GET /css/cookieconsent.min.css HTTP/1.1" 200 1209 "https://www.toplokacija-nekretnine.com/" "Mozilla/5.0 (iPhone; CPU iPhone OS 12_3_1 like Mac OS X) AppleWebKit/605.1.15 (KHTML, like Gecko) Version/12.1.1 Mobile/15E148 Safari/604.1"
212.165.231.34 - - [11/Aug/2019:01:23:40 +0000] "GET /css/bootstrap-dropdownhover.css HTTP/1.1" 200 433 "https://www.toplokacija-nekretnine.com/" "Mozilla/5.0 (iPhone; CPU iPhone OS 12_3_1 like Mac OS X) AppleWebKit/605.1.15 (KHTML, like Gecko) Version/12.1.1 Mobile/15E148 Safari/604.1"
212.165.231.34 - - [11/Aug/2019:01:23:40 +0000] "GET /css/style.css?v=15 HTTP/1.1" 200 7634 "https://www.toplokacija-nekretnine.com/" "Mozilla/5.0 (iPhone; CPU iPhone OS 12_3_1 like Mac OS X) AppleWebKit/605.1.15 (KHTML, like Gecko) Version/12.1.1 Mobile/15E148 Safari/604.1"
212.165.231.34 - - [11/Aug/2019:01:23:40 +0000] "GET /css/responsive.css?v=4 HTTP/1.1" 200 1151 "https://www.toplokacija-nekretnine.com/" "Mozilla/5.0 (iPhone; CPU iPhone OS 12_3_1 like Mac OS X) AppleWebKit/605.1.15 (KHTML, like Gecko) Version/12.1.1 Mobile/15E148 Safari/604.1"
212.165.231.34 - - [11/Aug/2019:01:23:40 +0000] "GET /css/font-awesome.min.css HTTP/1.1" 200 7053 "https://www.toplokacija-nekretnine.com/" "Mozilla/5.0 (iPhone; CPU iPhone OS 12_3_1 like Mac OS X) AppleWebKit/605.1.15 (KHTML, like Gecko) Version/12.1.1 Mobile/15E148 Safari/604.1"
212.165.231.34 - - [11/Aug/2019:01:23:41 +0000] "GET /js/jquery.min.js HTTP/1.1" 200 29820 "https://www.toplokacija-nekretnine.com/" "Mozilla/5.0 (iPhone; CPU iPhone OS 12_3_1 like Mac OS X) AppleWebKit/605.1.15 (KHTML, like Gecko) Version/12.1.1 Mobile/15E148 Safari/604.1"
212.165.231.34 - - [11/Aug/2019:01:23:41 +0000] "GET /js/bootstrap.min.js HTTP/1.1" 200 9833 "https://www.toplokacija-nekretnine.com/" "Mozilla/5.0 (iPhone; CPU iPhone OS 12_3_1 like Mac OS X) AppleWebKit/605.1.15 (KHTML, like Gecko) Version/12.1.1 Mobile/15E148 Safari/604.1"
212.165.231.34 - - [11/Aug/2019:01:23:41 +0000] "GET /js/css3-animate-it.js HTTP/1.1" 200 1504 "https://www.toplokacija-nekretnine.com/" "Mozilla/5.0 (iPhone; CPU iPhone OS 12_3_1 like Mac OS X) AppleWebKit/605.1.15 (KHTML, like Gecko) Version/12.1.1 Mobile/15E148 Safari/604.1"
212.165.231.34 - - [11/Aug/2019:01:23:41 +0000] "GET /js/bootstrap-dropdownhover.min.js HTTP/1.1" 200 1355 "https://www.toplokacija-nekretnine.com/" "Mozilla/5.0 (iPhone; CPU iPhone OS 12_3_1 like Mac OS X) AppleWebKit/605.1.15 (KHTML, like Gecko) Version/12.1.1 Mobile/15E148 Safari/604.1"
212.165.231.34 - - [11/Aug/2019:01:23:42 +0000] "GET /js/jarallax.js HTTP/1.1" 200 2670 "https://www.toplokacija-nekretnine.com/" "Mozilla/5.0 (iPhone; CPU iPhone OS 12_3_1 like Mac OS X) AppleWebKit/605.1.15 (KHTML, like Gecko) Version/12.1.1 Mobile/15E148 Safari/604.1"
212.165.231.34 - - [11/Aug/2019:01:23:42 +0000] "GET /js/jquery-scrolltofixed-min.js HTTP/1.1" 200 1717 "https://www.toplokacija-nekretnine.com/" "Mozilla/5.0 (iPhone; CPU iPhone OS 12_3_1 like Mac OS X) AppleWebKit/605.1.15 (KHTML, like Gecko) Version/12.1.1 Mobile/15E148 Safari/604.1"
212.165.231.34 - - [11/Aug/2019:01:23:42 +0000] "GET /js/dyscrollup.js HTTP/1.1" 200 704 "https://www.toplokacija-nekretnine.com/" "Mozilla/5.0 (iPhone; CPU iPhone OS 12_3_1 like Mac OS X) AppleWebKit/605.1.15 (KHTML, like Gecko) Version/12.1.1 Mobile/15E148 Safari/604.1"
212.165.231.34 - - [11/Aug/2019:01:23:42 +0000] "GET /js/cookieconsent.min.js HTTP/1.1" 200 6849 "https://www.toplokacija-nekretnine.com/" "Mozilla/5.0 (iPhone; CPU iPhone OS 12_3_1 like Mac OS X) AppleWebKit/605.1.15 (KHTML, like Gecko) Version/12.1.1 Mobile/15E148 Safari/604.1"
212.165.231.34 - - [11/Aug/2019:01:23:43 +0000] "GET /js/main.js?v=4 HTTP/1.1" 200 551 "https://www.toplokacija-nekretnine.com/" "Mozilla/5.0 (iPhone; CPU iPhone OS 12_3_1 like Mac OS X) AppleWebKit/605.1.15 (KHTML, like Gecko) Version/12.1.1 Mobile/15E148 Safari/604.1"
212.165.231.34 - - [11/Aug/2019:01:23:43 +0000] "GET /js/vegas.min.js HTTP/1.1" 200 3068 "https://www.toplokacija-nekretnine.com/" "Mozilla/5.0 (iPhone; CPU iPhone OS 12_3_1 like Mac OS X) AppleWebKit/605.1.15 (KHTML, like Gecko) Version/12.1.1 Mobile/15E148 Safari/604.1"
212.165.231.34 - - [11/Aug/2019:01:23:43 +0000] "GET /css/vegas.css HTTP/1.1" 200 1522 "https://www.toplokacija-nekretnine.com/" "Mozilla/5.0 (iPhone; CPU iPhone OS 12_3_1 like Mac OS X) AppleWebKit/605.1.15 (KHTML, like Gecko) Version/12.1.1 Mobile/15E148 Safari/604.1"
212.165.231.34 - - [11/Aug/2019:01:23:43 +0000] "GET /images/logo_hr.png HTTP/1.1" 200 5600 "https://www.toplokacija-nekretnine.com/" "Mozilla/5.0 (iPhone; CPU iPhone OS 12_3_1 like Mac OS X) AppleWebKit/605.1.15 (KHTML, like Gecko) Version/12.1.1 Mobile/15E148 Safari/604.1"
212.165.231.34 - - [11/Aug/2019:01:23:44 +0000] "GET /images/about_us_hr.png HTTP/1.1" 200 7915 "https://www.toplokacija-nekretnine.com/" "Mozilla/5.0 (iPhone; CPU iPhone OS 12_3_1 like Mac OS X) AppleWebKit/605.1.15 (KHTML, like Gecko) Version/12.1.1 Mobile/15E148 Safari/604.1"
212.165.231.34 - - [11/Aug/2019:01:23:44 +0000] "GET /uploads/thumbnails/d38d156172b3fe670c7e78d3bd3b1910.jpg HTTP/1.1" 200 34330 "https://www.toplokacija-nekretnine.com/" "Mozilla/5.0 (iPhone; CPU iPhone OS 12_3_1 like Mac OS X) AppleWebKit/605.1.15 (KHTML, like Gecko) Version/12.1.1 Mobile/15E148 Safari/604.1"
212.165.231.34 - - [11/Aug/2019:01:23:44 +0000] "GET /uploads/thumbnails/884ccf315fda60dc6fcbd2b4a3db759a.jpg HTTP/1.1" 200 44526 "https://www.toplokacija-nekretnine.com/" "Mozilla/5.0 (iPhone; CPU iPhone OS 12_3_1 like Mac OS X) AppleWebKit/605.1.15 (KHTML, like Gecko) Version/12.1.1 Mobile/15E148 Safari/604.1"
212.165.231.34 - - [11/Aug/2019:01:23:44 +0000] "GET /uploads/thumbnails/f3b369fd7b1877abc4c80a5dcf4cf352.JPG HTTP/1.1" 200 51129 "https://www.toplokacija-nekretnine.com/" "Mozilla/5.0 (iPhone; CPU iPhone OS 12_3_1 like Mac OS X) AppleWebKit/605.1.15 (KHTML, like Gecko) Version/12.1.1 Mobile/15E148 Safari/604.1"
212.165.231.34 - - [11/Aug/2019:01:23:45 +0000] "GET /fonts/fontawesome-webfont.woff2?v=4.7.0 HTTP/1.1" 200 77160 "https://www.toplokacija-nekretnine.com/" "Mozilla/5.0 (iPhone; CPU iPhone OS 12_3_1 like Mac OS X) AppleWebKit/605.1.15 (KHTML, like Gecko) Version/12.1.1 Mobile/15E148 Safari/604.1"
212.165.231.34 - - [11/Aug/2019:01:23:45 +0000] "GET /uploads/thumbnails/6be0a155aaedef264a5f5aaacc21d7de.jpg HTTP/1.1" 200 39788 "https://www.toplokacija-nekretnine.com/" "Mozilla/5.0 (iPhone; CPU iPhone OS 12_3_1 like Mac OS X) AppleWebKit/605.1.15 (KHTML, like Gecko) Version/12.1.1 Mobile/15E148 Safari/604.1"
212.165.231.34 - - [11/Aug/2019:01:23:46 +0000] "GET /uploads/thumbnails/7473108ac3a0cc371d22c2b6bda37ac6.jpg HTTP/1.1" 200 35921 "https://www.toplokacija-nekretnine.com/" "Mozilla/5.0 (iPhone; CPU iPhone OS 12_3_1 like Mac OS X) AppleWebKit/605.1.15 (KHTML, like Gecko) Version/12.1.1 Mobile/15E148 Safari/604.1"
212.165.231.34 - - [11/Aug/2019:01:23:45 +0000] "GET /fonts/icofont.ttf?v=1.0.0-beta HTTP/1.1" 200 1018620 "https://www.toplokacija-nekretnine.com/" "Mozilla/5.0 (iPhone; CPU iPhone OS 12_3_1 like Mac OS X) AppleWebKit/605.1.15 (KHTML, like Gecko) Version/12.1.1 Mobile/15E148 Safari/604.1"
212.165.231.34 - - [11/Aug/2019:01:23:48 +0000] "GET /uploads/thumbnails/9a52a8ca0447ea31fa487a3e6f96fdb3.jpg HTTP/1.1" 200 37164 "https://www.toplokacija-nekretnine.com/" "Mozilla/5.0 (iPhone; CPU iPhone OS 12_3_1 like Mac OS X) AppleWebKit/605.1.15 (KHTML, like Gecko) Version/12.1.1 Mobile/15E148 Safari/604.1"
212.165.231.34 - - [11/Aug/2019:01:23:48 +0000] "GET /uploads/thumbnails/a3391951c36fecb14495f8146dd9756c.jpg HTTP/1.1" 200 39492 "https://www.toplokacija-nekretnine.com/" "Mozilla/5.0 (iPhone; CPU iPhone OS 12_3_1 like Mac OS X) AppleWebKit/605.1.15 (KHTML, like Gecko) Version/12.1.1 Mobile/15E148 Safari/604.1"
212.165.231.34 - - [11/Aug/2019:01:23:48 +0000] "GET /uploads/thumbnails/3ae69bc61d2e4547b674fcf9dfe3b4a0.jpg HTTP/1.1" 200 29836 "https://www.toplokacija-nekretnine.com/" "Mozilla/5.0 (iPhone; CPU iPhone OS 12_3_1 like Mac OS X) AppleWebKit/605.1.15 (KHTML, like Gecko) Version/12.1.1 Mobile/15E148 Safari/604.1"
212.165.231.34 - - [11/Aug/2019:01:23:51 +0000] "GET /uploads/thumbnails/e9fcab5ad37211f1229dd445cc150467.jpg HTTP/1.1" 200 29836 "https://www.toplokacija-nekretnine.com/" "Mozilla/5.0 (iPhone; CPU iPhone OS 12_3_1 like Mac OS X) AppleWebKit/605.1.15 (KHTML, like Gecko) Version/12.1.1 Mobile/15E148 Safari/604.1"
212.165.231.34 - - [11/Aug/2019:01:23:51 +0000] "GET /uploads/thumbnails/3270bb88adea04f5dd8728ccf81ec3a7.jpg HTTP/1.1" 200 31076 "https://www.toplokacija-nekretnine.com/" "Mozilla/5.0 (iPhone; CPU iPhone OS 12_3_1 like Mac OS X) AppleWebKit/605.1.15 (KHTML, like Gecko) Version/12.1.1 Mobile/15E148 Safari/604.1"
212.165.231.34 - - [11/Aug/2019:01:23:51 +0000] "GET /uploads/thumbnails/48ef9daccad38b1a1bc9fb22121db6ac.jpg HTTP/1.1" 200 42355 "https://www.toplokacija-nekretnine.com/" "Mozilla/5.0 (iPhone; CPU iPhone OS 12_3_1 like Mac OS X) AppleWebKit/605.1.15 (KHTML, like Gecko) Version/12.1.1 Mobile/15E148 Safari/604.1"
212.165.231.34 - - [11/Aug/2019:01:23:53 +0000] "GET /uploads/thumbnails/f7b7bfd134d93ade755afc2d162e2aed.jpg HTTP/1.1" 200 56756 "https://www.toplokacija-nekretnine.com/" "Mozilla/5.0 (iPhone; CPU iPhone OS 12_3_1 like Mac OS X) AppleWebKit/605.1.15 (KHTML, like Gecko) Version/12.1.1 Mobile/15E148 Safari/604.1"
212.165.231.34 - - [11/Aug/2019:01:23:53 +0000] "GET /uploads/thumbnails/1bdceb72103556851f310280f3efbc16.JPG HTTP/1.1" 200 29195 "https://www.toplokacija-nekretnine.com/" "Mozilla/5.0 (iPhone; CPU iPhone OS 12_3_1 like Mac OS X) AppleWebKit/605.1.15 (KHTML, like Gecko) Version/12.1.1 Mobile/15E148 Safari/604.1"
212.165.231.34 - - [11/Aug/2019:01:23:53 +0000] "GET /uploads/thumbnails/4100dad038347920de3cc6597aa021ec.JPG HTTP/1.1" 200 22347 "https://www.toplokacija-nekretnine.com/" "Mozilla/5.0 (iPhone; CPU iPhone OS 12_3_1 like Mac OS X) AppleWebKit/605.1.15 (KHTML, like Gecko) Version/12.1.1 Mobile/15E148 Safari/604.1"
212.165.231.34 - - [11/Aug/2019:01:23:55 +0000] "GET /uploads/thumbnails/c807da0fa0d811a1729b138a6ce29394.JPG HTTP/1.1" 200 34236 "https://www.toplokacija-nekretnine.com/" "Mozilla/5.0 (iPhone; CPU iPhone OS 12_3_1 like Mac OS X) AppleWebKit/605.1.15 (KHTML, like Gecko) Version/12.1.1 Mobile/15E148 Safari/604.1"
212.165.231.34 - - [11/Aug/2019:01:23:55 +0000] "GET /uploads/thumbnails/79136cc48eb64efa03a195b6fe4bd3b5.JPG HTTP/1.1" 200 27006 "https://www.toplokacija-nekretnine.com/" "Mozilla/5.0 (iPhone; CPU iPhone OS 12_3_1 like Mac OS X) AppleWebKit/605.1.15 (KHTML, like Gecko) Version/12.1.1 Mobile/15E148 Safari/604.1"
212.165.231.34 - - [11/Aug/2019:01:23:56 +0000] "GET /uploads/thumbnails/5cb719cec5eac5afe864e39e77c475db.jpg HTTP/1.1" 200 36106 "https://www.toplokacija-nekretnine.com/" "Mozilla/5.0 (iPhone; CPU iPhone OS 12_3_1 like Mac OS X) AppleWebKit/605.1.15 (KHTML, like Gecko) Version/12.1.1 Mobile/15E148 Safari/604.1"
212.165.231.34 - - [11/Aug/2019:01:23:56 +0000] "GET /uploads/thumbnails/42f6bf5e8582c075da16d579d90c242d.JPG HTTP/1.1" 200 55274 "https://www.toplokacija-nekretnine.com/" "Mozilla/5.0 (iPhone; CPU iPhone OS 12_3_1 like Mac OS X) AppleWebKit/605.1.15 (KHTML, like Gecko) Version/12.1.1 Mobile/15E148 Safari/604.1"
212.165.231.34 - - [11/Aug/2019:01:23:56 +0000] "GET /uploads/thumbnails/86eb79cb71de4b34a84307106770edb8.jpg HTTP/1.1" 200 40841 "https://www.toplokacija-nekretnine.com/" "Mozilla/5.0 (iPhone; CPU iPhone OS 12_3_1 like Mac OS X) AppleWebKit/605.1.15 (KHTML, like Gecko) Version/12.1.1 Mobile/15E148 Safari/604.1"
212.165.231.34 - - [11/Aug/2019:01:23:56 +0000] "GET /uploads/thumbnails/6cd11b21c3db49711892305133cef259.jpg HTTP/1.1" 200 43488 "https://www.toplokacija-nekretnine.com/" "Mozilla/5.0 (iPhone; CPU iPhone OS 12_3_1 like Mac OS X) AppleWebKit/605.1.15 (KHTML, like Gecko) Version/12.1.1 Mobile/15E148 Safari/604.1"
212.165.231.34 - - [11/Aug/2019:01:23:57 +0000] "GET /uploads/thumbnails/e5ccf19c61e2bb4c351203c9e696340e.jpg HTTP/1.1" 200 30410 "https://www.toplokacija-nekretnine.com/" "Mozilla/5.0 (iPhone; CPU iPhone OS 12_3_1 like Mac OS X) AppleWebKit/605.1.15 (KHTML, like Gecko) Version/12.1.1 Mobile/15E148 Safari/604.1"
212.165.231.34 - - [11/Aug/2019:01:23:57 +0000] "GET /uploads/thumbnails/981f80f17952c6201dffa885c0680e46.jpg HTTP/1.1" 200 34110 "https://www.toplokacija-nekretnine.com/" "Mozilla/5.0 (iPhone; CPU iPhone OS 12_3_1 like Mac OS X) AppleWebKit/605.1.15 (KHTML, like Gecko) Version/12.1.1 Mobile/15E148 Safari/604.1"
212.165.231.34 - - [11/Aug/2019:01:23:57 +0000] "GET /uploads/thumbnails/e76983ca8180780c45b603dfd235f369.jpg HTTP/1.1" 200 43919 "https://www.toplokacija-nekretnine.com/" "Mozilla/5.0 (iPhone; CPU iPhone OS 12_3_1 like Mac OS X) AppleWebKit/605.1.15 (KHTML, like Gecko) Version/12.1.1 Mobile/15E148 Safari/604.1"
212.165.231.34 - - [11/Aug/2019:01:23:58 +0000] "GET /uploads/thumbnails/048d8f6a0235788257cc123efdaaa516.jpg HTTP/1.1" 200 72940 "https://www.toplokacija-nekretnine.com/" "Mozilla/5.0 (iPhone; CPU iPhone OS 12_3_1 like Mac OS X) AppleWebKit/605.1.15 (KHTML, like Gecko) Version/12.1.1 Mobile/15E148 Safari/604.1"
212.165.231.34 - - [11/Aug/2019:01:23:58 +0000] "GET /uploads/thumbnails/7a6c35fe2c7d39af1613fafa80170c08.jpg HTTP/1.1" 200 106014 "https://www.toplokacija-nekretnine.com/" "Mozilla/5.0 (iPhone; CPU iPhone OS 12_3_1 like Mac OS X) AppleWebKit/605.1.15 (KHTML, like Gecko) Version/12.1.1 Mobile/15E148 Safari/604.1"
212.165.231.34 - - [11/Aug/2019:01:23:58 +0000] "GET /images/spinner.gif HTTP/1.1" 200 56260 "https://www.toplokacija-nekretnine.com/" "Mozilla/5.0 (iPhone; CPU iPhone OS 12_3_1 like Mac OS X) AppleWebKit/605.1.15 (KHTML, like Gecko) Version/12.1.1 Mobile/15E148 Safari/604.1"
212.165.231.34 - - [11/Aug/2019:01:23:59 +0000] "GET /images/background/pattern.png HTTP/1.1" 200 101 "https://www.toplokacija-nekretnine.com/" "Mozilla/5.0 (iPhone; CPU iPhone OS 12_3_1 like Mac OS X) AppleWebKit/605.1.15 (KHTML, like Gecko) Version/12.1.1 Mobile/15E148 Safari/604.1"
212.165.231.34 - - [11/Aug/2019:01:23:59 +0000] "GET /images/background/1.jpg HTTP/1.1" 200 99961 "https://www.toplokacija-nekretnine.com/" "Mozilla/5.0 (iPhone; CPU iPhone OS 12_3_1 like Mac OS X) AppleWebKit/605.1.15 (KHTML, like Gecko) Version/12.1.1 Mobile/15E148 Safari/604.1"
212.165.231.34 - - [11/Aug/2019:01:24:00 +0000] "GET /images/background/3.jpg HTTP/1.1" 200 202051 "https://www.toplokacija-nekretnine.com/" "Mozilla/5.0 (iPhone; CPU iPhone OS 12_3_1 like Mac OS X) AppleWebKit/605.1.15 (KHTML, like Gecko) Version/12.1.1 Mobile/15E148 Safari/604.1"
212.165.231.34 - - [11/Aug/2019:01:24:00 +0000] "GET /images/slides/slider1.jpg HTTP/1.1" 200 209946 "https://www.toplokacija-nekretnine.com/" "Mozilla/5.0 (iPhone; CPU iPhone OS 12_3_1 like Mac OS X) AppleWebKit/605.1.15 (KHTML, like Gecko) Version/12.1.1 Mobile/15E148 Safari/604.1"
212.165.231.34 - - [11/Aug/2019:01:24:08 +0000] "GET /favicon-32x32.png HTTP/1.1" 200 2105 "https://www.toplokacija-nekretnine.com/" "Mozilla/5.0 (iPhone; CPU iPhone OS 12_3_1 like Mac OS X) AppleWebKit/605.1.15 (KHTML, like Gecko) Version/12.1.1 Mobile/15E148 Safari/604.1"
212.165.231.34 - - [11/Aug/2019:01:24:08 +0000] "GET /images/slides/slider2.jpg HTTP/1.1" 200 295487 "https://www.toplokacija-nekretnine.com/" "Mozilla/5.0 (iPhone; CPU iPhone OS 12_3_1 like Mac OS X) AppleWebKit/605.1.15 (KHTML, like Gecko) Version/12.1.1 Mobile/15E148 Safari/604.1"
212.165.231.34 - - [11/Aug/2019:01:24:11 +0000] "GET /favicon-16x16.png HTTP/1.1" 200 1751 "https://www.toplokacija-nekretnine.com/" "Mozilla/5.0 (iPhone; CPU iPhone OS 12_3_1 like Mac OS X) AppleWebKit/605.1.15 (KHTML, like Gecko) Version/12.1.1 Mobile/15E148 Safari/604.1"
212.165.231.34 - - [11/Aug/2019:01:24:16 +0000] "GET /images/slides/slider3.jpg HTTP/1.1" 200 405556 "https://www.toplokacija-nekretnine.com/" "Mozilla/5.0 (iPhone; CPU iPhone OS 12_3_1 like Mac OS X) AppleWebKit/605.1.15 (KHTML, like Gecko) Version/12.1.1 Mobile/15E148 Safari/604.1"
212.165.231.34 - - [11/Aug/2019:01:24:25 +0000] "GET /images/slides/slider4.jpg HTTP/1.1" 200 439744 "https://www.toplokacija-nekretnine.com/" "Mozilla/5.0 (iPhone; CPU iPhone OS 12_3_1 like Mac OS X) AppleWebKit/605.1.15 (KHTML, like Gecko) Version/12.1.1 Mobile/15E148 Safari/604.1"
212.165.231.34 - - [11/Aug/2019:01:24:27 +0000] "GET /pretraga?category=1&type=sale&place=1&price=&surface= HTTP/1.1" 200 6155 "https://www.toplokacija-nekretnine.com/" "Mozilla/5.0 (iPhone; CPU iPhone OS 12_3_1 like Mac OS X) AppleWebKit/605.1.15 (KHTML, like Gecko) Version/12.1.1 Mobile/15E148 Safari/604.1"
212.165.231.34 - - [11/Aug/2019:01:24:28 +0000] "GET /uploads/thumbnails/e96dc3a39e6a47beedb6354fa72b9dbc.JPG HTTP/1.1" 200 31065 "https://www.toplokacija-nekretnine.com/pretraga?category=1&type=sale&place=1&price=&surface=" "Mozilla/5.0 (iPhone; CPU iPhone OS 12_3_1 like Mac OS X) AppleWebKit/605.1.15 (KHTML, like Gecko) Version/12.1.1 Mobile/15E148 Safari/604.1"
212.165.231.34 - - [11/Aug/2019:01:24:29 +0000] "GET /uploads/thumbnails/b82d873d00addfb9efa7e0f236a92139.jpg HTTP/1.1" 200 31200 "https://www.toplokacija-nekretnine.com/pretraga?category=1&type=sale&place=1&price=&surface=" "Mozilla/5.0 (iPhone; CPU iPhone OS 12_3_1 like Mac OS X) AppleWebKit/605.1.15 (KHTML, like Gecko) Version/12.1.1 Mobile/15E148 Safari/604.1"
212.165.231.34 - - [11/Aug/2019:01:24:29 +0000] "GET /uploads/thumbnails/861b83e7c338fd46bd83a8594343b715.jpg HTTP/1.1" 200 35498 "https://www.toplokacija-nekretnine.com/pretraga?category=1&type=sale&place=1&price=&surface=" "Mozilla/5.0 (iPhone; CPU iPhone OS 12_3_1 like Mac OS X) AppleWebKit/605.1.15 (KHTML, like Gecko) Version/12.1.1 Mobile/15E148 Safari/604.1"
212.165.231.34 - - [11/Aug/2019:01:24:30 +0000] "GET /images/background/2.jpg?v=2 HTTP/1.1" 200 111462 "https://www.toplokacija-nekretnine.com/pretraga?category=1&type=sale&place=1&price=&surface=" "Mozilla/5.0 (iPhone; CPU iPhone OS 12_3_1 like Mac OS X) AppleWebKit/605.1.15 (KHTML, like Gecko) Version/12.1.1 Mobile/15E148 Safari/604.1"
212.165.231.34 - - [11/Aug/2019:01:25:36 +0000] "GET /pretraga?category=1&type=sale&place=1&price=&surface=&page=2 HTTP/1.1" 200 5755 "https://www.toplokacija-nekretnine.com/pretraga?category=1&type=sale&place=1&price=&surface=" "Mozilla/5.0 (iPhone; CPU iPhone OS 12_3_1 like Mac OS X) AppleWebKit/605.1.15 (KHTML, like Gecko) Version/12.1.1 Mobile/15E148 Safari/604.1"
212.165.231.34 - - [11/Aug/2019:01:25:38 +0000] "GET /uploads/thumbnails/af7db0efe20c95c52aab6d24dba99776.jpg HTTP/1.1" 200 27558 "https://www.toplokacija-nekretnine.com/pretraga?category=1&type=sale&place=1&price=&surface=&page=2" "Mozilla/5.0 (iPhone; CPU iPhone OS 12_3_1 like Mac OS X) AppleWebKit/605.1.15 (KHTML, like Gecko) Version/12.1.1 Mobile/15E148 Safari/604.1"
212.165.231.34 - - [11/Aug/2019:01:26:31 +0000] "GET /stanovi/zadar-borik-novogradnja-ekskluzivan-top-objekt-s-5-stanova-1kat-7918m2 HTTP/1.1" 200 7156 "https://www.toplokacija-nekretnine.com/pretraga?category=1&type=sale&place=1&price=&surface=&page=2" "Mozilla/5.0 (iPhone; CPU iPhone OS 12_3_1 like Mac OS X) AppleWebKit/605.1.15 (KHTML, like Gecko) Version/12.1.1 Mobile/15E148 Safari/604.1"
212.165.231.34 - - [11/Aug/2019:01:26:35 +0000] "GET /unitegallery/css/unite-gallery.css HTTP/1.1" 200 4825 "https://www.toplokacija-nekretnine.com/stanovi/zadar-borik-novogradnja-ekskluzivan-top-objekt-s-5-stanova-1kat-7918m2" "Mozilla/5.0 (iPhone; CPU iPhone OS 12_3_1 like Mac OS X) AppleWebKit/605.1.15 (KHTML, like Gecko) Version/12.1.1 Mobile/15E148 Safari/604.1"
212.165.231.34 - - [11/Aug/2019:01:26:36 +0000] "GET /unitegallery/js/jquery-11.0.min.js HTTP/1.1" 200 33369 "https://www.toplokacija-nekretnine.com/stanovi/zadar-borik-novogradnja-ekskluzivan-top-objekt-s-5-stanova-1kat-7918m2" "Mozilla/5.0 (iPhone; CPU iPhone OS 12_3_1 like Mac OS X) AppleWebKit/605.1.15 (KHTML, like Gecko) Version/12.1.1 Mobile/15E148 Safari/604.1"
212.165.231.34 - - [11/Aug/2019:01:26:37 +0000] "GET /uploads/thumbnails/c5a5939530ac573968fbfdcb25f1d15c.jpg HTTP/1.1" 200 39492 "https://www.toplokacija-nekretnine.com/stanovi/zadar-borik-novogradnja-ekskluzivan-top-objekt-s-5-stanova-1kat-7918m2" "Mozilla/5.0 (iPhone; CPU iPhone OS 12_3_1 like Mac OS X) AppleWebKit/605.1.15 (KHTML, like Gecko) Version/12.1.1 Mobile/15E148 Safari/604.1"
212.165.231.34 - - [11/Aug/2019:01:26:37 +0000] "GET /uploads/thumbnails/e6b29d3c5a553897001776c38add614f.jpg HTTP/1.1" 200 37164 "https://www.toplokacija-nekretnine.com/stanovi/zadar-borik-novogradnja-ekskluzivan-top-objekt-s-5-stanova-1kat-7918m2" "Mozilla/5.0 (iPhone; CPU iPhone OS 12_3_1 like Mac OS X) AppleWebKit/605.1.15 (KHTML, like Gecko) Version/12.1.1 Mobile/15E148 Safari/604.1"
212.165.231.34 - - [11/Aug/2019:01:26:37 +0000] "GET /uploads/thumbnails/aa21627dbc24ce81874064544b3e7c92.jpg HTTP/1.1" 200 37776 "https://www.toplokacija-nekretnine.com/stanovi/zadar-borik-novogradnja-ekskluzivan-top-objekt-s-5-stanova-1kat-7918m2" "Mozilla/5.0 (iPhone; CPU iPhone OS 12_3_1 like Mac OS X) AppleWebKit/605.1.15 (KHTML, like Gecko) Version/12.1.1 Mobile/15E148 Safari/604.1"
212.165.231.34 - - [11/Aug/2019:01:26:37 +0000] "GET /unitegallery/themes/compact/ug-theme-compact.js HTTP/1.1" 200 2477 "https://www.toplokacija-nekretnine.com/stanovi/zadar-borik-novogradnja-ekskluzivan-top-objekt-s-5-stanova-1kat-7918m2" "Mozilla/5.0 (iPhone; CPU iPhone OS 12_3_1 like Mac OS X) AppleWebKit/605.1.15 (KHTML, like Gecko) Version/12.1.1 Mobile/15E148 Safari/604.1"
212.165.231.34 - - [11/Aug/2019:01:26:38 +0000] "GET /unitegallery/js/unitegallery.min.js HTTP/1.1" 200 66910 "https://www.toplokacija-nekretnine.com/stanovi/zadar-borik-novogradnja-ekskluzivan-top-objekt-s-5-stanova-1kat-7918m2" "Mozilla/5.0 (iPhone; CPU iPhone OS 12_3_1 like Mac OS X) AppleWebKit/605.1.15 (KHTML, like Gecko) Version/12.1.1 Mobile/15E148 Safari/604.1"
212.165.231.34 - - [11/Aug/2019:01:26:39 +0000] "GET /uploads/thumbnails/80ce0e2a6309cc851213d341bd097ebb.jpg HTTP/1.1" 200 22604 "https://www.toplokacija-nekretnine.com/stanovi/zadar-borik-novogradnja-ekskluzivan-top-objekt-s-5-stanova-1kat-7918m2" "Mozilla/5.0 (iPhone; CPU iPhone OS 12_3_1 like Mac OS X) AppleWebKit/605.1.15 (KHTML, like Gecko) Version/12.1.1 Mobile/15E148 Safari/604.1"
212.165.231.34 - - [11/Aug/2019:01:26:39 +0000] "GET /uploads/thumbnails/5f062d594155dd149ecdbf5e98d014d0.jpg HTTP/1.1" 200 27975 "https://www.toplokacija-nekretnine.com/stanovi/zadar-borik-novogradnja-ekskluzivan-top-objekt-s-5-stanova-1kat-7918m2" "Mozilla/5.0 (iPhone; CPU iPhone OS 12_3_1 like Mac OS X) AppleWebKit/605.1.15 (KHTML, like Gecko) Version/12.1.1 Mobile/15E148 Safari/604.1"
212.165.231.34 - - [11/Aug/2019:01:26:39 +0000] "GET /uploads/thumbnails/6464c176205f91725f83c7bed9b1eb50.jpg HTTP/1.1" 200 24522 "https://www.toplokacija-nekretnine.com/stanovi/zadar-borik-novogradnja-ekskluzivan-top-objekt-s-5-stanova-1kat-7918m2" "Mozilla/5.0 (iPhone; CPU iPhone OS 12_3_1 like Mac OS X) AppleWebKit/605.1.15 (KHTML, like Gecko) Version/12.1.1 Mobile/15E148 Safari/604.1"
212.165.231.34 - - [11/Aug/2019:01:26:40 +0000] "GET /uploads/thumbnails/76d6ac44e238c45b39a77070a988910e.jpg HTTP/1.1" 200 25758 "https://www.toplokacija-nekretnine.com/stanovi/zadar-borik-novogradnja-ekskluzivan-top-objekt-s-5-stanova-1kat-7918m2" "Mozilla/5.0 (iPhone; CPU iPhone OS 12_3_1 like Mac OS X) AppleWebKit/605.1.15 (KHTML, like Gecko) Version/12.1.1 Mobile/15E148 Safari/604.1"
212.165.231.34 - - [11/Aug/2019:01:26:40 +0000] "GET /uploads/thumbnails/6435518b5431daf4c9bae9f88a2364f9.jpg HTTP/1.1" 200 33687 "https://www.toplokacija-nekretnine.com/stanovi/zadar-borik-novogradnja-ekskluzivan-top-objekt-s-5-stanova-1kat-7918m2" "Mozilla/5.0 (iPhone; CPU iPhone OS 12_3_1 like Mac OS X) AppleWebKit/605.1.15 (KHTML, like Gecko) Version/12.1.1 Mobile/15E148 Safari/604.1"
212.165.231.34 - - [11/Aug/2019:01:26:41 +0000] "GET /uploads/thumbnails/50732822c79fb31599011eb2bb8042f1.jpg HTTP/1.1" 200 35079 "https://www.toplokacija-nekretnine.com/stanovi/zadar-borik-novogradnja-ekskluzivan-top-objekt-s-5-stanova-1kat-7918m2" "Mozilla/5.0 (iPhone; CPU iPhone OS 12_3_1 like Mac OS X) AppleWebKit/605.1.15 (KHTML, like Gecko) Version/12.1.1 Mobile/15E148 Safari/604.1"
212.165.231.34 - - [11/Aug/2019:01:26:41 +0000] "GET /uploads/thumbnails/113c441a7807e8b9f525095ee1f38861.jpg HTTP/1.1" 200 33223 "https://www.toplokacija-nekretnine.com/stanovi/zadar-borik-novogradnja-ekskluzivan-top-objekt-s-5-stanova-1kat-7918m2" "Mozilla/5.0 (iPhone; CPU iPhone OS 12_3_1 like Mac OS X) AppleWebKit/605.1.15 (KHTML, like Gecko) Version/12.1.1 Mobile/15E148 Safari/604.1"
212.165.231.34 - - [11/Aug/2019:01:26:42 +0000] "GET /uploads/thumbnails/55b4cc7ea9dc08dbfcbcafcaa1ae8659.jpg HTTP/1.1" 200 27840 "https://www.toplokacija-nekretnine.com/stanovi/zadar-borik-novogradnja-ekskluzivan-top-objekt-s-5-stanova-1kat-7918m2" "Mozilla/5.0 (iPhone; CPU iPhone OS 12_3_1 like Mac OS X) AppleWebKit/605.1.15 (KHTML, like Gecko) Version/12.1.1 Mobile/15E148 Safari/604.1"
212.165.231.34 - - [11/Aug/2019:01:26:42 +0000] "GET /unitegallery/images/loader.gif HTTP/1.1" 200 673 "https://www.toplokacija-nekretnine.com/stanovi/zadar-borik-novogradnja-ekskluzivan-top-objekt-s-5-stanova-1kat-7918m2" "Mozilla/5.0 (iPhone; CPU iPhone OS 12_3_1 like Mac OS X) AppleWebKit/605.1.15 (KHTML, like Gecko) Version/12.1.1 Mobile/15E148 Safari/604.1"
212.165.231.34 - - [11/Aug/2019:01:26:43 +0000] "GET /unitegallery/images/loader-white1.gif HTTP/1.1" 200 2545 "https://www.toplokacija-nekretnine.com/stanovi/zadar-borik-novogradnja-ekskluzivan-top-objekt-s-5-stanova-1kat-7918m2" "Mozilla/5.0 (iPhone; CPU iPhone OS 12_3_1 like Mac OS X) AppleWebKit/605.1.15 (KHTML, like Gecko) Version/12.1.1 Mobile/15E148 Safari/604.1"
212.165.231.34 - - [11/Aug/2019:01:26:43 +0000] "GET /unitegallery/skins/default/slider_arrow_left.png HTTP/1.1" 200 493 "https://www.toplokacija-nekretnine.com/stanovi/zadar-borik-novogradnja-ekskluzivan-top-objekt-s-5-stanova-1kat-7918m2" "Mozilla/5.0 (iPhone; CPU iPhone OS 12_3_1 like Mac OS X) AppleWebKit/605.1.15 (KHTML, like Gecko) Version/12.1.1 Mobile/15E148 Safari/604.1"
212.165.231.34 - - [11/Aug/2019:01:26:43 +0000] "GET /uploads/thumbnails/ac302a8ef137bb88b1a33a1aff6a9bd6.jpg HTTP/1.1" 200 33962 "https://www.toplokacija-nekretnine.com/stanovi/zadar-borik-novogradnja-ekskluzivan-top-objekt-s-5-stanova-1kat-7918m2" "Mozilla/5.0 (iPhone; CPU iPhone OS 12_3_1 like Mac OS X) AppleWebKit/605.1.15 (KHTML, like Gecko) Version/12.1.1 Mobile/15E148 Safari/604.1"
212.165.231.34 - - [11/Aug/2019:01:26:44 +0000] "GET /unitegallery/skins/default/slider_arrow_right.png HTTP/1.1" 200 505 "https://www.toplokacija-nekretnine.com/stanovi/zadar-borik-novogradnja-ekskluzivan-top-objekt-s-5-stanova-1kat-7918m2" "Mozilla/5.0 (iPhone; CPU iPhone OS 12_3_1 like Mac OS X) AppleWebKit/605.1.15 (KHTML, like Gecko) Version/12.1.1 Mobile/15E148 Safari/604.1"
212.165.231.34 - - [11/Aug/2019:01:26:44 +0000] "GET /unitegallery/skins/default/button_fullscreen.png HTTP/1.1" 200 1146 "https://www.toplokacija-nekretnine.com/stanovi/zadar-borik-novogradnja-ekskluzivan-top-objekt-s-5-stanova-1kat-7918m2" "Mozilla/5.0 (iPhone; CPU iPhone OS 12_3_1 like Mac OS X) AppleWebKit/605.1.15 (KHTML, like Gecko) Version/12.1.1 Mobile/15E148 Safari/604.1"
212.165.231.34 - - [11/Aug/2019:01:26:44 +0000] "GET /unitegallery/images/play-button-square.png HTTP/1.1" 200 4591 "https://www.toplokacija-nekretnine.com/stanovi/zadar-borik-novogradnja-ekskluzivan-top-objekt-s-5-stanova-1kat-7918m2" "Mozilla/5.0 (iPhone; CPU iPhone OS 12_3_1 like Mac OS X) AppleWebKit/605.1.15 (KHTML, like Gecko) Version/12.1.1 Mobile/15E148 Safari/604.1"
212.165.231.34 - - [11/Aug/2019:01:26:44 +0000] "GET /unitegallery/images/loader-black1.gif HTTP/1.1" 200 5855 "https://www.toplokacija-nekretnine.com/stanovi/zadar-borik-novogradnja-ekskluzivan-top-objekt-s-5-stanova-1kat-7918m2" "Mozilla/5.0 (iPhone; CPU iPhone OS 12_3_1 like Mac OS X) AppleWebKit/605.1.15 (KHTML, like Gecko) Version/12.1.1 Mobile/15E148 Safari/604.1"
212.165.231.34 - - [11/Aug/2019:01:26:44 +0000] "GET /unitegallery/images/button-close.png HTTP/1.1" 200 7155 "https://www.toplokacija-nekretnine.com/stanovi/zadar-borik-novogradnja-ekskluzivan-top-objekt-s-5-stanova-1kat-7918m2" "Mozilla/5.0 (iPhone; CPU iPhone OS 12_3_1 like Mac OS X) AppleWebKit/605.1.15 (KHTML, like Gecko) Version/12.1.1 Mobile/15E148 Safari/604.1"
212.165.231.34 - - [11/Aug/2019:01:26:45 +0000] "GET /uploads/images/e9fcab5ad37211f1229dd445cc150467.jpg HTTP/1.1" 200 69970 "https://www.toplokacija-nekretnine.com/stanovi/zadar-borik-novogradnja-ekskluzivan-top-objekt-s-5-stanova-1kat-7918m2" "Mozilla/5.0 (iPhone; CPU iPhone OS 12_3_1 like Mac OS X) AppleWebKit/605.1.15 (KHTML, like Gecko) Version/12.1.1 Mobile/15E148 Safari/604.1"
212.165.231.34 - - [11/Aug/2019:01:26:45 +0000] "GET /uploads/images/e6b29d3c5a553897001776c38add614f.jpg HTTP/1.1" 200 91554 "https://www.toplokacija-nekretnine.com/stanovi/zadar-borik-novogradnja-ekskluzivan-top-objekt-s-5-stanova-1kat-7918m2" "Mozilla/5.0 (iPhone; CPU iPhone OS 12_3_1 like Mac OS X) AppleWebKit/605.1.15 (KHTML, like Gecko) Version/12.1.1 Mobile/15E148 Safari/604.1"
212.165.231.34 - - [11/Aug/2019:01:26:45 +0000] "GET /uploads/images/55b4cc7ea9dc08dbfcbcafcaa1ae8659.jpg HTTP/1.1" 200 157224 "https://www.toplokacija-nekretnine.com/stanovi/zadar-borik-novogradnja-ekskluzivan-top-objekt-s-5-stanova-1kat-7918m2" "Mozilla/5.0 (iPhone; CPU iPhone OS 12_3_1 like Mac OS X) AppleWebKit/605.1.15 (KHTML, like Gecko) Version/12.1.1 Mobile/15E148 Safari/604.1"
66.249.66.203 - - [11/Aug/2019:01:27:32 +0000] "GET /uploads/thumbnails/d10d89995f8dfb27e319517fdd22703d.jpg HTTP/1.1" 304 - "-" "Googlebot-Image/1.0"
212.165.231.34 - - [11/Aug/2019:01:28:13 +0000] "GET /uploads/images/c5a5939530ac573968fbfdcb25f1d15c.jpg HTTP/1.1" 200 94195 "https://www.toplokacija-nekretnine.com/stanovi/zadar-borik-novogradnja-ekskluzivan-top-objekt-s-5-stanova-1kat-7918m2" "Mozilla/5.0 (iPhone; CPU iPhone OS 12_3_1 like Mac OS X) AppleWebKit/605.1.15 (KHTML, like Gecko) Version/12.1.1 Mobile/15E148 Safari/604.1"
212.165.231.34 - - [11/Aug/2019:01:28:17 +0000] "GET /uploads/images/aa21627dbc24ce81874064544b3e7c92.jpg HTTP/1.1" 200 93891 "https://www.toplokacija-nekretnine.com/stanovi/zadar-borik-novogradnja-ekskluzivan-top-objekt-s-5-stanova-1kat-7918m2" "Mozilla/5.0 (iPhone; CPU iPhone OS 12_3_1 like Mac OS X) AppleWebKit/605.1.15 (KHTML, like Gecko) Version/12.1.1 Mobile/15E148 Safari/604.1"
212.165.231.34 - - [11/Aug/2019:01:28:21 +0000] "GET /uploads/images/80ce0e2a6309cc851213d341bd097ebb.jpg HTTP/1.1" 200 61027 "https://www.toplokacija-nekretnine.com/stanovi/zadar-borik-novogradnja-ekskluzivan-top-objekt-s-5-stanova-1kat-7918m2" "Mozilla/5.0 (iPhone; CPU iPhone OS 12_3_1 like Mac OS X) AppleWebKit/605.1.15 (KHTML, like Gecko) Version/12.1.1 Mobile/15E148 Safari/604.1"
212.165.231.34 - - [11/Aug/2019:01:28:32 +0000] "GET /uploads/images/5f062d594155dd149ecdbf5e98d014d0.jpg HTTP/1.1" 200 70366 "https://www.toplokacija-nekretnine.com/stanovi/zadar-borik-novogradnja-ekskluzivan-top-objekt-s-5-stanova-1kat-7918m2" "Mozilla/5.0 (iPhone; CPU iPhone OS 12_3_1 like Mac OS X) AppleWebKit/605.1.15 (KHTML, like Gecko) Version/12.1.1 Mobile/15E148 Safari/604.1"
212.165.231.34 - - [11/Aug/2019:01:28:33 +0000] "GET /uploads/images/6464c176205f91725f83c7bed9b1eb50.jpg HTTP/1.1" 200 65345 "https://www.toplokacija-nekretnine.com/stanovi/zadar-borik-novogradnja-ekskluzivan-top-objekt-s-5-stanova-1kat-7918m2" "Mozilla/5.0 (iPhone; CPU iPhone OS 12_3_1 like Mac OS X) AppleWebKit/605.1.15 (KHTML, like Gecko) Version/12.1.1 Mobile/15E148 Safari/604.1"
212.165.231.34 - - [11/Aug/2019:01:28:35 +0000] "GET /uploads/images/76d6ac44e238c45b39a77070a988910e.jpg HTTP/1.1" 200 67149 "https://www.toplokacija-nekretnine.com/stanovi/zadar-borik-novogradnja-ekskluzivan-top-objekt-s-5-stanova-1kat-7918m2" "Mozilla/5.0 (iPhone; CPU iPhone OS 12_3_1 like Mac OS X) AppleWebKit/605.1.15 (KHTML, like Gecko) Version/12.1.1 Mobile/15E148 Safari/604.1"
212.165.231.34 - - [11/Aug/2019:01:28:35 +0000] "GET /uploads/images/6435518b5431daf4c9bae9f88a2364f9.jpg HTTP/1.1" 200 232898 "https://www.toplokacija-nekretnine.com/stanovi/zadar-borik-novogradnja-ekskluzivan-top-objekt-s-5-stanova-1kat-7918m2" "Mozilla/5.0 (iPhone; CPU iPhone OS 12_3_1 like Mac OS X) AppleWebKit/605.1.15 (KHTML, like Gecko) Version/12.1.1 Mobile/15E148 Safari/604.1"
212.165.231.34 - - [11/Aug/2019:01:28:37 +0000] "GET /uploads/images/50732822c79fb31599011eb2bb8042f1.jpg HTTP/1.1" 200 190980 "https://www.toplokacija-nekretnine.com/stanovi/zadar-borik-novogradnja-ekskluzivan-top-objekt-s-5-stanova-1kat-7918m2" "Mozilla/5.0 (iPhone; CPU iPhone OS 12_3_1 like Mac OS X) AppleWebKit/605.1.15 (KHTML, like Gecko) Version/12.1.1 Mobile/15E148 Safari/604.1"
212.165.231.34 - - [11/Aug/2019:01:28:41 +0000] "GET /uploads/images/113c441a7807e8b9f525095ee1f38861.jpg HTTP/1.1" 200 188170 "https://www.toplokacija-nekretnine.com/stanovi/zadar-borik-novogradnja-ekskluzivan-top-objekt-s-5-stanova-1kat-7918m2" "Mozilla/5.0 (iPhone; CPU iPhone OS 12_3_1 like Mac OS X) AppleWebKit/605.1.15 (KHTML, like Gecko) Version/12.1.1 Mobile/15E148 Safari/604.1"
212.165.231.34 - - [11/Aug/2019:01:28:42 +0000] "GET /uploads/images/ac302a8ef137bb88b1a33a1aff6a9bd6.jpg HTTP/1.1" 200 199715 "https://www.toplokacija-nekretnine.com/stanovi/zadar-borik-novogradnja-ekskluzivan-top-objekt-s-5-stanova-1kat-7918m2" "Mozilla/5.0 (iPhone; CPU iPhone OS 12_3_1 like Mac OS X) AppleWebKit/605.1.15 (KHTML, like Gecko) Version/12.1.1 Mobile/15E148 Safari/604.1"
66.249.66.201 - - [11/Aug/2019:01:30:51 +0000] "GET /stanovi/novogradnja-plovanija-stanovi-od-94m2-do-112m2 HTTP/1.1" 200 6289 "-" "Mozilla/5.0 (compatible; Googlebot/2.1; +http://www.google.com/bot.html)"
66.249.66.203 - - [11/Aug/2019:01:31:11 +0000] "GET /stanovi/zadar-borik-novogradnja-ekskluzivan-top-objekt-s-5-stanova-prizemlje-6323m2 HTTP/1.1" 200 7117 "-" "Mozilla/5.0 (compatible; Googlebot/2.1; +http://www.google.com/bot.html)"
40.77.167.9 - - [11/Aug/2019:01:36:00 +0000] "GET /uploads/thumbnails/861b83e7c338fd46bd83a8594343b715.jpg HTTP/1.1" 200 35498 "-" "Mozilla/5.0 (compatible; bingbot/2.0; +http://www.bing.com/bingbot.htm)"
66.249.66.205 - - [11/Aug/2019:01:37:29 +0000] "GET /images/slides/slider1.jpg HTTP/1.1" 304 - "-" "Googlebot-Image/1.0"
66.249.66.205 - - [11/Aug/2019:01:40:36 +0000] "GET /hr/stanovi HTTP/1.1" 200 5960 "-" "Mozilla/5.0 (Linux; Android 6.0.1; Nexus 5X Build/MMB29P) AppleWebKit/537.36 (KHTML, like Gecko) Chrome/41.0.2272.96 Mobile Safari/537.36 (compatible; Googlebot/2.1; +http://www.google.com/bot.html)"
207.46.13.62 - - [11/Aug/2019:01:45:16 +0000] "GET /hr/stanovi/prilika-bili-brig-komforan-cetverosoban-stan-92m2 HTTP/1.1" 200 6386 "-" "Mozilla/5.0 (compatible; bingbot/2.0; +http://www.bing.com/bingbot.htm)"
66.249.66.205 - - [11/Aug/2019:01:49:03 +0000] "GET /uploads/thumbnails/9e0df460a174a22c32647e8f0c746415.jpg HTTP/1.1" 304 - "-" "Googlebot-Image/1.0"
66.249.66.205 - - [11/Aug/2019:01:58:00 +0000] "GET / HTTP/1.1" 200 9183 "-" "Mozilla/5.0 (Linux; Android 6.0.1; Nexus 5X Build/MMB29P) AppleWebKit/537.36 (KHTML, like Gecko) Chrome/41.0.2272.96 Mobile Safari/537.36 (compatible; Googlebot/2.1; +http://www.google.com/bot.html)"
66.249.66.201 - - [11/Aug/2019:01:58:25 +0000] "GET / HTTP/1.1" 200 9183 "-" "Mozilla/5.0 (compatible; Googlebot/2.1; +http://www.google.com/bot.html)"
216.244.66.240 - - [11/Aug/2019:02:01:11 +0000] "GET /robots.txt HTTP/1.1" 301 257 "-" "Mozilla/5.0 (compatible; DotBot/1.1; http://www.opensiteexplorer.org/dotbot, help@moz.com)"
216.244.66.240 - - [11/Aug/2019:02:01:12 +0000] "GET /robots.txt HTTP/1.1" 200 24 "-" "Mozilla/5.0 (compatible; DotBot/1.1; http://www.opensiteexplorer.org/dotbot, help@moz.com)"
66.249.66.201 - - [11/Aug/2019:02:06:49 +0000] "GET /kuce/zadar-arbanasi-idilicna-kamena-kuca-130m2-na-zelenoj-oazi-od-612m2 HTTP/1.1" 200 7551 "-" "Mozilla/5.0 (Linux; Android 6.0.1; Nexus 5X Build/MMB29P) AppleWebKit/537.36 (KHTML, like Gecko) Chrome/41.0.2272.96 Mobile Safari/537.36 (compatible; Googlebot/2.1; +http://www.google.com/bot.html)"
66.249.66.201 - - [11/Aug/2019:02:08:44 +0000] "GET /apartmani/zadar-kozino-top-lokacija-50m-od-mora-6420m2 HTTP/1.1" 200 6876 "-" "Mozilla/5.0 (Linux; Android 6.0.1; Nexus 5X Build/MMB29P) AppleWebKit/537.36 (KHTML, like Gecko) Chrome/41.0.2272.96 Mobile Safari/537.36 (compatible; Googlebot/2.1; +http://www.google.com/bot.html)"
66.249.66.203 - - [11/Aug/2019:02:11:26 +0000] "GET /kuce/prilika-zaton-centar-stara-kuca-sa-crnom-kuhinjom HTTP/1.1" 200 5851 "-" "Mozilla/5.0 (Linux; Android 6.0.1; Nexus 5X Build/MMB29P) AppleWebKit/537.36 (KHTML, like Gecko) Chrome/41.0.2272.96 Mobile Safari/537.36 (compatible; Googlebot/2.1; +http://www.google.com/bot.html)"
66.249.66.201 - - [11/Aug/2019:02:11:45 +0000] "GET /ponudi-nekretninu HTTP/1.1" 200 4373 "-" "Mozilla/5.0 (Linux; Android 6.0.1; Nexus 5X Build/MMB29P) AppleWebKit/537.36 (KHTML, like Gecko) Chrome/41.0.2272.96 Mobile Safari/537.36 (compatible; Googlebot/2.1; +http://www.google.com/bot.html)"
66.249.66.203 - - [11/Aug/2019:02:11:47 +0000] "GET /css/fileinput.min.css HTTP/1.1" 200 2266 "https://www.toplokacija-nekretnine.com/ponudi-nekretninu" "Mozilla/5.0 (Linux; Android 6.0.1; Nexus 5X Build/MMB29P) AppleWebKit/537.36 (KHTML, like Gecko) Chrome/41.0.2272.96 Mobile Safari/537.36 (compatible; Googlebot/2.1; +http://www.google.com/bot.html)"
66.249.66.201 - - [11/Aug/2019:02:11:47 +0000] "GET /js/fileinput.min.js HTTP/1.1" 200 25744 "https://www.toplokacija-nekretnine.com/ponudi-nekretninu" "Mozilla/5.0 (Linux; Android 6.0.1; Nexus 5X Build/MMB29P) AppleWebKit/537.36 (KHTML, like Gecko) Chrome/41.0.2272.96 Mobile Safari/537.36 (compatible; Googlebot/2.1; +http://www.google.com/bot.html)"
66.249.66.203 - - [11/Aug/2019:02:11:48 +0000] "GET /js/locales/cr.js HTTP/1.1" 200 1855 "https://www.toplokacija-nekretnine.com/ponudi-nekretninu" "Mozilla/5.0 (Linux; Android 6.0.1; Nexus 5X Build/MMB29P) AppleWebKit/537.36 (KHTML, like Gecko) Chrome/41.0.2272.96 Mobile Safari/537.36 (compatible; Googlebot/2.1; +http://www.google.com/bot.html)"
40.77.167.9 - - [11/Aug/2019:02:20:35 +0000] "GET /uploads/thumbnails/4ab4340b3f818d3778e8c956ef420bba.JPG HTTP/1.1" 200 33827 "-" "Mozilla/5.0 (compatible; bingbot/2.0; +http://www.bing.com/bingbot.htm)"
66.249.66.201 - - [11/Aug/2019:02:20:41 +0000] "GET /vile HTTP/1.1" 200 4375 "-" "Mozilla/5.0 (Linux; Android 6.0.1; Nexus 5X Build/MMB29P) AppleWebKit/537.36 (KHTML, like Gecko) Chrome/41.0.2272.96 Mobile Safari/537.36 (compatible; Googlebot/2.1; +http://www.google.com/bot.html)"
66.249.66.201 - - [11/Aug/2019:02:21:35 +0000] "GET /kontakt HTTP/1.1" 200 4117 "-" "Mozilla/5.0 (Linux; Android 6.0.1; Nexus 5X Build/MMB29P) AppleWebKit/537.36 (KHTML, like Gecko) Chrome/41.0.2272.96 Mobile Safari/537.36 (compatible; Googlebot/2.1; +http://www.google.com/bot.html)"
66.249.66.201 - - [11/Aug/2019:02:27:40 +0000] "GET /hr/kuce/zaton-moderna-kuca-s-4-apartmana-i-bazenom HTTP/1.1" 200 7189 "-" "Mozilla/5.0 (Linux; Android 6.0.1; Nexus 5X Build/MMB29P) AppleWebKit/537.36 (KHTML, like Gecko) Chrome/41.0.2272.96 Mobile Safari/537.36 (compatible; Googlebot/2.1; +http://www.google.com/bot.html)"
66.249.66.205 - - [11/Aug/2019:02:30:58 +0000] "GET /zemljista/top-lokacija-udaljenost-od-mora-15m-zaton-uvala-jaz HTTP/1.1" 200 5984 "-" "Mozilla/5.0 (Linux; Android 6.0.1; Nexus 5X Build/MMB29P) AppleWebKit/537.36 (KHTML, like Gecko) Chrome/41.0.2272.96 Mobile Safari/537.36 (compatible; Googlebot/2.1; +http://www.google.com/bot.html)"
66.249.66.203 - - [11/Aug/2019:02:32:10 +0000] "GET /hoteli HTTP/1.1" 200 4377 "-" "Mozilla/5.0 (Linux; Android 6.0.1; Nexus 5X Build/MMB29P) AppleWebKit/537.36 (KHTML, like Gecko) Chrome/41.0.2272.96 Mobile Safari/537.36 (compatible; Googlebot/2.1; +http://www.google.com/bot.html)"
66.249.66.205 - - [11/Aug/2019:02:40:57 +0000] "GET /apartmani/zadar-petrcane-20m-od-mora-5438m2-sa-vrtom-od-11296m2 HTTP/1.1" 200 7376 "-" "Mozilla/5.0 (compatible; Googlebot/2.1; +http://www.google.com/bot.html)"
38.131.155.148 - - [11/Aug/2019:02:46:42 +0000] "GET / HTTP/1.1" 301 247 "-" "Go-http-client/1.1"
216.244.66.240 - - [11/Aug/2019:02:46:43 +0000] "GET /robots.txt HTTP/1.1" 301 257 "-" "Mozilla/5.0 (compatible; DotBot/1.1; http://www.opensiteexplorer.org/dotbot, help@moz.com)"
216.244.66.240 - - [11/Aug/2019:02:46:44 +0000] "GET /robots.txt HTTP/1.1" 200 24 "-" "Mozilla/5.0 (compatible; DotBot/1.1; http://www.opensiteexplorer.org/dotbot, help@moz.com)"
66.249.66.201 - - [11/Aug/2019:02:46:53 +0000] "GET /uploads/thumbnails/65b6fc1fe3c02fe6694b6d510dfd7fed.jpg HTTP/1.1" 304 - "-" "Googlebot-Image/1.0"
66.249.66.201 - - [11/Aug/2019:02:50:08 +0000] "GET /poslovni-prostori HTTP/1.1" 200 5030 "-" "Mozilla/5.0 (compatible; Googlebot/2.1; +http://www.google.com/bot.html)"
66.249.66.203 - - [11/Aug/2019:02:50:23 +0000] "GET /stanovi/zadar-plovanija-noviji-stan-52m2 HTTP/1.1" 200 6586 "-" "Mozilla/5.0 (compatible; Googlebot/2.1; +http://www.google.com/bot.html)"
66.249.66.203 - - [11/Aug/2019:02:56:40 +0000] "GET /uploads/thumbnails/97423ef73b13c7adc10145c034866af2.jpg HTTP/1.1" 304 - "-" "Googlebot-Image/1.0"
66.249.66.203 - - [11/Aug/2019:03:00:29 +0000] "GET /hr/apartmani/starigrad-seline-apartman-8937m2-s-vrtom-od-9075m2 HTTP/1.1" 200 7302 "-" "Mozilla/5.0 (Linux; Android 6.0.1; Nexus 5X Build/MMB29P) AppleWebKit/537.36 (KHTML, like Gecko) Chrome/41.0.2272.96 Mobile Safari/537.36 (compatible; Googlebot/2.1; +http://www.google.com/bot.html)"
66.249.66.205 - - [11/Aug/2019:03:06:52 +0000] "GET /uploads/thumbnails/27a9a615980c40d6565e6fb3177f5efa.jpg HTTP/1.1" 304 - "-" "Googlebot-Image/1.0"
66.249.66.205 - - [11/Aug/2019:03:07:51 +0000] "GET /kuce/zaton-moderna-kuca-s-4-apartmana-i-bazenom HTTP/1.1" 200 7191 "-" "Mozilla/5.0 (compatible; Googlebot/2.1; +http://www.google.com/bot.html)"
46.229.168.130 - - [11/Aug/2019:03:11:12 +0000] "GET /robots.txt HTTP/1.1" 200 24 "-" "Mozilla/5.0 (compatible; SemrushBot/3~bl; +http://www.semrush.com/bot.html)"
46.229.168.131 - - [11/Aug/2019:03:11:13 +0000] "GET /en/houses/prekrasna-kuca-sa-bazenom-maslenica-pokraj-zadra HTTP/1.1" 200 7424 "-" "Mozilla/5.0 (compatible; SemrushBot/3~bl; +http://www.semrush.com/bot.html)"
66.249.66.201 - - [11/Aug/2019:03:20:42 +0000] "GET /stanovi/zadar-diklovac-dvoetazan-stan-9607m2 HTTP/1.1" 200 7069 "-" "Mozilla/5.0 (compatible; Googlebot/2.1; +http://www.google.com/bot.html)"
66.249.66.201 - - [11/Aug/2019:03:21:21 +0000] "GET /uploads/thumbnails/3788181e5acc2502384d4dd203757f48.jpg HTTP/1.1" 200 51431 "-" "Googlebot-Image/1.0"
46.229.168.152 - - [11/Aug/2019:03:22:12 +0000] "GET /hr/stanovi/bili-brig-trosoban-stan-82m2-1kat HTTP/1.1" 200 6385 "-" "Mozilla/5.0 (compatible; SemrushBot/3~bl; +http://www.semrush.com/bot.html)"
66.249.66.201 - - [11/Aug/2019:03:29:05 +0000] "GET /en/flats/zadar-branimirova-obala-uz-sami-poluotok-72m2-2kat HTTP/1.1" 200 6756 "-" "Mozilla/5.0 (compatible; Googlebot/2.1; +http://www.google.com/bot.html)"
66.249.66.201 - - [11/Aug/2019:03:32:07 +0000] "GET /en/houses/prilika-zaton-centar-stara-kuca-sa-crnom-kuhinjom HTTP/1.1" 200 5752 "-" "Mozilla/5.0 (Linux; Android 6.0.1; Nexus 5X Build/MMB29P) AppleWebKit/537.36 (KHTML, like Gecko) Chrome/41.0.2272.96 Mobile Safari/537.36 (compatible; Googlebot/2.1; +http://www.google.com/bot.html)"
66.249.66.205 - - [11/Aug/2019:03:33:15 +0000] "GET /stanovi/zadar-branimirova-obala-uz-sami-poluotok-72m2-2kat HTTP/1.1" 200 6852 "-" "Mozilla/5.0 (compatible; Googlebot/2.1; +http://www.google.com/bot.html)"
40.77.167.9 - - [11/Aug/2019:03:37:55 +0000] "GET /uploads/thumbnails/326ebf5a9125fdf8cd60a2f35b1d7c7f.JPG HTTP/1.1" 200 38317 "-" "Mozilla/5.0 (compatible; bingbot/2.0; +http://www.bing.com/bingbot.htm)"
66.249.66.201 - - [11/Aug/2019:03:40:15 +0000] "GET /en/apartments/prilika-pag-riva-1red-uz-more-top-lokacija-65m2 HTTP/1.1" 200 6040 "-" "Mozilla/5.0 (compatible; Googlebot/2.1; +http://www.google.com/bot.html)"
66.249.66.203 - - [11/Aug/2019:03:42:18 +0000] "GET /hr/poslovni-prostori/top-lokacija-svfilip-i-jakov-poslovni-prostor-na-setnici-21m2 HTTP/1.1" 200 6094 "-" "Mozilla/5.0 (Linux; Android 6.0.1; Nexus 5X Build/MMB29P) AppleWebKit/537.36 (KHTML, like Gecko) Chrome/41.0.2272.96 Mobile Safari/537.36 (compatible; Googlebot/2.1; +http://www.google.com/bot.html)"
66.249.66.205 - - [11/Aug/2019:03:58:33 +0000] "GET /uploads/thumbnails/e62620d977f33b9c332e93a27d1e1a65.jpg HTTP/1.1" 304 - "-" "Googlebot-Image/1.0"
66.249.66.201 - - [11/Aug/2019:04:16:09 +0000] "GET /uploads/thumbnails/b3e3473fde86db6f07b08ad2fc0ef6ea.jpg HTTP/1.1" 304 - "-" "Googlebot-Image/1.0"
66.249.66.205 - - [11/Aug/2019:04:16:09 +0000] "GET /uploads/thumbnails/280c1baf452242fd6dbda10d3ea6dac6.jpg HTTP/1.1" 304 - "-" "Googlebot-Image/1.0"
216.244.66.240 - - [11/Aug/2019:04:17:51 +0000] "GET /robots.txt HTTP/1.1" 301 257 "-" "Mozilla/5.0 (compatible; DotBot/1.1; http://www.opensiteexplorer.org/dotbot, help@moz.com)"
216.244.66.240 - - [11/Aug/2019:04:17:52 +0000] "GET /robots.txt HTTP/1.1" 200 24 "-" "Mozilla/5.0 (compatible; DotBot/1.1; http://www.opensiteexplorer.org/dotbot, help@moz.com)"
157.55.39.137 - - [11/Aug/2019:04:25:30 +0000] "GET /en/flats HTTP/1.1" 200 5837 "-" "Mozilla/5.0 (compatible; bingbot/2.0; +http://www.bing.com/bingbot.htm)"
46.229.168.133 - - [11/Aug/2019:04:26:45 +0000] "GET /robots.txt HTTP/1.1" 200 24 "-" "Mozilla/5.0 (compatible; SemrushBot/3~bl; +http://www.semrush.com/bot.html)"
46.229.168.144 - - [11/Aug/2019:04:26:45 +0000] "GET /en/sale HTTP/1.1" 200 4304 "-" "Mozilla/5.0 (compatible; SemrushBot/3~bl; +http://www.semrush.com/bot.html)"
207.46.13.62 - - [11/Aug/2019:04:30:01 +0000] "GET /uploads/thumbnails/75e2cfcfc01e45e1fe1d9a7af3fe7943.jpg HTTP/1.1" 200 38740 "-" "Mozilla/5.0 (compatible; bingbot/2.0; +http://www.bing.com/bingbot.htm)"
66.249.66.205 - - [11/Aug/2019:04:32:35 +0000] "GET /hr/kuce/prekrasna-kuca-sa-bazenom-maslenica-pokraj-zadra HTTP/1.1" 200 7516 "-" "Mozilla/5.0 (Linux; Android 6.0.1; Nexus 5X Build/MMB29P) AppleWebKit/537.36 (KHTML, like Gecko) Chrome/41.0.2272.96 Mobile Safari/537.36 (compatible; Googlebot/2.1; +http://www.google.com/bot.html)"
66.249.66.205 - - [11/Aug/2019:04:38:26 +0000] "GET /api/places/ HTTP/1.1" 301 256 "-" "Mozilla/5.0 (Linux; Android 6.0.1; Nexus 5X Build/MMB29P) AppleWebKit/537.36 (KHTML, like Gecko) Chrome/41.0.2272.96 Mobile Safari/537.36 (compatible; Googlebot/2.1; +http://www.google.com/bot.html)"
66.249.66.212 - - [11/Aug/2019:04:38:32 +0000] "GET /api/places HTTP/1.1" 301 257 "-" "Mozilla/5.0 (Linux; Android 6.0.1; Nexus 5X Build/MMB29P) AppleWebKit/537.36 (KHTML, like Gecko) Chrome/41.0.2272.96 Mobile Safari/537.36 (compatible; Googlebot/2.1; +http://www.google.com/bot.html)"
66.249.66.203 - - [11/Aug/2019:04:38:36 +0000] "GET /api/places HTTP/1.1" 500 4485 "-" "Mozilla/5.0 (Linux; Android 6.0.1; Nexus 5X Build/MMB29P) AppleWebKit/537.36 (KHTML, like Gecko) Chrome/41.0.2272.96 Mobile Safari/537.36 (compatible; Googlebot/2.1; +http://www.google.com/bot.html)"
66.249.66.201 - - [11/Aug/2019:04:44:57 +0000] "GET /uploads/images/48ef9daccad38b1a1bc9fb22121db6ac.jpg HTTP/1.1" 304 - "-" "Googlebot-Image/1.0"
66.249.66.203 - - [11/Aug/2019:04:45:50 +0000] "GET /stanovi HTTP/1.1" 200 5931 "-" "Mozilla/5.0 (Linux; Android 6.0.1; Nexus 5X Build/MMB29P) AppleWebKit/537.36 (KHTML, like Gecko) Chrome/41.0.2272.96 Mobile Safari/537.36 (compatible; Googlebot/2.1; +http://www.google.com/bot.html)"
46.229.168.138 - - [11/Aug/2019:04:47:37 +0000] "GET /en/apartments/zadar-kozino-top-lokacija-50m-od-mora-6420m2 HTTP/1.1" 200 6799 "-" "Mozilla/5.0 (compatible; SemrushBot/3~bl; +http://www.semrush.com/bot.html)"
66.249.66.205 - - [11/Aug/2019:04:49:11 +0000] "GET /stanovi/zadar-borik-novogradnja-ekskluzivan-top-objekt-s-5-stanova-1kat-7199m2 HTTP/1.1" 200 7150 "-" "Mozilla/5.0 (compatible; Googlebot/2.1; +http://www.google.com/bot.html)"
66.249.66.201 - - [11/Aug/2019:04:52:05 +0000] "GET /hr/stanovi/zadar-borik-novogradnja-ekskluzivan-top-objekt-s-5-stanova-1kat-7918m2 HTTP/1.1" 200 7144 "-" "Mozilla/5.0 (Linux; Android 6.0.1; Nexus 5X Build/MMB29P) AppleWebKit/537.36 (KHTML, like Gecko) Chrome/41.0.2272.96 Mobile Safari/537.36 (compatible; Googlebot/2.1; +http://www.google.com/bot.html)"
66.249.66.205 - - [11/Aug/2019:04:55:11 +0000] "GET /uploads/thumbnails/130be745b55d9f6fe46ee90eb4778fa9.jpg HTTP/1.1" 304 - "-" "Googlebot-Image/1.0"
216.244.66.240 - - [11/Aug/2019:05:03:38 +0000] "GET /robots.txt HTTP/1.1" 301 257 "-" "Mozilla/5.0 (compatible; DotBot/1.1; http://www.opensiteexplorer.org/dotbot, help@moz.com)"
216.244.66.240 - - [11/Aug/2019:05:03:39 +0000] "GET /robots.txt HTTP/1.1" 200 24 "-" "Mozilla/5.0 (compatible; DotBot/1.1; http://www.opensiteexplorer.org/dotbot, help@moz.com)"
66.249.66.205 - - [11/Aug/2019:05:05:43 +0000] "GET /uploads/thumbnails/54f67645b34f37f2fb57887f24457c3a.jpg HTTP/1.1" 304 - "-" "Googlebot-Image/1.0"
