66.249.66.205 - - [12/Aug/2019:00:02:43 +0000] "GET /stanovi/novorenovirano-47m2-2kat-melada HTTP/1.1" 200 6347 "-" "Mozilla/5.0 (Linux; Android 6.0.1; Nexus 5X Build/MMB29P) AppleWebKit/537.36 (KHTML, like Gecko) Chrome/41.0.2272.96 Mobile Safari/537.36 (compatible; Googlebot/2.1; +http://www.google.com/bot.html)"
178.137.16.246 - - [12/Aug/2019:00:07:00 +0000] "GET / HTTP/1.1" 301 247 "http://pamyatniki.ukrpam.com/" "Mozilla/4.0 (compatible; MSIE 6.0; Windows NT 5.1; SV1; Crazy Browser 2.0.0 Beta 1; .NET CLR 1.0.3705; .NET CLR 1.1.4322)"
178.137.16.246 - - [12/Aug/2019:00:07:00 +0000] "GET / HTTP/1.1" 301 247 "http://pamyatniki.ukrpam.com/" "Mozilla/4.0 (compatible; MSIE 6.0; Windows NT 5.1; SV1; Crazy Browser 2.0.0 Beta 1; .NET CLR 1.0.3705; .NET CLR 1.1.4322)"
178.137.16.246 - - [12/Aug/2019:00:07:01 +0000] "GET / HTTP/1.1" 301 247 "http://pamyatniki.ukrpam.com/" "Mozilla/4.0 (compatible; MSIE 6.0; Windows NT 5.1; SV1; Crazy Browser 2.0.0 Beta 1; .NET CLR 1.0.3705; .NET CLR 1.1.4322)"
66.249.66.201 - - [12/Aug/2019:00:08:07 +0000] "GET /zemljista HTTP/1.1" 200 5944 "-" "Mozilla/5.0 (compatible; Googlebot/2.1; +http://www.google.com/bot.html)"
66.249.66.205 - - [12/Aug/2019:00:14:21 +0000] "GET /stanovi/novogradnja-plovanija-stanovi-od-94m2-do-112m2 HTTP/1.1" 200 6288 "-" "Mozilla/5.0 (compatible; Googlebot/2.1; +http://www.google.com/bot.html)"
66.249.66.201 - - [12/Aug/2019:00:15:32 +0000] "GET /en/flats/top-lokacija-branimirova-obala-tiz-97m2 HTTP/1.1" 200 7038 "-" "Mozilla/5.0 (Linux; Android 6.0.1; Nexus 5X Build/MMB29P) AppleWebKit/537.36 (KHTML, like Gecko) Chrome/41.0.2272.96 Mobile Safari/537.36 (compatible; Googlebot/2.1; +http://www.google.com/bot.html)"
66.249.66.205 - - [12/Aug/2019:00:24:16 +0000] "GET /stanovi/zadar-borik-novogradnja-ekskluzivan-top-objekt-s-5-stanova-prizemlje-6323m2 HTTP/1.1" 200 7119 "-" "Mozilla/5.0 (compatible; Googlebot/2.1; +http://www.google.com/bot.html)"
66.249.66.201 - - [12/Aug/2019:00:28:40 +0000] "GET /ponudi-nekretninu HTTP/1.1" 200 4372 "-" "Mozilla/5.0 (Linux; Android 6.0.1; Nexus 5X Build/MMB29P) AppleWebKit/537.36 (KHTML, like Gecko) Chrome/41.0.2272.96 Mobile Safari/537.36 (compatible; Googlebot/2.1; +http://www.google.com/bot.html)"
66.249.66.205 - - [12/Aug/2019:00:29:02 +0000] "GET /kontakt HTTP/1.1" 200 4113 "-" "Mozilla/5.0 (Linux; Android 6.0.1; Nexus 5X Build/MMB29P) AppleWebKit/537.36 (KHTML, like Gecko) Chrome/41.0.2272.96 Mobile Safari/537.36 (compatible; Googlebot/2.1; +http://www.google.com/bot.html)"
66.249.66.205 - - [12/Aug/2019:00:31:14 +0000] "GET /hoteli HTTP/1.1" 200 4377 "-" "Mozilla/5.0 (Linux; Android 6.0.1; Nexus 5X Build/MMB29P) AppleWebKit/537.36 (KHTML, like Gecko) Chrome/41.0.2272.96 Mobile Safari/537.36 (compatible; Googlebot/2.1; +http://www.google.com/bot.html)"
66.249.66.203 - - [12/Aug/2019:00:38:35 +0000] "GET /zemljista/top-lokacija-udaljenost-od-mora-15m-zaton-uvala-jaz HTTP/1.1" 200 5983 "-" "Mozilla/5.0 (Linux; Android 6.0.1; Nexus 5X Build/MMB29P) AppleWebKit/537.36 (KHTML, like Gecko) Chrome/41.0.2272.96 Mobile Safari/537.36 (compatible; Googlebot/2.1; +http://www.google.com/bot.html)"
216.244.66.240 - - [12/Aug/2019:00:38:52 +0000] "GET /robots.txt HTTP/1.1" 301 257 "-" "Mozilla/5.0 (compatible; DotBot/1.1; http://www.opensiteexplorer.org/dotbot, help@moz.com)"
216.244.66.240 - - [12/Aug/2019:00:38:53 +0000] "GET /robots.txt HTTP/1.1" 200 24 "-" "Mozilla/5.0 (compatible; DotBot/1.1; http://www.opensiteexplorer.org/dotbot, help@moz.com)"
66.249.66.201 - - [12/Aug/2019:00:44:22 +0000] "GET /stanovi/top-lokacija-branimirova-obala-tiz-97m2 HTTP/1.1" 200 7122 "-" "Mozilla/5.0 (Linux; Android 6.0.1; Nexus 5X Build/MMB29P) AppleWebKit/537.36 (KHTML, like Gecko) Chrome/41.0.2272.96 Mobile Safari/537.36 (compatible; Googlebot/2.1; +http://www.google.com/bot.html)"
66.249.66.205 - - [12/Aug/2019:00:50:46 +0000] "GET /en/flats/diklo-prekrasan-trosoban-stan-s-terasom-i-vrtom-93m2 HTTP/1.1" 200 6585 "-" "Mozilla/5.0 (Linux; Android 6.0.1; Nexus 5X Build/MMB29P) AppleWebKit/537.36 (KHTML, like Gecko) Chrome/41.0.2272.96 Mobile Safari/537.36 (compatible; Googlebot/2.1; +http://www.google.com/bot.html)"
66.249.66.201 - - [12/Aug/2019:00:53:59 +0000] "GET /zemljista/privlaka-bilotinjak-gradevinsko-zemljiste-1157m2 HTTP/1.1" 200 6033 "-" "Mozilla/5.0 (compatible; Googlebot/2.1; +http://www.google.com/bot.html)"
207.46.13.46 - - [12/Aug/2019:00:59:06 +0000] "GET /blog/savjeti-kako-razumno-investirati-u-nekretnine-na-jadranu HTTP/1.1" 200 5846 "-" "Mozilla/5.0 (compatible; bingbot/2.0; +http://www.bing.com/bingbot.htm)"
207.46.13.46 - - [12/Aug/2019:00:59:27 +0000] "GET /css/animate.min.css HTTP/1.1" 200 3598 "-" "Mozilla/5.0 (compatible; bingbot/2.0; +http://www.bing.com/bingbot.htm)"
207.46.13.46 - - [12/Aug/2019:00:59:27 +0000] "GET /css/hover.css HTTP/1.1" 200 7051 "-" "Mozilla/5.0 (compatible; bingbot/2.0; +http://www.bing.com/bingbot.htm)"
207.46.13.46 - - [12/Aug/2019:00:59:27 +0000] "GET /js/main.js?v=4 HTTP/1.1" 200 551 "-" "Mozilla/5.0 (compatible; bingbot/2.0; +http://www.bing.com/bingbot.htm)"
207.46.13.12 - - [12/Aug/2019:00:59:31 +0000] "GET /assets/plugins/flag/css/flag-icon.css HTTP/1.1" 200 2837 "-" "Mozilla/5.0 (compatible; bingbot/2.0; +http://www.bing.com/bingbot.htm)"
207.46.13.12 - - [12/Aug/2019:00:59:31 +0000] "GET /css/bootstrap-dropdownhover.css HTTP/1.1" 200 433 "-" "Mozilla/5.0 (compatible; bingbot/2.0; +http://www.bing.com/bingbot.htm)"
207.46.13.12 - - [12/Aug/2019:00:59:31 +0000] "GET /js/bootstrap.min.js HTTP/1.1" 200 9833 "-" "Mozilla/5.0 (compatible; bingbot/2.0; +http://www.bing.com/bingbot.htm)"
207.46.13.12 - - [12/Aug/2019:00:59:32 +0000] "GET /js/css3-animate-it.js HTTP/1.1" 200 1504 "-" "Mozilla/5.0 (compatible; bingbot/2.0; +http://www.bing.com/bingbot.htm)"
207.46.13.12 - - [12/Aug/2019:00:59:32 +0000] "GET /js/dyscrollup.js HTTP/1.1" 200 704 "-" "Mozilla/5.0 (compatible; bingbot/2.0; +http://www.bing.com/bingbot.htm)"
207.46.13.12 - - [12/Aug/2019:00:59:32 +0000] "GET /unitegallery/css/unite-gallery.css HTTP/1.1" 200 4825 "-" "Mozilla/5.0 (compatible; bingbot/2.0; +http://www.bing.com/bingbot.htm)"
207.46.13.12 - - [12/Aug/2019:00:59:32 +0000] "GET /unitegallery/themes/compact/ug-theme-compact.js HTTP/1.1" 200 2477 "-" "Mozilla/5.0 (compatible; bingbot/2.0; +http://www.bing.com/bingbot.htm)"
40.77.167.79 - - [12/Aug/2019:00:59:43 +0000] "GET /css/font-awesome.min.css HTTP/1.1" 200 7053 "-" "Mozilla/5.0 (compatible; bingbot/2.0; +http://www.bing.com/bingbot.htm)"
40.77.167.79 - - [12/Aug/2019:00:59:43 +0000] "GET /css/responsive.css?v=4 HTTP/1.1" 200 1151 "-" "Mozilla/5.0 (compatible; bingbot/2.0; +http://www.bing.com/bingbot.htm)"
40.77.167.79 - - [12/Aug/2019:00:59:43 +0000] "GET /css/style.css?v=15 HTTP/1.1" 200 7634 "-" "Mozilla/5.0 (compatible; bingbot/2.0; +http://www.bing.com/bingbot.htm)"
40.77.167.79 - - [12/Aug/2019:00:59:43 +0000] "GET /js/bootstrap-dropdownhover.min.js HTTP/1.1" 200 1355 "-" "Mozilla/5.0 (compatible; bingbot/2.0; +http://www.bing.com/bingbot.htm)"
40.77.167.79 - - [12/Aug/2019:00:59:43 +0000] "GET /js/jquery-scrolltofixed-min.js HTTP/1.1" 200 1717 "-" "Mozilla/5.0 (compatible; bingbot/2.0; +http://www.bing.com/bingbot.htm)"
40.77.167.79 - - [12/Aug/2019:00:59:43 +0000] "GET /js/jquery.min.js HTTP/1.1" 200 29820 "-" "Mozilla/5.0 (compatible; bingbot/2.0; +http://www.bing.com/bingbot.htm)"
40.77.167.79 - - [12/Aug/2019:00:59:43 +0000] "GET /unitegallery/js/jquery-11.0.min.js HTTP/1.1" 200 33369 "-" "Mozilla/5.0 (compatible; bingbot/2.0; +http://www.bing.com/bingbot.htm)"
40.77.167.85 - - [12/Aug/2019:00:59:50 +0000] "GET /css/animations.css HTTP/1.1" 200 2856 "-" "Mozilla/5.0 (compatible; bingbot/2.0; +http://www.bing.com/bingbot.htm)"
40.77.167.85 - - [12/Aug/2019:00:59:50 +0000] "GET /css/bootstrap.min.css HTTP/1.1" 200 19744 "-" "Mozilla/5.0 (compatible; bingbot/2.0; +http://www.bing.com/bingbot.htm)"
40.77.167.85 - - [12/Aug/2019:00:59:50 +0000] "GET /js/jarallax.js HTTP/1.1" 200 2670 "-" "Mozilla/5.0 (compatible; bingbot/2.0; +http://www.bing.com/bingbot.htm)"
40.77.167.85 - - [12/Aug/2019:00:59:50 +0000] "GET /unitegallery/js/unitegallery.min.js HTTP/1.1" 200 66910 "-" "Mozilla/5.0 (compatible; bingbot/2.0; +http://www.bing.com/bingbot.htm)"
66.249.66.203 - - [12/Aug/2019:01:13:12 +0000] "GET /en/houses/zaton-moderna-kuca-s-4-apartmana-i-bazenom HTTP/1.1" 200 7109 "-" "Mozilla/5.0 (Linux; Android 6.0.1; Nexus 5X Build/MMB29P) AppleWebKit/537.36 (KHTML, like Gecko) Chrome/41.0.2272.96 Mobile Safari/537.36 (compatible; Googlebot/2.1; +http://www.google.com/bot.html)"
46.229.168.132 - - [12/Aug/2019:01:14:50 +0000] "GET /robots.txt HTTP/1.1" 200 24 "-" "Mozilla/5.0 (compatible; SemrushBot/3~bl; +http://www.semrush.com/bot.html)"
46.229.168.150 - - [12/Aug/2019:01:14:51 +0000] "GET /hr/stanovi/top-exkluzivna-nekretnina-penthouse-zadar-visnjik HTTP/1.1" 200 7652 "-" "Mozilla/5.0 (compatible; SemrushBot/3~bl; +http://www.semrush.com/bot.html)"
66.249.66.203 - - [12/Aug/2019:01:22:15 +0000] "GET /zemljista/filip-jakov-gradevinsko-zemljiste-1098m2 HTTP/1.1" 200 6409 "-" "Mozilla/5.0 (compatible; Googlebot/2.1; +http://www.google.com/bot.html)"
46.229.168.153 - - [12/Aug/2019:01:29:47 +0000] "GET /stanovi/zadar-relja-sarmantan-stan-od-35m2 HTTP/1.1" 500 4485 "-" "Mozilla/5.0 (compatible; SemrushBot/3~bl; +http://www.semrush.com/bot.html)"
87.250.224.91 - - [12/Aug/2019:01:41:11 +0000] "GET /robots.txt HTTP/1.1" 200 24 "-" "Mozilla/5.0 (compatible; YandexBot/3.0; +http://yandex.com/bots)"
87.250.224.91 - - [12/Aug/2019:01:41:14 +0000] "GET /kuce/smokovic-kod-zadra-kuca-84m2-na-terenu-od-1900m2 HTTP/1.1" 500 4485 "-" "Mozilla/5.0 (compatible; YandexBot/3.0; +http://yandex.com/bots)"
66.249.66.201 - - [12/Aug/2019:02:00:47 +0000] "GET /hr/kuce/zaton-moderna-kuca-s-4-apartmana-i-bazenom HTTP/1.1" 200 7191 "-" "Mozilla/5.0 (Linux; Android 6.0.1; Nexus 5X Build/MMB29P) AppleWebKit/537.36 (KHTML, like Gecko) Chrome/41.0.2272.96 Mobile Safari/537.36 (compatible; Googlebot/2.1; +http://www.google.com/bot.html)"
207.46.13.46 - - [12/Aug/2019:02:00:58 +0000] "GET /fonts/fontawesome-webfont.svg?v=4.7.0 HTTP/1.1" 200 444379 "-" "Mozilla/5.0 (compatible; bingbot/2.0; +http://www.bing.com/bingbot.htm)"
207.46.13.46 - - [12/Aug/2019:02:01:00 +0000] "GET /fonts/fontawesome-webfont.ttf?v=4.7.0 HTTP/1.1" 200 165548 "-" "Mozilla/5.0 (compatible; bingbot/2.0; +http://www.bing.com/bingbot.htm)"
40.77.167.85 - - [12/Aug/2019:02:01:02 +0000] "GET /assets/plugins/flag/flags/4x3/hr.svg HTTP/1.1" 200 80697 "-" "Mozilla/5.0 (compatible; bingbot/2.0; +http://www.bing.com/bingbot.htm)"
40.77.167.85 - - [12/Aug/2019:02:01:03 +0000] "GET /fonts/icofont.svg?v=1.0.0-beta HTTP/1.1" 200 4197863 "-" "Mozilla/5.0 (compatible; bingbot/2.0; +http://www.bing.com/bingbot.htm)"
40.77.167.85 - - [12/Aug/2019:02:01:11 +0000] "GET /fonts/icofont.ttf?v=1.0.0-beta HTTP/1.1" 200 1018620 "-" "Mozilla/5.0 (compatible; bingbot/2.0; +http://www.bing.com/bingbot.htm)"
216.244.66.240 - - [12/Aug/2019:02:07:57 +0000] "GET /robots.txt HTTP/1.1" 301 257 "-" "Mozilla/5.0 (compatible; DotBot/1.1; http://www.opensiteexplorer.org/dotbot, help@moz.com)"
216.244.66.240 - - [12/Aug/2019:02:07:59 +0000] "GET /robots.txt HTTP/1.1" 200 24 "-" "Mozilla/5.0 (compatible; DotBot/1.1; http://www.opensiteexplorer.org/dotbot, help@moz.com)"
66.249.66.201 - - [12/Aug/2019:02:27:12 +0000] "GET /en/flats/zadar-branimirova-obala-uz-sami-poluotok-72m2-2kat HTTP/1.1" 200 6755 "-" "Mozilla/5.0 (compatible; Googlebot/2.1; +http://www.google.com/bot.html)"
207.46.13.12 - - [12/Aug/2019:02:27:34 +0000] "GET /stanovi/prilika-bili-brig-komforan-cetverosoban-stan-92m2 HTTP/1.1" 200 6385 "-" "Mozilla/5.0 (compatible; bingbot/2.0; +http://www.bing.com/bingbot.htm)"
77.75.76.162 - - [12/Aug/2019:02:29:31 +0000] "GET /robots.txt HTTP/1.1" 200 24 "-" "Mozilla/5.0 (compatible; SeznamBot/3.2; +http://napoveda.seznam.cz/en/seznambot-intro/)"
77.75.76.162 - - [12/Aug/2019:02:29:31 +0000] "GET /en HTTP/1.1" 200 8408 "-" "Mozilla/5.0 (compatible; SeznamBot/3.2; +http://napoveda.seznam.cz/en/seznambot-intro/)"
66.249.66.201 - - [12/Aug/2019:02:31:36 +0000] "GET /poslovni-prostori HTTP/1.1" 200 5030 "-" "Mozilla/5.0 (compatible; Googlebot/2.1; +http://www.google.com/bot.html)"
66.249.66.203 - - [12/Aug/2019:02:33:04 +0000] "GET /en/houses/prilika-zaton-centar-stara-kuca-sa-crnom-kuhinjom HTTP/1.1" 200 5751 "-" "Mozilla/5.0 (Linux; Android 6.0.1; Nexus 5X Build/MMB29P) AppleWebKit/537.36 (KHTML, like Gecko) Chrome/41.0.2272.96 Mobile Safari/537.36 (compatible; Googlebot/2.1; +http://www.google.com/bot.html)"
66.249.66.205 - - [12/Aug/2019:02:40:25 +0000] "GET /stanovi/zadar-branimirova-obala-uz-sami-poluotok-72m2-2kat HTTP/1.1" 200 6851 "-" "Mozilla/5.0 (compatible; Googlebot/2.1; +http://www.google.com/bot.html)"
207.46.13.46 - - [12/Aug/2019:02:41:16 +0000] "GET /stanovi/zadar-diklovac-dvoetazan-stan-9607m2 HTTP/1.1" 200 7070 "-" "Mozilla/5.0 (compatible; bingbot/2.0; +http://www.bing.com/bingbot.htm)"
66.249.66.201 - - [12/Aug/2019:02:45:55 +0000] "GET /stanovi/zadar-borik-novogradnja-ekskluzivan-top-objekt-s-5-stanova-prizemlje-6834m2 HTTP/1.1" 200 7123 "-" "Mozilla/5.0 (Linux; Android 6.0.1; Nexus 5X Build/MMB29P) AppleWebKit/537.36 (KHTML, like Gecko) Chrome/41.0.2272.96 Mobile Safari/537.36 (compatible; Googlebot/2.1; +http://www.google.com/bot.html)"
46.229.168.138 - - [12/Aug/2019:02:49:32 +0000] "GET /robots.txt HTTP/1.1" 200 24 "-" "Mozilla/5.0 (compatible; SemrushBot/3~bl; +http://www.semrush.com/bot.html)"
46.229.168.132 - - [12/Aug/2019:02:49:33 +0000] "GET /en/flats?page=2 HTTP/1.1" 200 5498 "-" "Mozilla/5.0 (compatible; SemrushBot/3~bl; +http://www.semrush.com/bot.html)"
66.249.66.203 - - [12/Aug/2019:03:10:30 +0000] "GET /poslovni-prostori/top-lokacija-rijetka-prilika-ekskluzivna-prodaja-poluotok-uhodani-poslovni-prostor-15m2 HTTP/1.1" 200 6206 "-" "Mozilla/5.0 (compatible; Googlebot/2.1; +http://www.google.com/bot.html)"
45.86.246.63 - - [12/Aug/2019:03:17:58 +0000] "GET / HTTP/1.1" 301 247 "-" "Go-http-client/1.1"
181.214.189.234 - - [12/Aug/2019:03:18:04 +0000] "GET / HTTP/1.1" 301 247 "-" "Go-http-client/1.1"
45.82.50.151 - - [12/Aug/2019:03:18:06 +0000] "GET / HTTP/1.1" 200 9183 "-" "Go-http-client/1.1"
46.229.168.132 - - [12/Aug/2019:03:39:23 +0000] "GET /robots.txt HTTP/1.1" 200 24 "-" "Mozilla/5.0 (compatible; SemrushBot/3~bl; +http://www.semrush.com/bot.html)"
46.229.168.154 - - [12/Aug/2019:03:39:24 +0000] "GET /hr/zemljista/diklo-top-lokacija-pogodno-za-investitore-1231m2 HTTP/1.1" 200 6325 "-" "Mozilla/5.0 (compatible; SemrushBot/3~bl; +http://www.semrush.com/bot.html)"
66.249.66.205 - - [12/Aug/2019:03:40:36 +0000] "GET /en/flats/zadar-vidikovac-stan-50m2 HTTP/1.1" 200 6592 "-" "Mozilla/5.0 (Linux; Android 6.0.1; Nexus 5X Build/MMB29P) AppleWebKit/537.36 (KHTML, like Gecko) Chrome/41.0.2272.96 Mobile Safari/537.36 (compatible; Googlebot/2.1; +http://www.google.com/bot.html)"
66.249.66.205 - - [12/Aug/2019:03:44:38 +0000] "GET /hr/poslovni-prostori/top-lokacija-svfilip-i-jakov-poslovni-prostor-na-setnici-21m2 HTTP/1.1" 200 6095 "-" "Mozilla/5.0 (Linux; Android 6.0.1; Nexus 5X Build/MMB29P) AppleWebKit/537.36 (KHTML, like Gecko) Chrome/41.0.2272.96 Mobile Safari/537.36 (compatible; Googlebot/2.1; +http://www.google.com/bot.html)"
66.249.66.201 - - [12/Aug/2019:04:01:31 +0000] "GET /zemljista/zaton-gradevinsko-841m2 HTTP/1.1" 200 6003 "-" "Mozilla/5.0 (Linux; Android 6.0.1; Nexus 5X Build/MMB29P) AppleWebKit/537.36 (KHTML, like Gecko) Chrome/41.0.2272.96 Mobile Safari/537.36 (compatible; Googlebot/2.1; +http://www.google.com/bot.html)"
66.249.66.201 - - [12/Aug/2019:04:04:49 +0000] "GET /hr/kuce/prekrasna-kuca-sa-bazenom-maslenica-pokraj-zadra HTTP/1.1" 200 7520 "-" "Mozilla/5.0 (Linux; Android 6.0.1; Nexus 5X Build/MMB29P) AppleWebKit/537.36 (KHTML, like Gecko) Chrome/41.0.2272.96 Mobile Safari/537.36 (compatible; Googlebot/2.1; +http://www.google.com/bot.html)"
66.249.66.205 - - [12/Aug/2019:04:16:56 +0000] "GET /stanovi/top-exkluzivna-nekretnina-penthouse-zadar-visnjik HTTP/1.1" 200 7649 "-" "Mozilla/5.0 (Linux; Android 6.0.1; Nexus 5X Build/MMB29P) AppleWebKit/537.36 (KHTML, like Gecko) Chrome/41.0.2272.96 Mobile Safari/537.36 (compatible; Googlebot/2.1; +http://www.google.com/bot.html)"
66.249.66.203 - - [12/Aug/2019:04:22:04 +0000] "GET /zemljista/zaton-centar-gradevinsko-zemljiste-985m2 HTTP/1.1" 200 6110 "-" "Mozilla/5.0 (Linux; Android 6.0.1; Nexus 5X Build/MMB29P) AppleWebKit/537.36 (KHTML, like Gecko) Chrome/41.0.2272.96 Mobile Safari/537.36 (compatible; Googlebot/2.1; +http://www.google.com/bot.html)"
216.244.66.240 - - [12/Aug/2019:04:22:56 +0000] "GET /robots.txt HTTP/1.1" 301 257 "-" "Mozilla/5.0 (compatible; DotBot/1.1; http://www.opensiteexplorer.org/dotbot, help@moz.com)"
216.244.66.240 - - [12/Aug/2019:04:22:58 +0000] "GET /robots.txt HTTP/1.1" 200 24 "-" "Mozilla/5.0 (compatible; DotBot/1.1; http://www.opensiteexplorer.org/dotbot, help@moz.com)"
66.249.66.205 - - [12/Aug/2019:04:33:26 +0000] "GET /stanovi/zadar-borik-novogradnja-ekskluzivan-top-objekt-s-5-stanova-prizemlje-6323m2 HTTP/1.1" 200 7117 "-" "Mozilla/5.0 (Linux; Android 6.0.1; Nexus 5X Build/MMB29P) AppleWebKit/537.36 (KHTML, like Gecko) Chrome/41.0.2272.96 Mobile Safari/537.36 (compatible; Googlebot/2.1; +http://www.google.com/bot.html)"
46.229.168.138 - - [12/Aug/2019:04:34:08 +0000] "GET /robots.txt HTTP/1.1" 200 24 "-" "Mozilla/5.0 (compatible; SemrushBot/3~bl; +http://www.semrush.com/bot.html)"
46.229.168.133 - - [12/Aug/2019:04:34:09 +0000] "GET /poslovni-prostori HTTP/1.1" 200 5030 "-" "Mozilla/5.0 (compatible; SemrushBot/3~bl; +http://www.semrush.com/bot.html)"
66.249.66.205 - - [12/Aug/2019:04:49:57 +0000] "GET /zemljista/bibinje-gradevinski-teren-770m2 HTTP/1.1" 200 6087 "-" "Mozilla/5.0 (Linux; Android 6.0.1; Nexus 5X Build/MMB29P) AppleWebKit/537.36 (KHTML, like Gecko) Chrome/41.0.2272.96 Mobile Safari/537.36 (compatible; Googlebot/2.1; +http://www.google.com/bot.html)"
207.46.13.12 - - [12/Aug/2019:04:59:15 +0000] "GET /uploads/thumbnails/927877dead9d2c670ac18caed3f4b2c9.JPG HTTP/1.1" 200 35084 "-" "Mozilla/5.0 (compatible; bingbot/2.0; +http://www.bing.com/bingbot.htm)"
66.249.66.205 - - [12/Aug/2019:04:59:30 +0000] "GET /kuce/prilika-zaton-centar-stara-kuca-sa-crnom-kuhinjom HTTP/1.1" 200 5849 "-" "Mozilla/5.0 (compatible; Googlebot/2.1; +http://www.google.com/bot.html)"
66.249.66.203 - - [12/Aug/2019:04:59:35 +0000] "GET /assets/plugins/flag/flags/4x3/hr.svg HTTP/1.1" 200 80697 "https://www.toplokacija-nekretnine.com/assets/plugins/flag/css/flag-icon.css" "Mozilla/5.0 AppleWebKit/537.36 (KHTML, like Gecko; compatible; Googlebot/2.1; +http://www.google.com/bot.html) Safari/537.36"
216.244.66.240 - - [12/Aug/2019:05:08:15 +0000] "GET /robots.txt HTTP/1.1" 301 257 "-" "Mozilla/5.0 (compatible; DotBot/1.1; http://www.opensiteexplorer.org/dotbot, help@moz.com)"
216.244.66.240 - - [12/Aug/2019:05:08:16 +0000] "GET /robots.txt HTTP/1.1" 200 24 "-" "Mozilla/5.0 (compatible; DotBot/1.1; http://www.opensiteexplorer.org/dotbot, help@moz.com)"
66.249.66.205 - - [12/Aug/2019:05:09:24 +0000] "GET /apartmani/zadar-petrcane-20m-od-mora-5438m2-sa-vrtom-od-11296m2 HTTP/1.1" 200 7379 "-" "Mozilla/5.0 (compatible; Googlebot/2.1; +http://www.google.com/bot.html)"
66.249.66.203 - - [12/Aug/2019:05:10:30 +0000] "GET /en/apartments/prilika-pag-riva-1red-uz-more-top-lokacija-65m2 HTTP/1.1" 200 6041 "-" "Mozilla/5.0 (compatible; Googlebot/2.1; +http://www.google.com/bot.html)"
66.249.66.203 - - [12/Aug/2019:05:11:58 +0000] "GET /en/lands?page=2 HTTP/1.1" 200 5255 "-" "Mozilla/5.0 (Linux; Android 6.0.1; Nexus 5X Build/MMB29P) AppleWebKit/537.36 (KHTML, like Gecko) Chrome/41.0.2272.96 Mobile Safari/537.36 (compatible; Googlebot/2.1; +http://www.google.com/bot.html)"
89.201.237.63 - - [12/Aug/2019:05:13:24 +0000] "GET /uploads/thumbnails/6be0a155aaedef264a5f5aaacc21d7de.jpg HTTP/1.1" 200 39788 "https://www.google.hr/blank.html" "Mozilla/5.0 (Windows NT 6.1; WOW64; Trident/7.0; rv:11.0) like Gecko"
89.201.237.63 - - [12/Aug/2019:05:13:33 +0000] "GET / HTTP/1.1" 200 9183 "https://www.google.hr/url?sa=i&rct=j&q=&esrc=s&source=images&cd=&ved=2ahUKEwi_1J-qyfzjAhULCuwKHTwYBs4Qjhx6BAgBEAI&url=https%3A%2F%2Fwww.toplokacija-nekretnine.com%2F&psig=AOvVaw2M6BpyaMA7pX9qqKYd8TwS&ust=1565673038515534" "Mozilla/5.0 (Windows NT 6.1; WOW64; Trident/7.0; rv:11.0) like Gecko"
89.201.237.63 - - [12/Aug/2019:05:13:34 +0000] "GET /css/bootstrap.min.css HTTP/1.1" 200 19744 "https://www.toplokacija-nekretnine.com/" "Mozilla/5.0 (Windows NT 6.1; WOW64; Trident/7.0; rv:11.0) like Gecko"
89.201.237.63 - - [12/Aug/2019:05:13:34 +0000] "GET /css/font-awesome.min.css HTTP/1.1" 200 7053 "https://www.toplokacija-nekretnine.com/" "Mozilla/5.0 (Windows NT 6.1; WOW64; Trident/7.0; rv:11.0) like Gecko"
89.201.237.63 - - [12/Aug/2019:05:13:34 +0000] "GET /css/bootstrap-dropdownhover.css HTTP/1.1" 200 433 "https://www.toplokacija-nekretnine.com/" "Mozilla/5.0 (Windows NT 6.1; WOW64; Trident/7.0; rv:11.0) like Gecko"
89.201.237.63 - - [12/Aug/2019:05:13:34 +0000] "GET /css/icofont.css HTTP/1.1" 200 16775 "https://www.toplokacija-nekretnine.com/" "Mozilla/5.0 (Windows NT 6.1; WOW64; Trident/7.0; rv:11.0) like Gecko"
89.201.237.63 - - [12/Aug/2019:05:13:34 +0000] "GET /css/hover.css HTTP/1.1" 200 7051 "https://www.toplokacija-nekretnine.com/" "Mozilla/5.0 (Windows NT 6.1; WOW64; Trident/7.0; rv:11.0) like Gecko"
89.201.237.63 - - [12/Aug/2019:05:13:34 +0000] "GET /css/animations.css HTTP/1.1" 200 2856 "https://www.toplokacija-nekretnine.com/" "Mozilla/5.0 (Windows NT 6.1; WOW64; Trident/7.0; rv:11.0) like Gecko"
89.201.237.63 - - [12/Aug/2019:05:13:34 +0000] "GET /css/animate.min.css HTTP/1.1" 200 3598 "https://www.toplokacija-nekretnine.com/" "Mozilla/5.0 (Windows NT 6.1; WOW64; Trident/7.0; rv:11.0) like Gecko"
89.201.237.63 - - [12/Aug/2019:05:13:34 +0000] "GET /assets/plugins/flag/css/flag-icon.css HTTP/1.1" 200 2837 "https://www.toplokacija-nekretnine.com/" "Mozilla/5.0 (Windows NT 6.1; WOW64; Trident/7.0; rv:11.0) like Gecko"
89.201.237.63 - - [12/Aug/2019:05:13:34 +0000] "GET /css/cookieconsent.min.css HTTP/1.1" 200 1209 "https://www.toplokacija-nekretnine.com/" "Mozilla/5.0 (Windows NT 6.1; WOW64; Trident/7.0; rv:11.0) like Gecko"
89.201.237.63 - - [12/Aug/2019:05:13:34 +0000] "GET /css/style.css?v=15 HTTP/1.1" 200 7634 "https://www.toplokacija-nekretnine.com/" "Mozilla/5.0 (Windows NT 6.1; WOW64; Trident/7.0; rv:11.0) like Gecko"
89.201.237.63 - - [12/Aug/2019:05:13:34 +0000] "GET /css/responsive.css?v=4 HTTP/1.1" 200 1151 "https://www.toplokacija-nekretnine.com/" "Mozilla/5.0 (Windows NT 6.1; WOW64; Trident/7.0; rv:11.0) like Gecko"
89.201.237.63 - - [12/Aug/2019:05:13:34 +0000] "GET /css/vegas.css HTTP/1.1" 200 1522 "https://www.toplokacija-nekretnine.com/" "Mozilla/5.0 (Windows NT 6.1; WOW64; Trident/7.0; rv:11.0) like Gecko"
89.201.237.63 - - [12/Aug/2019:05:13:34 +0000] "GET /js/jquery.min.js HTTP/1.1" 200 29820 "https://www.toplokacija-nekretnine.com/" "Mozilla/5.0 (Windows NT 6.1; WOW64; Trident/7.0; rv:11.0) like Gecko"
89.201.237.63 - - [12/Aug/2019:05:13:34 +0000] "GET /js/bootstrap.min.js HTTP/1.1" 200 9833 "https://www.toplokacija-nekretnine.com/" "Mozilla/5.0 (Windows NT 6.1; WOW64; Trident/7.0; rv:11.0) like Gecko"
89.201.237.63 - - [12/Aug/2019:05:13:34 +0000] "GET /js/css3-animate-it.js HTTP/1.1" 200 1504 "https://www.toplokacija-nekretnine.com/" "Mozilla/5.0 (Windows NT 6.1; WOW64; Trident/7.0; rv:11.0) like Gecko"
89.201.237.63 - - [12/Aug/2019:05:13:34 +0000] "GET /js/bootstrap-dropdownhover.min.js HTTP/1.1" 200 1355 "https://www.toplokacija-nekretnine.com/" "Mozilla/5.0 (Windows NT 6.1; WOW64; Trident/7.0; rv:11.0) like Gecko"
89.201.237.63 - - [12/Aug/2019:05:13:34 +0000] "GET /js/jarallax.js HTTP/1.1" 200 2670 "https://www.toplokacija-nekretnine.com/" "Mozilla/5.0 (Windows NT 6.1; WOW64; Trident/7.0; rv:11.0) like Gecko"
89.201.237.63 - - [12/Aug/2019:05:13:34 +0000] "GET /js/jquery-scrolltofixed-min.js HTTP/1.1" 200 1717 "https://www.toplokacija-nekretnine.com/" "Mozilla/5.0 (Windows NT 6.1; WOW64; Trident/7.0; rv:11.0) like Gecko"
89.201.237.63 - - [12/Aug/2019:05:13:35 +0000] "GET /js/main.js?v=4 HTTP/1.1" 200 551 "https://www.toplokacija-nekretnine.com/" "Mozilla/5.0 (Windows NT 6.1; WOW64; Trident/7.0; rv:11.0) like Gecko"
89.201.237.63 - - [12/Aug/2019:05:13:35 +0000] "GET /js/cookieconsent.min.js HTTP/1.1" 200 6849 "https://www.toplokacija-nekretnine.com/" "Mozilla/5.0 (Windows NT 6.1; WOW64; Trident/7.0; rv:11.0) like Gecko"
89.201.237.63 - - [12/Aug/2019:05:13:35 +0000] "GET /js/dyscrollup.js HTTP/1.1" 200 704 "https://www.toplokacija-nekretnine.com/" "Mozilla/5.0 (Windows NT 6.1; WOW64; Trident/7.0; rv:11.0) like Gecko"
89.201.237.63 - - [12/Aug/2019:05:13:35 +0000] "GET /images/logo_hr.png HTTP/1.1" 200 5600 "https://www.toplokacija-nekretnine.com/" "Mozilla/5.0 (Windows NT 6.1; WOW64; Trident/7.0; rv:11.0) like Gecko"
89.201.237.63 - - [12/Aug/2019:05:13:35 +0000] "GET /js/vegas.min.js HTTP/1.1" 200 3068 "https://www.toplokacija-nekretnine.com/" "Mozilla/5.0 (Windows NT 6.1; WOW64; Trident/7.0; rv:11.0) like Gecko"
89.201.237.63 - - [12/Aug/2019:05:13:35 +0000] "GET /images/about_us_hr.png HTTP/1.1" 200 7915 "https://www.toplokacija-nekretnine.com/" "Mozilla/5.0 (Windows NT 6.1; WOW64; Trident/7.0; rv:11.0) like Gecko"
89.201.237.63 - - [12/Aug/2019:05:13:35 +0000] "GET /uploads/thumbnails/d38d156172b3fe670c7e78d3bd3b1910.jpg HTTP/1.1" 200 34330 "https://www.toplokacija-nekretnine.com/" "Mozilla/5.0 (Windows NT 6.1; WOW64; Trident/7.0; rv:11.0) like Gecko"
89.201.237.63 - - [12/Aug/2019:05:13:35 +0000] "GET /uploads/thumbnails/884ccf315fda60dc6fcbd2b4a3db759a.jpg HTTP/1.1" 200 44526 "https://www.toplokacija-nekretnine.com/" "Mozilla/5.0 (Windows NT 6.1; WOW64; Trident/7.0; rv:11.0) like Gecko"
89.201.237.63 - - [12/Aug/2019:05:13:35 +0000] "GET /uploads/thumbnails/7473108ac3a0cc371d22c2b6bda37ac6.jpg HTTP/1.1" 200 35921 "https://www.toplokacija-nekretnine.com/" "Mozilla/5.0 (Windows NT 6.1; WOW64; Trident/7.0; rv:11.0) like Gecko"
89.201.237.63 - - [12/Aug/2019:05:13:35 +0000] "GET /uploads/thumbnails/9a52a8ca0447ea31fa487a3e6f96fdb3.jpg HTTP/1.1" 200 37164 "https://www.toplokacija-nekretnine.com/" "Mozilla/5.0 (Windows NT 6.1; WOW64; Trident/7.0; rv:11.0) like Gecko"
89.201.237.63 - - [12/Aug/2019:05:13:35 +0000] "GET /uploads/thumbnails/a3391951c36fecb14495f8146dd9756c.jpg HTTP/1.1" 200 39492 "https://www.toplokacija-nekretnine.com/" "Mozilla/5.0 (Windows NT 6.1; WOW64; Trident/7.0; rv:11.0) like Gecko"
89.201.237.63 - - [12/Aug/2019:05:13:35 +0000] "GET /uploads/thumbnails/f3b369fd7b1877abc4c80a5dcf4cf352.JPG HTTP/1.1" 200 51129 "https://www.toplokacija-nekretnine.com/" "Mozilla/5.0 (Windows NT 6.1; WOW64; Trident/7.0; rv:11.0) like Gecko"
89.201.237.63 - - [12/Aug/2019:05:13:35 +0000] "GET /uploads/thumbnails/3ae69bc61d2e4547b674fcf9dfe3b4a0.jpg HTTP/1.1" 200 29836 "https://www.toplokacija-nekretnine.com/" "Mozilla/5.0 (Windows NT 6.1; WOW64; Trident/7.0; rv:11.0) like Gecko"
89.201.237.63 - - [12/Aug/2019:05:13:35 +0000] "GET /uploads/thumbnails/e9fcab5ad37211f1229dd445cc150467.jpg HTTP/1.1" 200 29836 "https://www.toplokacija-nekretnine.com/" "Mozilla/5.0 (Windows NT 6.1; WOW64; Trident/7.0; rv:11.0) like Gecko"
89.201.237.63 - - [12/Aug/2019:05:13:35 +0000] "GET /uploads/thumbnails/3270bb88adea04f5dd8728ccf81ec3a7.jpg HTTP/1.1" 200 31076 "https://www.toplokacija-nekretnine.com/" "Mozilla/5.0 (Windows NT 6.1; WOW64; Trident/7.0; rv:11.0) like Gecko"
89.201.237.63 - - [12/Aug/2019:05:13:35 +0000] "GET /uploads/thumbnails/48ef9daccad38b1a1bc9fb22121db6ac.jpg HTTP/1.1" 200 42355 "https://www.toplokacija-nekretnine.com/" "Mozilla/5.0 (Windows NT 6.1; WOW64; Trident/7.0; rv:11.0) like Gecko"
89.201.237.63 - - [12/Aug/2019:05:13:35 +0000] "GET /uploads/thumbnails/1bdceb72103556851f310280f3efbc16.JPG HTTP/1.1" 200 29195 "https://www.toplokacija-nekretnine.com/" "Mozilla/5.0 (Windows NT 6.1; WOW64; Trident/7.0; rv:11.0) like Gecko"
89.201.237.63 - - [12/Aug/2019:05:13:35 +0000] "GET /uploads/thumbnails/4100dad038347920de3cc6597aa021ec.JPG HTTP/1.1" 200 22347 "https://www.toplokacija-nekretnine.com/" "Mozilla/5.0 (Windows NT 6.1; WOW64; Trident/7.0; rv:11.0) like Gecko"
89.201.237.63 - - [12/Aug/2019:05:13:35 +0000] "GET /uploads/thumbnails/f7b7bfd134d93ade755afc2d162e2aed.jpg HTTP/1.1" 200 56756 "https://www.toplokacija-nekretnine.com/" "Mozilla/5.0 (Windows NT 6.1; WOW64; Trident/7.0; rv:11.0) like Gecko"
89.201.237.63 - - [12/Aug/2019:05:13:35 +0000] "GET /images/background/pattern.png HTTP/1.1" 200 101 "https://www.toplokacija-nekretnine.com/" "Mozilla/5.0 (Windows NT 6.1; WOW64; Trident/7.0; rv:11.0) like Gecko"
89.201.237.63 - - [12/Aug/2019:05:13:35 +0000] "GET /fonts/fontawesome-webfont.eot? HTTP/1.1" 200 165742 "https://www.toplokacija-nekretnine.com/" "Mozilla/5.0 (Windows NT 6.1; WOW64; Trident/7.0; rv:11.0) like Gecko"
89.201.237.63 - - [12/Aug/2019:05:13:35 +0000] "GET /images/background/1.jpg HTTP/1.1" 200 99961 "https://www.toplokacija-nekretnine.com/" "Mozilla/5.0 (Windows NT 6.1; WOW64; Trident/7.0; rv:11.0) like Gecko"
89.201.237.63 - - [12/Aug/2019:05:13:35 +0000] "GET /images/spinner.gif HTTP/1.1" 200 56260 "https://www.toplokacija-nekretnine.com/" "Mozilla/5.0 (Windows NT 6.1; WOW64; Trident/7.0; rv:11.0) like Gecko"
89.201.237.63 - - [12/Aug/2019:05:13:35 +0000] "GET /assets/plugins/flag/flags/4x3/hr.svg HTTP/1.1" 200 80697 "https://www.toplokacija-nekretnine.com/" "Mozilla/5.0 (Windows NT 6.1; WOW64; Trident/7.0; rv:11.0) like Gecko"
89.201.237.63 - - [12/Aug/2019:05:13:36 +0000] "GET /images/background/3.jpg HTTP/1.1" 200 202051 "https://www.toplokacija-nekretnine.com/" "Mozilla/5.0 (Windows NT 6.1; WOW64; Trident/7.0; rv:11.0) like Gecko"
89.201.237.63 - - [12/Aug/2019:05:13:36 +0000] "GET /images/slides/slider1.jpg HTTP/1.1" 200 209946 "https://www.toplokacija-nekretnine.com/" "Mozilla/5.0 (Windows NT 6.1; WOW64; Trident/7.0; rv:11.0) like Gecko"
89.201.237.63 - - [12/Aug/2019:05:13:36 +0000] "GET /uploads/thumbnails/c807da0fa0d811a1729b138a6ce29394.JPG HTTP/1.1" 200 34236 "https://www.toplokacija-nekretnine.com/" "Mozilla/5.0 (Windows NT 6.1; WOW64; Trident/7.0; rv:11.0) like Gecko"
89.201.237.63 - - [12/Aug/2019:05:13:36 +0000] "GET /uploads/thumbnails/79136cc48eb64efa03a195b6fe4bd3b5.JPG HTTP/1.1" 200 27006 "https://www.toplokacija-nekretnine.com/" "Mozilla/5.0 (Windows NT 6.1; WOW64; Trident/7.0; rv:11.0) like Gecko"
89.201.237.63 - - [12/Aug/2019:05:13:36 +0000] "GET /uploads/thumbnails/5cb719cec5eac5afe864e39e77c475db.jpg HTTP/1.1" 200 36106 "https://www.toplokacija-nekretnine.com/" "Mozilla/5.0 (Windows NT 6.1; WOW64; Trident/7.0; rv:11.0) like Gecko"
89.201.237.63 - - [12/Aug/2019:05:13:37 +0000] "GET /uploads/thumbnails/42f6bf5e8582c075da16d579d90c242d.JPG HTTP/1.1" 200 55274 "https://www.toplokacija-nekretnine.com/" "Mozilla/5.0 (Windows NT 6.1; WOW64; Trident/7.0; rv:11.0) like Gecko"
89.201.237.63 - - [12/Aug/2019:05:13:37 +0000] "GET /uploads/thumbnails/86eb79cb71de4b34a84307106770edb8.jpg HTTP/1.1" 200 40841 "https://www.toplokacija-nekretnine.com/" "Mozilla/5.0 (Windows NT 6.1; WOW64; Trident/7.0; rv:11.0) like Gecko"
89.201.237.63 - - [12/Aug/2019:05:13:37 +0000] "GET /uploads/thumbnails/6cd11b21c3db49711892305133cef259.jpg HTTP/1.1" 200 43488 "https://www.toplokacija-nekretnine.com/" "Mozilla/5.0 (Windows NT 6.1; WOW64; Trident/7.0; rv:11.0) like Gecko"
89.201.237.63 - - [12/Aug/2019:05:13:37 +0000] "GET /uploads/thumbnails/e5ccf19c61e2bb4c351203c9e696340e.jpg HTTP/1.1" 200 30410 "https://www.toplokacija-nekretnine.com/" "Mozilla/5.0 (Windows NT 6.1; WOW64; Trident/7.0; rv:11.0) like Gecko"
89.201.237.63 - - [12/Aug/2019:05:13:37 +0000] "GET /uploads/thumbnails/981f80f17952c6201dffa885c0680e46.jpg HTTP/1.1" 200 34110 "https://www.toplokacija-nekretnine.com/" "Mozilla/5.0 (Windows NT 6.1; WOW64; Trident/7.0; rv:11.0) like Gecko"
89.201.237.63 - - [12/Aug/2019:05:13:37 +0000] "GET /uploads/thumbnails/e76983ca8180780c45b603dfd235f369.jpg HTTP/1.1" 200 43919 "https://www.toplokacija-nekretnine.com/" "Mozilla/5.0 (Windows NT 6.1; WOW64; Trident/7.0; rv:11.0) like Gecko"
89.201.237.63 - - [12/Aug/2019:05:13:37 +0000] "GET /uploads/thumbnails/048d8f6a0235788257cc123efdaaa516.jpg HTTP/1.1" 200 72940 "https://www.toplokacija-nekretnine.com/" "Mozilla/5.0 (Windows NT 6.1; WOW64; Trident/7.0; rv:11.0) like Gecko"
89.201.237.63 - - [12/Aug/2019:05:13:37 +0000] "GET /uploads/thumbnails/7a6c35fe2c7d39af1613fafa80170c08.jpg HTTP/1.1" 200 106014 "https://www.toplokacija-nekretnine.com/" "Mozilla/5.0 (Windows NT 6.1; WOW64; Trident/7.0; rv:11.0) like Gecko"
89.201.237.63 - - [12/Aug/2019:05:13:35 +0000] "GET /fonts/icofont.eot?v=1.0.0-beta HTTP/1.1" 200 1018784 "https://www.toplokacija-nekretnine.com/" "Mozilla/5.0 (Windows NT 6.1; WOW64; Trident/7.0; rv:11.0) like Gecko"
89.201.237.63 - - [12/Aug/2019:05:13:38 +0000] "GET /fonts/icofont.ttf?v=1.0.0-beta HTTP/1.1" 200 1018620 "https://www.toplokacija-nekretnine.com/" "Mozilla/5.0 (Windows NT 6.1; WOW64; Trident/7.0; rv:11.0) like Gecko"
89.201.237.63 - - [12/Aug/2019:05:13:40 +0000] "GET /favicon-32x32.png HTTP/1.1" 200 2105 "-" "Mozilla/5.0 (Windows NT 6.1; Win64; x64; Trident/7.0; rv:11.0) like Gecko"
89.201.237.63 - - [12/Aug/2019:05:13:42 +0000] "GET /images/slides/slider2.jpg HTTP/1.1" 200 295487 "https://www.toplokacija-nekretnine.com/" "Mozilla/5.0 (Windows NT 6.1; WOW64; Trident/7.0; rv:11.0) like Gecko"
89.201.237.63 - - [12/Aug/2019:05:13:47 +0000] "GET /images/slides/slider3.jpg HTTP/1.1" 200 405556 "https://www.toplokacija-nekretnine.com/" "Mozilla/5.0 (Windows NT 6.1; WOW64; Trident/7.0; rv:11.0) like Gecko"
89.201.237.63 - - [12/Aug/2019:05:13:53 +0000] "GET /images/slides/slider4.jpg HTTP/1.1" 200 439744 "https://www.toplokacija-nekretnine.com/" "Mozilla/5.0 (Windows NT 6.1; WOW64; Trident/7.0; rv:11.0) like Gecko"
89.201.237.63 - - [12/Aug/2019:05:13:59 +0000] "GET /images/slides/slider5.jpg HTTP/1.1" 200 488462 "https://www.toplokacija-nekretnine.com/" "Mozilla/5.0 (Windows NT 6.1; WOW64; Trident/7.0; rv:11.0) like Gecko"
66.249.66.203 - - [12/Aug/2019:05:14:10 +0000] "GET /poslovni-prostori/smiljevac-ulicni-poslovni-prostor-44m2 HTTP/1.1" 200 6300 "-" "Mozilla/5.0 (Linux; Android 6.0.1; Nexus 5X Build/MMB29P) AppleWebKit/537.36 (KHTML, like Gecko) Chrome/41.0.2272.96 Mobile Safari/537.36 (compatible; Googlebot/2.1; +http://www.google.com/bot.html)"
66.249.66.201 - - [12/Aug/2019:05:14:32 +0000] "GET /poslovni-prostori/smiljevac-ulicni-poslovni-prostor-44m2 HTTP/1.1" 200 6301 "-" "Mozilla/5.0 (Linux; Android 6.0.1; Nexus 5X Build/MMB29P) AppleWebKit/537.36 (KHTML, like Gecko) Chrome/41.0.2272.96 Mobile Safari/537.36 (compatible; Googlebot/2.1; +http://www.google.com/bot.html)"
66.249.66.203 - - [12/Aug/2019:05:20:03 +0000] "GET /hr HTTP/1.1" 200 9180 "-" "Mozilla/5.0 (Linux; Android 6.0.1; Nexus 5X Build/MMB29P) AppleWebKit/537.36 (KHTML, like Gecko) Chrome/41.0.2272.96 Mobile Safari/537.36 (compatible; Googlebot/2.1; +http://www.google.com/bot.html)"
66.249.66.203 - - [12/Aug/2019:05:20:06 +0000] "GET /css/vegas.css HTTP/1.1" 200 1522 "https://www.toplokacija-nekretnine.com/hr" "Mozilla/5.0 (Linux; Android 6.0.1; Nexus 5X Build/MMB29P) AppleWebKit/537.36 (KHTML, like Gecko) Chrome/41.0.2272.96 Mobile Safari/537.36 (compatible; Googlebot/2.1; +http://www.google.com/bot.html)"
66.249.66.203 - - [12/Aug/2019:05:20:07 +0000] "GET /js/vegas.min.js HTTP/1.1" 200 3068 "https://www.toplokacija-nekretnine.com/hr" "Mozilla/5.0 (Linux; Android 6.0.1; Nexus 5X Build/MMB29P) AppleWebKit/537.36 (KHTML, like Gecko) Chrome/41.0.2272.96 Mobile Safari/537.36 (compatible; Googlebot/2.1; +http://www.google.com/bot.html)"
66.249.66.203 - - [12/Aug/2019:05:24:05 +0000] "GET /apartmani/starigrad-seline-apartman-8937m2-s-vrtom-od-9075m2 HTTP/1.1" 200 7304 "-" "Mozilla/5.0 (compatible; Googlebot/2.1; +http://www.google.com/bot.html)"
46.229.168.134 - - [12/Aug/2019:05:24:44 +0000] "GET /robots.txt HTTP/1.1" 200 24 "-" "Mozilla/5.0 (compatible; SemrushBot/3~bl; +http://www.semrush.com/bot.html)"
46.229.168.139 - - [12/Aug/2019:05:24:47 +0000] "GET /en/flats/top-exkluzivna-nekretnina-penthouse-zadar-visnjik HTTP/1.1" 200 7573 "-" "Mozilla/5.0 (compatible; SemrushBot/3~bl; +http://www.semrush.com/bot.html)"
66.249.66.205 - - [12/Aug/2019:05:27:45 +0000] "GET /stanovi/zadar-diklovac-dvoetazan-stan-9607m2 HTTP/1.1" 200 7067 "-" "Mozilla/5.0 (compatible; Googlebot/2.1; +http://www.google.com/bot.html)"
66.249.66.203 - - [12/Aug/2019:05:30:41 +0000] "GET /hr/apartmani/starigrad-seline-apartman-8937m2-s-vrtom-od-9075m2 HTTP/1.1" 200 7301 "-" "Mozilla/5.0 (Linux; Android 6.0.1; Nexus 5X Build/MMB29P) AppleWebKit/537.36 (KHTML, like Gecko) Chrome/41.0.2272.96 Mobile Safari/537.36 (compatible; Googlebot/2.1; +http://www.google.com/bot.html)"
207.46.13.46 - - [12/Aug/2019:05:32:55 +0000] "GET /hr/blog/dolaskom-proljeca-raste-interes-i-potraznja-za-nekretninama HTTP/1.1" 200 4958 "-" "Mozilla/5.0 (compatible; bingbot/2.0; +http://www.bing.com/bingbot.htm)"
46.229.168.140 - - [12/Aug/2019:05:57:02 +0000] "GET /robots.txt HTTP/1.1" 200 24 "-" "Mozilla/5.0 (compatible; SemrushBot/3~bl; +http://www.semrush.com/bot.html)"
46.229.168.147 - - [12/Aug/2019:05:57:04 +0000] "GET /en/houses/diklo-kuca-170m2-s-2-stana-20m-od-mora HTTP/1.1" 200 6634 "-" "Mozilla/5.0 (compatible; SemrushBot/3~bl; +http://www.semrush.com/bot.html)"
66.249.66.205 - - [12/Aug/2019:06:31:36 +0000] "GET /stanovi/zadar-plovanija-noviji-stan-52m2 HTTP/1.1" 200 6586 "-" "Mozilla/5.0 (compatible; Googlebot/2.1; +http://www.google.com/bot.html)"
66.249.66.205 - - [12/Aug/2019:06:33:48 +0000] "GET /apartmani/zadar-kozino-top-lokacija-50m-od-mora-6420m2 HTTP/1.1" 200 6877 "-" "Mozilla/5.0 (Linux; Android 6.0.1; Nexus 5X Build/MMB29P) AppleWebKit/537.36 (KHTML, like Gecko) Chrome/41.0.2272.96 Mobile Safari/537.36 (compatible; Googlebot/2.1; +http://www.google.com/bot.html)"
66.249.66.203 - - [12/Aug/2019:06:34:10 +0000] "GET /kuce/zadar-arbanasi-idilicna-kamena-kuca-130m2-na-zelenoj-oazi-od-612m2 HTTP/1.1" 200 7553 "-" "Mozilla/5.0 (Linux; Android 6.0.1; Nexus 5X Build/MMB29P) AppleWebKit/537.36 (KHTML, like Gecko) Chrome/41.0.2272.96 Mobile Safari/537.36 (compatible; Googlebot/2.1; +http://www.google.com/bot.html)"
66.249.66.201 - - [12/Aug/2019:06:38:57 +0000] "GET /hr/kuce/kuca-s-bazenom-na-gradevinskom-zemljistu-od-3500m2-poljica-brig HTTP/1.1" 200 6482 "-" "Mozilla/5.0 (Linux; Android 6.0.1; Nexus 5X Build/MMB29P) AppleWebKit/537.36 (KHTML, like Gecko) Chrome/41.0.2272.96 Mobile Safari/537.36 (compatible; Googlebot/2.1; +http://www.google.com/bot.html)"
66.249.66.203 - - [12/Aug/2019:06:45:16 +0000] "GET /hr/kuce/zadar-arbanasi-idilicna-kamena-kuca-130m2-na-zelenoj-oazi-od-612m2 HTTP/1.1" 200 7552 "-" "Mozilla/5.0 (Linux; Android 6.0.1; Nexus 5X Build/MMB29P) AppleWebKit/537.36 (KHTML, like Gecko) Chrome/41.0.2272.96 Mobile Safari/537.36 (compatible; Googlebot/2.1; +http://www.google.com/bot.html)"
66.249.66.203 - - [12/Aug/2019:06:58:02 +0000] "GET /en/lands/top-lokacija-sukosan-2030m2-pogodno-za-investitore HTTP/1.1" 200 6112 "-" "Mozilla/5.0 (Linux; Android 6.0.1; Nexus 5X Build/MMB29P) AppleWebKit/537.36 (KHTML, like Gecko) Chrome/41.0.2272.96 Mobile Safari/537.36 (compatible; Googlebot/2.1; +http://www.google.com/bot.html)"
46.229.168.146 - - [12/Aug/2019:06:58:23 +0000] "GET /robots.txt HTTP/1.1" 200 24 "-" "Mozilla/5.0 (compatible; SemrushBot/3~bl; +http://www.semrush.com/bot.html)"
46.229.168.144 - - [12/Aug/2019:06:58:24 +0000] "GET /hr/uvjeti-poslovanja HTTP/1.1" 200 8107 "-" "Mozilla/5.0 (compatible; SemrushBot/3~bl; +http://www.semrush.com/bot.html)"
66.249.66.201 - - [12/Aug/2019:07:19:19 +0000] "GET /blog/dolaskom-proljeca-raste-interes-i-potraznja-za-nekretninama HTTP/1.1" 200 4960 "-" "Mozilla/5.0 (compatible; Googlebot/2.1; +http://www.google.com/bot.html)"
216.244.66.240 - - [12/Aug/2019:07:21:36 +0000] "GET /robots.txt HTTP/1.1" 301 257 "-" "Mozilla/5.0 (compatible; DotBot/1.1; http://www.opensiteexplorer.org/dotbot, help@moz.com)"
216.244.66.240 - - [12/Aug/2019:07:21:37 +0000] "GET /robots.txt HTTP/1.1" 200 24 "-" "Mozilla/5.0 (compatible; DotBot/1.1; http://www.opensiteexplorer.org/dotbot, help@moz.com)"
66.249.66.205 - - [12/Aug/2019:07:28:07 +0000] "GET /blog/odnos-prodavatelj-kupac-agent-nekretnina HTTP/1.1" 200 5705 "-" "Mozilla/5.0 (compatible; Googlebot/2.1; +http://www.google.com/bot.html)"
46.229.168.152 - - [12/Aug/2019:07:31:22 +0000] "GET /robots.txt HTTP/1.1" 200 24 "-" "Mozilla/5.0 (compatible; SemrushBot/3~bl; +http://www.semrush.com/bot.html)"
46.229.168.147 - - [12/Aug/2019:07:31:23 +0000] "GET /stanovi/stan-poluotok-kalelarga-74m2 HTTP/1.1" 200 6147 "-" "Mozilla/5.0 (compatible; SemrushBot/3~bl; +http://www.semrush.com/bot.html)"
66.249.66.201 - - [12/Aug/2019:07:40:14 +0000] "GET / HTTP/1.1" 200 9183 "-" "Mozilla/5.0 (Linux; Android 6.0.1; Nexus 5X Build/MMB29P) AppleWebKit/537.36 (KHTML, like Gecko) Chrome/41.0.2272.96 Mobile Safari/537.36 (compatible; Googlebot/2.1; +http://www.google.com/bot.html)"
66.249.66.203 - - [12/Aug/2019:07:40:16 +0000] "GET /js/vegas.min.js HTTP/1.1" 200 3068 "https://www.toplokacija-nekretnine.com/" "Mozilla/5.0 (Linux; Android 6.0.1; Nexus 5X Build/MMB29P) AppleWebKit/537.36 (KHTML, like Gecko) Chrome/41.0.2272.96 Mobile Safari/537.36 (compatible; Googlebot/2.1; +http://www.google.com/bot.html)"
77.75.77.95 - - [12/Aug/2019:07:40:38 +0000] "GET /robots.txt HTTP/1.1" 200 24 "-" "Mozilla/5.0 (compatible; SeznamBot/3.2; +http://napoveda.seznam.cz/en/seznambot-intro/)"
77.75.77.95 - - [12/Aug/2019:07:40:40 +0000] "GET /uploads/thumbnails/5cb719cec5eac5afe864e39e77c475db.jpg HTTP/1.1" 304 - "-" "Mozilla/5.0 (compatible; SeznamBot/3.2; +http://napoveda.seznam.cz/en/seznambot-intro/)"
66.249.66.205 - - [12/Aug/2019:07:43:54 +0000] "GET /apartmani/zadar-kozino-top-lokacija-50m-od-mora-6420m2 HTTP/1.1" 200 6875 "-" "Mozilla/5.0 (compatible; Googlebot/2.1; +http://www.google.com/bot.html)"
66.249.66.205 - - [12/Aug/2019:07:44:38 +0000] "GET /poslovni-prostori/top-lokacija-rijetka-prilika-ekskluzivna-prodaja-poluotok-uhodani-poslovni-prostor-15m2 HTTP/1.1" 200 6208 "-" "Mozilla/5.0 (Linux; Android 6.0.1; Nexus 5X Build/MMB29P) AppleWebKit/537.36 (KHTML, like Gecko) Chrome/41.0.2272.96 Mobile Safari/537.36 (compatible; Googlebot/2.1; +http://www.google.com/bot.html)"
66.249.66.203 - - [12/Aug/2019:07:52:20 +0000] "GET /hr/apartmani/zadar-kozino-top-lokacija-50m-od-mora-6420m2 HTTP/1.1" 200 6873 "-" "Mozilla/5.0 (Linux; Android 6.0.1; Nexus 5X Build/MMB29P) AppleWebKit/537.36 (KHTML, like Gecko) Chrome/41.0.2272.96 Mobile Safari/537.36 (compatible; Googlebot/2.1; +http://www.google.com/bot.html)"
66.249.66.203 - - [12/Aug/2019:07:54:54 +0000] "GET /usluge HTTP/1.1" 200 3699 "-" "Mozilla/5.0 (Linux; Android 6.0.1; Nexus 5X Build/MMB29P) AppleWebKit/537.36 (KHTML, like Gecko) Chrome/41.0.2272.96 Mobile Safari/537.36 (compatible; Googlebot/2.1; +http://www.google.com/bot.html)"
66.249.66.203 - - [12/Aug/2019:07:59:19 +0000] "GET /hr/kuce/zadar-arbanasi-idilicna-kamena-kuca-130m2-na-zelenoj-oazi-od-612m2 HTTP/1.1" 200 7552 "-" "Mozilla/5.0 (Linux; Android 6.0.1; Nexus 5X Build/MMB29P) AppleWebKit/537.36 (KHTML, like Gecko) Chrome/41.0.2272.96 Mobile Safari/537.36 (compatible; Googlebot/2.1; +http://www.google.com/bot.html)"
216.244.66.240 - - [12/Aug/2019:08:06:47 +0000] "GET /robots.txt HTTP/1.1" 301 257 "-" "Mozilla/5.0 (compatible; DotBot/1.1; http://www.opensiteexplorer.org/dotbot, help@moz.com)"
216.244.66.240 - - [12/Aug/2019:08:06:48 +0000] "GET /robots.txt HTTP/1.1" 200 24 "-" "Mozilla/5.0 (compatible; DotBot/1.1; http://www.opensiteexplorer.org/dotbot, help@moz.com)"
66.249.66.205 - - [12/Aug/2019:08:17:40 +0000] "GET /en/flats HTTP/1.1" 200 5837 "-" "Mozilla/5.0 (Linux; Android 6.0.1; Nexus 5X Build/MMB29P) AppleWebKit/537.36 (KHTML, like Gecko) Chrome/41.0.2272.96 Mobile Safari/537.36 (compatible; Googlebot/2.1; +http://www.google.com/bot.html)"
69.171.251.1 - - [12/Aug/2019:08:20:40 +0000] "GET /images/logo_hr.png HTTP/1.1" 200 5600 "-" "facebookexternalhit/1.1 (+http://www.facebook.com/externalhit_uatext.php)"
66.249.66.203 - - [12/Aug/2019:08:22:04 +0000] "GET / HTTP/1.1" 200 9183 "-" "Mozilla/5.0 (compatible; Googlebot/2.1; +http://www.google.com/bot.html)"
80.128.198.98 - - [12/Aug/2019:08:50:02 +0000] "GET /kuce/zaton-moderna-kuca-s-4-apartmana-i-bazenom HTTP/1.1" 200 7190 "https://www.google.com/" "Mozilla/5.0 (Linux; Android 9; SAMSUNG SM-G975F Build/PPR1.180610.011) AppleWebKit/537.36 (KHTML, like Gecko) SamsungBrowser/9.4 Chrome/67.0.3396.87 Mobile Safari/537.36"
80.128.198.98 - - [12/Aug/2019:08:50:02 +0000] "GET /css/bootstrap.min.css HTTP/1.1" 200 19744 "https://www.toplokacija-nekretnine.com/kuce/zaton-moderna-kuca-s-4-apartmana-i-bazenom" "Mozilla/5.0 (Linux; Android 9; SAMSUNG SM-G975F Build/PPR1.180610.011) AppleWebKit/537.36 (KHTML, like Gecko) SamsungBrowser/9.4 Chrome/67.0.3396.87 Mobile Safari/537.36"
80.128.198.98 - - [12/Aug/2019:08:50:02 +0000] "GET /css/font-awesome.min.css HTTP/1.1" 200 7053 "https://www.toplokacija-nekretnine.com/kuce/zaton-moderna-kuca-s-4-apartmana-i-bazenom" "Mozilla/5.0 (Linux; Android 9; SAMSUNG SM-G975F Build/PPR1.180610.011) AppleWebKit/537.36 (KHTML, like Gecko) SamsungBrowser/9.4 Chrome/67.0.3396.87 Mobile Safari/537.36"
80.128.198.98 - - [12/Aug/2019:08:50:02 +0000] "GET /css/bootstrap-dropdownhover.css HTTP/1.1" 200 433 "https://www.toplokacija-nekretnine.com/kuce/zaton-moderna-kuca-s-4-apartmana-i-bazenom" "Mozilla/5.0 (Linux; Android 9; SAMSUNG SM-G975F Build/PPR1.180610.011) AppleWebKit/537.36 (KHTML, like Gecko) SamsungBrowser/9.4 Chrome/67.0.3396.87 Mobile Safari/537.36"
80.128.198.98 - - [12/Aug/2019:08:50:02 +0000] "GET /css/animations.css HTTP/1.1" 200 2856 "https://www.toplokacija-nekretnine.com/kuce/zaton-moderna-kuca-s-4-apartmana-i-bazenom" "Mozilla/5.0 (Linux; Android 9; SAMSUNG SM-G975F Build/PPR1.180610.011) AppleWebKit/537.36 (KHTML, like Gecko) SamsungBrowser/9.4 Chrome/67.0.3396.87 Mobile Safari/537.36"
80.128.198.98 - - [12/Aug/2019:08:50:02 +0000] "GET /css/hover.css HTTP/1.1" 200 7051 "https://www.toplokacija-nekretnine.com/kuce/zaton-moderna-kuca-s-4-apartmana-i-bazenom" "Mozilla/5.0 (Linux; Android 9; SAMSUNG SM-G975F Build/PPR1.180610.011) AppleWebKit/537.36 (KHTML, like Gecko) SamsungBrowser/9.4 Chrome/67.0.3396.87 Mobile Safari/537.36"
80.128.198.98 - - [12/Aug/2019:08:50:02 +0000] "GET /css/icofont.css HTTP/1.1" 200 16775 "https://www.toplokacija-nekretnine.com/kuce/zaton-moderna-kuca-s-4-apartmana-i-bazenom" "Mozilla/5.0 (Linux; Android 9; SAMSUNG SM-G975F Build/PPR1.180610.011) AppleWebKit/537.36 (KHTML, like Gecko) SamsungBrowser/9.4 Chrome/67.0.3396.87 Mobile Safari/537.36"
80.128.198.98 - - [12/Aug/2019:08:50:02 +0000] "GET /css/animate.min.css HTTP/1.1" 200 3598 "https://www.toplokacija-nekretnine.com/kuce/zaton-moderna-kuca-s-4-apartmana-i-bazenom" "Mozilla/5.0 (Linux; Android 9; SAMSUNG SM-G975F Build/PPR1.180610.011) AppleWebKit/537.36 (KHTML, like Gecko) SamsungBrowser/9.4 Chrome/67.0.3396.87 Mobile Safari/537.36"
80.128.198.98 - - [12/Aug/2019:08:50:02 +0000] "GET /assets/plugins/flag/css/flag-icon.css HTTP/1.1" 200 2837 "https://www.toplokacija-nekretnine.com/kuce/zaton-moderna-kuca-s-4-apartmana-i-bazenom" "Mozilla/5.0 (Linux; Android 9; SAMSUNG SM-G975F Build/PPR1.180610.011) AppleWebKit/537.36 (KHTML, like Gecko) SamsungBrowser/9.4 Chrome/67.0.3396.87 Mobile Safari/537.36"
80.128.198.98 - - [12/Aug/2019:08:50:02 +0000] "GET /css/responsive.css?v=4 HTTP/1.1" 200 1151 "https://www.toplokacija-nekretnine.com/kuce/zaton-moderna-kuca-s-4-apartmana-i-bazenom" "Mozilla/5.0 (Linux; Android 9; SAMSUNG SM-G975F Build/PPR1.180610.011) AppleWebKit/537.36 (KHTML, like Gecko) SamsungBrowser/9.4 Chrome/67.0.3396.87 Mobile Safari/537.36"
80.128.198.98 - - [12/Aug/2019:08:50:02 +0000] "GET /css/style.css?v=15 HTTP/1.1" 200 7634 "https://www.toplokacija-nekretnine.com/kuce/zaton-moderna-kuca-s-4-apartmana-i-bazenom" "Mozilla/5.0 (Linux; Android 9; SAMSUNG SM-G975F Build/PPR1.180610.011) AppleWebKit/537.36 (KHTML, like Gecko) SamsungBrowser/9.4 Chrome/67.0.3396.87 Mobile Safari/537.36"
80.128.198.98 - - [12/Aug/2019:08:50:02 +0000] "GET /css/cookieconsent.min.css HTTP/1.1" 200 1209 "https://www.toplokacija-nekretnine.com/kuce/zaton-moderna-kuca-s-4-apartmana-i-bazenom" "Mozilla/5.0 (Linux; Android 9; SAMSUNG SM-G975F Build/PPR1.180610.011) AppleWebKit/537.36 (KHTML, like Gecko) SamsungBrowser/9.4 Chrome/67.0.3396.87 Mobile Safari/537.36"
80.128.198.98 - - [12/Aug/2019:08:50:02 +0000] "GET /unitegallery/css/unite-gallery.css HTTP/1.1" 200 4825 "https://www.toplokacija-nekretnine.com/kuce/zaton-moderna-kuca-s-4-apartmana-i-bazenom" "Mozilla/5.0 (Linux; Android 9; SAMSUNG SM-G975F Build/PPR1.180610.011) AppleWebKit/537.36 (KHTML, like Gecko) SamsungBrowser/9.4 Chrome/67.0.3396.87 Mobile Safari/537.36"
80.128.198.98 - - [12/Aug/2019:08:50:02 +0000] "GET /js/jquery.min.js HTTP/1.1" 200 29820 "https://www.toplokacija-nekretnine.com/kuce/zaton-moderna-kuca-s-4-apartmana-i-bazenom" "Mozilla/5.0 (Linux; Android 9; SAMSUNG SM-G975F Build/PPR1.180610.011) AppleWebKit/537.36 (KHTML, like Gecko) SamsungBrowser/9.4 Chrome/67.0.3396.87 Mobile Safari/537.36"
80.128.198.98 - - [12/Aug/2019:08:50:02 +0000] "GET /js/bootstrap-dropdownhover.min.js HTTP/1.1" 200 1355 "https://www.toplokacija-nekretnine.com/kuce/zaton-moderna-kuca-s-4-apartmana-i-bazenom" "Mozilla/5.0 (Linux; Android 9; SAMSUNG SM-G975F Build/PPR1.180610.011) AppleWebKit/537.36 (KHTML, like Gecko) SamsungBrowser/9.4 Chrome/67.0.3396.87 Mobile Safari/537.36"
