40.77.167.165 - - [23/Aug/2019:00:09:57 +0000] "GET /uploads/thumbnails/deaff5ea6017d0221552d8e438277c68.JPG HTTP/1.1" 200 33400 "-" "Mozilla/5.0 (compatible; bingbot/2.0; +http://www.bing.com/bingbot.htm)"
13.66.139.1 - - [23/Aug/2019:00:16:37 +0000] "GET /robots.txt HTTP/1.1" 200 24 "-" "Mozilla/5.0 (compatible; bingbot/2.0; +http://www.bing.com/bingbot.htm)"
13.66.139.1 - - [23/Aug/2019:00:16:37 +0000] "GET /robots.txt HTTP/1.1" 200 24 "-" "Mozilla/5.0 (compatible; bingbot/2.0; +http://www.bing.com/bingbot.htm)"
13.66.139.0 - - [23/Aug/2019:00:16:42 +0000] "GET /poslovni-prostori/top-lokacija-svfilip-jakov-poslovni-prostor-na-setnici-21m2 HTTP/1.1" 500 4485 "-" "Mozilla/5.0 (compatible; bingbot/2.0; +http://www.bing.com/bingbot.htm)"
157.55.39.31 - - [23/Aug/2019:00:18:53 +0000] "GET /robots.txt HTTP/1.1" 301 257 "-" "Mozilla/5.0 (compatible; bingbot/2.0; +http://www.bing.com/bingbot.htm)"
157.55.39.31 - - [23/Aug/2019:00:18:54 +0000] "GET /robots.txt HTTP/1.1" 200 24 "-" "Mozilla/5.0 (compatible; bingbot/2.0; +http://www.bing.com/bingbot.htm)"
157.55.39.107 - - [23/Aug/2019:00:18:59 +0000] "GET /uploads/thumbnails/c44f04d238a59d16e563fec26dd92b3e.jpg HTTP/1.1" 200 47410 "-" "Mozilla/5.0 (compatible; bingbot/2.0; +http://www.bing.com/bingbot.htm)"
77.75.78.166 - - [23/Aug/2019:00:19:19 +0000] "GET /robots.txt HTTP/1.1" 200 24 "-" "Mozilla/5.0 (compatible; SeznamBot/3.2; +http://napoveda.seznam.cz/en/seznambot-intro/)"
77.75.78.166 - - [23/Aug/2019:00:19:20 +0000] "GET /uploads/thumbnails/2609053650175efe3d83c11b6e2b3b7b.jpg HTTP/1.1" 304 - "-" "Mozilla/5.0 (compatible; SeznamBot/3.2; +http://napoveda.seznam.cz/en/seznambot-intro/)"
54.36.149.63 - - [23/Aug/2019:00:21:15 +0000] "GET /hr/stanovi/bili-brig-trosoban-stan-82m2-1kat HTTP/1.1" 200 6387 "-" "Mozilla/5.0 (compatible; AhrefsBot/6.1; +http://ahrefs.com/robot/)"
216.244.66.240 - - [23/Aug/2019:00:37:43 +0000] "GET /robots.txt HTTP/1.1" 301 257 "-" "Mozilla/5.0 (compatible; DotBot/1.1; http://www.opensiteexplorer.org/dotbot, help@moz.com)"
216.244.66.240 - - [23/Aug/2019:00:37:44 +0000] "GET /robots.txt HTTP/1.1" 200 24 "-" "Mozilla/5.0 (compatible; DotBot/1.1; http://www.opensiteexplorer.org/dotbot, help@moz.com)"
66.249.66.137 - - [23/Aug/2019:00:42:04 +0000] "GET /en/lands/bibinje-predio-rezani-1700m2 HTTP/1.1" 200 6014 "-" "Mozilla/5.0 (Linux; Android 6.0.1; Nexus 5X Build/MMB29P) AppleWebKit/537.36 (KHTML, like Gecko) Chrome/41.0.2272.96 Mobile Safari/537.36 (compatible; Googlebot/2.1; +http://www.google.com/bot.html)"
54.36.148.133 - - [23/Aug/2019:00:51:29 +0000] "GET /en/lands/diklo-top-lokacija-pogodno-za-investitore-1231m2 HTTP/1.1" 200 6254 "-" "Mozilla/5.0 (compatible; AhrefsBot/6.1; +http://ahrefs.com/robot/)"
66.249.66.139 - - [23/Aug/2019:00:56:35 +0000] "GET /en/apartments/prilika-pag-riva-1red-uz-more-top-lokacija-65m2 HTTP/1.1" 200 6040 "-" "Mozilla/5.0 (compatible; Googlebot/2.1; +http://www.google.com/bot.html)"
46.229.168.148 - - [23/Aug/2019:01:08:02 +0000] "GET /robots.txt HTTP/1.1" 200 24 "-" "Mozilla/5.0 (compatible; SemrushBot/6~bl; +http://www.semrush.com/bot.html)"
46.229.168.154 - - [23/Aug/2019:01:08:03 +0000] "GET /zemljista/top-lokacija-sukosan-2030m2-pogodno-za-investitore HTTP/1.1" 200 6176 "-" "Mozilla/5.0 (compatible; SemrushBot/6~bl; +http://www.semrush.com/bot.html)"
66.249.66.137 - - [23/Aug/2019:01:08:12 +0000] "GET /en/apartments/starigrad-seline-apartman-8937m2-s-vrtom-od-9075m2 HTTP/1.1" 200 7237 "-" "Mozilla/5.0 (Linux; Android 6.0.1; Nexus 5X Build/MMB29P) AppleWebKit/537.36 (KHTML, like Gecko) Chrome/41.0.2272.96 Mobile Safari/537.36 (compatible; Googlebot/2.1; +http://www.google.com/bot.html)"
66.249.66.139 - - [23/Aug/2019:01:21:33 +0000] "GET /hr/kuce HTTP/1.1" 200 5701 "-" "Mozilla/5.0 (Linux; Android 6.0.1; Nexus 5X Build/MMB29P) AppleWebKit/537.36 (KHTML, like Gecko) Chrome/41.0.2272.96 Mobile Safari/537.36 (compatible; Googlebot/2.1; +http://www.google.com/bot.html)"
216.244.66.240 - - [23/Aug/2019:01:22:42 +0000] "GET /robots.txt HTTP/1.1" 301 257 "-" "Mozilla/5.0 (compatible; DotBot/1.1; http://www.opensiteexplorer.org/dotbot, help@moz.com)"
216.244.66.240 - - [23/Aug/2019:01:22:43 +0000] "GET /robots.txt HTTP/1.1" 200 24 "-" "Mozilla/5.0 (compatible; DotBot/1.1; http://www.opensiteexplorer.org/dotbot, help@moz.com)"
66.249.66.137 - - [23/Aug/2019:01:27:56 +0000] "GET /hr/stanovi?page=1 HTTP/1.1" 200 5963 "-" "Mozilla/5.0 (Linux; Android 6.0.1; Nexus 5X Build/MMB29P) AppleWebKit/537.36 (KHTML, like Gecko) Chrome/41.0.2272.96 Mobile Safari/537.36 (compatible; Googlebot/2.1; +http://www.google.com/bot.html)"
157.55.39.107 - - [23/Aug/2019:01:43:54 +0000] "GET /hr/stanovi HTTP/1.1" 200 5960 "-" "Mozilla/5.0 (compatible; bingbot/2.0; +http://www.bing.com/bingbot.htm)"
40.77.167.164 - - [23/Aug/2019:01:51:51 +0000] "GET /images/logo_hr.png HTTP/1.1" 200 5600 "-" "Mozilla/5.0 (compatible; bingbot/2.0; +http://www.bing.com/bingbot.htm)"
40.77.167.164 - - [23/Aug/2019:01:51:51 +0000] "GET /uploads/thumbnails/981f80f17952c6201dffa885c0680e46.jpg HTTP/1.1" 200 34110 "-" "Mozilla/5.0 (compatible; bingbot/2.0; +http://www.bing.com/bingbot.htm)"
207.46.13.137 - - [23/Aug/2019:01:51:56 +0000] "GET /images/spinner.gif HTTP/1.1" 200 56260 "-" "Mozilla/5.0 (compatible; bingbot/2.0; +http://www.bing.com/bingbot.htm)"
157.55.39.107 - - [23/Aug/2019:01:52:00 +0000] "GET /images/background/1.jpg HTTP/1.1" 200 99961 "-" "Mozilla/5.0 (compatible; bingbot/2.0; +http://www.bing.com/bingbot.htm)"
157.55.39.107 - - [23/Aug/2019:01:52:01 +0000] "GET /images/background/2.jpg?v=2 HTTP/1.1" 200 111462 "-" "Mozilla/5.0 (compatible; bingbot/2.0; +http://www.bing.com/bingbot.htm)"
157.55.39.107 - - [23/Aug/2019:01:52:01 +0000] "GET /uploads/thumbnails/e5ccf19c61e2bb4c351203c9e696340e.jpg HTTP/1.1" 200 30410 "-" "Mozilla/5.0 (compatible; bingbot/2.0; +http://www.bing.com/bingbot.htm)"
77.75.76.171 - - [23/Aug/2019:02:05:43 +0000] "GET /robots.txt HTTP/1.1" 200 24 "-" "Mozilla/5.0 (compatible; SeznamBot/3.2; +http://napoveda.seznam.cz/en/seznambot-intro/)"
77.75.76.171 - - [23/Aug/2019:02:05:44 +0000] "GET /uploads/thumbnails/f8801b953b60e9c393e6dd8a56d5ddd1.jpg HTTP/1.1" 304 - "-" "Mozilla/5.0 (compatible; SeznamBot/3.2; +http://napoveda.seznam.cz/en/seznambot-intro/)"
216.244.66.240 - - [23/Aug/2019:02:08:01 +0000] "GET /robots.txt HTTP/1.1" 301 257 "-" "Mozilla/5.0 (compatible; DotBot/1.1; http://www.opensiteexplorer.org/dotbot, help@moz.com)"
216.244.66.240 - - [23/Aug/2019:02:08:02 +0000] "GET /robots.txt HTTP/1.1" 200 24 "-" "Mozilla/5.0 (compatible; DotBot/1.1; http://www.opensiteexplorer.org/dotbot, help@moz.com)"
157.55.39.107 - - [23/Aug/2019:02:13:07 +0000] "GET /uploads/thumbnails/d9f44f4c059547b799238776bb2f26da.jpg HTTP/1.1" 200 32510 "-" "Mozilla/5.0 (compatible; bingbot/2.0; +http://www.bing.com/bingbot.htm)"
111.225.149.155 - - [23/Aug/2019:02:15:13 +0000] "GET /hr/poslovni-prostori HTTP/1.1" 200 5030 "-" "Mozilla/5.0 (Linux; Android 6.0; Nexus 5 Build/MRA58N) AppleWebKit/537.36 (KHTML, like Gecko) Chrome/49.0.8254.1012 Mobile Safari/537.36; Bytespider"
111.225.149.154 - - [23/Aug/2019:02:15:15 +0000] "GET /fonts/fontawesome-webfont.woff2?v=4.7.0 HTTP/1.1" 200 77160 "https://www.toplokacija-nekretnine.com/css/font-awesome.min.css" "Mozilla/5.0 (Linux; Android 6.0; Nexus 5 Build/MRA58N) AppleWebKit/537.36 (KHTML, like Gecko) Chrome/49.0.8254.1012 Mobile Safari/537.36; Bytespider"
110.249.201.176 - - [23/Aug/2019:02:15:18 +0000] "GET /en/terms-and-conditions HTTP/1.1" 200 8069 "-" "Mozilla/5.0 (iPhone; CPU iPhone OS 11_0 like Mac OS X) AppleWebKit/537.36 (KHTML, like Gecko) Chrome/45.0.2897.1757 Mobile Safari/537.36; Bytespider"
110.249.201.177 - - [23/Aug/2019:02:15:19 +0000] "GET /fonts/fontawesome-webfont.woff2?v=4.7.0 HTTP/1.1" 200 77160 "https://www.toplokacija-nekretnine.com/css/font-awesome.min.css" "Mozilla/5.0 (iPhone; CPU iPhone OS 11_0 like Mac OS X) AppleWebKit/537.36 (KHTML, like Gecko) Chrome/45.0.2897.1757 Mobile Safari/537.36; Bytespider"
110.249.201.176 - - [23/Aug/2019:02:15:18 +0000] "GET /fonts/icofont.ttf?v=1.0.0-beta HTTP/1.1" 200 1018620 "https://www.toplokacija-nekretnine.com/css/icofont.css" "Mozilla/5.0 (iPhone; CPU iPhone OS 11_0 like Mac OS X) AppleWebKit/537.36 (KHTML, like Gecko) Chrome/45.0.2897.1757 Mobile Safari/537.36; Bytespider"
111.225.149.16 - - [23/Aug/2019:02:15:22 +0000] "GET /hr/blog/dolaskom-proljeca-raste-interes-i-potraznja-za-nekretninama HTTP/1.1" 200 4958 "-" "Mozilla/5.0 (iPhone; CPU iPhone OS 11_0 like Mac OS X) AppleWebKit/537.36 (KHTML, like Gecko) Chrome/55.0.2765.1447 Mobile Safari/537.36; Bytespider"
111.225.149.23 - - [23/Aug/2019:02:15:24 +0000] "GET /fonts/fontawesome-webfont.woff2?v=4.7.0 HTTP/1.1" 200 77160 "https://www.toplokacija-nekretnine.com/css/font-awesome.min.css" "Mozilla/5.0 (iPhone; CPU iPhone OS 11_0 like Mac OS X) AppleWebKit/537.36 (KHTML, like Gecko) Chrome/55.0.2765.1447 Mobile Safari/537.36; Bytespider"
111.225.149.16 - - [23/Aug/2019:02:15:23 +0000] "GET /fonts/icofont.ttf?v=1.0.0-beta HTTP/1.1" 200 1018620 "https://www.toplokacija-nekretnine.com/css/icofont.css" "Mozilla/5.0 (iPhone; CPU iPhone OS 11_0 like Mac OS X) AppleWebKit/537.36 (KHTML, like Gecko) Chrome/55.0.2765.1447 Mobile Safari/537.36; Bytespider"
111.225.149.154 - - [23/Aug/2019:02:15:44 +0000] "GET /fonts/icofont.woff?v=1.0.0-beta HTTP/1.1" 200 629908 "https://www.toplokacija-nekretnine.com/css/icofont.css" "Mozilla/5.0 (Linux; Android 6.0; Nexus 5 Build/MRA58N) AppleWebKit/537.36 (KHTML, like Gecko) Chrome/49.0.8254.1012 Mobile Safari/537.36; Bytespider"
111.225.149.23 - - [23/Aug/2019:02:15:53 +0000] "GET /fonts/icofont.woff?v=1.0.0-beta HTTP/1.1" 200 629908 "https://www.toplokacija-nekretnine.com/css/icofont.css" "Mozilla/5.0 (iPhone; CPU iPhone OS 11_0 like Mac OS X) AppleWebKit/537.36 (KHTML, like Gecko) Chrome/55.0.2765.1447 Mobile Safari/537.36; Bytespider"
66.249.66.137 - - [23/Aug/2019:02:17:52 +0000] "GET /stanovi/zadar-branimirova-obala-uz-sami-poluotok-72m2-2kat HTTP/1.1" 200 6850 "-" "Mozilla/5.0 (compatible; Googlebot/2.1; +http://www.google.com/bot.html)"
111.225.149.155 - - [23/Aug/2019:02:15:14 +0000] "GET /fonts/icofont.ttf?v=1.0.0-beta HTTP/1.1" 200 1018620 "https://www.toplokacija-nekretnine.com/css/icofont.css" "Mozilla/5.0 (Linux; Android 6.0; Nexus 5 Build/MRA58N) AppleWebKit/537.36 (KHTML, like Gecko) Chrome/49.0.8254.1012 Mobile Safari/537.36; Bytespider"
46.229.168.130 - - [23/Aug/2019:02:21:20 +0000] "GET /robots.txt HTTP/1.1" 200 24 "-" "Mozilla/5.0 (compatible; SemrushBot/6~bl; +http://www.semrush.com/bot.html)"
46.229.168.134 - - [23/Aug/2019:02:21:20 +0000] "GET /en/search?page=2 HTTP/1.1" 200 6028 "-" "Mozilla/5.0 (compatible; SemrushBot/6~bl; +http://www.semrush.com/bot.html)"
178.63.13.154 - - [23/Aug/2019:02:29:48 +0000] "GET /robots.txt HTTP/1.1" 301 257 "-" "Mozilla/5.0 (compatible; MJ12bot/v1.4.8; http://mj12bot.com/)"
178.63.13.154 - - [23/Aug/2019:02:29:53 +0000] "GET /robots.txt HTTP/1.1" 200 24 "-" "Mozilla/5.0 (compatible; MJ12bot/v1.4.8; http://mj12bot.com/)"
178.63.13.154 - - [23/Aug/2019:02:30:00 +0000] "GET / HTTP/1.1" 301 247 "-" "Mozilla/5.0 (compatible; MJ12bot/v1.4.8; http://mj12bot.com/)"
66.249.66.137 - - [23/Aug/2019:02:30:04 +0000] "GET /zemljista/top-lokacija-udaljenost-od-mora-15m-zaton-uvala-jaz HTTP/1.1" 200 5985 "-" "Mozilla/5.0 (compatible; Googlebot/2.1; +http://www.google.com/bot.html)"
178.63.13.154 - - [23/Aug/2019:02:30:05 +0000] "GET / HTTP/1.1" 200 9183 "-" "Mozilla/5.0 (compatible; MJ12bot/v1.4.8; http://mj12bot.com/)"
178.63.13.154 - - [23/Aug/2019:02:30:09 +0000] "GET / HTTP/1.1" 200 9183 "-" "Mozilla/5.0 (compatible; MJ12bot/v1.4.8; http://mj12bot.com/)"
40.77.167.164 - - [23/Aug/2019:02:34:20 +0000] "GET /apartmani/zadar-petrcane-20m-od-mora-5438m2-sa-vrtom-od-11296m2 HTTP/1.1" 200 7374 "-" "Mozilla/5.0 (compatible; bingbot/2.0; +http://www.bing.com/bingbot.htm)"
91.242.162.83 - - [23/Aug/2019:02:36:13 +0000] "GET /robots.txt HTTP/1.1" 200 24 "-" "Mozilla/5.0 (compatible; Qwantify/2.4w; +https://www.qwant.com/)/2.4w"
91.242.162.83 - - [23/Aug/2019:02:36:13 +0000] "GET /hr HTTP/1.1" 200 9180 "-" "Mozilla/5.0 (compatible; Qwantify/2.4w; +https://www.qwant.com/)/2.4w"
91.242.162.83 - - [23/Aug/2019:02:36:16 +0000] "GET /apartmani HTTP/1.1" 200 5308 "-" "Mozilla/5.0 (compatible; Qwantify/2.4w; +https://www.qwant.com/)/2.4w"
91.242.162.83 - - [23/Aug/2019:02:36:18 +0000] "GET /kuce HTTP/1.1" 200 5693 "-" "Mozilla/5.0 (compatible; Qwantify/2.4w; +https://www.qwant.com/)/2.4w"
91.242.162.83 - - [23/Aug/2019:02:45:50 +0000] "GET /uvjeti-poslovanja HTTP/1.1" 200 8109 "-" "Mozilla/5.0 (compatible; Qwantify/2.4w; +https://www.qwant.com/)/2.4w"
216.244.66.240 - - [23/Aug/2019:02:52:47 +0000] "GET /robots.txt HTTP/1.1" 301 257 "-" "Mozilla/5.0 (compatible; DotBot/1.1; http://www.opensiteexplorer.org/dotbot, help@moz.com)"
216.244.66.240 - - [23/Aug/2019:02:52:48 +0000] "GET /robots.txt HTTP/1.1" 200 24 "-" "Mozilla/5.0 (compatible; DotBot/1.1; http://www.opensiteexplorer.org/dotbot, help@moz.com)"
207.46.13.137 - - [23/Aug/2019:02:52:55 +0000] "GET /uploads/thumbnails/8e34343a84b1b296c1d68b9c897030f1.JPG HTTP/1.1" 200 54164 "-" "Mozilla/5.0 (compatible; bingbot/2.0; +http://www.bing.com/bingbot.htm)"
66.249.66.137 - - [23/Aug/2019:02:57:21 +0000] "GET /hr/apartmani/starigrad-seline-apartman-8937m2-s-vrtom-od-9075m2 HTTP/1.1" 200 7302 "-" "Mozilla/5.0 (Linux; Android 6.0.1; Nexus 5X Build/MMB29P) AppleWebKit/537.36 (KHTML, like Gecko) Chrome/41.0.2272.96 Mobile Safari/537.36 (compatible; Googlebot/2.1; +http://www.google.com/bot.html)"
91.242.162.83 - - [23/Aug/2019:02:58:00 +0000] "GET /kontakt HTTP/1.1" 200 4114 "-" "Mozilla/5.0 (compatible; Qwantify/2.4w; +https://www.qwant.com/)/2.4w"
91.242.162.83 - - [23/Aug/2019:02:59:32 +0000] "GET /blog HTTP/1.1" 200 4491 "-" "Mozilla/5.0 (compatible; Qwantify/2.4w; +https://www.qwant.com/)/2.4w"
54.212.160.90 - - [23/Aug/2019:03:17:38 +0000] "GET / HTTP/1.1" 301 247 "-" "Go-http-client/1.1"
91.242.162.83 - - [23/Aug/2019:03:22:42 +0000] "GET /en/services HTTP/1.1" 200 3648 "-" "Mozilla/5.0 (compatible; Qwantify/2.4w; +https://www.qwant.com/)/2.4w"
91.242.162.83 - - [23/Aug/2019:03:26:17 +0000] "GET /en/villas HTTP/1.1" 200 4312 "-" "Mozilla/5.0 (compatible; Qwantify/2.4w; +https://www.qwant.com/)/2.4w"
66.249.66.137 - - [23/Aug/2019:03:26:58 +0000] "GET /zemljista/top-lokacija-sukosan-2030m2-pogodno-za-investitore HTTP/1.1" 200 6176 "-" "Mozilla/5.0 (Linux; Android 6.0.1; Nexus 5X Build/MMB29P) AppleWebKit/537.36 (KHTML, like Gecko) Chrome/41.0.2272.96 Mobile Safari/537.36 (compatible; Googlebot/2.1; +http://www.google.com/bot.html)"
216.244.66.240 - - [23/Aug/2019:03:29:24 +0000] "GET /en/lands/zaton-zemljiste-1042m2-sa-zapocetim-objektom-360m2-100m-od-mora HTTP/1.1" 500 4485 "-" "Mozilla/5.0 (compatible; DotBot/1.1; http://www.opensiteexplorer.org/dotbot, help@moz.com)"
54.36.150.89 - - [23/Aug/2019:03:32:48 +0000] "GET /en/houses/zadar-arbanasi-idilicna-kamena-kuca-130m2-na-zelenoj-oazi-od-612m2 HTTP/1.1" 200 7469 "-" "Mozilla/5.0 (compatible; AhrefsBot/6.1; +http://ahrefs.com/robot/)"
216.244.66.240 - - [23/Aug/2019:03:37:48 +0000] "GET /robots.txt HTTP/1.1" 301 257 "-" "Mozilla/5.0 (compatible; DotBot/1.1; http://www.opensiteexplorer.org/dotbot, help@moz.com)"
216.244.66.240 - - [23/Aug/2019:03:37:49 +0000] "GET /robots.txt HTTP/1.1" 200 24 "-" "Mozilla/5.0 (compatible; DotBot/1.1; http://www.opensiteexplorer.org/dotbot, help@moz.com)"
91.242.162.83 - - [23/Aug/2019:03:38:03 +0000] "GET /en/hotels HTTP/1.1" 200 4313 "-" "Mozilla/5.0 (compatible; Qwantify/2.4w; +https://www.qwant.com/)/2.4w"
91.242.162.83 - - [23/Aug/2019:03:46:47 +0000] "GET /en/blog HTTP/1.1" 200 3543 "-" "Mozilla/5.0 (compatible; Qwantify/2.4w; +https://www.qwant.com/)/2.4w"
66.249.66.135 - - [23/Aug/2019:03:48:27 +0000] "GET /en/lands/privlaka-gradevinski-teren-610m2 HTTP/1.1" 200 5979 "-" "Mozilla/5.0 (Linux; Android 6.0.1; Nexus 5X Build/MMB29P) AppleWebKit/537.36 (KHTML, like Gecko) Chrome/41.0.2272.96 Mobile Safari/537.36 (compatible; Googlebot/2.1; +http://www.google.com/bot.html)"
91.242.162.83 - - [23/Aug/2019:03:50:01 +0000] "GET /en/apartments HTTP/1.1" 200 5238 "-" "Mozilla/5.0 (compatible; Qwantify/2.4w; +https://www.qwant.com/)/2.4w"
54.36.149.83 - - [23/Aug/2019:03:54:15 +0000] "GET /zemljista/privlaka-top-lokacija-50m-od-mora HTTP/1.1" 200 6055 "-" "Mozilla/5.0 (compatible; AhrefsBot/6.1; +http://ahrefs.com/robot/)"
77.75.77.32 - - [23/Aug/2019:04:09:50 +0000] "GET /robots.txt HTTP/1.1" 200 24 "-" "Mozilla/5.0 (compatible; SeznamBot/3.2; +http://napoveda.seznam.cz/en/seznambot-intro/)"
77.75.77.32 - - [23/Aug/2019:04:09:51 +0000] "GET /uploads/thumbnails/dd1ca2f30cd472de9ab3ce0b7829a475.JPG HTTP/1.1" 304 - "-" "Mozilla/5.0 (compatible; SeznamBot/3.2; +http://napoveda.seznam.cz/en/seznambot-intro/)"
91.242.162.83 - - [23/Aug/2019:04:14:34 +0000] "GET /en/contact HTTP/1.1" 200 4026 "-" "Mozilla/5.0 (compatible; Qwantify/2.4w; +https://www.qwant.com/)/2.4w"
46.229.168.153 - - [23/Aug/2019:04:16:21 +0000] "GET /robots.txt HTTP/1.1" 200 24 "-" "Mozilla/5.0 (compatible; SemrushBot/6~bl; +http://www.semrush.com/bot.html)"
46.229.168.154 - - [23/Aug/2019:04:16:21 +0000] "GET /apartmani HTTP/1.1" 200 5308 "-" "Mozilla/5.0 (compatible; SemrushBot/6~bl; +http://www.semrush.com/bot.html)"
91.242.162.83 - - [23/Aug/2019:04:21:45 +0000] "GET /zemljista HTTP/1.1" 200 5944 "-" "Mozilla/5.0 (compatible; Qwantify/2.4w; +https://www.qwant.com/)/2.4w"
216.244.66.240 - - [23/Aug/2019:04:23:07 +0000] "GET /robots.txt HTTP/1.1" 301 257 "-" "Mozilla/5.0 (compatible; DotBot/1.1; http://www.opensiteexplorer.org/dotbot, help@moz.com)"
216.244.66.240 - - [23/Aug/2019:04:23:07 +0000] "GET /robots.txt HTTP/1.1" 200 24 "-" "Mozilla/5.0 (compatible; DotBot/1.1; http://www.opensiteexplorer.org/dotbot, help@moz.com)"
66.249.66.137 - - [23/Aug/2019:04:40:08 +0000] "GET /en/offices/top-lokacija-svfilip-i-jakov-poslovni-prostor-na-setnici-21m2 HTTP/1.1" 200 6024 "-" "Mozilla/5.0 (Linux; Android 6.0.1; Nexus 5X Build/MMB29P) AppleWebKit/537.36 (KHTML, like Gecko) Chrome/41.0.2272.96 Mobile Safari/537.36 (compatible; Googlebot/2.1; +http://www.google.com/bot.html)"
66.249.66.137 - - [23/Aug/2019:04:48:15 +0000] "GET /poslovni-prostori/top-lokacija-rijetka-prilika-ekskluzivna-prodaja-poluotok-uhodani-poslovni-prostor-15m2 HTTP/1.1" 200 6209 "-" "Mozilla/5.0 (compatible; Googlebot/2.1; +http://www.google.com/bot.html)"
54.36.148.16 - - [23/Aug/2019:04:49:54 +0000] "GET /kuce/diklo-kuca-170m2-s-2-stana-20m-od-mora HTTP/1.1" 200 6722 "-" "Mozilla/5.0 (compatible; AhrefsBot/6.1; +http://ahrefs.com/robot/)"
91.242.162.83 - - [23/Aug/2019:04:50:29 +0000] "GET /ponudi-nekretninu HTTP/1.1" 200 4372 "-" "Mozilla/5.0 (compatible; Qwantify/2.4w; +https://www.qwant.com/)/2.4w"
40.77.167.85 - - [23/Aug/2019:05:01:26 +0000] "GET /unitegallery/images/button-close.png HTTP/1.1" 200 7155 "-" "Mozilla/5.0 (compatible; bingbot/2.0; +http://www.bing.com/bingbot.htm)"
40.77.167.85 - - [23/Aug/2019:05:01:26 +0000] "GET /unitegallery/images/loader.gif HTTP/1.1" 200 673 "-" "Mozilla/5.0 (compatible; bingbot/2.0; +http://www.bing.com/bingbot.htm)"
40.77.167.85 - - [23/Aug/2019:05:01:26 +0000] "GET /unitegallery/skins/default/slider_arrow_left.png HTTP/1.1" 200 493 "-" "Mozilla/5.0 (compatible; bingbot/2.0; +http://www.bing.com/bingbot.htm)"
40.77.167.85 - - [23/Aug/2019:05:01:27 +0000] "GET /unitegallery/skins/default/slider_arrow_right.png HTTP/1.1" 200 505 "-" "Mozilla/5.0 (compatible; bingbot/2.0; +http://www.bing.com/bingbot.htm)"
40.77.167.164 - - [23/Aug/2019:05:01:30 +0000] "GET /unitegallery/images/cover-grid.png HTTP/1.1" 200 933 "-" "Mozilla/5.0 (compatible; bingbot/2.0; +http://www.bing.com/bingbot.htm)"
40.77.167.99 - - [23/Aug/2019:05:01:35 +0000] "GET /unitegallery/images/loader-black1.gif HTTP/1.1" 200 5855 "-" "Mozilla/5.0 (compatible; bingbot/2.0; +http://www.bing.com/bingbot.htm)"
207.46.13.137 - - [23/Aug/2019:05:01:41 +0000] "GET /unitegallery/images/loader-white1.gif HTTP/1.1" 200 2545 "-" "Mozilla/5.0 (compatible; bingbot/2.0; +http://www.bing.com/bingbot.htm)"
207.46.13.137 - - [23/Aug/2019:05:01:41 +0000] "GET /unitegallery/images/play-button-square.png HTTP/1.1" 200 4591 "-" "Mozilla/5.0 (compatible; bingbot/2.0; +http://www.bing.com/bingbot.htm)"
207.46.13.137 - - [23/Aug/2019:05:01:41 +0000] "GET /unitegallery/skins/default/button_fullscreen.png HTTP/1.1" 200 1146 "-" "Mozilla/5.0 (compatible; bingbot/2.0; +http://www.bing.com/bingbot.htm)"
91.242.162.83 - - [23/Aug/2019:05:06:19 +0000] "GET /en/sale HTTP/1.1" 200 4304 "-" "Mozilla/5.0 (compatible; Qwantify/2.4w; +https://www.qwant.com/)/2.4w"
66.249.66.135 - - [23/Aug/2019:05:17:17 +0000] "GET /en/lands/top-lokacija-udaljenost-od-mora-15m-zaton-uvala-jaz HTTP/1.1" 200 5909 "-" "Mozilla/5.0 (Linux; Android 6.0.1; Nexus 5X Build/MMB29P) AppleWebKit/537.36 (KHTML, like Gecko) Chrome/41.0.2272.96 Mobile Safari/537.36 (compatible; Googlebot/2.1; +http://www.google.com/bot.html)"
66.249.66.139 - - [23/Aug/2019:05:21:56 +0000] "GET /en/flats/zadar-vidikovac-stan-50m2 HTTP/1.1" 200 6591 "-" "Mozilla/5.0 (Linux; Android 6.0.1; Nexus 5X Build/MMB29P) AppleWebKit/537.36 (KHTML, like Gecko) Chrome/41.0.2272.96 Mobile Safari/537.36 (compatible; Googlebot/2.1; +http://www.google.com/bot.html)"
54.36.148.41 - - [23/Aug/2019:05:23:36 +0000] "GET /robots.txt HTTP/1.1" 200 24 "-" "Mozilla/5.0 (compatible; AhrefsBot/6.1; +http://ahrefs.com/robot/)"
54.36.150.109 - - [23/Aug/2019:05:23:36 +0000] "GET /hr/zemljista/zaton-centar-gradevinsko-zemljiste-985m2 HTTP/1.1" 200 6111 "-" "Mozilla/5.0 (compatible; AhrefsBot/6.1; +http://ahrefs.com/robot/)"
46.229.168.141 - - [23/Aug/2019:05:26:18 +0000] "GET /robots.txt HTTP/1.1" 200 24 "-" "Mozilla/5.0 (compatible; SemrushBot/6~bl; +http://www.semrush.com/bot.html)"
46.229.168.161 - - [23/Aug/2019:05:26:18 +0000] "GET /hr/pretraga HTTP/1.1" 200 6045 "-" "Mozilla/5.0 (compatible; SemrushBot/6~bl; +http://www.semrush.com/bot.html)"
91.242.162.83 - - [23/Aug/2019:05:43:54 +0000] "GET /en/offer-property HTTP/1.1" 200 4272 "-" "Mozilla/5.0 (compatible; Qwantify/2.4w; +https://www.qwant.com/)/2.4w"
40.77.167.164 - - [23/Aug/2019:05:46:38 +0000] "GET /uploads/thumbnails/8ea753343a875a99aff79e666bad3ff8.jpg HTTP/1.1" 200 22997 "-" "Mozilla/5.0 (compatible; bingbot/2.0; +http://www.bing.com/bingbot.htm)"
216.244.66.240 - - [23/Aug/2019:05:53:56 +0000] "GET /robots.txt HTTP/1.1" 301 257 "-" "Mozilla/5.0 (compatible; DotBot/1.1; http://www.opensiteexplorer.org/dotbot, help@moz.com)"
216.244.66.240 - - [23/Aug/2019:05:53:57 +0000] "GET /robots.txt HTTP/1.1" 200 24 "-" "Mozilla/5.0 (compatible; DotBot/1.1; http://www.opensiteexplorer.org/dotbot, help@moz.com)"
77.75.79.54 - - [23/Aug/2019:05:57:28 +0000] "GET /robots.txt HTTP/1.1" 200 24 "-" "Mozilla/5.0 (compatible; SeznamBot/3.2; +http://napoveda.seznam.cz/en/seznambot-intro/)"
77.75.79.54 - - [23/Aug/2019:05:57:29 +0000] "GET /uploads/thumbnails/c73ede151605defe6fbb63bded409fd8.jpg HTTP/1.1" 304 - "-" "Mozilla/5.0 (compatible; SeznamBot/3.2; +http://napoveda.seznam.cz/en/seznambot-intro/)"
138.246.253.5 - - [23/Aug/2019:06:00:40 +0000] "HEAD / HTTP/1.1" 200 - "-" "Mozilla/5.0 (Windows NT 6.1; Win64; x64) AppleWebKit/537.36 (KHTML, like Gecko) Chrome/40.0.2214.85 Safari/537.36"
66.249.66.135 - - [23/Aug/2019:06:08:58 +0000] "GET /o-nama HTTP/1.1" 200 3971 "-" "Mozilla/5.0 (compatible; Googlebot/2.1; +http://www.google.com/bot.html)"
66.249.66.139 - - [23/Aug/2019:06:29:52 +0000] "GET /hr/kuce/prekrasna-kuca-sa-bazenom-maslenica-pokraj-zadra HTTP/1.1" 200 7517 "-" "Mozilla/5.0 (Linux; Android 6.0.1; Nexus 5X Build/MMB29P) AppleWebKit/537.36 (KHTML, like Gecko) Chrome/41.0.2272.96 Mobile Safari/537.36 (compatible; Googlebot/2.1; +http://www.google.com/bot.html)"
46.229.168.149 - - [23/Aug/2019:06:41:53 +0000] "GET /robots.txt HTTP/1.1" 200 24 "-" "Mozilla/5.0 (compatible; SemrushBot/6~bl; +http://www.semrush.com/bot.html)"
46.229.168.146 - - [23/Aug/2019:06:41:55 +0000] "GET /zemljista/privlaka-gradevinski-teren-610m2 HTTP/1.1" 200 6055 "-" "Mozilla/5.0 (compatible; SemrushBot/6~bl; +http://www.semrush.com/bot.html)"
157.55.39.248 - - [23/Aug/2019:06:55:42 +0000] "GET /blog/odnos-prodavatelj-kupac-agent-nekretnina HTTP/1.1" 200 5705 "-" "Mozilla/5.0 (compatible; bingbot/2.0; +http://www.bing.com/bingbot.htm)"
34.235.233.220 - - [23/Aug/2019:07:04:11 +0000] "GET / HTTP/1.1" 301 247 "-" "Mozilla/5.0 (Windows NT 10.0; Win64; x64) AppleWebKit/537.36 (KHTML, like Gecko) Chrome/74.0.3729.169 Safari/537.36"
34.235.233.220 - - [23/Aug/2019:07:04:12 +0000] "GET / HTTP/1.1" 200 9183 "-" "Mozilla/5.0 (Windows NT 10.0; Win64; x64) AppleWebKit/537.36 (KHTML, like Gecko) Chrome/74.0.3729.169 Safari/537.36"
54.36.150.130 - - [23/Aug/2019:07:07:54 +0000] "GET /hr/zemljista/poljica-poljoprivredno-na-granici-gradevinskog HTTP/1.1" 200 6302 "-" "Mozilla/5.0 (compatible; AhrefsBot/6.1; +http://ahrefs.com/robot/)"
46.229.168.146 - - [23/Aug/2019:07:18:20 +0000] "GET /robots.txt HTTP/1.1" 200 24 "-" "Mozilla/5.0 (compatible; SemrushBot/6~bl; +http://www.semrush.com/bot.html)"
46.229.168.142 - - [23/Aug/2019:07:18:21 +0000] "GET /hr/o-nama HTTP/1.1" 200 3969 "-" "Mozilla/5.0 (compatible; SemrushBot/6~bl; +http://www.semrush.com/bot.html)"
95.168.121.24 - - [23/Aug/2019:07:26:26 +0000] "GET /uploads/images/42f6bf5e8582c075da16d579d90c242d.JPG HTTP/1.1" 200 347581 "https://www.google.com/" "Mozilla/5.0 (Windows NT 6.1; Win64; x64) AppleWebKit/537.36 (KHTML, like Gecko) Chrome/76.0.3809.100 Safari/537.36"
46.229.168.141 - - [23/Aug/2019:07:30:54 +0000] "GET /stanovi/zadar-borik-novogradnja-ekskluzivan-top-objekt-s-5-stanova-1kat-7918m2 HTTP/1.1" 200 7144 "-" "Mozilla/5.0 (compatible; SemrushBot/6~bl; +http://www.semrush.com/bot.html)"
66.249.66.139 - - [23/Aug/2019:07:36:37 +0000] "GET /en/flats/zadar-diklovac-dvoetazan-stan-9607m2 HTTP/1.1" 200 6985 "-" "Mozilla/5.0 (Linux; Android 6.0.1; Nexus 5X Build/MMB29P) AppleWebKit/537.36 (KHTML, like Gecko) Chrome/41.0.2272.96 Mobile Safari/537.36 (compatible; Googlebot/2.1; +http://www.google.com/bot.html)"
66.249.66.139 - - [23/Aug/2019:07:43:37 +0000] "GET /en/flats/zadar-borik-novogradnja-ekskluzivan-top-objekt-s-5-stanova-prizemlje-6323m2 HTTP/1.1" 200 7038 "-" "Mozilla/5.0 (Linux; Android 6.0.1; Nexus 5X Build/MMB29P) AppleWebKit/537.36 (KHTML, like Gecko) Chrome/41.0.2272.96 Mobile Safari/537.36 (compatible; Googlebot/2.1; +http://www.google.com/bot.html)"
40.77.167.95 - - [23/Aug/2019:07:44:15 +0000] "GET /uploads/thumbnails/58b1027081bca5215832489bb51a61ad.JPG HTTP/1.1" 200 41708 "-" "Mozilla/5.0 (compatible; bingbot/2.0; +http://www.bing.com/bingbot.htm)"
157.55.39.139 - - [23/Aug/2019:07:50:18 +0000] "GET /uploads/thumbnails/db9ea7ae11469eb3d0d530eaf42364af.JPG HTTP/1.1" 200 41187 "-" "Mozilla/5.0 (compatible; bingbot/2.0; +http://www.bing.com/bingbot.htm)"
77.75.78.160 - - [23/Aug/2019:07:52:21 +0000] "GET /robots.txt HTTP/1.1" 200 24 "-" "Mozilla/5.0 (compatible; SeznamBot/3.2; +http://napoveda.seznam.cz/en/seznambot-intro/)"
77.75.78.160 - - [23/Aug/2019:07:52:22 +0000] "GET /uploads/thumbnails/8ea753343a875a99aff79e666bad3ff8.jpg HTTP/1.1" 304 - "-" "Mozilla/5.0 (compatible; SeznamBot/3.2; +http://napoveda.seznam.cz/en/seznambot-intro/)"
40.77.167.95 - - [23/Aug/2019:07:53:07 +0000] "GET /uploads/thumbnails/54e3263209444334e202d2691c02f504.JPG HTTP/1.1" 200 28396 "-" "Mozilla/5.0 (compatible; bingbot/2.0; +http://www.bing.com/bingbot.htm)"
157.55.39.248 - - [23/Aug/2019:08:01:06 +0000] "GET /uploads/thumbnails/088347cbd300257f748fb686c6fb0cc8.JPG HTTP/1.1" 200 48467 "-" "Mozilla/5.0 (compatible; bingbot/2.0; +http://www.bing.com/bingbot.htm)"
66.249.66.137 - - [23/Aug/2019:08:03:56 +0000] "GET /apartmani/top-lokacija-vinjerac-ekskluzivni-novi-apartman-s-krovnom-terasom-12343m2 HTTP/1.1" 200 7833 "-" "Mozilla/5.0 (Linux; Android 6.0.1; Nexus 5X Build/MMB29P) AppleWebKit/537.36 (KHTML, like Gecko) Chrome/41.0.2272.96 Mobile Safari/537.36 (compatible; Googlebot/2.1; +http://www.google.com/bot.html)"
157.55.39.139 - - [23/Aug/2019:08:05:11 +0000] "GET /uploads/thumbnails/c6586f221aa91cd24a7e0274df2eb6a2.JPG HTTP/1.1" 200 20758 "-" "Mozilla/5.0 (compatible; bingbot/2.0; +http://www.bing.com/bingbot.htm)"
216.244.66.240 - - [23/Aug/2019:08:09:54 +0000] "GET /robots.txt HTTP/1.1" 301 257 "-" "Mozilla/5.0 (compatible; DotBot/1.1; http://www.opensiteexplorer.org/dotbot, help@moz.com)"
216.244.66.240 - - [23/Aug/2019:08:09:55 +0000] "GET /robots.txt HTTP/1.1" 200 24 "-" "Mozilla/5.0 (compatible; DotBot/1.1; http://www.opensiteexplorer.org/dotbot, help@moz.com)"
40.77.167.95 - - [23/Aug/2019:08:10:00 +0000] "GET /uploads/thumbnails/be23f42f5e1b9cbc788b0640085e25ac.JPG HTTP/1.1" 200 55651 "-" "Mozilla/5.0 (compatible; bingbot/2.0; +http://www.bing.com/bingbot.htm)"
157.55.39.139 - - [23/Aug/2019:08:12:32 +0000] "GET /uploads/thumbnails/159da1b2c24ebeba7b0f35b2cfec38e3.JPG HTTP/1.1" 200 27097 "-" "Mozilla/5.0 (compatible; bingbot/2.0; +http://www.bing.com/bingbot.htm)"
54.36.148.168 - - [23/Aug/2019:08:16:07 +0000] "GET /stanovi/zadar-borik-novogradnja-ekskluzivan-top-objekt-s-5-stanova-prizemlje-6323m2 HTTP/1.1" 200 7116 "-" "Mozilla/5.0 (compatible; AhrefsBot/6.1; +http://ahrefs.com/robot/)"
66.249.66.135 - - [23/Aug/2019:08:29:29 +0000] "GET /hr/stanovi/zadar-borik-novogradnja-ekskluzivan-top-objekt-s-5-stanova-1kat-7918m2 HTTP/1.1" 200 7144 "-" "Mozilla/5.0 (Linux; Android 6.0.1; Nexus 5X Build/MMB29P) AppleWebKit/537.36 (KHTML, like Gecko) Chrome/41.0.2272.96 Mobile Safari/537.36 (compatible; Googlebot/2.1; +http://www.google.com/bot.html)"
66.249.66.135 - - [23/Aug/2019:08:30:54 +0000] "GET /en/houses/prekrasna-kuca-sa-bazenom-maslenica-pokraj-zadra HTTP/1.1" 200 7424 "-" "Mozilla/5.0 (Linux; Android 6.0.1; Nexus 5X Build/MMB29P) AppleWebKit/537.36 (KHTML, like Gecko) Chrome/41.0.2272.96 Mobile Safari/537.36 (compatible; Googlebot/2.1; +http://www.google.com/bot.html)"
66.249.66.137 - - [23/Aug/2019:08:35:43 +0000] "GET /images/background/3.jpg HTTP/1.1" 304 - "-" "Googlebot-Image/1.0"
216.244.66.240 - - [23/Aug/2019:08:40:53 +0000] "GET /hr/stanovi/diklo-prekrasan-trosoban-stan-s-terasom-i-vrtovima-93m2 HTTP/1.1" 500 4485 "-" "Mozilla/5.0 (compatible; DotBot/1.1; http://www.opensiteexplorer.org/dotbot, help@moz.com)"
90.134.168.188 - - [23/Aug/2019:08:44:52 +0000] "GET /stanovi HTTP/1.1" 200 5931 "https://www.google.com/" "Mozilla/5.0 (Linux; Android 8.0.0; SM-J600FN) AppleWebKit/537.36 (KHTML, like Gecko) Chrome/72.0.3626.121 Mobile Safari/537.36"
90.134.168.188 - - [23/Aug/2019:08:44:52 +0000] "GET /css/bootstrap.min.css HTTP/1.1" 200 19744 "https://www.toplokacija-nekretnine.com/stanovi" "Mozilla/5.0 (Linux; Android 8.0.0; SM-J600FN) AppleWebKit/537.36 (KHTML, like Gecko) Chrome/72.0.3626.121 Mobile Safari/537.36"
90.134.168.188 - - [23/Aug/2019:08:44:53 +0000] "GET /css/font-awesome.min.css HTTP/1.1" 200 7053 "https://www.toplokacija-nekretnine.com/stanovi" "Mozilla/5.0 (Linux; Android 8.0.0; SM-J600FN) AppleWebKit/537.36 (KHTML, like Gecko) Chrome/72.0.3626.121 Mobile Safari/537.36"
90.134.168.188 - - [23/Aug/2019:08:44:53 +0000] "GET /css/icofont.css HTTP/1.1" 200 16775 "https://www.toplokacija-nekretnine.com/stanovi" "Mozilla/5.0 (Linux; Android 8.0.0; SM-J600FN) AppleWebKit/537.36 (KHTML, like Gecko) Chrome/72.0.3626.121 Mobile Safari/537.36"
90.134.168.188 - - [23/Aug/2019:08:44:53 +0000] "GET /css/bootstrap-dropdownhover.css HTTP/1.1" 200 433 "https://www.toplokacija-nekretnine.com/stanovi" "Mozilla/5.0 (Linux; Android 8.0.0; SM-J600FN) AppleWebKit/537.36 (KHTML, like Gecko) Chrome/72.0.3626.121 Mobile Safari/537.36"
90.134.168.188 - - [23/Aug/2019:08:44:53 +0000] "GET /assets/plugins/flag/css/flag-icon.css HTTP/1.1" 200 2837 "https://www.toplokacija-nekretnine.com/stanovi" "Mozilla/5.0 (Linux; Android 8.0.0; SM-J600FN) AppleWebKit/537.36 (KHTML, like Gecko) Chrome/72.0.3626.121 Mobile Safari/537.36"
90.134.168.188 - - [23/Aug/2019:08:44:53 +0000] "GET /css/animations.css HTTP/1.1" 200 2856 "https://www.toplokacija-nekretnine.com/stanovi" "Mozilla/5.0 (Linux; Android 8.0.0; SM-J600FN) AppleWebKit/537.36 (KHTML, like Gecko) Chrome/72.0.3626.121 Mobile Safari/537.36"
90.134.168.188 - - [23/Aug/2019:08:44:53 +0000] "GET /css/animate.min.css HTTP/1.1" 200 3598 "https://www.toplokacija-nekretnine.com/stanovi" "Mozilla/5.0 (Linux; Android 8.0.0; SM-J600FN) AppleWebKit/537.36 (KHTML, like Gecko) Chrome/72.0.3626.121 Mobile Safari/537.36"
90.134.168.188 - - [23/Aug/2019:08:44:53 +0000] "GET /css/hover.css HTTP/1.1" 200 7051 "https://www.toplokacija-nekretnine.com/stanovi" "Mozilla/5.0 (Linux; Android 8.0.0; SM-J600FN) AppleWebKit/537.36 (KHTML, like Gecko) Chrome/72.0.3626.121 Mobile Safari/537.36"
90.134.168.188 - - [23/Aug/2019:08:44:53 +0000] "GET /css/style.css?v=15 HTTP/1.1" 200 7634 "https://www.toplokacija-nekretnine.com/stanovi" "Mozilla/5.0 (Linux; Android 8.0.0; SM-J600FN) AppleWebKit/537.36 (KHTML, like Gecko) Chrome/72.0.3626.121 Mobile Safari/537.36"
90.134.168.188 - - [23/Aug/2019:08:44:53 +0000] "GET /css/cookieconsent.min.css HTTP/1.1" 200 1209 "https://www.toplokacija-nekretnine.com/stanovi" "Mozilla/5.0 (Linux; Android 8.0.0; SM-J600FN) AppleWebKit/537.36 (KHTML, like Gecko) Chrome/72.0.3626.121 Mobile Safari/537.36"
90.134.168.188 - - [23/Aug/2019:08:44:53 +0000] "GET /css/responsive.css?v=4 HTTP/1.1" 200 1151 "https://www.toplokacija-nekretnine.com/stanovi" "Mozilla/5.0 (Linux; Android 8.0.0; SM-J600FN) AppleWebKit/537.36 (KHTML, like Gecko) Chrome/72.0.3626.121 Mobile Safari/537.36"
90.134.168.188 - - [23/Aug/2019:08:44:53 +0000] "GET /uploads/thumbnails/e5ccf19c61e2bb4c351203c9e696340e.jpg HTTP/1.1" 200 30410 "https://www.toplokacija-nekretnine.com/stanovi" "Mozilla/5.0 (Linux; Android 8.0.0; SM-J600FN) AppleWebKit/537.36 (KHTML, like Gecko) Chrome/72.0.3626.121 Mobile Safari/537.36"
90.134.168.188 - - [23/Aug/2019:08:44:53 +0000] "GET /js/jquery.min.js HTTP/1.1" 200 29820 "https://www.toplokacija-nekretnine.com/stanovi" "Mozilla/5.0 (Linux; Android 8.0.0; SM-J600FN) AppleWebKit/537.36 (KHTML, like Gecko) Chrome/72.0.3626.121 Mobile Safari/537.36"
90.134.168.188 - - [23/Aug/2019:08:44:53 +0000] "GET /uploads/thumbnails/981f80f17952c6201dffa885c0680e46.jpg HTTP/1.1" 200 34110 "https://www.toplokacija-nekretnine.com/stanovi" "Mozilla/5.0 (Linux; Android 8.0.0; SM-J600FN) AppleWebKit/537.36 (KHTML, like Gecko) Chrome/72.0.3626.121 Mobile Safari/537.36"
90.134.168.188 - - [23/Aug/2019:08:44:53 +0000] "GET /images/logo_hr.png HTTP/1.1" 200 5600 "https://www.toplokacija-nekretnine.com/stanovi" "Mozilla/5.0 (Linux; Android 8.0.0; SM-J600FN) AppleWebKit/537.36 (KHTML, like Gecko) Chrome/72.0.3626.121 Mobile Safari/537.36"
90.134.168.188 - - [23/Aug/2019:08:44:53 +0000] "GET /fonts/fontawesome-webfont.woff2?v=4.7.0 HTTP/1.1" 200 77160 "https://www.toplokacija-nekretnine.com/css/font-awesome.min.css" "Mozilla/5.0 (Linux; Android 8.0.0; SM-J600FN) AppleWebKit/537.36 (KHTML, like Gecko) Chrome/72.0.3626.121 Mobile Safari/537.36"
90.134.168.188 - - [23/Aug/2019:08:44:53 +0000] "GET /js/bootstrap.min.js HTTP/1.1" 200 9833 "https://www.toplokacija-nekretnine.com/stanovi" "Mozilla/5.0 (Linux; Android 8.0.0; SM-J600FN) AppleWebKit/537.36 (KHTML, like Gecko) Chrome/72.0.3626.121 Mobile Safari/537.36"
90.134.168.188 - - [23/Aug/2019:08:44:53 +0000] "GET /js/css3-animate-it.js HTTP/1.1" 200 1504 "https://www.toplokacija-nekretnine.com/stanovi" "Mozilla/5.0 (Linux; Android 8.0.0; SM-J600FN) AppleWebKit/537.36 (KHTML, like Gecko) Chrome/72.0.3626.121 Mobile Safari/537.36"
90.134.168.188 - - [23/Aug/2019:08:44:53 +0000] "GET /js/bootstrap-dropdownhover.min.js HTTP/1.1" 200 1355 "https://www.toplokacija-nekretnine.com/stanovi" "Mozilla/5.0 (Linux; Android 8.0.0; SM-J600FN) AppleWebKit/537.36 (KHTML, like Gecko) Chrome/72.0.3626.121 Mobile Safari/537.36"
90.134.168.188 - - [23/Aug/2019:08:44:53 +0000] "GET /js/dyscrollup.js HTTP/1.1" 200 704 "https://www.toplokacija-nekretnine.com/stanovi" "Mozilla/5.0 (Linux; Android 8.0.0; SM-J600FN) AppleWebKit/537.36 (KHTML, like Gecko) Chrome/72.0.3626.121 Mobile Safari/537.36"
90.134.168.188 - - [23/Aug/2019:08:44:53 +0000] "GET /js/jquery-scrolltofixed-min.js HTTP/1.1" 200 1717 "https://www.toplokacija-nekretnine.com/stanovi" "Mozilla/5.0 (Linux; Android 8.0.0; SM-J600FN) AppleWebKit/537.36 (KHTML, like Gecko) Chrome/72.0.3626.121 Mobile Safari/537.36"
90.134.168.188 - - [23/Aug/2019:08:44:53 +0000] "GET /js/jarallax.js HTTP/1.1" 200 2670 "https://www.toplokacija-nekretnine.com/stanovi" "Mozilla/5.0 (Linux; Android 8.0.0; SM-J600FN) AppleWebKit/537.36 (KHTML, like Gecko) Chrome/72.0.3626.121 Mobile Safari/537.36"
90.134.168.188 - - [23/Aug/2019:08:44:53 +0000] "GET /js/cookieconsent.min.js HTTP/1.1" 200 6849 "https://www.toplokacija-nekretnine.com/stanovi" "Mozilla/5.0 (Linux; Android 8.0.0; SM-J600FN) AppleWebKit/537.36 (KHTML, like Gecko) Chrome/72.0.3626.121 Mobile Safari/537.36"
90.134.168.188 - - [23/Aug/2019:08:44:53 +0000] "GET /uploads/thumbnails/6cd11b21c3db49711892305133cef259.jpg HTTP/1.1" 200 43488 "https://www.toplokacija-nekretnine.com/stanovi" "Mozilla/5.0 (Linux; Android 8.0.0; SM-J600FN) AppleWebKit/537.36 (KHTML, like Gecko) Chrome/72.0.3626.121 Mobile Safari/537.36"
90.134.168.188 - - [23/Aug/2019:08:44:53 +0000] "GET /js/main.js?v=4 HTTP/1.1" 200 551 "https://www.toplokacija-nekretnine.com/stanovi" "Mozilla/5.0 (Linux; Android 8.0.0; SM-J600FN) AppleWebKit/537.36 (KHTML, like Gecko) Chrome/72.0.3626.121 Mobile Safari/537.36"
90.134.168.188 - - [23/Aug/2019:08:44:53 +0000] "GET /uploads/thumbnails/86eb79cb71de4b34a84307106770edb8.jpg HTTP/1.1" 200 40841 "https://www.toplokacija-nekretnine.com/stanovi" "Mozilla/5.0 (Linux; Android 8.0.0; SM-J600FN) AppleWebKit/537.36 (KHTML, like Gecko) Chrome/72.0.3626.121 Mobile Safari/537.36"
90.134.168.188 - - [23/Aug/2019:08:44:53 +0000] "GET /uploads/thumbnails/1bdceb72103556851f310280f3efbc16.JPG HTTP/1.1" 200 29195 "https://www.toplokacija-nekretnine.com/stanovi" "Mozilla/5.0 (Linux; Android 8.0.0; SM-J600FN) AppleWebKit/537.36 (KHTML, like Gecko) Chrome/72.0.3626.121 Mobile Safari/537.36"
90.134.168.188 - - [23/Aug/2019:08:44:53 +0000] "GET /uploads/thumbnails/4100dad038347920de3cc6597aa021ec.JPG HTTP/1.1" 200 22347 "https://www.toplokacija-nekretnine.com/stanovi" "Mozilla/5.0 (Linux; Android 8.0.0; SM-J600FN) AppleWebKit/537.36 (KHTML, like Gecko) Chrome/72.0.3626.121 Mobile Safari/537.36"
90.134.168.188 - - [23/Aug/2019:08:44:53 +0000] "GET /uploads/thumbnails/3270bb88adea04f5dd8728ccf81ec3a7.jpg HTTP/1.1" 200 31076 "https://www.toplokacija-nekretnine.com/stanovi" "Mozilla/5.0 (Linux; Android 8.0.0; SM-J600FN) AppleWebKit/537.36 (KHTML, like Gecko) Chrome/72.0.3626.121 Mobile Safari/537.36"
90.134.168.188 - - [23/Aug/2019:08:44:53 +0000] "GET /uploads/thumbnails/e9fcab5ad37211f1229dd445cc150467.jpg HTTP/1.1" 200 29836 "https://www.toplokacija-nekretnine.com/stanovi" "Mozilla/5.0 (Linux; Android 8.0.0; SM-J600FN) AppleWebKit/537.36 (KHTML, like Gecko) Chrome/72.0.3626.121 Mobile Safari/537.36"
90.134.168.188 - - [23/Aug/2019:08:44:53 +0000] "GET /images/background/2.jpg?v=2 HTTP/1.1" 200 111462 "https://www.toplokacija-nekretnine.com/css/style.css?v=15" "Mozilla/5.0 (Linux; Android 8.0.0; SM-J600FN) AppleWebKit/537.36 (KHTML, like Gecko) Chrome/72.0.3626.121 Mobile Safari/537.36"
90.134.168.188 - - [23/Aug/2019:08:44:54 +0000] "GET /uploads/thumbnails/3ae69bc61d2e4547b674fcf9dfe3b4a0.jpg HTTP/1.1" 200 29836 "https://www.toplokacija-nekretnine.com/stanovi" "Mozilla/5.0 (Linux; Android 8.0.0; SM-J600FN) AppleWebKit/537.36 (KHTML, like Gecko) Chrome/72.0.3626.121 Mobile Safari/537.36"
90.134.168.188 - - [23/Aug/2019:08:44:54 +0000] "GET /uploads/thumbnails/a3391951c36fecb14495f8146dd9756c.jpg HTTP/1.1" 200 39492 "https://www.toplokacija-nekretnine.com/stanovi" "Mozilla/5.0 (Linux; Android 8.0.0; SM-J600FN) AppleWebKit/537.36 (KHTML, like Gecko) Chrome/72.0.3626.121 Mobile Safari/537.36"
90.134.168.188 - - [23/Aug/2019:08:44:54 +0000] "GET /images/spinner.gif HTTP/1.1" 200 56260 "https://www.toplokacija-nekretnine.com/css/style.css?v=15" "Mozilla/5.0 (Linux; Android 8.0.0; SM-J600FN) AppleWebKit/537.36 (KHTML, like Gecko) Chrome/72.0.3626.121 Mobile Safari/537.36"
90.134.168.188 - - [23/Aug/2019:08:44:54 +0000] "GET /images/background/1.jpg HTTP/1.1" 200 99961 "https://www.toplokacija-nekretnine.com/css/style.css?v=15" "Mozilla/5.0 (Linux; Android 8.0.0; SM-J600FN) AppleWebKit/537.36 (KHTML, like Gecko) Chrome/72.0.3626.121 Mobile Safari/537.36"
90.134.168.188 - - [23/Aug/2019:08:44:53 +0000] "GET /fonts/icofont.ttf?v=1.0.0-beta HTTP/1.1" 200 1018620 "https://www.toplokacija-nekretnine.com/css/icofont.css" "Mozilla/5.0 (Linux; Android 8.0.0; SM-J600FN) AppleWebKit/537.36 (KHTML, like Gecko) Chrome/72.0.3626.121 Mobile Safari/537.36"
90.134.168.188 - - [23/Aug/2019:08:44:59 +0000] "GET /favicon-32x32.png HTTP/1.1" 200 2105 "https://www.toplokacija-nekretnine.com/stanovi" "Mozilla/5.0 (Linux; Android 8.0.0; SM-J600FN) AppleWebKit/537.36 (KHTML, like Gecko) Chrome/72.0.3626.121 Mobile Safari/537.36"
90.134.168.188 - - [23/Aug/2019:08:44:59 +0000] "GET /apple-touch-icon.png HTTP/1.1" 200 9735 "https://www.toplokacija-nekretnine.com/stanovi" "Mozilla/5.0 (Linux; Android 8.0.0; SM-J600FN) AppleWebKit/537.36 (KHTML, like Gecko) Chrome/72.0.3626.121 Mobile Safari/537.36"
90.134.168.188 - - [23/Aug/2019:08:44:59 +0000] "GET /site.webmanifest HTTP/1.1" 200 291 "https://www.toplokacija-nekretnine.com/stanovi" "Mozilla/5.0 (Linux; Android 8.0.0; SM-J600FN) AppleWebKit/537.36 (KHTML, like Gecko) Chrome/72.0.3626.121 Mobile Safari/537.36"
90.134.168.188 - - [23/Aug/2019:08:45:14 +0000] "GET /stanovi/top-exkluzivna-nekretnina-penthouse-zadar-visnjik HTTP/1.1" 200 7657 "https://www.toplokacija-nekretnine.com/stanovi" "Mozilla/5.0 (Linux; Android 8.0.0; SM-J600FN) AppleWebKit/537.36 (KHTML, like Gecko) Chrome/72.0.3626.121 Mobile Safari/537.36"
90.134.168.188 - - [23/Aug/2019:08:45:14 +0000] "GET /unitegallery/css/unite-gallery.css HTTP/1.1" 200 4825 "https://www.toplokacija-nekretnine.com/stanovi/top-exkluzivna-nekretnina-penthouse-zadar-visnjik" "Mozilla/5.0 (Linux; Android 8.0.0; SM-J600FN) AppleWebKit/537.36 (KHTML, like Gecko) Chrome/72.0.3626.121 Mobile Safari/537.36"
90.134.168.188 - - [23/Aug/2019:08:45:14 +0000] "GET /unitegallery/themes/compact/ug-theme-compact.js HTTP/1.1" 200 2477 "https://www.toplokacija-nekretnine.com/stanovi/top-exkluzivna-nekretnina-penthouse-zadar-visnjik" "Mozilla/5.0 (Linux; Android 8.0.0; SM-J600FN) AppleWebKit/537.36 (KHTML, like Gecko) Chrome/72.0.3626.121 Mobile Safari/537.36"
90.134.168.188 - - [23/Aug/2019:08:45:14 +0000] "GET /uploads/thumbnails/bb6893ffc20451d139dba8c855bc4a59.jpg HTTP/1.1" 200 34784 "https://www.toplokacija-nekretnine.com/stanovi/top-exkluzivna-nekretnina-penthouse-zadar-visnjik" "Mozilla/5.0 (Linux; Android 8.0.0; SM-J600FN) AppleWebKit/537.36 (KHTML, like Gecko) Chrome/72.0.3626.121 Mobile Safari/537.36"
90.134.168.188 - - [23/Aug/2019:08:45:14 +0000] "GET /unitegallery/js/unitegallery.min.js HTTP/1.1" 200 66910 "https://www.toplokacija-nekretnine.com/stanovi/top-exkluzivna-nekretnina-penthouse-zadar-visnjik" "Mozilla/5.0 (Linux; Android 8.0.0; SM-J600FN) AppleWebKit/537.36 (KHTML, like Gecko) Chrome/72.0.3626.121 Mobile Safari/537.36"
90.134.168.188 - - [23/Aug/2019:08:45:14 +0000] "GET /uploads/thumbnails/e5f7cface2f7d0a74cd0279a9af3023b.jpg HTTP/1.1" 200 31555 "https://www.toplokacija-nekretnine.com/stanovi/top-exkluzivna-nekretnina-penthouse-zadar-visnjik" "Mozilla/5.0 (Linux; Android 8.0.0; SM-J600FN) AppleWebKit/537.36 (KHTML, like Gecko) Chrome/72.0.3626.121 Mobile Safari/537.36"
90.134.168.188 - - [23/Aug/2019:08:45:14 +0000] "GET /unitegallery/js/jquery-11.0.min.js HTTP/1.1" 200 33369 "https://www.toplokacija-nekretnine.com/stanovi/top-exkluzivna-nekretnina-penthouse-zadar-visnjik" "Mozilla/5.0 (Linux; Android 8.0.0; SM-J600FN) AppleWebKit/537.36 (KHTML, like Gecko) Chrome/72.0.3626.121 Mobile Safari/537.36"
90.134.168.188 - - [23/Aug/2019:08:45:14 +0000] "GET /uploads/thumbnails/e9bad6fb466409d91af0e598a668583b.jpg HTTP/1.1" 200 36055 "https://www.toplokacija-nekretnine.com/stanovi/top-exkluzivna-nekretnina-penthouse-zadar-visnjik" "Mozilla/5.0 (Linux; Android 8.0.0; SM-J600FN) AppleWebKit/537.36 (KHTML, like Gecko) Chrome/72.0.3626.121 Mobile Safari/537.36"
90.134.168.188 - - [23/Aug/2019:08:45:15 +0000] "GET /uploads/thumbnails/c9e5bcad73e6cfe900b90aaf2fa51b7e.jpg HTTP/1.1" 200 37705 "https://www.toplokacija-nekretnine.com/stanovi/top-exkluzivna-nekretnina-penthouse-zadar-visnjik" "Mozilla/5.0 (Linux; Android 8.0.0; SM-J600FN) AppleWebKit/537.36 (KHTML, like Gecko) Chrome/72.0.3626.121 Mobile Safari/537.36"
90.134.168.188 - - [23/Aug/2019:08:45:15 +0000] "GET /uploads/thumbnails/3d2d7ff3e3df8b4330fcd6b54d1114dd.jpg HTTP/1.1" 200 46661 "https://www.toplokacija-nekretnine.com/stanovi/top-exkluzivna-nekretnina-penthouse-zadar-visnjik" "Mozilla/5.0 (Linux; Android 8.0.0; SM-J600FN) AppleWebKit/537.36 (KHTML, like Gecko) Chrome/72.0.3626.121 Mobile Safari/537.36"
90.134.168.188 - - [23/Aug/2019:08:45:16 +0000] "GET /uploads/thumbnails/1b07e08c5f857f905dd1fd1b4705dc0d.jpg HTTP/1.1" 200 29223 "https://www.toplokacija-nekretnine.com/stanovi/top-exkluzivna-nekretnina-penthouse-zadar-visnjik" "Mozilla/5.0 (Linux; Android 8.0.0; SM-J600FN) AppleWebKit/537.36 (KHTML, like Gecko) Chrome/72.0.3626.121 Mobile Safari/537.36"
90.134.168.188 - - [23/Aug/2019:08:45:16 +0000] "GET /uploads/thumbnails/624c2701eb0f8d669f267c239bb4789d.jpg HTTP/1.1" 200 31356 "https://www.toplokacija-nekretnine.com/stanovi/top-exkluzivna-nekretnina-penthouse-zadar-visnjik" "Mozilla/5.0 (Linux; Android 8.0.0; SM-J600FN) AppleWebKit/537.36 (KHTML, like Gecko) Chrome/72.0.3626.121 Mobile Safari/537.36"
90.134.168.188 - - [23/Aug/2019:08:45:16 +0000] "GET /uploads/thumbnails/cca2b46005f2f3d8234583d025b70ed2.jpg HTTP/1.1" 200 28012 "https://www.toplokacija-nekretnine.com/stanovi/top-exkluzivna-nekretnina-penthouse-zadar-visnjik" "Mozilla/5.0 (Linux; Android 8.0.0; SM-J600FN) AppleWebKit/537.36 (KHTML, like Gecko) Chrome/72.0.3626.121 Mobile Safari/537.36"
90.134.168.188 - - [23/Aug/2019:08:45:16 +0000] "GET /uploads/thumbnails/b23aa67c24aad4b814597b978f60c0f9.jpg HTTP/1.1" 200 17024 "https://www.toplokacija-nekretnine.com/stanovi/top-exkluzivna-nekretnina-penthouse-zadar-visnjik" "Mozilla/5.0 (Linux; Android 8.0.0; SM-J600FN) AppleWebKit/537.36 (KHTML, like Gecko) Chrome/72.0.3626.121 Mobile Safari/537.36"
90.134.168.188 - - [23/Aug/2019:08:45:16 +0000] "GET /uploads/thumbnails/b322518e06b905d3868f72e057295bfe.jpg HTTP/1.1" 200 22688 "https://www.toplokacija-nekretnine.com/stanovi/top-exkluzivna-nekretnina-penthouse-zadar-visnjik" "Mozilla/5.0 (Linux; Android 8.0.0; SM-J600FN) AppleWebKit/537.36 (KHTML, like Gecko) Chrome/72.0.3626.121 Mobile Safari/537.36"
90.134.168.188 - - [23/Aug/2019:08:45:16 +0000] "GET /uploads/thumbnails/697025a5cfe14d32865875657a91a3a5.jpg HTTP/1.1" 200 27908 "https://www.toplokacija-nekretnine.com/stanovi/top-exkluzivna-nekretnina-penthouse-zadar-visnjik" "Mozilla/5.0 (Linux; Android 8.0.0; SM-J600FN) AppleWebKit/537.36 (KHTML, like Gecko) Chrome/72.0.3626.121 Mobile Safari/537.36"
90.134.168.188 - - [23/Aug/2019:08:45:17 +0000] "GET /unitegallery/images/loader-white1.gif HTTP/1.1" 200 2545 "https://www.toplokacija-nekretnine.com/unitegallery/css/unite-gallery.css" "Mozilla/5.0 (Linux; Android 8.0.0; SM-J600FN) AppleWebKit/537.36 (KHTML, like Gecko) Chrome/72.0.3626.121 Mobile Safari/537.36"
90.134.168.188 - - [23/Aug/2019:08:45:17 +0000] "GET /unitegallery/skins/default/slider_arrow_left.png HTTP/1.1" 200 493 "https://www.toplokacija-nekretnine.com/unitegallery/css/unite-gallery.css" "Mozilla/5.0 (Linux; Android 8.0.0; SM-J600FN) AppleWebKit/537.36 (KHTML, like Gecko) Chrome/72.0.3626.121 Mobile Safari/537.36"
90.134.168.188 - - [23/Aug/2019:08:45:17 +0000] "GET /unitegallery/skins/default/slider_arrow_right.png HTTP/1.1" 200 505 "https://www.toplokacija-nekretnine.com/unitegallery/css/unite-gallery.css" "Mozilla/5.0 (Linux; Android 8.0.0; SM-J600FN) AppleWebKit/537.36 (KHTML, like Gecko) Chrome/72.0.3626.121 Mobile Safari/537.36"
90.134.168.188 - - [23/Aug/2019:08:45:17 +0000] "GET /unitegallery/skins/default/button_fullscreen.png HTTP/1.1" 200 1146 "https://www.toplokacija-nekretnine.com/unitegallery/css/unite-gallery.css" "Mozilla/5.0 (Linux; Android 8.0.0; SM-J600FN) AppleWebKit/537.36 (KHTML, like Gecko) Chrome/72.0.3626.121 Mobile Safari/537.36"
90.134.168.188 - - [23/Aug/2019:08:45:18 +0000] "GET /unitegallery/images/loader.gif HTTP/1.1" 200 673 "https://www.toplokacija-nekretnine.com/unitegallery/css/unite-gallery.css" "Mozilla/5.0 (Linux; Android 8.0.0; SM-J600FN) AppleWebKit/537.36 (KHTML, like Gecko) Chrome/72.0.3626.121 Mobile Safari/537.36"
90.134.168.188 - - [23/Aug/2019:08:45:18 +0000] "GET /uploads/thumbnails/1f207177fb9bb6f5837bc6670e93d0b7.jpg HTTP/1.1" 200 28036 "https://www.toplokacija-nekretnine.com/stanovi/top-exkluzivna-nekretnina-penthouse-zadar-visnjik" "Mozilla/5.0 (Linux; Android 8.0.0; SM-J600FN) AppleWebKit/537.36 (KHTML, like Gecko) Chrome/72.0.3626.121 Mobile Safari/537.36"
90.134.168.188 - - [23/Aug/2019:08:45:18 +0000] "GET /unitegallery/images/loader-black1.gif HTTP/1.1" 200 5855 "https://www.toplokacija-nekretnine.com/unitegallery/css/unite-gallery.css" "Mozilla/5.0 (Linux; Android 8.0.0; SM-J600FN) AppleWebKit/537.36 (KHTML, like Gecko) Chrome/72.0.3626.121 Mobile Safari/537.36"
90.134.168.188 - - [23/Aug/2019:08:45:18 +0000] "GET /unitegallery/images/play-button-square.png HTTP/1.1" 200 4591 "https://www.toplokacija-nekretnine.com/unitegallery/css/unite-gallery.css" "Mozilla/5.0 (Linux; Android 8.0.0; SM-J600FN) AppleWebKit/537.36 (KHTML, like Gecko) Chrome/72.0.3626.121 Mobile Safari/537.36"
