66.249.69.171 - - [26/Aug/2019:00:14:54 +0000] "GET /uploads/thumbnails/3cf3ce6c5f837122825f6cfe8a23a573.JPG HTTP/1.1" 304 - "-" "Googlebot-Image/1.0"
66.249.69.169 - - [26/Aug/2019:00:21:34 +0000] "GET /uploads/images/4e16bee1199ef584da4e5c6962fac6dc.JPG HTTP/1.1" 304 - "-" "Googlebot-Image/1.0"
77.75.76.163 - - [26/Aug/2019:00:30:06 +0000] "GET /robots.txt HTTP/1.1" 200 24 "-" "Mozilla/5.0 (compatible; SeznamBot/3.2; +http://napoveda.seznam.cz/en/seznambot-intro/)"
77.75.76.163 - - [26/Aug/2019:00:30:07 +0000] "GET /uploads/thumbnails/f7b7bfd134d93ade755afc2d162e2aed.jpg HTTP/1.1" 304 - "-" "Mozilla/5.0 (compatible; SeznamBot/3.2; +http://napoveda.seznam.cz/en/seznambot-intro/)"
91.242.162.69 - - [26/Aug/2019:00:32:00 +0000] "GET /en/offices/top-lokacija-svfilip-i-jakov-poslovni-prostor-na-setnici-21m2 HTTP/1.1" 200 6022 "-" "Mozilla/5.0 (compatible; Qwantify/2.4w; +https://www.qwant.com/)/2.4w"
91.242.162.69 - - [26/Aug/2019:00:55:04 +0000] "GET /en/apartments/zadar-kozino-top-lokacija-50m-od-mora-6420m2 HTTP/1.1" 200 6797 "-" "Mozilla/5.0 (compatible; Qwantify/2.4w; +https://www.qwant.com/)/2.4w"
216.244.66.240 - - [26/Aug/2019:01:01:11 +0000] "GET /robots.txt HTTP/1.1" 301 257 "-" "Mozilla/5.0 (compatible; DotBot/1.1; http://www.opensiteexplorer.org/dotbot, help@moz.com)"
216.244.66.240 - - [26/Aug/2019:01:01:12 +0000] "GET /robots.txt HTTP/1.1" 200 24 "-" "Mozilla/5.0 (compatible; DotBot/1.1; http://www.opensiteexplorer.org/dotbot, help@moz.com)"
77.75.76.161 - - [26/Aug/2019:01:11:13 +0000] "GET /robots.txt HTTP/1.1" 200 24 "-" "Mozilla/5.0 (compatible; SeznamBot/3.2; +http://napoveda.seznam.cz/en/seznambot-intro/)"
77.75.76.161 - - [26/Aug/2019:01:11:13 +0000] "GET /uploads/thumbnails/315cf79fbda743e77707f2295d615cbe.jpg HTTP/1.1" 304 - "-" "Mozilla/5.0 (compatible; SeznamBot/3.2; +http://napoveda.seznam.cz/en/seznambot-intro/)"
91.242.162.69 - - [26/Aug/2019:01:37:26 +0000] "GET /en/offices/top-lokacija-rijetka-prilika-ekskluzivna-prodaja-poluotok-uhodani-poslovni-prostor-15m2 HTTP/1.1" 200 6134 "-" "Mozilla/5.0 (compatible; Qwantify/2.4w; +https://www.qwant.com/)/2.4w"
91.242.162.69 - - [26/Aug/2019:01:39:18 +0000] "GET /en/lands/privlaka-bilotinjak-gradevinsko-zemljiste-1157m2 HTTP/1.1" 200 5963 "-" "Mozilla/5.0 (compatible; Qwantify/2.4w; +https://www.qwant.com/)/2.4w"
216.244.66.240 - - [26/Aug/2019:01:46:00 +0000] "GET /robots.txt HTTP/1.1" 301 257 "-" "Mozilla/5.0 (compatible; DotBot/1.1; http://www.opensiteexplorer.org/dotbot, help@moz.com)"
216.244.66.240 - - [26/Aug/2019:01:46:01 +0000] "GET /robots.txt HTTP/1.1" 200 24 "-" "Mozilla/5.0 (compatible; DotBot/1.1; http://www.opensiteexplorer.org/dotbot, help@moz.com)"
91.242.162.69 - - [26/Aug/2019:02:13:59 +0000] "GET /stanovi/zadar-borik-novogradnja-ekskluzivan-top-objekt-s-5-stanova-1kat-7918m2 HTTP/1.1" 200 7146 "-" "Mozilla/5.0 (compatible; Qwantify/2.4w; +https://www.qwant.com/)/2.4w"
77.75.79.17 - - [26/Aug/2019:02:21:41 +0000] "GET /robots.txt HTTP/1.1" 200 24 "-" "Mozilla/5.0 (compatible; SeznamBot/3.2; +http://napoveda.seznam.cz/en/seznambot-intro/)"
77.75.79.17 - - [26/Aug/2019:02:21:41 +0000] "GET /uploads/thumbnails/c105a19a3f0a4452f6e446a3d49cbf04.JPG HTTP/1.1" 304 - "-" "Mozilla/5.0 (compatible; SeznamBot/3.2; +http://napoveda.seznam.cz/en/seznambot-intro/)"
216.244.66.240 - - [26/Aug/2019:02:30:43 +0000] "GET /robots.txt HTTP/1.1" 301 257 "-" "Mozilla/5.0 (compatible; DotBot/1.1; http://www.opensiteexplorer.org/dotbot, help@moz.com)"
216.244.66.240 - - [26/Aug/2019:02:30:44 +0000] "GET /robots.txt HTTP/1.1" 200 24 "-" "Mozilla/5.0 (compatible; DotBot/1.1; http://www.opensiteexplorer.org/dotbot, help@moz.com)"
216.244.66.240 - - [26/Aug/2019:02:53:17 +0000] "GET /stanovi/zadar-plovanija-noviji-stan-52m2 HTTP/1.1" 200 32103 "-" "Mozilla/5.0 (compatible; DotBot/1.1; http://www.opensiteexplorer.org/dotbot, help@moz.com)"
216.244.66.240 - - [26/Aug/2019:03:07:46 +0000] "GET /en/apartments/starigrad-seline-apartman-8937m2-s-vrtom-od-9075m2 HTTP/1.1" 200 38822 "-" "Mozilla/5.0 (compatible; DotBot/1.1; http://www.opensiteexplorer.org/dotbot, help@moz.com)"
77.75.77.109 - - [26/Aug/2019:03:13:14 +0000] "GET /robots.txt HTTP/1.1" 200 24 "-" "Mozilla/5.0 (compatible; SeznamBot/3.2; +http://napoveda.seznam.cz/en/seznambot-intro/)"
77.75.77.109 - - [26/Aug/2019:03:13:15 +0000] "GET /uploads/thumbnails/11911f3bc8d38f4fd06f70588d521d9b.JPG HTTP/1.1" 304 - "-" "Mozilla/5.0 (compatible; SeznamBot/3.2; +http://napoveda.seznam.cz/en/seznambot-intro/)"
216.244.66.240 - - [26/Aug/2019:03:15:18 +0000] "GET /robots.txt HTTP/1.1" 301 257 "-" "Mozilla/5.0 (compatible; DotBot/1.1; http://www.opensiteexplorer.org/dotbot, help@moz.com)"
216.244.66.240 - - [26/Aug/2019:03:15:19 +0000] "GET /robots.txt HTTP/1.1" 200 24 "-" "Mozilla/5.0 (compatible; DotBot/1.1; http://www.opensiteexplorer.org/dotbot, help@moz.com)"
216.244.66.240 - - [26/Aug/2019:03:43:57 +0000] "GET /zemljista/zaton-zemljiste-1042m2-sa-zapocetim-objektom-360m2-100m-od-mora HTTP/1.1" 500 4485 "-" "Mozilla/5.0 (compatible; DotBot/1.1; http://www.opensiteexplorer.org/dotbot, help@moz.com)"
137.226.113.28 - - [26/Aug/2019:03:53:26 +0000] "GET / HTTP/1.1" 200 9289 "-" "Mozilla/5.0 zgrab/0.x (compatible; Researchscan/t12sns; +http://researchscan.comsys.rwth-aachen.de)"
34.219.255.218 - - [26/Aug/2019:03:58:14 +0000] "GET / HTTP/1.1" 301 247 "-" "Go-http-client/1.1"
34.219.255.218 - - [26/Aug/2019:03:58:15 +0000] "GET / HTTP/1.1" 200 9289 "-" "Go-http-client/1.1"
54.200.47.140 - - [26/Aug/2019:03:58:27 +0000] "GET / HTTP/1.1" 301 247 "-" "Go-http-client/1.1"
216.244.66.240 - - [26/Aug/2019:03:59:42 +0000] "GET /robots.txt HTTP/1.1" 301 257 "-" "Mozilla/5.0 (compatible; DotBot/1.1; http://www.opensiteexplorer.org/dotbot, help@moz.com)"
216.244.66.240 - - [26/Aug/2019:03:59:43 +0000] "GET /robots.txt HTTP/1.1" 200 24 "-" "Mozilla/5.0 (compatible; DotBot/1.1; http://www.opensiteexplorer.org/dotbot, help@moz.com)"
77.75.79.54 - - [26/Aug/2019:04:08:58 +0000] "GET /robots.txt HTTP/1.1" 200 24 "-" "Mozilla/5.0 (compatible; SeznamBot/3.2; +http://napoveda.seznam.cz/en/seznambot-intro/)"
77.75.79.54 - - [26/Aug/2019:04:08:59 +0000] "GET /uploads/thumbnails/1704c48146e54cbb6151d0b3b925e95a.jpg HTTP/1.1" 304 - "-" "Mozilla/5.0 (compatible; SeznamBot/3.2; +http://napoveda.seznam.cz/en/seznambot-intro/)"
66.249.69.173 - - [26/Aug/2019:04:19:48 +0000] "GET /en HTTP/1.1" 200 8521 "-" "Mozilla/5.0 (Linux; Android 6.0.1; Nexus 5X Build/MMB29P) AppleWebKit/537.36 (KHTML, like Gecko) Chrome/41.0.2272.96 Mobile Safari/537.36 (compatible; Googlebot/2.1; +http://www.google.com/bot.html)"
216.244.66.240 - - [26/Aug/2019:04:27:31 +0000] "GET /hr/zemljista/filip-jakov-gradevinsko-zemljiste-1098m2 HTTP/1.1" 200 30928 "-" "Mozilla/5.0 (compatible; DotBot/1.1; http://www.opensiteexplorer.org/dotbot, help@moz.com)"
207.46.13.195 - - [26/Aug/2019:04:31:00 +0000] "GET /stanovi/zadar-vidikovac-stan-50m2 HTTP/1.1" 200 6682 "-" "Mozilla/5.0 (compatible; bingbot/2.0; +http://www.bing.com/bingbot.htm)"
66.249.69.171 - - [26/Aug/2019:04:43:38 +0000] "GET /en/lands/prilika-zaton-1788m2-75-eur-a-m2 HTTP/1.1" 200 6039 "-" "Mozilla/5.0 (Linux; Android 6.0.1; Nexus 5X Build/MMB29P) AppleWebKit/537.36 (KHTML, like Gecko) Chrome/41.0.2272.96 Mobile Safari/537.36 (compatible; Googlebot/2.1; +http://www.google.com/bot.html)"
66.249.69.169 - - [26/Aug/2019:04:43:38 +0000] "GET /uploads/thumbnails/0e33d00f90321d676084c5b41f8476f8.jpg HTTP/1.1" 200 63361 "-" "Googlebot-Image/1.0"
216.244.66.240 - - [26/Aug/2019:04:44:10 +0000] "GET /robots.txt HTTP/1.1" 301 257 "-" "Mozilla/5.0 (compatible; DotBot/1.1; http://www.opensiteexplorer.org/dotbot, help@moz.com)"
216.244.66.240 - - [26/Aug/2019:04:44:11 +0000] "GET /robots.txt HTTP/1.1" 200 24 "-" "Mozilla/5.0 (compatible; DotBot/1.1; http://www.opensiteexplorer.org/dotbot, help@moz.com)"
77.75.79.62 - - [26/Aug/2019:05:07:13 +0000] "GET /robots.txt HTTP/1.1" 200 24 "-" "Mozilla/5.0 (compatible; SeznamBot/3.2; +http://napoveda.seznam.cz/en/seznambot-intro/)"
77.75.79.62 - - [26/Aug/2019:05:07:13 +0000] "GET /uploads/thumbnails/16af6be780833098edb6a9d1b39aabec.jpg HTTP/1.1" 304 - "-" "Mozilla/5.0 (compatible; SeznamBot/3.2; +http://napoveda.seznam.cz/en/seznambot-intro/)"
77.75.79.62 - - [26/Aug/2019:05:07:13 +0000] "GET /uploads/thumbnails/d4fca5b79f00a9ec165a7ac7d22b3c4a.JPG HTTP/1.1" 304 - "-" "Mozilla/5.0 (compatible; SeznamBot/3.2; +http://napoveda.seznam.cz/en/seznambot-intro/)"
216.244.66.240 - - [26/Aug/2019:05:08:39 +0000] "GET /hr/stanovi/prilika-bili-brig-komforan-cetverosoban-stan-92m2 HTTP/1.1" 200 29861 "-" "Mozilla/5.0 (compatible; DotBot/1.1; http://www.opensiteexplorer.org/dotbot, help@moz.com)"
46.229.168.142 - - [26/Aug/2019:05:19:52 +0000] "GET /robots.txt HTTP/1.1" 200 24 "-" "Mozilla/5.0 (compatible; SemrushBot/6~bl; +http://www.semrush.com/bot.html)"
46.229.168.134 - - [26/Aug/2019:05:19:53 +0000] "GET /kuce/kuca-s-bazenom-na-gradevinskom-zemljistu-od-3500m2-poljica-brig HTTP/1.1" 200 6483 "-" "Mozilla/5.0 (compatible; SemrushBot/6~bl; +http://www.semrush.com/bot.html)"
78.2.114.90 - - [26/Aug/2019:05:20:34 +0000] "GET /blog/savjeti-kako-razumno-investirati-u-nekretnine-na-jadranu HTTP/1.1" 200 5846 "https://www.google.com/" "Mozilla/5.0 (Windows NT 10.0; Win64; x64) AppleWebKit/537.36 (KHTML, like Gecko) Chrome/76.0.3809.100 Safari/537.36"
78.2.114.90 - - [26/Aug/2019:05:20:34 +0000] "GET /css/bootstrap.min.css HTTP/1.1" 200 19744 "https://www.toplokacija-nekretnine.com/blog/savjeti-kako-razumno-investirati-u-nekretnine-na-jadranu" "Mozilla/5.0 (Windows NT 10.0; Win64; x64) AppleWebKit/537.36 (KHTML, like Gecko) Chrome/76.0.3809.100 Safari/537.36"
78.2.114.90 - - [26/Aug/2019:05:20:34 +0000] "GET /css/font-awesome.min.css HTTP/1.1" 200 7053 "https://www.toplokacija-nekretnine.com/blog/savjeti-kako-razumno-investirati-u-nekretnine-na-jadranu" "Mozilla/5.0 (Windows NT 10.0; Win64; x64) AppleWebKit/537.36 (KHTML, like Gecko) Chrome/76.0.3809.100 Safari/537.36"
78.2.114.90 - - [26/Aug/2019:05:20:34 +0000] "GET /css/icofont.css HTTP/1.1" 200 16775 "https://www.toplokacija-nekretnine.com/blog/savjeti-kako-razumno-investirati-u-nekretnine-na-jadranu" "Mozilla/5.0 (Windows NT 10.0; Win64; x64) AppleWebKit/537.36 (KHTML, like Gecko) Chrome/76.0.3809.100 Safari/537.36"
78.2.114.90 - - [26/Aug/2019:05:20:34 +0000] "GET /css/bootstrap-dropdownhover.css HTTP/1.1" 200 433 "https://www.toplokacija-nekretnine.com/blog/savjeti-kako-razumno-investirati-u-nekretnine-na-jadranu" "Mozilla/5.0 (Windows NT 10.0; Win64; x64) AppleWebKit/537.36 (KHTML, like Gecko) Chrome/76.0.3809.100 Safari/537.36"
78.2.114.90 - - [26/Aug/2019:05:20:34 +0000] "GET /css/hover.css HTTP/1.1" 200 7051 "https://www.toplokacija-nekretnine.com/blog/savjeti-kako-razumno-investirati-u-nekretnine-na-jadranu" "Mozilla/5.0 (Windows NT 10.0; Win64; x64) AppleWebKit/537.36 (KHTML, like Gecko) Chrome/76.0.3809.100 Safari/537.36"
78.2.114.90 - - [26/Aug/2019:05:20:34 +0000] "GET /css/animations.css HTTP/1.1" 200 2856 "https://www.toplokacija-nekretnine.com/blog/savjeti-kako-razumno-investirati-u-nekretnine-na-jadranu" "Mozilla/5.0 (Windows NT 10.0; Win64; x64) AppleWebKit/537.36 (KHTML, like Gecko) Chrome/76.0.3809.100 Safari/537.36"
78.2.114.90 - - [26/Aug/2019:05:20:34 +0000] "GET /assets/plugins/flag/css/flag-icon.css HTTP/1.1" 200 2837 "https://www.toplokacija-nekretnine.com/blog/savjeti-kako-razumno-investirati-u-nekretnine-na-jadranu" "Mozilla/5.0 (Windows NT 10.0; Win64; x64) AppleWebKit/537.36 (KHTML, like Gecko) Chrome/76.0.3809.100 Safari/537.36"
78.2.114.90 - - [26/Aug/2019:05:20:34 +0000] "GET /css/animate.min.css HTTP/1.1" 200 3598 "https://www.toplokacija-nekretnine.com/blog/savjeti-kako-razumno-investirati-u-nekretnine-na-jadranu" "Mozilla/5.0 (Windows NT 10.0; Win64; x64) AppleWebKit/537.36 (KHTML, like Gecko) Chrome/76.0.3809.100 Safari/537.36"
78.2.114.90 - - [26/Aug/2019:05:20:34 +0000] "GET /css/cookieconsent.min.css HTTP/1.1" 200 1209 "https://www.toplokacija-nekretnine.com/blog/savjeti-kako-razumno-investirati-u-nekretnine-na-jadranu" "Mozilla/5.0 (Windows NT 10.0; Win64; x64) AppleWebKit/537.36 (KHTML, like Gecko) Chrome/76.0.3809.100 Safari/537.36"
78.2.114.90 - - [26/Aug/2019:05:20:34 +0000] "GET /css/style.css?v=15 HTTP/1.1" 200 7634 "https://www.toplokacija-nekretnine.com/blog/savjeti-kako-razumno-investirati-u-nekretnine-na-jadranu" "Mozilla/5.0 (Windows NT 10.0; Win64; x64) AppleWebKit/537.36 (KHTML, like Gecko) Chrome/76.0.3809.100 Safari/537.36"
78.2.114.90 - - [26/Aug/2019:05:20:34 +0000] "GET /css/responsive.css?v=4 HTTP/1.1" 200 1151 "https://www.toplokacija-nekretnine.com/blog/savjeti-kako-razumno-investirati-u-nekretnine-na-jadranu" "Mozilla/5.0 (Windows NT 10.0; Win64; x64) AppleWebKit/537.36 (KHTML, like Gecko) Chrome/76.0.3809.100 Safari/537.36"
78.2.114.90 - - [26/Aug/2019:05:20:34 +0000] "GET /unitegallery/css/unite-gallery.css HTTP/1.1" 200 4825 "https://www.toplokacija-nekretnine.com/blog/savjeti-kako-razumno-investirati-u-nekretnine-na-jadranu" "Mozilla/5.0 (Windows NT 10.0; Win64; x64) AppleWebKit/537.36 (KHTML, like Gecko) Chrome/76.0.3809.100 Safari/537.36"
78.2.114.90 - - [26/Aug/2019:05:20:34 +0000] "GET /js/jquery.min.js HTTP/1.1" 200 29820 "https://www.toplokacija-nekretnine.com/blog/savjeti-kako-razumno-investirati-u-nekretnine-na-jadranu" "Mozilla/5.0 (Windows NT 10.0; Win64; x64) AppleWebKit/537.36 (KHTML, like Gecko) Chrome/76.0.3809.100 Safari/537.36"
78.2.114.90 - - [26/Aug/2019:05:20:34 +0000] "GET /js/bootstrap.min.js HTTP/1.1" 200 9833 "https://www.toplokacija-nekretnine.com/blog/savjeti-kako-razumno-investirati-u-nekretnine-na-jadranu" "Mozilla/5.0 (Windows NT 10.0; Win64; x64) AppleWebKit/537.36 (KHTML, like Gecko) Chrome/76.0.3809.100 Safari/537.36"
78.2.114.90 - - [26/Aug/2019:05:20:34 +0000] "GET /js/css3-animate-it.js HTTP/1.1" 200 1504 "https://www.toplokacija-nekretnine.com/blog/savjeti-kako-razumno-investirati-u-nekretnine-na-jadranu" "Mozilla/5.0 (Windows NT 10.0; Win64; x64) AppleWebKit/537.36 (KHTML, like Gecko) Chrome/76.0.3809.100 Safari/537.36"
78.2.114.90 - - [26/Aug/2019:05:20:35 +0000] "GET /uploads/thumbnails/e76983ca8180780c45b603dfd235f369.jpg HTTP/1.1" 200 43919 "https://www.toplokacija-nekretnine.com/blog/savjeti-kako-razumno-investirati-u-nekretnine-na-jadranu" "Mozilla/5.0 (Windows NT 10.0; Win64; x64) AppleWebKit/537.36 (KHTML, like Gecko) Chrome/76.0.3809.100 Safari/537.36"
78.2.114.90 - - [26/Aug/2019:05:20:35 +0000] "GET /images/logo_hr.png HTTP/1.1" 200 5600 "https://www.toplokacija-nekretnine.com/blog/savjeti-kako-razumno-investirati-u-nekretnine-na-jadranu" "Mozilla/5.0 (Windows NT 10.0; Win64; x64) AppleWebKit/537.36 (KHTML, like Gecko) Chrome/76.0.3809.100 Safari/537.36"
78.2.114.90 - - [26/Aug/2019:05:20:35 +0000] "GET /js/bootstrap-dropdownhover.min.js HTTP/1.1" 200 1355 "https://www.toplokacija-nekretnine.com/blog/savjeti-kako-razumno-investirati-u-nekretnine-na-jadranu" "Mozilla/5.0 (Windows NT 10.0; Win64; x64) AppleWebKit/537.36 (KHTML, like Gecko) Chrome/76.0.3809.100 Safari/537.36"
78.2.114.90 - - [26/Aug/2019:05:20:35 +0000] "GET /js/jarallax.js HTTP/1.1" 200 2670 "https://www.toplokacija-nekretnine.com/blog/savjeti-kako-razumno-investirati-u-nekretnine-na-jadranu" "Mozilla/5.0 (Windows NT 10.0; Win64; x64) AppleWebKit/537.36 (KHTML, like Gecko) Chrome/76.0.3809.100 Safari/537.36"
78.2.114.90 - - [26/Aug/2019:05:20:35 +0000] "GET /fonts/fontawesome-webfont.woff2?v=4.7.0 HTTP/1.1" 200 77160 "https://www.toplokacija-nekretnine.com/css/font-awesome.min.css" "Mozilla/5.0 (Windows NT 10.0; Win64; x64) AppleWebKit/537.36 (KHTML, like Gecko) Chrome/76.0.3809.100 Safari/537.36"
78.2.114.90 - - [26/Aug/2019:05:20:35 +0000] "GET /uploads/thumbnails/048d8f6a0235788257cc123efdaaa516.jpg HTTP/1.1" 200 72940 "https://www.toplokacija-nekretnine.com/blog/savjeti-kako-razumno-investirati-u-nekretnine-na-jadranu" "Mozilla/5.0 (Windows NT 10.0; Win64; x64) AppleWebKit/537.36 (KHTML, like Gecko) Chrome/76.0.3809.100 Safari/537.36"
78.2.114.90 - - [26/Aug/2019:05:20:35 +0000] "GET /js/jquery-scrolltofixed-min.js HTTP/1.1" 200 1717 "https://www.toplokacija-nekretnine.com/blog/savjeti-kako-razumno-investirati-u-nekretnine-na-jadranu" "Mozilla/5.0 (Windows NT 10.0; Win64; x64) AppleWebKit/537.36 (KHTML, like Gecko) Chrome/76.0.3809.100 Safari/537.36"
78.2.114.90 - - [26/Aug/2019:05:20:35 +0000] "GET /images/spinner.gif HTTP/1.1" 200 56260 "https://www.toplokacija-nekretnine.com/css/style.css?v=15" "Mozilla/5.0 (Windows NT 10.0; Win64; x64) AppleWebKit/537.36 (KHTML, like Gecko) Chrome/76.0.3809.100 Safari/537.36"
78.2.114.90 - - [26/Aug/2019:05:20:35 +0000] "GET /uploads/images/7a6c35fe2c7d39af1613fafa80170c08.jpg HTTP/1.1" 200 385274 "https://www.toplokacija-nekretnine.com/blog/savjeti-kako-razumno-investirati-u-nekretnine-na-jadranu" "Mozilla/5.0 (Windows NT 10.0; Win64; x64) AppleWebKit/537.36 (KHTML, like Gecko) Chrome/76.0.3809.100 Safari/537.36"
78.2.114.90 - - [26/Aug/2019:05:20:35 +0000] "GET /js/dyscrollup.js HTTP/1.1" 200 704 "https://www.toplokacija-nekretnine.com/blog/savjeti-kako-razumno-investirati-u-nekretnine-na-jadranu" "Mozilla/5.0 (Windows NT 10.0; Win64; x64) AppleWebKit/537.36 (KHTML, like Gecko) Chrome/76.0.3809.100 Safari/537.36"
78.2.114.90 - - [26/Aug/2019:05:20:35 +0000] "GET /images/background/2.jpg?v=2 HTTP/1.1" 200 111462 "https://www.toplokacija-nekretnine.com/css/style.css?v=15" "Mozilla/5.0 (Windows NT 10.0; Win64; x64) AppleWebKit/537.36 (KHTML, like Gecko) Chrome/76.0.3809.100 Safari/537.36"
78.2.114.90 - - [26/Aug/2019:05:20:35 +0000] "GET /assets/plugins/flag/flags/4x3/hr.svg HTTP/1.1" 200 80697 "https://www.toplokacija-nekretnine.com/assets/plugins/flag/css/flag-icon.css" "Mozilla/5.0 (Windows NT 10.0; Win64; x64) AppleWebKit/537.36 (KHTML, like Gecko) Chrome/76.0.3809.100 Safari/537.36"
78.2.114.90 - - [26/Aug/2019:05:20:35 +0000] "GET /js/cookieconsent.min.js HTTP/1.1" 200 6849 "https://www.toplokacija-nekretnine.com/blog/savjeti-kako-razumno-investirati-u-nekretnine-na-jadranu" "Mozilla/5.0 (Windows NT 10.0; Win64; x64) AppleWebKit/537.36 (KHTML, like Gecko) Chrome/76.0.3809.100 Safari/537.36"
78.2.114.90 - - [26/Aug/2019:05:20:35 +0000] "GET /js/main.js?v=4 HTTP/1.1" 200 551 "https://www.toplokacija-nekretnine.com/blog/savjeti-kako-razumno-investirati-u-nekretnine-na-jadranu" "Mozilla/5.0 (Windows NT 10.0; Win64; x64) AppleWebKit/537.36 (KHTML, like Gecko) Chrome/76.0.3809.100 Safari/537.36"
78.2.114.90 - - [26/Aug/2019:05:20:35 +0000] "GET /unitegallery/js/jquery-11.0.min.js HTTP/1.1" 200 33369 "https://www.toplokacija-nekretnine.com/blog/savjeti-kako-razumno-investirati-u-nekretnine-na-jadranu" "Mozilla/5.0 (Windows NT 10.0; Win64; x64) AppleWebKit/537.36 (KHTML, like Gecko) Chrome/76.0.3809.100 Safari/537.36"
78.2.114.90 - - [26/Aug/2019:05:20:35 +0000] "GET /unitegallery/js/unitegallery.min.js HTTP/1.1" 200 66910 "https://www.toplokacija-nekretnine.com/blog/savjeti-kako-razumno-investirati-u-nekretnine-na-jadranu" "Mozilla/5.0 (Windows NT 10.0; Win64; x64) AppleWebKit/537.36 (KHTML, like Gecko) Chrome/76.0.3809.100 Safari/537.36"
78.2.114.90 - - [26/Aug/2019:05:20:35 +0000] "GET /unitegallery/themes/compact/ug-theme-compact.js HTTP/1.1" 200 2477 "https://www.toplokacija-nekretnine.com/blog/savjeti-kako-razumno-investirati-u-nekretnine-na-jadranu" "Mozilla/5.0 (Windows NT 10.0; Win64; x64) AppleWebKit/537.36 (KHTML, like Gecko) Chrome/76.0.3809.100 Safari/537.36"
78.2.114.90 - - [26/Aug/2019:05:20:35 +0000] "GET /images/background/1.jpg HTTP/1.1" 200 99961 "https://www.toplokacija-nekretnine.com/css/style.css?v=15" "Mozilla/5.0 (Windows NT 10.0; Win64; x64) AppleWebKit/537.36 (KHTML, like Gecko) Chrome/76.0.3809.100 Safari/537.36"
78.2.114.90 - - [26/Aug/2019:05:20:35 +0000] "GET /fonts/icofont.ttf?v=1.0.0-beta HTTP/1.1" 200 1018620 "https://www.toplokacija-nekretnine.com/css/icofont.css" "Mozilla/5.0 (Windows NT 10.0; Win64; x64) AppleWebKit/537.36 (KHTML, like Gecko) Chrome/76.0.3809.100 Safari/537.36"
78.2.114.90 - - [26/Aug/2019:05:20:36 +0000] "GET /favicon-32x32.png HTTP/1.1" 200 2105 "https://www.toplokacija-nekretnine.com/blog/savjeti-kako-razumno-investirati-u-nekretnine-na-jadranu" "Mozilla/5.0 (Windows NT 10.0; Win64; x64) AppleWebKit/537.36 (KHTML, like Gecko) Chrome/76.0.3809.100 Safari/537.36"
78.2.114.90 - - [26/Aug/2019:05:20:36 +0000] "GET /site.webmanifest HTTP/1.1" 200 291 "https://www.toplokacija-nekretnine.com/blog/savjeti-kako-razumno-investirati-u-nekretnine-na-jadranu" "Mozilla/5.0 (Windows NT 10.0; Win64; x64) AppleWebKit/537.36 (KHTML, like Gecko) Chrome/76.0.3809.100 Safari/537.36"
46.229.168.153 - - [26/Aug/2019:05:26:37 +0000] "GET /en/lands HTTP/1.1" 200 5857 "-" "Mozilla/5.0 (compatible; SemrushBot/6~bl; +http://www.semrush.com/bot.html)"
54.36.148.159 - - [26/Aug/2019:05:54:14 +0000] "GET /blog/savjeti-kako-razumno-investirati-u-nekretnine-na-jadranu HTTP/1.1" 200 5846 "-" "Mozilla/5.0 (compatible; AhrefsBot/6.1; +http://ahrefs.com/robot/)"
110.249.201.130 - - [26/Aug/2019:05:55:07 +0000] "GET /kuce HTTP/1.1" 200 5693 "-" "Mozilla/5.0 (Linux; Android 5.0; SM-G900P Build/LRX21T) AppleWebKit/537.36 (KHTML, like Gecko) Chrome/47.0.9953.1654 Mobile Safari/537.36; Bytespider"
110.249.201.138 - - [26/Aug/2019:05:55:08 +0000] "GET /fonts/fontawesome-webfont.woff2?v=4.7.0 HTTP/1.1" 200 77160 "https://www.toplokacija-nekretnine.com/css/font-awesome.min.css" "Mozilla/5.0 (Linux; Android 5.0; SM-G900P Build/LRX21T) AppleWebKit/537.36 (KHTML, like Gecko) Chrome/47.0.9953.1654 Mobile Safari/537.36; Bytespider"
110.249.201.130 - - [26/Aug/2019:05:55:07 +0000] "GET /fonts/icofont.ttf?v=1.0.0-beta HTTP/1.1" 200 1018620 "https://www.toplokacija-nekretnine.com/css/icofont.css" "Mozilla/5.0 (Linux; Android 5.0; SM-G900P Build/LRX21T) AppleWebKit/537.36 (KHTML, like Gecko) Chrome/47.0.9953.1654 Mobile Safari/537.36; Bytespider"
77.75.78.164 - - [26/Aug/2019:06:05:23 +0000] "GET /robots.txt HTTP/1.1" 200 24 "-" "Mozilla/5.0 (compatible; SeznamBot/3.2; +http://napoveda.seznam.cz/en/seznambot-intro/)"
77.75.78.164 - - [26/Aug/2019:06:05:24 +0000] "GET /uploads/thumbnails/5370b266b4a6286082f9fdb01bc6675b.JPG HTTP/1.1" 304 - "-" "Mozilla/5.0 (compatible; SeznamBot/3.2; +http://napoveda.seznam.cz/en/seznambot-intro/)"
77.75.78.164 - - [26/Aug/2019:06:05:24 +0000] "GET /uploads/thumbnails/5cb719cec5eac5afe864e39e77c475db.jpg HTTP/1.1" 304 - "-" "Mozilla/5.0 (compatible; SeznamBot/3.2; +http://napoveda.seznam.cz/en/seznambot-intro/)"
207.46.13.195 - - [26/Aug/2019:06:07:29 +0000] "GET /stanovi/zadar-vidikovac-stan-50m2 HTTP/1.1" 200 6680 "-" "Mozilla/5.0 (compatible; bingbot/2.0; +http://www.bing.com/bingbot.htm)"
213.149.51.57 - - [26/Aug/2019:06:08:40 +0000] "GET / HTTP/1.1" 200 9289 "https://www.google.com/" "Mozilla/5.0 (Linux; Android 8.0.0; SM-G935F) AppleWebKit/537.36 (KHTML, like Gecko) Chrome/76.0.3809.111 Mobile Safari/537.36"
213.149.51.57 - - [26/Aug/2019:06:08:40 +0000] "GET /css/bootstrap.min.css HTTP/1.1" 200 19744 "https://www.toplokacija-nekretnine.com/" "Mozilla/5.0 (Linux; Android 8.0.0; SM-G935F) AppleWebKit/537.36 (KHTML, like Gecko) Chrome/76.0.3809.111 Mobile Safari/537.36"
213.149.51.57 - - [26/Aug/2019:06:08:40 +0000] "GET /css/icofont.css HTTP/1.1" 200 16775 "https://www.toplokacija-nekretnine.com/" "Mozilla/5.0 (Linux; Android 8.0.0; SM-G935F) AppleWebKit/537.36 (KHTML, like Gecko) Chrome/76.0.3809.111 Mobile Safari/537.36"
213.149.51.57 - - [26/Aug/2019:06:08:41 +0000] "GET /css/style.css?v=15 HTTP/1.1" 200 7634 "https://www.toplokacija-nekretnine.com/" "Mozilla/5.0 (Linux; Android 8.0.0; SM-G935F) AppleWebKit/537.36 (KHTML, like Gecko) Chrome/76.0.3809.111 Mobile Safari/537.36"
213.149.51.57 - - [26/Aug/2019:06:08:41 +0000] "GET /js/jquery.min.js HTTP/1.1" 200 29820 "https://www.toplokacija-nekretnine.com/" "Mozilla/5.0 (Linux; Android 8.0.0; SM-G935F) AppleWebKit/537.36 (KHTML, like Gecko) Chrome/76.0.3809.111 Mobile Safari/537.36"
213.149.51.57 - - [26/Aug/2019:06:08:41 +0000] "GET /js/bootstrap.min.js HTTP/1.1" 200 9833 "https://www.toplokacija-nekretnine.com/" "Mozilla/5.0 (Linux; Android 8.0.0; SM-G935F) AppleWebKit/537.36 (KHTML, like Gecko) Chrome/76.0.3809.111 Mobile Safari/537.36"
213.149.51.57 - - [26/Aug/2019:06:08:41 +0000] "GET /images/about_us_hr.png HTTP/1.1" 200 7915 "https://www.toplokacija-nekretnine.com/" "Mozilla/5.0 (Linux; Android 8.0.0; SM-G935F) AppleWebKit/537.36 (KHTML, like Gecko) Chrome/76.0.3809.111 Mobile Safari/537.36"
213.149.51.57 - - [26/Aug/2019:06:08:41 +0000] "GET /uploads/thumbnails/d38d156172b3fe670c7e78d3bd3b1910.jpg HTTP/1.1" 200 34330 "https://www.toplokacija-nekretnine.com/" "Mozilla/5.0 (Linux; Android 8.0.0; SM-G935F) AppleWebKit/537.36 (KHTML, like Gecko) Chrome/76.0.3809.111 Mobile Safari/537.36"
213.149.51.57 - - [26/Aug/2019:06:08:41 +0000] "GET /uploads/thumbnails/884ccf315fda60dc6fcbd2b4a3db759a.jpg HTTP/1.1" 200 44526 "https://www.toplokacija-nekretnine.com/" "Mozilla/5.0 (Linux; Android 8.0.0; SM-G935F) AppleWebKit/537.36 (KHTML, like Gecko) Chrome/76.0.3809.111 Mobile Safari/537.36"
213.149.51.57 - - [26/Aug/2019:06:08:41 +0000] "GET /uploads/thumbnails/6be0a155aaedef264a5f5aaacc21d7de.jpg HTTP/1.1" 200 39788 "https://www.toplokacija-nekretnine.com/" "Mozilla/5.0 (Linux; Android 8.0.0; SM-G935F) AppleWebKit/537.36 (KHTML, like Gecko) Chrome/76.0.3809.111 Mobile Safari/537.36"
213.149.51.57 - - [26/Aug/2019:06:08:41 +0000] "GET /uploads/thumbnails/7473108ac3a0cc371d22c2b6bda37ac6.jpg HTTP/1.1" 200 35921 "https://www.toplokacija-nekretnine.com/" "Mozilla/5.0 (Linux; Android 8.0.0; SM-G935F) AppleWebKit/537.36 (KHTML, like Gecko) Chrome/76.0.3809.111 Mobile Safari/537.36"
213.149.51.57 - - [26/Aug/2019:06:08:41 +0000] "GET /uploads/thumbnails/9a52a8ca0447ea31fa487a3e6f96fdb3.jpg HTTP/1.1" 200 37164 "https://www.toplokacija-nekretnine.com/" "Mozilla/5.0 (Linux; Android 8.0.0; SM-G935F) AppleWebKit/537.36 (KHTML, like Gecko) Chrome/76.0.3809.111 Mobile Safari/537.36"
213.149.51.57 - - [26/Aug/2019:06:08:41 +0000] "GET /uploads/thumbnails/f3b369fd7b1877abc4c80a5dcf4cf352.JPG HTTP/1.1" 200 51129 "https://www.toplokacija-nekretnine.com/" "Mozilla/5.0 (Linux; Android 8.0.0; SM-G935F) AppleWebKit/537.36 (KHTML, like Gecko) Chrome/76.0.3809.111 Mobile Safari/537.36"
213.149.51.57 - - [26/Aug/2019:06:08:41 +0000] "GET /uploads/thumbnails/a3391951c36fecb14495f8146dd9756c.jpg HTTP/1.1" 200 39492 "https://www.toplokacija-nekretnine.com/" "Mozilla/5.0 (Linux; Android 8.0.0; SM-G935F) AppleWebKit/537.36 (KHTML, like Gecko) Chrome/76.0.3809.111 Mobile Safari/537.36"
213.149.51.57 - - [26/Aug/2019:06:08:41 +0000] "GET /uploads/thumbnails/3ae69bc61d2e4547b674fcf9dfe3b4a0.jpg HTTP/1.1" 200 29836 "https://www.toplokacija-nekretnine.com/" "Mozilla/5.0 (Linux; Android 8.0.0; SM-G935F) AppleWebKit/537.36 (KHTML, like Gecko) Chrome/76.0.3809.111 Mobile Safari/537.36"
213.149.51.57 - - [26/Aug/2019:06:08:41 +0000] "GET /uploads/thumbnails/e9fcab5ad37211f1229dd445cc150467.jpg HTTP/1.1" 200 29836 "https://www.toplokacija-nekretnine.com/" "Mozilla/5.0 (Linux; Android 8.0.0; SM-G935F) AppleWebKit/537.36 (KHTML, like Gecko) Chrome/76.0.3809.111 Mobile Safari/537.36"
213.149.51.57 - - [26/Aug/2019:06:08:41 +0000] "GET /uploads/thumbnails/3270bb88adea04f5dd8728ccf81ec3a7.jpg HTTP/1.1" 200 31076 "https://www.toplokacija-nekretnine.com/" "Mozilla/5.0 (Linux; Android 8.0.0; SM-G935F) AppleWebKit/537.36 (KHTML, like Gecko) Chrome/76.0.3809.111 Mobile Safari/537.36"
213.149.51.57 - - [26/Aug/2019:06:08:41 +0000] "GET /fonts/fontawesome-webfont.woff2?v=4.7.0 HTTP/1.1" 200 77160 "https://www.toplokacija-nekretnine.com/css/font-awesome.min.css" "Mozilla/5.0 (Linux; Android 8.0.0; SM-G935F) AppleWebKit/537.36 (KHTML, like Gecko) Chrome/76.0.3809.111 Mobile Safari/537.36"
213.149.51.57 - - [26/Aug/2019:06:08:41 +0000] "GET /uploads/thumbnails/48ef9daccad38b1a1bc9fb22121db6ac.jpg HTTP/1.1" 200 42355 "https://www.toplokacija-nekretnine.com/" "Mozilla/5.0 (Linux; Android 8.0.0; SM-G935F) AppleWebKit/537.36 (KHTML, like Gecko) Chrome/76.0.3809.111 Mobile Safari/537.36"
213.149.51.57 - - [26/Aug/2019:06:08:41 +0000] "GET /images/spinner.gif HTTP/1.1" 200 56260 "https://www.toplokacija-nekretnine.com/css/style.css?v=15" "Mozilla/5.0 (Linux; Android 8.0.0; SM-G935F) AppleWebKit/537.36 (KHTML, like Gecko) Chrome/76.0.3809.111 Mobile Safari/537.36"
213.149.51.57 - - [26/Aug/2019:06:08:41 +0000] "GET /uploads/thumbnails/1bdceb72103556851f310280f3efbc16.JPG HTTP/1.1" 200 29195 "https://www.toplokacija-nekretnine.com/" "Mozilla/5.0 (Linux; Android 8.0.0; SM-G935F) AppleWebKit/537.36 (KHTML, like Gecko) Chrome/76.0.3809.111 Mobile Safari/537.36"
213.149.51.57 - - [26/Aug/2019:06:08:41 +0000] "GET /uploads/thumbnails/f7b7bfd134d93ade755afc2d162e2aed.jpg HTTP/1.1" 200 56756 "https://www.toplokacija-nekretnine.com/" "Mozilla/5.0 (Linux; Android 8.0.0; SM-G935F) AppleWebKit/537.36 (KHTML, like Gecko) Chrome/76.0.3809.111 Mobile Safari/537.36"
213.149.51.57 - - [26/Aug/2019:06:08:41 +0000] "GET /uploads/thumbnails/4100dad038347920de3cc6597aa021ec.JPG HTTP/1.1" 200 22347 "https://www.toplokacija-nekretnine.com/" "Mozilla/5.0 (Linux; Android 8.0.0; SM-G935F) AppleWebKit/537.36 (KHTML, like Gecko) Chrome/76.0.3809.111 Mobile Safari/537.36"
213.149.51.57 - - [26/Aug/2019:06:08:41 +0000] "GET /uploads/thumbnails/c807da0fa0d811a1729b138a6ce29394.JPG HTTP/1.1" 200 34236 "https://www.toplokacija-nekretnine.com/" "Mozilla/5.0 (Linux; Android 8.0.0; SM-G935F) AppleWebKit/537.36 (KHTML, like Gecko) Chrome/76.0.3809.111 Mobile Safari/537.36"
213.149.51.57 - - [26/Aug/2019:06:08:41 +0000] "GET /uploads/thumbnails/79136cc48eb64efa03a195b6fe4bd3b5.JPG HTTP/1.1" 200 27006 "https://www.toplokacija-nekretnine.com/" "Mozilla/5.0 (Linux; Android 8.0.0; SM-G935F) AppleWebKit/537.36 (KHTML, like Gecko) Chrome/76.0.3809.111 Mobile Safari/537.36"
213.149.51.57 - - [26/Aug/2019:06:08:41 +0000] "GET /uploads/thumbnails/5cb719cec5eac5afe864e39e77c475db.jpg HTTP/1.1" 200 36106 "https://www.toplokacija-nekretnine.com/" "Mozilla/5.0 (Linux; Android 8.0.0; SM-G935F) AppleWebKit/537.36 (KHTML, like Gecko) Chrome/76.0.3809.111 Mobile Safari/537.36"
213.149.51.57 - - [26/Aug/2019:06:08:41 +0000] "GET /uploads/thumbnails/86eb79cb71de4b34a84307106770edb8.jpg HTTP/1.1" 200 40841 "https://www.toplokacija-nekretnine.com/" "Mozilla/5.0 (Linux; Android 8.0.0; SM-G935F) AppleWebKit/537.36 (KHTML, like Gecko) Chrome/76.0.3809.111 Mobile Safari/537.36"
213.149.51.57 - - [26/Aug/2019:06:08:41 +0000] "GET /uploads/thumbnails/6cd11b21c3db49711892305133cef259.jpg HTTP/1.1" 200 43488 "https://www.toplokacija-nekretnine.com/" "Mozilla/5.0 (Linux; Android 8.0.0; SM-G935F) AppleWebKit/537.36 (KHTML, like Gecko) Chrome/76.0.3809.111 Mobile Safari/537.36"
213.149.51.57 - - [26/Aug/2019:06:08:41 +0000] "GET /uploads/thumbnails/42f6bf5e8582c075da16d579d90c242d.JPG HTTP/1.1" 200 55274 "https://www.toplokacija-nekretnine.com/" "Mozilla/5.0 (Linux; Android 8.0.0; SM-G935F) AppleWebKit/537.36 (KHTML, like Gecko) Chrome/76.0.3809.111 Mobile Safari/537.36"
213.149.51.57 - - [26/Aug/2019:06:08:41 +0000] "GET /uploads/thumbnails/981f80f17952c6201dffa885c0680e46.jpg HTTP/1.1" 200 34110 "https://www.toplokacija-nekretnine.com/" "Mozilla/5.0 (Linux; Android 8.0.0; SM-G935F) AppleWebKit/537.36 (KHTML, like Gecko) Chrome/76.0.3809.111 Mobile Safari/537.36"
213.149.51.57 - - [26/Aug/2019:06:08:41 +0000] "GET /uploads/thumbnails/e5ccf19c61e2bb4c351203c9e696340e.jpg HTTP/1.1" 200 30410 "https://www.toplokacija-nekretnine.com/" "Mozilla/5.0 (Linux; Android 8.0.0; SM-G935F) AppleWebKit/537.36 (KHTML, like Gecko) Chrome/76.0.3809.111 Mobile Safari/537.36"
213.149.51.57 - - [26/Aug/2019:06:08:42 +0000] "GET /uploads/thumbnails/e76983ca8180780c45b603dfd235f369.jpg HTTP/1.1" 200 43919 "https://www.toplokacija-nekretnine.com/" "Mozilla/5.0 (Linux; Android 8.0.0; SM-G935F) AppleWebKit/537.36 (KHTML, like Gecko) Chrome/76.0.3809.111 Mobile Safari/537.36"
213.149.51.57 - - [26/Aug/2019:06:08:41 +0000] "GET /fonts/icofont.ttf?v=1.0.0-beta HTTP/1.1" 200 1018620 "https://www.toplokacija-nekretnine.com/css/icofont.css" "Mozilla/5.0 (Linux; Android 8.0.0; SM-G935F) AppleWebKit/537.36 (KHTML, like Gecko) Chrome/76.0.3809.111 Mobile Safari/537.36"
213.149.51.57 - - [26/Aug/2019:06:08:42 +0000] "GET /uploads/thumbnails/0e33d00f90321d676084c5b41f8476f8.jpg HTTP/1.1" 200 63361 "https://www.toplokacija-nekretnine.com/" "Mozilla/5.0 (Linux; Android 8.0.0; SM-G935F) AppleWebKit/537.36 (KHTML, like Gecko) Chrome/76.0.3809.111 Mobile Safari/537.36"
213.149.51.57 - - [26/Aug/2019:06:08:42 +0000] "GET /uploads/thumbnails/048d8f6a0235788257cc123efdaaa516.jpg HTTP/1.1" 200 72940 "https://www.toplokacija-nekretnine.com/" "Mozilla/5.0 (Linux; Android 8.0.0; SM-G935F) AppleWebKit/537.36 (KHTML, like Gecko) Chrome/76.0.3809.111 Mobile Safari/537.36"
213.149.51.57 - - [26/Aug/2019:06:08:42 +0000] "GET /uploads/thumbnails/7a6c35fe2c7d39af1613fafa80170c08.jpg HTTP/1.1" 200 106014 "https://www.toplokacija-nekretnine.com/" "Mozilla/5.0 (Linux; Android 8.0.0; SM-G935F) AppleWebKit/537.36 (KHTML, like Gecko) Chrome/76.0.3809.111 Mobile Safari/537.36"
213.149.51.57 - - [26/Aug/2019:06:08:42 +0000] "GET /images/background/1.jpg HTTP/1.1" 200 99961 "https://www.toplokacija-nekretnine.com/css/style.css?v=15" "Mozilla/5.0 (Linux; Android 8.0.0; SM-G935F) AppleWebKit/537.36 (KHTML, like Gecko) Chrome/76.0.3809.111 Mobile Safari/537.36"
213.149.51.57 - - [26/Aug/2019:06:08:42 +0000] "GET /images/background/3.jpg HTTP/1.1" 200 202051 "https://www.toplokacija-nekretnine.com/css/style.css?v=15" "Mozilla/5.0 (Linux; Android 8.0.0; SM-G935F) AppleWebKit/537.36 (KHTML, like Gecko) Chrome/76.0.3809.111 Mobile Safari/537.36"
213.149.51.57 - - [26/Aug/2019:06:08:42 +0000] "GET /images/slides/slider1.jpg HTTP/1.1" 200 209946 "https://www.toplokacija-nekretnine.com/" "Mozilla/5.0 (Linux; Android 8.0.0; SM-G935F) AppleWebKit/537.36 (KHTML, like Gecko) Chrome/76.0.3809.111 Mobile Safari/537.36"
213.149.51.57 - - [26/Aug/2019:06:08:44 +0000] "GET /assets/plugins/flag/flags/4x3/hr.svg HTTP/1.1" 200 80697 "https://www.toplokacija-nekretnine.com/assets/plugins/flag/css/flag-icon.css" "Mozilla/5.0 (Linux; Android 8.0.0; SM-G935F) AppleWebKit/537.36 (KHTML, like Gecko) Chrome/76.0.3809.111 Mobile Safari/537.36"
213.149.51.57 - - [26/Aug/2019:06:08:46 +0000] "GET /zemljista HTTP/1.1" 200 5915 "https://www.toplokacija-nekretnine.com/" "Mozilla/5.0 (Linux; Android 8.0.0; SM-G935F) AppleWebKit/537.36 (KHTML, like Gecko) Chrome/76.0.3809.111 Mobile Safari/537.36"
213.149.51.57 - - [26/Aug/2019:06:08:47 +0000] "GET /uploads/thumbnails/24712fefdef071ec0a2133b149711247.jpg HTTP/1.1" 200 38866 "https://www.toplokacija-nekretnine.com/zemljista" "Mozilla/5.0 (Linux; Android 8.0.0; SM-G935F) AppleWebKit/537.36 (KHTML, like Gecko) Chrome/76.0.3809.111 Mobile Safari/537.36"
213.149.51.57 - - [26/Aug/2019:06:08:47 +0000] "GET /uploads/thumbnails/4aca1aa0da0abb269c4d61846d19b798.jpg HTTP/1.1" 200 47488 "https://www.toplokacija-nekretnine.com/zemljista" "Mozilla/5.0 (Linux; Android 8.0.0; SM-G935F) AppleWebKit/537.36 (KHTML, like Gecko) Chrome/76.0.3809.111 Mobile Safari/537.36"
213.149.51.57 - - [26/Aug/2019:06:08:47 +0000] "GET /uploads/thumbnails/b23f58e0fcc2fd203542eb5ef2225ff8.jpg HTTP/1.1" 200 56454 "https://www.toplokacija-nekretnine.com/zemljista" "Mozilla/5.0 (Linux; Android 8.0.0; SM-G935F) AppleWebKit/537.36 (KHTML, like Gecko) Chrome/76.0.3809.111 Mobile Safari/537.36"
213.149.51.57 - - [26/Aug/2019:06:08:47 +0000] "GET /uploads/thumbnails/e530f87b30327fbc28a5fd7fbe1fafa1.JPG HTTP/1.1" 200 64039 "https://www.toplokacija-nekretnine.com/zemljista" "Mozilla/5.0 (Linux; Android 8.0.0; SM-G935F) AppleWebKit/537.36 (KHTML, like Gecko) Chrome/76.0.3809.111 Mobile Safari/537.36"
213.149.51.57 - - [26/Aug/2019:06:08:47 +0000] "GET /uploads/thumbnails/7916ffa6a96aa0811c8320c7fae31687.JPG HTTP/1.1" 200 53242 "https://www.toplokacija-nekretnine.com/zemljista" "Mozilla/5.0 (Linux; Android 8.0.0; SM-G935F) AppleWebKit/537.36 (KHTML, like Gecko) Chrome/76.0.3809.111 Mobile Safari/537.36"
213.149.51.57 - - [26/Aug/2019:06:08:47 +0000] "GET /uploads/thumbnails/6aaa967777fd72e29ea98bcc48d74c93.jpg HTTP/1.1" 200 65305 "https://www.toplokacija-nekretnine.com/zemljista" "Mozilla/5.0 (Linux; Android 8.0.0; SM-G935F) AppleWebKit/537.36 (KHTML, like Gecko) Chrome/76.0.3809.111 Mobile Safari/537.36"
213.149.51.57 - - [26/Aug/2019:06:08:47 +0000] "GET /images/background/2.jpg?v=2 HTTP/1.1" 200 111462 "https://www.toplokacija-nekretnine.com/css/style.css?v=15" "Mozilla/5.0 (Linux; Android 8.0.0; SM-G935F) AppleWebKit/537.36 (KHTML, like Gecko) Chrome/76.0.3809.111 Mobile Safari/537.36"
213.149.51.57 - - [26/Aug/2019:06:08:47 +0000] "GET /uploads/thumbnails/6104e8e26e0d1c86bd3da698cd990ebe.jpg HTTP/1.1" 200 49356 "https://www.toplokacija-nekretnine.com/zemljista" "Mozilla/5.0 (Linux; Android 8.0.0; SM-G935F) AppleWebKit/537.36 (KHTML, like Gecko) Chrome/76.0.3809.111 Mobile Safari/537.36"
213.149.51.57 - - [26/Aug/2019:06:09:17 +0000] "GET /zemljista?page=2 HTTP/1.1" 200 5433 "https://www.toplokacija-nekretnine.com/zemljista" "Mozilla/5.0 (Linux; Android 8.0.0; SM-G935F) AppleWebKit/537.36 (KHTML, like Gecko) Chrome/76.0.3809.111 Mobile Safari/537.36"
213.149.51.57 - - [26/Aug/2019:06:09:17 +0000] "GET /uploads/thumbnails/c2a296a28451395b08a7945dfc6841d7.JPG HTTP/1.1" 200 40561 "https://www.toplokacija-nekretnine.com/zemljista?page=2" "Mozilla/5.0 (Linux; Android 8.0.0; SM-G935F) AppleWebKit/537.36 (KHTML, like Gecko) Chrome/76.0.3809.111 Mobile Safari/537.36"
213.149.51.57 - - [26/Aug/2019:06:09:17 +0000] "GET /uploads/thumbnails/50e158b9b17a81a9300763a7ed041787.JPG HTTP/1.1" 200 35488 "https://www.toplokacija-nekretnine.com/zemljista?page=2" "Mozilla/5.0 (Linux; Android 8.0.0; SM-G935F) AppleWebKit/537.36 (KHTML, like Gecko) Chrome/76.0.3809.111 Mobile Safari/537.36"
213.149.51.57 - - [26/Aug/2019:06:09:17 +0000] "GET /uploads/thumbnails/444a7abc217a4c7425adbd51c25f8a22.JPG HTTP/1.1" 200 46259 "https://www.toplokacija-nekretnine.com/zemljista?page=2" "Mozilla/5.0 (Linux; Android 8.0.0; SM-G935F) AppleWebKit/537.36 (KHTML, like Gecko) Chrome/76.0.3809.111 Mobile Safari/537.36"
213.149.51.57 - - [26/Aug/2019:06:09:17 +0000] "GET /uploads/thumbnails/302130ceb6285017020247f4728791b9.jpg HTTP/1.1" 200 28629 "https://www.toplokacija-nekretnine.com/zemljista?page=2" "Mozilla/5.0 (Linux; Android 8.0.0; SM-G935F) AppleWebKit/537.36 (KHTML, like Gecko) Chrome/76.0.3809.111 Mobile Safari/537.36"
213.149.51.57 - - [26/Aug/2019:06:09:17 +0000] "GET /uploads/thumbnails/adf48166c8bae786e03576122d52e342.jpg HTTP/1.1" 200 52270 "https://www.toplokacija-nekretnine.com/zemljista?page=2" "Mozilla/5.0 (Linux; Android 8.0.0; SM-G935F) AppleWebKit/537.36 (KHTML, like Gecko) Chrome/76.0.3809.111 Mobile Safari/537.36"
213.149.51.57 - - [26/Aug/2019:06:09:17 +0000] "GET /uploads/thumbnails/3919ce697cc8d996f3713c9e59e9d50a.jpg HTTP/1.1" 200 71314 "https://www.toplokacija-nekretnine.com/zemljista?page=2" "Mozilla/5.0 (Linux; Android 8.0.0; SM-G935F) AppleWebKit/537.36 (KHTML, like Gecko) Chrome/76.0.3809.111 Mobile Safari/537.36"
216.244.66.240 - - [26/Aug/2019:06:12:31 +0000] "GET /robots.txt HTTP/1.1" 301 257 "-" "Mozilla/5.0 (compatible; DotBot/1.1; http://www.opensiteexplorer.org/dotbot, help@moz.com)"
216.244.66.240 - - [26/Aug/2019:06:12:32 +0000] "GET /robots.txt HTTP/1.1" 200 24 "-" "Mozilla/5.0 (compatible; DotBot/1.1; http://www.opensiteexplorer.org/dotbot, help@moz.com)"
216.244.66.240 - - [26/Aug/2019:06:45:56 +0000] "GET /blog/savjeti-kako-razumno-investirati-u-nekretnine-na-jadranu HTTP/1.1" 200 24926 "-" "Mozilla/5.0 (compatible; DotBot/1.1; http://www.opensiteexplorer.org/dotbot, help@moz.com)"
216.244.66.240 - - [26/Aug/2019:06:57:11 +0000] "GET /robots.txt HTTP/1.1" 301 257 "-" "Mozilla/5.0 (compatible; DotBot/1.1; http://www.opensiteexplorer.org/dotbot, help@moz.com)"
216.244.66.240 - - [26/Aug/2019:06:57:11 +0000] "GET /robots.txt HTTP/1.1" 200 24 "-" "Mozilla/5.0 (compatible; DotBot/1.1; http://www.opensiteexplorer.org/dotbot, help@moz.com)"
77.75.79.62 - - [26/Aug/2019:07:09:30 +0000] "GET /robots.txt HTTP/1.1" 200 24 "-" "Mozilla/5.0 (compatible; SeznamBot/3.2; +http://napoveda.seznam.cz/en/seznambot-intro/)"
77.75.79.62 - - [26/Aug/2019:07:09:31 +0000] "GET /uploads/thumbnails/50e158b9b17a81a9300763a7ed041787.JPG HTTP/1.1" 304 - "-" "Mozilla/5.0 (compatible; SeznamBot/3.2; +http://napoveda.seznam.cz/en/seznambot-intro/)"
77.75.79.62 - - [26/Aug/2019:07:09:31 +0000] "GET /en HTTP/1.1" 200 8521 "-" "Mozilla/5.0 (compatible; SeznamBot/3.2; +http://napoveda.seznam.cz/en/seznambot-intro/)"
46.229.168.145 - - [26/Aug/2019:07:14:19 +0000] "GET /robots.txt HTTP/1.1" 200 24 "-" "Mozilla/5.0 (compatible; SemrushBot/6~bl; +http://www.semrush.com/bot.html)"
46.229.168.154 - - [26/Aug/2019:07:14:20 +0000] "GET /en/lands?page=2 HTTP/1.1" 200 5359 "-" "Mozilla/5.0 (compatible; SemrushBot/6~bl; +http://www.semrush.com/bot.html)"
216.244.66.240 - - [26/Aug/2019:07:20:34 +0000] "GET /en/flats/prilika-bili-brig-komforan-cetverosoban-stan-92m2 HTTP/1.1" 200 29364 "-" "Mozilla/5.0 (compatible; DotBot/1.1; http://www.opensiteexplorer.org/dotbot, help@moz.com)"
46.229.168.140 - - [26/Aug/2019:07:31:02 +0000] "GET /hr/kuce/zaton-moderna-kuca-s-4-apartmana-i-bazenom HTTP/1.1" 200 7191 "-" "Mozilla/5.0 (compatible; SemrushBot/6~bl; +http://www.semrush.com/bot.html)"
66.249.69.173 - - [26/Aug/2019:07:46:48 +0000] "GET /stanovi/zadar-borik-novogradnja-ekskluzivan-top-objekt-s-5-stanova-1kat-7918m2 HTTP/1.1" 200 7145 "-" "Mozilla/5.0 (Linux; Android 6.0.1; Nexus 5X Build/MMB29P) AppleWebKit/537.36 (KHTML, like Gecko) Chrome/41.0.2272.96 Mobile Safari/537.36 (compatible; Googlebot/2.1; +http://www.google.com/bot.html)"
91.242.162.57 - - [26/Aug/2019:07:50:10 +0000] "GET /robots.txt HTTP/1.1" 200 24 "-" "Mozilla/5.0 (compatible; Qwantify/2.4w; +https://www.qwant.com/)/2.4w"
91.242.162.57 - - [26/Aug/2019:07:50:10 +0000] "GET /en/terms-and-conditions HTTP/1.1" 200 8069 "-" "Mozilla/5.0 (compatible; Qwantify/2.4w; +https://www.qwant.com/)/2.4w"
91.242.162.57 - - [26/Aug/2019:07:53:14 +0000] "GET /zemljista?page=2 HTTP/1.1" 200 5433 "-" "Mozilla/5.0 (compatible; Qwantify/2.4w; +https://www.qwant.com/)/2.4w"
91.242.162.57 - - [26/Aug/2019:08:00:36 +0000] "GET /hr/kontakt HTTP/1.1" 200 4112 "-" "Mozilla/5.0 (compatible; Qwantify/2.4w; +https://www.qwant.com/)/2.4w"
77.75.79.62 - - [26/Aug/2019:08:05:01 +0000] "GET /robots.txt HTTP/1.1" 200 24 "-" "Mozilla/5.0 (compatible; SeznamBot/3.2; +http://napoveda.seznam.cz/en/seznambot-intro/)"
77.75.79.62 - - [26/Aug/2019:08:05:02 +0000] "GET /uploads/thumbnails/86eb79cb71de4b34a84307106770edb8.jpg HTTP/1.1" 304 - "-" "Mozilla/5.0 (compatible; SeznamBot/3.2; +http://napoveda.seznam.cz/en/seznambot-intro/)"
66.249.69.171 - - [26/Aug/2019:08:07:48 +0000] "GET /en/flats/zadar-branimirova-obala-uz-sami-poluotok-72m2-2kat HTTP/1.1" 200 6756 "-" "Mozilla/5.0 (Linux; Android 6.0.1; Nexus 5X Build/MMB29P) AppleWebKit/537.36 (KHTML, like Gecko) Chrome/41.0.2272.96 Mobile Safari/537.36 (compatible; Googlebot/2.1; +http://www.google.com/bot.html)"
110.249.201.160 - - [26/Aug/2019:08:08:09 +0000] "GET /uploads/thumbnails/b23f58e0fcc2fd203542eb5ef2225ff8.jpg HTTP/1.1" 200 56454 "https://www.toplokacija-nekretnine.com/hr/zemljista" "Mozilla/5.0 (Macintosh; Intel Mac OS X 10_13_6) AppleWebKit/537.36 (KHTML, like Gecko) Chrome/67.0.3396.99 Safari/537.36"
66.249.69.171 - - [26/Aug/2019:08:08:48 +0000] "GET /en/lands/zadar-stari-bokanjac-gradevinsko-zemljiste-2030m2-m2-60eur HTTP/1.1" 200 6168 "-" "Mozilla/5.0 (Linux; Android 6.0.1; Nexus 5X Build/MMB29P) AppleWebKit/537.36 (KHTML, like Gecko) Chrome/41.0.2272.96 Mobile Safari/537.36 (compatible; Googlebot/2.1; +http://www.google.com/bot.html)"
66.249.69.171 - - [26/Aug/2019:08:14:48 +0000] "GET /kuce/prekrasna-kuca-sa-bazenom-maslenica-pokraj-zadra HTTP/1.1" 200 7511 "-" "Mozilla/5.0 (Linux; Android 6.0.1; Nexus 5X Build/MMB29P) AppleWebKit/537.36 (KHTML, like Gecko) Chrome/41.0.2272.96 Mobile Safari/537.36 (compatible; Googlebot/2.1; +http://www.google.com/bot.html)"
216.244.66.240 - - [26/Aug/2019:08:25:46 +0000] "GET /robots.txt HTTP/1.1" 301 257 "-" "Mozilla/5.0 (compatible; DotBot/1.1; http://www.opensiteexplorer.org/dotbot, help@moz.com)"
216.244.66.240 - - [26/Aug/2019:08:25:47 +0000] "GET /robots.txt HTTP/1.1" 200 24 "-" "Mozilla/5.0 (compatible; DotBot/1.1; http://www.opensiteexplorer.org/dotbot, help@moz.com)"
66.249.69.173 - - [26/Aug/2019:08:28:48 +0000] "GET /kuce/zaton-moderna-kuca-s-4-apartmana-i-bazenom HTTP/1.1" 200 7191 "-" "Mozilla/5.0 (Linux; Android 6.0.1; Nexus 5X Build/MMB29P) AppleWebKit/537.36 (KHTML, like Gecko) Chrome/41.0.2272.96 Mobile Safari/537.36 (compatible; Googlebot/2.1; +http://www.google.com/bot.html)"
54.36.150.120 - - [26/Aug/2019:08:40:23 +0000] "GET /hr/stanovi HTTP/1.1" 200 5960 "-" "Mozilla/5.0 (compatible; AhrefsBot/6.1; +http://ahrefs.com/robot/)"
207.46.13.140 - - [26/Aug/2019:08:46:21 +0000] "GET /hoteli HTTP/1.1" 200 4377 "-" "Mozilla/5.0 (compatible; bingbot/2.0; +http://www.bing.com/bingbot.htm)"
46.229.168.132 - - [26/Aug/2019:08:46:46 +0000] "GET /robots.txt HTTP/1.1" 200 24 "-" "Mozilla/5.0 (compatible; SemrushBot/6~bl; +http://www.semrush.com/bot.html)"
46.229.168.129 - - [26/Aug/2019:08:46:46 +0000] "GET /hr/hoteli HTTP/1.1" 200 4378 "-" "Mozilla/5.0 (compatible; SemrushBot/6~bl; +http://www.semrush.com/bot.html)"
91.242.162.57 - - [26/Aug/2019:08:52:32 +0000] "GET /hr/apartmani HTTP/1.1" 200 5307 "-" "Mozilla/5.0 (compatible; Qwantify/2.4w; +https://www.qwant.com/)/2.4w"
77.75.78.162 - - [26/Aug/2019:09:07:16 +0000] "GET /robots.txt HTTP/1.1" 200 24 "-" "Mozilla/5.0 (compatible; SeznamBot/3.2; +http://napoveda.seznam.cz/en/seznambot-intro/)"
77.75.78.162 - - [26/Aug/2019:09:07:16 +0000] "GET /uploads/thumbnails/4100dad038347920de3cc6597aa021ec.JPG HTTP/1.1" 304 - "-" "Mozilla/5.0 (compatible; SeznamBot/3.2; +http://napoveda.seznam.cz/en/seznambot-intro/)"
83.178.235.209 - - [26/Aug/2019:09:10:47 +0000] "GET /uploads/images/f2523831e92fe5f8ff69a32ad26cb816.jpg HTTP/1.1" 200 91554 "https://www.google.com/blank.html" "Mozilla/5.0 (Linux; Android 8.0.0; AUM-L29 Build/HONORAUM-L29; wv) AppleWebKit/537.36 (KHTML, like Gecko) Version/4.0 Chrome/64.0.3282.137 Mobile Safari/537.36 GSA/7.17.28.21.arm64"
91.242.162.57 - - [26/Aug/2019:09:17:30 +0000] "GET /hr/vile HTTP/1.1" 200 4376 "-" "Mozilla/5.0 (compatible; Qwantify/2.4w; +https://www.qwant.com/)/2.4w"
91.242.162.57 - - [26/Aug/2019:09:30:28 +0000] "GET /stanovi?page=2 HTTP/1.1" 200 5567 "-" "Mozilla/5.0 (compatible; Qwantify/2.4w; +https://www.qwant.com/)/2.4w"
185.244.92.237 - - [26/Aug/2019:10:00:20 +0000] "GET / HTTP/1.1" 200 9289 "https://www.google.com/" "Mozilla/5.0 (Macintosh; Intel Mac OS X 10_12_6) AppleWebKit/537.36 (KHTML, like Gecko) Chrome/75.0.3770.142 Safari/537.36"
185.244.92.237 - - [26/Aug/2019:10:00:21 +0000] "GET /css/bootstrap.min.css HTTP/1.1" 200 19744 "https://www.toplokacija-nekretnine.com/" "Mozilla/5.0 (Macintosh; Intel Mac OS X 10_12_6) AppleWebKit/537.36 (KHTML, like Gecko) Chrome/75.0.3770.142 Safari/537.36"
185.244.92.237 - - [26/Aug/2019:10:00:21 +0000] "GET /css/font-awesome.min.css HTTP/1.1" 200 7053 "https://www.toplokacija-nekretnine.com/" "Mozilla/5.0 (Macintosh; Intel Mac OS X 10_12_6) AppleWebKit/537.36 (KHTML, like Gecko) Chrome/75.0.3770.142 Safari/537.36"
185.244.92.237 - - [26/Aug/2019:10:00:21 +0000] "GET /css/icofont.css HTTP/1.1" 200 16775 "https://www.toplokacija-nekretnine.com/" "Mozilla/5.0 (Macintosh; Intel Mac OS X 10_12_6) AppleWebKit/537.36 (KHTML, like Gecko) Chrome/75.0.3770.142 Safari/537.36"
185.244.92.237 - - [26/Aug/2019:10:00:21 +0000] "GET /css/bootstrap-dropdownhover.css HTTP/1.1" 200 433 "https://www.toplokacija-nekretnine.com/" "Mozilla/5.0 (Macintosh; Intel Mac OS X 10_12_6) AppleWebKit/537.36 (KHTML, like Gecko) Chrome/75.0.3770.142 Safari/537.36"
185.244.92.237 - - [26/Aug/2019:10:00:21 +0000] "GET /css/animations.css HTTP/1.1" 200 2856 "https://www.toplokacija-nekretnine.com/" "Mozilla/5.0 (Macintosh; Intel Mac OS X 10_12_6) AppleWebKit/537.36 (KHTML, like Gecko) Chrome/75.0.3770.142 Safari/537.36"
185.244.92.237 - - [26/Aug/2019:10:00:21 +0000] "GET /css/hover.css HTTP/1.1" 200 7051 "https://www.toplokacija-nekretnine.com/" "Mozilla/5.0 (Macintosh; Intel Mac OS X 10_12_6) AppleWebKit/537.36 (KHTML, like Gecko) Chrome/75.0.3770.142 Safari/537.36"
185.244.92.237 - - [26/Aug/2019:10:00:21 +0000] "GET /css/animate.min.css HTTP/1.1" 200 3598 "https://www.toplokacija-nekretnine.com/" "Mozilla/5.0 (Macintosh; Intel Mac OS X 10_12_6) AppleWebKit/537.36 (KHTML, like Gecko) Chrome/75.0.3770.142 Safari/537.36"
185.244.92.237 - - [26/Aug/2019:10:00:21 +0000] "GET /assets/plugins/flag/css/flag-icon.css HTTP/1.1" 200 2837 "https://www.toplokacija-nekretnine.com/" "Mozilla/5.0 (Macintosh; Intel Mac OS X 10_12_6) AppleWebKit/537.36 (KHTML, like Gecko) Chrome/75.0.3770.142 Safari/537.36"
185.244.92.237 - - [26/Aug/2019:10:00:21 +0000] "GET /css/cookieconsent.min.css HTTP/1.1" 200 1209 "https://www.toplokacija-nekretnine.com/" "Mozilla/5.0 (Macintosh; Intel Mac OS X 10_12_6) AppleWebKit/537.36 (KHTML, like Gecko) Chrome/75.0.3770.142 Safari/537.36"
185.244.92.237 - - [26/Aug/2019:10:00:21 +0000] "GET /css/style.css?v=15 HTTP/1.1" 200 7634 "https://www.toplokacija-nekretnine.com/" "Mozilla/5.0 (Macintosh; Intel Mac OS X 10_12_6) AppleWebKit/537.36 (KHTML, like Gecko) Chrome/75.0.3770.142 Safari/537.36"
185.244.92.237 - - [26/Aug/2019:10:00:21 +0000] "GET /css/responsive.css?v=4 HTTP/1.1" 200 1151 "https://www.toplokacija-nekretnine.com/" "Mozilla/5.0 (Macintosh; Intel Mac OS X 10_12_6) AppleWebKit/537.36 (KHTML, like Gecko) Chrome/75.0.3770.142 Safari/537.36"
