91.252.179.132 - - [27/Aug/2019:16:19:55 +0000] "GET /uploads/thumbnails/3b5547b63aa2f05e948b6273f5007a2b.jpg HTTP/1.1" 200 49420 "https://www.toplokacija-nekretnine.com/apartmani" "Mozilla/5.0 (Linux; Android 6.0.1; SM-A300FU) AppleWebKit/537.36 (KHTML, like Gecko) Chrome/76.0.3809.111 Mobile Safari/537.36"
81.209.177.136 - - [27/Aug/2019:16:20:09 +0000] "GET /hr/kuce/diklo-kuca-170m2-s-2-stana-20m-od-mora HTTP/1.1" 200 6723 "-" "netEstate NE Crawler (+http://www.website-datenbank.de/)"
81.209.177.136 - - [27/Aug/2019:16:20:29 +0000] "GET /hr/stanovi/zadar-borik-novogradnja-ekskluzivan-top-objekt-s-5-stanova-1kat-7918m2 HTTP/1.1" 200 7141 "-" "netEstate NE Crawler (+http://www.website-datenbank.de/)"
81.209.177.136 - - [27/Aug/2019:16:20:51 +0000] "GET /hr/uvjeti-poslovanja HTTP/1.1" 200 8107 "-" "netEstate NE Crawler (+http://www.website-datenbank.de/)"
81.209.177.189 - - [27/Aug/2019:16:21:07 +0000] "GET /stanovi/zadar-borik-novogradnja-ekskluzivan-top-objekt-s-5-stanova-prizemlje-6323m2 HTTP/1.1" 200 7117 "-" "netEstate NE Crawler (+http://www.website-datenbank.de/)"
91.252.179.132 - - [27/Aug/2019:16:21:10 +0000] "GET /api/places/8/areas HTTP/1.1" 200 2 "https://www.toplokacija-nekretnine.com/apartmani" "Mozilla/5.0 (Linux; Android 6.0.1; SM-A300FU) AppleWebKit/537.36 (KHTML, like Gecko) Chrome/76.0.3809.111 Mobile Safari/537.36"
91.252.179.132 - - [27/Aug/2019:16:21:22 +0000] "GET /api/places/30/areas HTTP/1.1" 200 2 "https://www.toplokacija-nekretnine.com/apartmani" "Mozilla/5.0 (Linux; Android 6.0.1; SM-A300FU) AppleWebKit/537.36 (KHTML, like Gecko) Chrome/76.0.3809.111 Mobile Safari/537.36"
81.209.177.136 - - [27/Aug/2019:16:21:31 +0000] "GET /hr/vile HTTP/1.1" 200 4376 "-" "netEstate NE Crawler (+http://www.website-datenbank.de/)"
91.252.179.132 - - [27/Aug/2019:16:21:32 +0000] "GET /pretraga?category=4&type=&place=30&area=&price=&surface=50 HTTP/1.1" 200 4419 "https://www.toplokacija-nekretnine.com/apartmani" "Mozilla/5.0 (Linux; Android 6.0.1; SM-A300FU) AppleWebKit/537.36 (KHTML, like Gecko) Chrome/76.0.3809.111 Mobile Safari/537.36"
81.209.177.189 - - [27/Aug/2019:16:21:43 +0000] "GET /kuce/prekrasna-kuca-sa-bazenom-maslenica-pokraj-zadra HTTP/1.1" 200 7508 "-" "netEstate NE Crawler (+http://www.website-datenbank.de/)"
91.252.179.132 - - [27/Aug/2019:16:21:53 +0000] "GET /pretraga?category=4&type=&place=30&area=&price=&surface=50 HTTP/1.1" 200 4419 "https://www.toplokacija-nekretnine.com/pretraga?category=4&type=&place=30&area=&price=&surface=50" "Mozilla/5.0 (Linux; Android 6.0.1; SM-A300FU) AppleWebKit/537.36 (KHTML, like Gecko) Chrome/76.0.3809.111 Mobile Safari/537.36"
81.209.177.136 - - [27/Aug/2019:16:22:08 +0000] "GET /snizeno HTTP/1.1" 200 4374 "-" "netEstate NE Crawler (+http://www.website-datenbank.de/)"
91.252.179.132 - - [27/Aug/2019:16:22:13 +0000] "GET /zemljista HTTP/1.1" 200 5915 "https://www.toplokacija-nekretnine.com/apartmani" "Mozilla/5.0 (Linux; Android 6.0.1; SM-A300FU) AppleWebKit/537.36 (KHTML, like Gecko) Chrome/76.0.3809.111 Mobile Safari/537.36"
91.252.179.132 - - [27/Aug/2019:16:22:16 +0000] "GET /usluge HTTP/1.1" 200 3699 "https://www.toplokacija-nekretnine.com/apartmani" "Mozilla/5.0 (Linux; Android 6.0.1; SM-A300FU) AppleWebKit/537.36 (KHTML, like Gecko) Chrome/76.0.3809.111 Mobile Safari/537.36"
91.252.179.132 - - [27/Aug/2019:16:22:20 +0000] "GET /zemljista HTTP/1.1" 200 5915 "https://www.toplokacija-nekretnine.com/apartmani" "Mozilla/5.0 (Linux; Android 6.0.1; SM-A300FU) AppleWebKit/537.36 (KHTML, like Gecko) Chrome/76.0.3809.111 Mobile Safari/537.36"
81.209.177.189 - - [27/Aug/2019:16:22:21 +0000] "GET /hr/zemljista/zadar-stari-bokanjac-gradevinsko-zemljiste-2030m2-m2-60eur HTTP/1.1" 200 6238 "-" "netEstate NE Crawler (+http://www.website-datenbank.de/)"
81.209.177.189 - - [27/Aug/2019:16:22:37 +0000] "GET /hr/apartmani/starigrad-seline-apartman-8937m2-s-vrtom-od-9075m2 HTTP/1.1" 200 7302 "-" "netEstate NE Crawler (+http://www.website-datenbank.de/)"
81.209.177.189 - - [27/Aug/2019:16:22:54 +0000] "GET /hr/blog/odnos-prodavatelj-kupac-agent-nekretnina HTTP/1.1" 200 5703 "-" "netEstate NE Crawler (+http://www.website-datenbank.de/)"
81.209.177.189 - - [27/Aug/2019:16:23:10 +0000] "GET /zemljista/privlaka-top-lokacija-50m-od-mora HTTP/1.1" 200 6054 "-" "netEstate NE Crawler (+http://www.website-datenbank.de/)"
81.209.177.136 - - [27/Aug/2019:16:23:33 +0000] "GET /hr/kuce HTTP/1.1" 200 5701 "-" "netEstate NE Crawler (+http://www.website-datenbank.de/)"
81.209.177.136 - - [27/Aug/2019:16:23:50 +0000] "GET /robots.txt HTTP/1.1" 200 24 "-" "netEstate NE Crawler (+http://www.website-datenbank.de/)"
81.209.177.136 - - [27/Aug/2019:16:24:00 +0000] "GET /stanovi HTTP/1.1" 200 5931 "-" "netEstate NE Crawler (+http://www.website-datenbank.de/)"
81.209.177.189 - - [27/Aug/2019:16:24:13 +0000] "GET /zemljista/bibinje-gradevinski-teren-770m2 HTTP/1.1" 200 6089 "-" "netEstate NE Crawler (+http://www.website-datenbank.de/)"
91.252.179.132 - - [27/Aug/2019:16:24:31 +0000] "GET /zemljista/top-lokacija-udaljenost-od-mora-15m-zaton-uvala-jaz HTTP/1.1" 200 5987 "https://www.toplokacija-nekretnine.com/zemljista" "Mozilla/5.0 (Linux; Android 6.0.1; SM-A300FU) AppleWebKit/537.36 (KHTML, like Gecko) Chrome/76.0.3809.111 Mobile Safari/537.36"
81.209.177.136 - - [27/Aug/2019:16:24:39 +0000] "GET /hr/apartmani HTTP/1.1" 200 5307 "-" "netEstate NE Crawler (+http://www.website-datenbank.de/)"
81.209.177.189 - - [27/Aug/2019:16:24:53 +0000] "GET /hr/kuce/zadar-arbanasi-idilicna-kamena-kuca-130m2-na-zelenoj-oazi-od-612m2 HTTP/1.1" 200 7554 "-" "netEstate NE Crawler (+http://www.website-datenbank.de/)"
81.209.177.189 - - [27/Aug/2019:16:25:10 +0000] "GET /hr/zemljista/prilika-zaton-1788m2-75-eur-a-m2 HTTP/1.1" 200 6115 "-" "netEstate NE Crawler (+http://www.website-datenbank.de/)"
81.209.177.136 - - [27/Aug/2019:16:25:36 +0000] "GET /stanovi/top-lokacija-branimirova-obala-tiz-97m2 HTTP/1.1" 200 7126 "-" "netEstate NE Crawler (+http://www.website-datenbank.de/)"
81.209.177.136 - - [27/Aug/2019:16:25:56 +0000] "GET /blog/dolaskom-proljeca-raste-interes-i-potraznja-za-nekretninama HTTP/1.1" 200 4960 "-" "netEstate NE Crawler (+http://www.website-datenbank.de/)"
81.209.177.189 - - [27/Aug/2019:16:26:10 +0000] "GET /apartmani/starigrad-seline-apartman-8937m2-s-vrtom-od-9075m2 HTTP/1.1" 200 7304 "-" "netEstate NE Crawler (+http://www.website-datenbank.de/)"
81.209.177.136 - - [27/Aug/2019:16:26:33 +0000] "GET /apartmani/top-lokacija-vinjerac-ekskluzivni-novi-apartman-s-krovnom-terasom-12343m2 HTTP/1.1" 200 7831 "-" "netEstate NE Crawler (+http://www.website-datenbank.de/)"
81.209.177.136 - - [27/Aug/2019:16:26:54 +0000] "GET /kuce/diklo-kuca-170m2-s-2-stana-20m-od-mora HTTP/1.1" 200 6724 "-" "netEstate NE Crawler (+http://www.website-datenbank.de/)"
81.209.177.189 - - [27/Aug/2019:16:27:07 +0000] "GET /hr/stanovi/diklo-prekrasan-trosoban-stan-s-terasom-i-vrtom-93m2 HTTP/1.1" 200 6670 "-" "netEstate NE Crawler (+http://www.website-datenbank.de/)"
81.209.177.189 - - [27/Aug/2019:16:27:23 +0000] "GET /hr/stanovi/top-exkluzivna-nekretnina-penthouse-zadar-visnjik HTTP/1.1" 200 7649 "-" "netEstate NE Crawler (+http://www.website-datenbank.de/)"
81.209.177.189 - - [27/Aug/2019:16:27:39 +0000] "GET /hr/kuce/vir-kuca-sa-apartmanima-50m-od-mora HTTP/1.1" 200 6712 "-" "netEstate NE Crawler (+http://www.website-datenbank.de/)"
81.209.177.189 - - [27/Aug/2019:16:27:55 +0000] "GET /apartmani HTTP/1.1" 200 5308 "-" "netEstate NE Crawler (+http://www.website-datenbank.de/)"
216.244.66.240 - - [27/Aug/2019:16:28:01 +0000] "GET /robots.txt HTTP/1.1" 301 257 "-" "Mozilla/5.0 (compatible; DotBot/1.1; http://www.opensiteexplorer.org/dotbot, help@moz.com)"
216.244.66.240 - - [27/Aug/2019:16:28:02 +0000] "GET /robots.txt HTTP/1.1" 200 24 "-" "Mozilla/5.0 (compatible; DotBot/1.1; http://www.opensiteexplorer.org/dotbot, help@moz.com)"
81.209.177.136 - - [27/Aug/2019:16:28:18 +0000] "GET /zemljista/privlaka-gradevinski-teren-610m2 HTTP/1.1" 200 6057 "-" "netEstate NE Crawler (+http://www.website-datenbank.de/)"
81.209.177.136 - - [27/Aug/2019:16:28:38 +0000] "GET /hr/stanovi/zadar-borik-novogradnja-ekskluzivan-top-objekt-s-5-stanova-prizemlje-6834m2 HTTP/1.1" 200 7127 "-" "netEstate NE Crawler (+http://www.website-datenbank.de/)"
81.209.177.189 - - [27/Aug/2019:16:28:52 +0000] "GET /kuce/prilika-zaton-centar-stara-kuca-sa-crnom-kuhinjom HTTP/1.1" 200 5847 "-" "netEstate NE Crawler (+http://www.website-datenbank.de/)"
81.209.177.136 - - [27/Aug/2019:16:29:16 +0000] "GET /poslovni-prostori/top-lokacija-rijetka-prilika-ekskluzivna-prodaja-poluotok-uhodani-poslovni-prostor-15m2 HTTP/1.1" 200 6208 "-" "netEstate NE Crawler (+http://www.website-datenbank.de/)"
81.209.177.136 - - [27/Aug/2019:16:29:37 +0000] "GET /apartmani/zadar-petrcane-20m-od-mora-5438m2-sa-vrtom-od-11296m2 HTTP/1.1" 200 7378 "-" "netEstate NE Crawler (+http://www.website-datenbank.de/)"
81.209.177.136 - - [27/Aug/2019:16:30:00 +0000] "GET /hr/poslovni-prostori/top-lokacija-rijetka-prilika-ekskluzivna-prodaja-poluotok-uhodani-poslovni-prostor-15m2 HTTP/1.1" 200 6207 "-" "netEstate NE Crawler (+http://www.website-datenbank.de/)"
81.209.177.189 - - [27/Aug/2019:16:30:14 +0000] "GET /stanovi/zadar-branimirova-obala-uz-sami-poluotok-72m2-2kat HTTP/1.1" 200 6851 "-" "netEstate NE Crawler (+http://www.website-datenbank.de/)"
81.209.177.189 - - [27/Aug/2019:16:30:29 +0000] "GET /stanovi/top-exkluzivna-nekretnina-penthouse-zadar-visnjik HTTP/1.1" 200 7650 "-" "netEstate NE Crawler (+http://www.website-datenbank.de/)"
81.209.177.189 - - [27/Aug/2019:16:30:46 +0000] "GET /hr/poslovni-prostori HTTP/1.1" 200 5030 "-" "netEstate NE Crawler (+http://www.website-datenbank.de/)"
81.209.177.136 - - [27/Aug/2019:16:31:08 +0000] "GET /hr/apartmani/prilika-pag-riva-1red-uz-more-top-lokacija-65m2 HTTP/1.1" 200 6122 "-" "netEstate NE Crawler (+http://www.website-datenbank.de/)"
81.209.177.136 - - [27/Aug/2019:16:31:28 +0000] "GET /hr/snizeno HTTP/1.1" 200 4373 "-" "netEstate NE Crawler (+http://www.website-datenbank.de/)"
81.209.177.136 - - [27/Aug/2019:16:31:49 +0000] "GET /hr/stanovi/zadar-vidikovac-stan-50m2 HTTP/1.1" 200 6677 "-" "netEstate NE Crawler (+http://www.website-datenbank.de/)"
81.209.177.189 - - [27/Aug/2019:16:32:25 +0000] "GET /hr/kuce/kuca-s-bazenom-na-gradevinskom-zemljistu-od-3500m2-poljica-brig HTTP/1.1" 200 6483 "-" "netEstate NE Crawler (+http://www.website-datenbank.de/)"
81.209.177.189 - - [27/Aug/2019:16:32:42 +0000] "GET /zemljista/top-lokacija-udaljenost-od-mora-15m-zaton-uvala-jaz HTTP/1.1" 200 5980 "-" "netEstate NE Crawler (+http://www.website-datenbank.de/)"
81.209.177.189 - - [27/Aug/2019:16:32:57 +0000] "GET /hr/stanovi/zadar-diklovac-dvoetazan-stan-9607m2 HTTP/1.1" 200 7067 "-" "netEstate NE Crawler (+http://www.website-datenbank.de/)"
81.209.177.136 - - [27/Aug/2019:16:33:20 +0000] "GET /hr/blog HTTP/1.1" 200 4490 "-" "netEstate NE Crawler (+http://www.website-datenbank.de/)"
81.209.177.189 - - [27/Aug/2019:16:33:33 +0000] "GET /hr/kuce/prilika-zaton-centar-stara-kuca-sa-crnom-kuhinjom HTTP/1.1" 200 5847 "-" "netEstate NE Crawler (+http://www.website-datenbank.de/)"
81.209.177.136 - - [27/Aug/2019:16:33:51 +0000] "GET /robots.txt HTTP/1.1" 200 24 "-" "netEstate NE Crawler (+http://www.website-datenbank.de/)"
81.209.177.136 - - [27/Aug/2019:16:34:01 +0000] "GET /zemljista/bibinje-predio-rezani-1700m2 HTTP/1.1" 200 6083 "-" "netEstate NE Crawler (+http://www.website-datenbank.de/)"
81.209.177.136 - - [27/Aug/2019:16:34:21 +0000] "GET /hr/hoteli HTTP/1.1" 200 4378 "-" "netEstate NE Crawler (+http://www.website-datenbank.de/)"
81.209.177.189 - - [27/Aug/2019:16:34:34 +0000] "GET /hr/apartmani/top-lokacija-vinjerac-ekskluzivni-novi-apartman-s-krovnom-terasom-12343m2 HTTP/1.1" 200 7832 "-" "netEstate NE Crawler (+http://www.website-datenbank.de/)"
81.209.177.136 - - [27/Aug/2019:16:34:58 +0000] "GET /zemljista/prilika-zaton-1788m2-75-eur-a-m2 HTTP/1.1" 200 6114 "-" "netEstate NE Crawler (+http://www.website-datenbank.de/)"
81.209.177.189 - - [27/Aug/2019:16:35:11 +0000] "GET /blog/odnos-prodavatelj-kupac-agent-nekretnina HTTP/1.1" 200 5705 "-" "netEstate NE Crawler (+http://www.website-datenbank.de/)"
81.209.177.189 - - [27/Aug/2019:16:35:27 +0000] "GET /blog HTTP/1.1" 200 4491 "-" "netEstate NE Crawler (+http://www.website-datenbank.de/)"
81.209.177.136 - - [27/Aug/2019:16:35:52 +0000] "GET /stanovi/novorenovirano-47m2-2kat-melada HTTP/1.1" 200 6349 "-" "netEstate NE Crawler (+http://www.website-datenbank.de/)"
81.209.177.189 - - [27/Aug/2019:16:36:04 +0000] "GET /hr/stanovi/novorenovirano-47m2-2kat-melada HTTP/1.1" 200 6349 "-" "netEstate NE Crawler (+http://www.website-datenbank.de/)"
81.209.177.189 - - [27/Aug/2019:16:36:21 +0000] "GET /zemljista?page=2 HTTP/1.1" 200 5433 "-" "netEstate NE Crawler (+http://www.website-datenbank.de/)"
81.209.177.136 - - [27/Aug/2019:16:36:45 +0000] "GET /hr/stanovi/novogradnja-plovanija-stanovi-od-94m2-do-112m2 HTTP/1.1" 200 6287 "-" "netEstate NE Crawler (+http://www.website-datenbank.de/)"
81.209.177.136 - - [27/Aug/2019:16:37:07 +0000] "GET /hr/poslovni-prostori/smiljevac-ulicni-poslovni-prostor-44m2 HTTP/1.1" 200 6299 "-" "netEstate NE Crawler (+http://www.website-datenbank.de/)"
81.209.177.189 - - [27/Aug/2019:16:37:21 +0000] "GET /kuce/kuca-s-bazenom-na-gradevinskom-zemljistu-od-3500m2-poljica-brig HTTP/1.1" 200 6485 "-" "netEstate NE Crawler (+http://www.website-datenbank.de/)"
81.209.177.189 - - [27/Aug/2019:16:37:37 +0000] "GET /hr/stanovi HTTP/1.1" 200 5960 "-" "netEstate NE Crawler (+http://www.website-datenbank.de/)"
81.209.177.189 - - [27/Aug/2019:16:37:53 +0000] "GET /zemljista/zaton-gradevinsko-841m2 HTTP/1.1" 200 6004 "-" "netEstate NE Crawler (+http://www.website-datenbank.de/)"
81.209.177.189 - - [27/Aug/2019:16:38:11 +0000] "GET /o-nama HTTP/1.1" 200 3971 "-" "netEstate NE Crawler (+http://www.website-datenbank.de/)"
81.209.177.136 - - [27/Aug/2019:16:38:34 +0000] "GET /zemljista/privlaka-bilotinjak-gradevinsko-zemljiste-1157m2 HTTP/1.1" 200 6033 "-" "netEstate NE Crawler (+http://www.website-datenbank.de/)"
81.209.177.189 - - [27/Aug/2019:16:38:47 +0000] "GET /ponudi-nekretninu HTTP/1.1" 200 4372 "-" "netEstate NE Crawler (+http://www.website-datenbank.de/)"
81.209.177.136 - - [27/Aug/2019:16:39:10 +0000] "GET /stanovi/zadar-borik-novogradnja-ekskluzivan-top-objekt-s-5-stanova-1kat-7199m2 HTTP/1.1" 200 7147 "-" "netEstate NE Crawler (+http://www.website-datenbank.de/)"
213.149.51.151 - - [27/Aug/2019:16:39:17 +0000] "GET /admin HTTP/1.1" 302 420 "-" "Mozilla/5.0 (Windows NT 10.0; Win64; x64) AppleWebKit/537.36 (KHTML, like Gecko) Chrome/76.0.3809.100 Safari/537.36"
213.149.51.151 - - [27/Aug/2019:16:39:17 +0000] "GET /login HTTP/1.1" 200 1194 "-" "Mozilla/5.0 (Windows NT 10.0; Win64; x64) AppleWebKit/537.36 (KHTML, like Gecko) Chrome/76.0.3809.100 Safari/537.36"
213.149.51.151 - - [27/Aug/2019:16:39:18 +0000] "GET /assets/img/favicon.ico HTTP/1.1" 404 1104 "https://www.toplokacija-nekretnine.com/login" "Mozilla/5.0 (Windows NT 10.0; Win64; x64) AppleWebKit/537.36 (KHTML, like Gecko) Chrome/76.0.3809.100 Safari/537.36"
213.149.51.151 - - [27/Aug/2019:16:39:30 +0000] "POST /login HTTP/1.1" 302 420 "https://www.toplokacija-nekretnine.com/login" "Mozilla/5.0 (Windows NT 10.0; Win64; x64) AppleWebKit/537.36 (KHTML, like Gecko) Chrome/76.0.3809.100 Safari/537.36"
213.149.51.151 - - [27/Aug/2019:16:39:30 +0000] "GET /admin HTTP/1.1" 200 2181 "https://www.toplokacija-nekretnine.com/login" "Mozilla/5.0 (Windows NT 10.0; Win64; x64) AppleWebKit/537.36 (KHTML, like Gecko) Chrome/76.0.3809.100 Safari/537.36"
81.209.177.136 - - [27/Aug/2019:16:39:30 +0000] "GET /kuce/zadar-arbanasi-idilicna-kamena-kuca-130m2-na-zelenoj-oazi-od-612m2 HTTP/1.1" 200 7554 "-" "netEstate NE Crawler (+http://www.website-datenbank.de/)"
81.209.177.189 - - [27/Aug/2019:16:39:42 +0000] "GET /apartmani/zadar-kozino-top-lokacija-50m-od-mora-6420m2 HTTP/1.1" 200 6876 "-" "netEstate NE Crawler (+http://www.website-datenbank.de/)"
81.209.177.189 - - [27/Aug/2019:16:40:01 +0000] "GET /hr/stanovi/zadar-borik-novogradnja-ekskluzivan-top-objekt-s-5-stanova-prizemlje-6323m2 HTTP/1.1" 200 7114 "-" "netEstate NE Crawler (+http://www.website-datenbank.de/)"
81.209.177.136 - - [27/Aug/2019:16:40:24 +0000] "GET /hr/zemljista HTTP/1.1" 200 5929 "-" "netEstate NE Crawler (+http://www.website-datenbank.de/)"
81.209.177.189 - - [27/Aug/2019:16:40:37 +0000] "GET /hr/kuce/prilika-zaton-postojeca-kamena-kuca-s-projektom-na-zemljistu-od-626m2 HTTP/1.1" 200 7236 "-" "netEstate NE Crawler (+http://www.website-datenbank.de/)"
81.209.177.189 - - [27/Aug/2019:16:40:52 +0000] "GET /hr/stanovi?page=2 HTTP/1.1" 200 5567 "-" "netEstate NE Crawler (+http://www.website-datenbank.de/)"
81.209.177.189 - - [27/Aug/2019:16:41:09 +0000] "GET /hr/kuce/prekrasna-kuca-sa-bazenom-maslenica-pokraj-zadra HTTP/1.1" 200 7516 "-" "netEstate NE Crawler (+http://www.website-datenbank.de/)"
81.209.177.189 - - [27/Aug/2019:16:41:24 +0000] "GET /apartmani/prilika-pag-riva-1red-uz-more-top-lokacija-65m2 HTTP/1.1" 200 6125 "-" "netEstate NE Crawler (+http://www.website-datenbank.de/)"
81.209.177.136 - - [27/Aug/2019:16:41:51 +0000] "GET /hr/zemljista?page=2 HTTP/1.1" 200 5432 "-" "netEstate NE Crawler (+http://www.website-datenbank.de/)"
81.209.177.136 - - [27/Aug/2019:16:42:12 +0000] "GET /hr/zemljista/zaton-gradevinsko-841m2 HTTP/1.1" 200 6003 "-" "netEstate NE Crawler (+http://www.website-datenbank.de/)"
81.209.177.189 - - [27/Aug/2019:16:42:26 +0000] "GET /hr/blog/savjeti-kako-razumno-investirati-u-nekretnine-na-jadranu HTTP/1.1" 200 5844 "-" "netEstate NE Crawler (+http://www.website-datenbank.de/)"
213.149.51.151 - - [27/Aug/2019:16:42:40 +0000] "GET /admin/category/kuce/property HTTP/1.1" 200 2310 "https://www.toplokacija-nekretnine.com/admin" "Mozilla/5.0 (Windows NT 10.0; Win64; x64) AppleWebKit/537.36 (KHTML, like Gecko) Chrome/76.0.3809.100 Safari/537.36"
213.149.51.151 - - [27/Aug/2019:16:42:41 +0000] "GET /admin/category/kuce/property/data?draw=1&columns%5B0%5D%5Bdata%5D=id&columns%5B0%5D%5Bname%5D=id&columns%5B0%5D%5Bsearchable%5D=true&columns%5B0%5D%5Borderable%5D=true&columns%5B0%5D%5Bsearch%5D%5Bvalue%5D=&columns%5B0%5D%5Bsearch%5D%5Bregex%5D=false&columns%5B1%5D%5Bdata%5D=title&columns%5B1%5D%5Bname%5D=title&columns%5B1%5D%5Bsearchable%5D=true&columns%5B1%5D%5Borderable%5D=true&columns%5B1%5D%5Bsearch%5D%5Bvalue%5D=&columns%5B1%5D%5Bsearch%5D%5Bregex%5D=false&columns%5B2%5D%5Bdata%5D=place.name&columns%5B2%5D%5Bname%5D=place.name&columns%5B2%5D%5Bsearchable%5D=true&columns%5B2%5D%5Borderable%5D=true&columns%5B2%5D%5Bsearch%5D%5Bvalue%5D=&columns%5B2%5D%5Bsearch%5D%5Bregex%5D=false&columns%5B3%5D%5Bdata%5D=type&columns%5B3%5D%5Bname%5D=type&columns%5B3%5D%5Bsearchable%5D=true&columns%5B3%5D%5Borderable%5D=true&columns%5B3%5D%5Bsearch%5D%5Bvalue%5D=&columns%5B3%5D%5Bsearch%5D%5Bregex%5D=false&columns%5B4%5D%5Bdata%5D=price&columns%5B4%5D%5Bname%5D=price&columns%5B4%5D%5Bsearchable%5D=true&columns%5B4%5D%5Borderable%5D=true&columns%5B4%5D%5Bsearch%5D%5Bvalue%5D=&columns%5B4%5D%5Bsearch%5D%5Bregex%5D=false&columns%5B5%5D%5Bdata%5D=status&columns%5B5%5D%5Bname%5D=status&columns%5B5%5D%5Bsearchable%5D=true&columns%5B5%5D%5Borderable%5D=true&columns%5B5%5D%5Bsearch%5D%5Bvalue%5D=&columns%5B5%5D%5Bsearch%5D%5Bregex%5D=false&columns%5B6%5D%5Bdata%5D=featured&columns%5B6%5D%5Bname%5D=&columns%5B6%5D%5Bsearchable%5D=false&columns%5B6%5D%5Borderable%5D=true&columns%5B6%5D%5Bsearch%5D%5Bvalue%5D=&columns%5B6%5D%5Bsearch%5D%5Bregex%5D=false&columns%5B7%5D%5Bdata%5D=options&columns%5B7%5D%5Bname%5D=options&columns%5B7%5D%5Bsearchable%5D=false&columns%5B7%5D%5Borderable%5D=false&columns%5B7%5D%5Bsearch%5D%5Bvalue%5D=&columns%5B7%5D%5Bsearch%5D%5Bregex%5D=false&order%5B0%5D%5Bcolumn%5D=0&order%5B0%5D%5Bdir%5D=asc&start=0&length=10&search%5Bvalue%5D=&search%5Bregex%5D=false&_=1566924160877 HTTP/1.1" 200 24809 "https://www.toplokacija-nekretnine.com/admin/category/kuce/property" "Mozilla/5.0 (Windows NT 10.0; Win64; x64) AppleWebKit/537.36 (KHTML, like Gecko) Chrome/76.0.3809.100 Safari/537.36"
81.209.177.189 - - [27/Aug/2019:16:42:43 +0000] "GET /hr/stanovi/bili-brig-trosoban-stan-82m2-1kat HTTP/1.1" 200 6387 "-" "netEstate NE Crawler (+http://www.website-datenbank.de/)"
213.149.51.151 - - [27/Aug/2019:16:42:45 +0000] "GET /admin/category/kuce/property/create HTTP/1.1" 200 5836 "https://www.toplokacija-nekretnine.com/admin/category/kuce/property" "Mozilla/5.0 (Windows NT 10.0; Win64; x64) AppleWebKit/537.36 (KHTML, like Gecko) Chrome/76.0.3809.100 Safari/537.36"
81.209.177.189 - - [27/Aug/2019:16:42:59 +0000] "GET /hr/zemljista/diklo-top-lokacija-pogodno-za-investitore-1231m2 HTTP/1.1" 200 6324 "-" "netEstate NE Crawler (+http://www.website-datenbank.de/)"
81.209.177.189 - - [27/Aug/2019:16:43:15 +0000] "GET /hr/usluge HTTP/1.1" 200 3699 "-" "netEstate NE Crawler (+http://www.website-datenbank.de/)"
81.209.177.189 - - [27/Aug/2019:16:43:31 +0000] "GET /usluge HTTP/1.1" 200 3699 "-" "netEstate NE Crawler (+http://www.website-datenbank.de/)"
81.209.177.189 - - [27/Aug/2019:16:43:47 +0000] "GET /robots.txt HTTP/1.1" 200 24 "-" "netEstate NE Crawler (+http://www.website-datenbank.de/)"
81.209.177.136 - - [27/Aug/2019:16:43:56 +0000] "GET /zemljista/top-lokacija-sukosan-2030m2-pogodno-za-investitore HTTP/1.1" 200 6177 "-" "netEstate NE Crawler (+http://www.website-datenbank.de/)"
81.209.177.189 - - [27/Aug/2019:16:44:09 +0000] "GET /hr/apartmani/zadar-kozino-top-lokacija-50m-od-mora-6420m2 HTTP/1.1" 200 6875 "-" "netEstate NE Crawler (+http://www.website-datenbank.de/)"
81.209.177.189 - - [27/Aug/2019:16:44:25 +0000] "GET /hr/zemljista/zaton-centar-gradevinsko-zemljiste-985m2 HTTP/1.1" 200 6112 "-" "netEstate NE Crawler (+http://www.website-datenbank.de/)"
81.209.177.189 - - [27/Aug/2019:16:44:41 +0000] "GET /hr/zemljista?page=1 HTTP/1.1" 200 5933 "-" "netEstate NE Crawler (+http://www.website-datenbank.de/)"
81.209.177.136 - - [27/Aug/2019:16:45:04 +0000] "GET /zemljista/zaton-centar-gradevinsko-zemljiste-985m2 HTTP/1.1" 200 6112 "-" "netEstate NE Crawler (+http://www.website-datenbank.de/)"
81.209.177.189 - - [27/Aug/2019:16:45:17 +0000] "GET /hr/stanovi/zadar-borik-novogradnja-ekskluzivan-top-objekt-s-5-stanova-1kat-7199m2 HTTP/1.1" 200 7145 "-" "netEstate NE Crawler (+http://www.website-datenbank.de/)"
81.209.177.189 - - [27/Aug/2019:16:45:32 +0000] "GET /kontakt HTTP/1.1" 200 4114 "-" "netEstate NE Crawler (+http://www.website-datenbank.de/)"
81.209.177.136 - - [27/Aug/2019:16:45:59 +0000] "GET /stanovi/diklo-prekrasan-trosoban-stan-s-terasom-i-vrtom-93m2 HTTP/1.1" 200 6671 "-" "netEstate NE Crawler (+http://www.website-datenbank.de/)"
81.209.177.136 - - [27/Aug/2019:16:46:19 +0000] "GET /vile HTTP/1.1" 200 4375 "-" "netEstate NE Crawler (+http://www.website-datenbank.de/)"
81.209.177.136 - - [27/Aug/2019:16:46:41 +0000] "GET /hr/zemljista/zadar-panorama-atraktivno HTTP/1.1" 200 6455 "-" "netEstate NE Crawler (+http://www.website-datenbank.de/)"
81.209.177.136 - - [27/Aug/2019:16:47:06 +0000] "GET /stanovi/novogradnja-plovanija-stanovi-od-94m2-do-112m2 HTTP/1.1" 200 6289 "-" "netEstate NE Crawler (+http://www.website-datenbank.de/)"
81.209.177.136 - - [27/Aug/2019:16:47:25 +0000] "GET /hr/o-nama HTTP/1.1" 200 3969 "-" "netEstate NE Crawler (+http://www.website-datenbank.de/)"
81.209.177.136 - - [27/Aug/2019:16:47:46 +0000] "GET /poslovni-prostori HTTP/1.1" 200 5030 "-" "netEstate NE Crawler (+http://www.website-datenbank.de/)"
81.209.177.189 - - [27/Aug/2019:16:48:04 +0000] "GET /hr/stanovi/zadar-plovanija-noviji-stan-52m2 HTTP/1.1" 200 6582 "-" "netEstate NE Crawler (+http://www.website-datenbank.de/)"
81.209.177.189 - - [27/Aug/2019:16:48:20 +0000] "GET /zemljista/diklo-top-lokacija-pogodno-za-investitore-1231m2 HTTP/1.1" 200 6323 "-" "netEstate NE Crawler (+http://www.website-datenbank.de/)"
81.209.177.189 - - [27/Aug/2019:16:48:35 +0000] "GET /en HTTP/1.1" 200 8521 "-" "netEstate NE Crawler (+http://www.website-datenbank.de/)"
81.209.177.189 - - [27/Aug/2019:16:48:51 +0000] "GET /hr/zemljista/filip-jakov-gradevinsko-zemljiste-1098m2 HTTP/1.1" 200 6406 "-" "netEstate NE Crawler (+http://www.website-datenbank.de/)"
81.209.177.136 - - [27/Aug/2019:16:49:14 +0000] "GET /zemljista/poljica-poljoprivredno-na-granici-gradevinskog HTTP/1.1" 200 6304 "-" "netEstate NE Crawler (+http://www.website-datenbank.de/)"
81.209.177.189 - - [27/Aug/2019:16:49:27 +0000] "GET /hr/poslovni-prostori/top-lokacija-svfilip-i-jakov-poslovni-prostor-na-setnici-21m2 HTTP/1.1" 200 6097 "-" "netEstate NE Crawler (+http://www.website-datenbank.de/)"
188.252.198.33 - - [27/Aug/2019:16:49:39 +0000] "GET /stanovi/zadar-borik-novogradnja-ekskluzivan-top-objekt-s-5-stanova-prizemlje-6323m2 HTTP/1.1" 200 7117 "https://www.google.com/" "Mozilla/5.0 (Windows NT 10.0; Win64; x64) AppleWebKit/537.36 (KHTML, like Gecko) Chrome/76.0.3809.100 Safari/537.36"
188.252.198.33 - - [27/Aug/2019:16:49:39 +0000] "GET /css/bootstrap.min.css HTTP/1.1" 200 19744 "https://www.toplokacija-nekretnine.com/stanovi/zadar-borik-novogradnja-ekskluzivan-top-objekt-s-5-stanova-prizemlje-6323m2" "Mozilla/5.0 (Windows NT 10.0; Win64; x64) AppleWebKit/537.36 (KHTML, like Gecko) Chrome/76.0.3809.100 Safari/537.36"
188.252.198.33 - - [27/Aug/2019:16:49:39 +0000] "GET /css/font-awesome.min.css HTTP/1.1" 200 7053 "https://www.toplokacija-nekretnine.com/stanovi/zadar-borik-novogradnja-ekskluzivan-top-objekt-s-5-stanova-prizemlje-6323m2" "Mozilla/5.0 (Windows NT 10.0; Win64; x64) AppleWebKit/537.36 (KHTML, like Gecko) Chrome/76.0.3809.100 Safari/537.36"
188.252.198.33 - - [27/Aug/2019:16:49:39 +0000] "GET /css/icofont.css HTTP/1.1" 200 16775 "https://www.toplokacija-nekretnine.com/stanovi/zadar-borik-novogradnja-ekskluzivan-top-objekt-s-5-stanova-prizemlje-6323m2" "Mozilla/5.0 (Windows NT 10.0; Win64; x64) AppleWebKit/537.36 (KHTML, like Gecko) Chrome/76.0.3809.100 Safari/537.36"
188.252.198.33 - - [27/Aug/2019:16:49:39 +0000] "GET /css/bootstrap-dropdownhover.css HTTP/1.1" 200 433 "https://www.toplokacija-nekretnine.com/stanovi/zadar-borik-novogradnja-ekskluzivan-top-objekt-s-5-stanova-prizemlje-6323m2" "Mozilla/5.0 (Windows NT 10.0; Win64; x64) AppleWebKit/537.36 (KHTML, like Gecko) Chrome/76.0.3809.100 Safari/537.36"
188.252.198.33 - - [27/Aug/2019:16:49:39 +0000] "GET /css/animate.min.css HTTP/1.1" 200 3598 "https://www.toplokacija-nekretnine.com/stanovi/zadar-borik-novogradnja-ekskluzivan-top-objekt-s-5-stanova-prizemlje-6323m2" "Mozilla/5.0 (Windows NT 10.0; Win64; x64) AppleWebKit/537.36 (KHTML, like Gecko) Chrome/76.0.3809.100 Safari/537.36"
188.252.198.33 - - [27/Aug/2019:16:49:39 +0000] "GET /assets/plugins/flag/css/flag-icon.css HTTP/1.1" 200 2837 "https://www.toplokacija-nekretnine.com/stanovi/zadar-borik-novogradnja-ekskluzivan-top-objekt-s-5-stanova-prizemlje-6323m2" "Mozilla/5.0 (Windows NT 10.0; Win64; x64) AppleWebKit/537.36 (KHTML, like Gecko) Chrome/76.0.3809.100 Safari/537.36"
188.252.198.33 - - [27/Aug/2019:16:49:39 +0000] "GET /css/animations.css HTTP/1.1" 200 2856 "https://www.toplokacija-nekretnine.com/stanovi/zadar-borik-novogradnja-ekskluzivan-top-objekt-s-5-stanova-prizemlje-6323m2" "Mozilla/5.0 (Windows NT 10.0; Win64; x64) AppleWebKit/537.36 (KHTML, like Gecko) Chrome/76.0.3809.100 Safari/537.36"
188.252.198.33 - - [27/Aug/2019:16:49:39 +0000] "GET /css/hover.css HTTP/1.1" 200 7051 "https://www.toplokacija-nekretnine.com/stanovi/zadar-borik-novogradnja-ekskluzivan-top-objekt-s-5-stanova-prizemlje-6323m2" "Mozilla/5.0 (Windows NT 10.0; Win64; x64) AppleWebKit/537.36 (KHTML, like Gecko) Chrome/76.0.3809.100 Safari/537.36"
188.252.198.33 - - [27/Aug/2019:16:49:39 +0000] "GET /css/cookieconsent.min.css HTTP/1.1" 200 1209 "https://www.toplokacija-nekretnine.com/stanovi/zadar-borik-novogradnja-ekskluzivan-top-objekt-s-5-stanova-prizemlje-6323m2" "Mozilla/5.0 (Windows NT 10.0; Win64; x64) AppleWebKit/537.36 (KHTML, like Gecko) Chrome/76.0.3809.100 Safari/537.36"
188.252.198.33 - - [27/Aug/2019:16:49:39 +0000] "GET /css/style.css?v=15 HTTP/1.1" 200 7634 "https://www.toplokacija-nekretnine.com/stanovi/zadar-borik-novogradnja-ekskluzivan-top-objekt-s-5-stanova-prizemlje-6323m2" "Mozilla/5.0 (Windows NT 10.0; Win64; x64) AppleWebKit/537.36 (KHTML, like Gecko) Chrome/76.0.3809.100 Safari/537.36"
188.252.198.33 - - [27/Aug/2019:16:49:39 +0000] "GET /css/responsive.css?v=4 HTTP/1.1" 200 1151 "https://www.toplokacija-nekretnine.com/stanovi/zadar-borik-novogradnja-ekskluzivan-top-objekt-s-5-stanova-prizemlje-6323m2" "Mozilla/5.0 (Windows NT 10.0; Win64; x64) AppleWebKit/537.36 (KHTML, like Gecko) Chrome/76.0.3809.100 Safari/537.36"
188.252.198.33 - - [27/Aug/2019:16:49:39 +0000] "GET /unitegallery/css/unite-gallery.css HTTP/1.1" 200 4825 "https://www.toplokacija-nekretnine.com/stanovi/zadar-borik-novogradnja-ekskluzivan-top-objekt-s-5-stanova-prizemlje-6323m2" "Mozilla/5.0 (Windows NT 10.0; Win64; x64) AppleWebKit/537.36 (KHTML, like Gecko) Chrome/76.0.3809.100 Safari/537.36"
188.252.198.33 - - [27/Aug/2019:16:49:39 +0000] "GET /js/bootstrap.min.js HTTP/1.1" 200 9833 "https://www.toplokacija-nekretnine.com/stanovi/zadar-borik-novogradnja-ekskluzivan-top-objekt-s-5-stanova-prizemlje-6323m2" "Mozilla/5.0 (Windows NT 10.0; Win64; x64) AppleWebKit/537.36 (KHTML, like Gecko) Chrome/76.0.3809.100 Safari/537.36"
188.252.198.33 - - [27/Aug/2019:16:49:39 +0000] "GET /js/jquery.min.js HTTP/1.1" 200 29820 "https://www.toplokacija-nekretnine.com/stanovi/zadar-borik-novogradnja-ekskluzivan-top-objekt-s-5-stanova-prizemlje-6323m2" "Mozilla/5.0 (Windows NT 10.0; Win64; x64) AppleWebKit/537.36 (KHTML, like Gecko) Chrome/76.0.3809.100 Safari/537.36"
188.252.198.33 - - [27/Aug/2019:16:49:39 +0000] "GET /js/css3-animate-it.js HTTP/1.1" 200 1504 "https://www.toplokacija-nekretnine.com/stanovi/zadar-borik-novogradnja-ekskluzivan-top-objekt-s-5-stanova-prizemlje-6323m2" "Mozilla/5.0 (Windows NT 10.0; Win64; x64) AppleWebKit/537.36 (KHTML, like Gecko) Chrome/76.0.3809.100 Safari/537.36"
188.252.198.33 - - [27/Aug/2019:16:49:39 +0000] "GET /js/bootstrap-dropdownhover.min.js HTTP/1.1" 200 1355 "https://www.toplokacija-nekretnine.com/stanovi/zadar-borik-novogradnja-ekskluzivan-top-objekt-s-5-stanova-prizemlje-6323m2" "Mozilla/5.0 (Windows NT 10.0; Win64; x64) AppleWebKit/537.36 (KHTML, like Gecko) Chrome/76.0.3809.100 Safari/537.36"
188.252.198.33 - - [27/Aug/2019:16:49:39 +0000] "GET /js/jarallax.js HTTP/1.1" 200 2670 "https://www.toplokacija-nekretnine.com/stanovi/zadar-borik-novogradnja-ekskluzivan-top-objekt-s-5-stanova-prizemlje-6323m2" "Mozilla/5.0 (Windows NT 10.0; Win64; x64) AppleWebKit/537.36 (KHTML, like Gecko) Chrome/76.0.3809.100 Safari/537.36"
188.252.198.33 - - [27/Aug/2019:16:49:39 +0000] "GET /js/dyscrollup.js HTTP/1.1" 200 704 "https://www.toplokacija-nekretnine.com/stanovi/zadar-borik-novogradnja-ekskluzivan-top-objekt-s-5-stanova-prizemlje-6323m2" "Mozilla/5.0 (Windows NT 10.0; Win64; x64) AppleWebKit/537.36 (KHTML, like Gecko) Chrome/76.0.3809.100 Safari/537.36"
188.252.198.33 - - [27/Aug/2019:16:49:39 +0000] "GET /js/cookieconsent.min.js HTTP/1.1" 200 6849 "https://www.toplokacija-nekretnine.com/stanovi/zadar-borik-novogradnja-ekskluzivan-top-objekt-s-5-stanova-prizemlje-6323m2" "Mozilla/5.0 (Windows NT 10.0; Win64; x64) AppleWebKit/537.36 (KHTML, like Gecko) Chrome/76.0.3809.100 Safari/537.36"
188.252.198.33 - - [27/Aug/2019:16:49:39 +0000] "GET /js/jquery-scrolltofixed-min.js HTTP/1.1" 200 1717 "https://www.toplokacija-nekretnine.com/stanovi/zadar-borik-novogradnja-ekskluzivan-top-objekt-s-5-stanova-prizemlje-6323m2" "Mozilla/5.0 (Windows NT 10.0; Win64; x64) AppleWebKit/537.36 (KHTML, like Gecko) Chrome/76.0.3809.100 Safari/537.36"
188.252.198.33 - - [27/Aug/2019:16:49:39 +0000] "GET /js/main.js?v=4 HTTP/1.1" 200 551 "https://www.toplokacija-nekretnine.com/stanovi/zadar-borik-novogradnja-ekskluzivan-top-objekt-s-5-stanova-prizemlje-6323m2" "Mozilla/5.0 (Windows NT 10.0; Win64; x64) AppleWebKit/537.36 (KHTML, like Gecko) Chrome/76.0.3809.100 Safari/537.36"
188.252.198.33 - - [27/Aug/2019:16:49:39 +0000] "GET /unitegallery/js/jquery-11.0.min.js HTTP/1.1" 200 33369 "https://www.toplokacija-nekretnine.com/stanovi/zadar-borik-novogradnja-ekskluzivan-top-objekt-s-5-stanova-prizemlje-6323m2" "Mozilla/5.0 (Windows NT 10.0; Win64; x64) AppleWebKit/537.36 (KHTML, like Gecko) Chrome/76.0.3809.100 Safari/537.36"
188.252.198.33 - - [27/Aug/2019:16:49:39 +0000] "GET /unitegallery/js/unitegallery.min.js HTTP/1.1" 200 66910 "https://www.toplokacija-nekretnine.com/stanovi/zadar-borik-novogradnja-ekskluzivan-top-objekt-s-5-stanova-prizemlje-6323m2" "Mozilla/5.0 (Windows NT 10.0; Win64; x64) AppleWebKit/537.36 (KHTML, like Gecko) Chrome/76.0.3809.100 Safari/537.36"
188.252.198.33 - - [27/Aug/2019:16:49:39 +0000] "GET /images/logo_hr.png HTTP/1.1" 200 5600 "https://www.toplokacija-nekretnine.com/stanovi/zadar-borik-novogradnja-ekskluzivan-top-objekt-s-5-stanova-prizemlje-6323m2" "Mozilla/5.0 (Windows NT 10.0; Win64; x64) AppleWebKit/537.36 (KHTML, like Gecko) Chrome/76.0.3809.100 Safari/537.36"
188.252.198.33 - - [27/Aug/2019:16:49:39 +0000] "GET /fonts/fontawesome-webfont.woff2?v=4.7.0 HTTP/1.1" 200 77160 "https://www.toplokacija-nekretnine.com/css/font-awesome.min.css" "Mozilla/5.0 (Windows NT 10.0; Win64; x64) AppleWebKit/537.36 (KHTML, like Gecko) Chrome/76.0.3809.100 Safari/537.36"
188.252.198.33 - - [27/Aug/2019:16:49:39 +0000] "GET /assets/plugins/flag/flags/4x3/hr.svg HTTP/1.1" 200 80697 "https://www.toplokacija-nekretnine.com/assets/plugins/flag/css/flag-icon.css" "Mozilla/5.0 (Windows NT 10.0; Win64; x64) AppleWebKit/537.36 (KHTML, like Gecko) Chrome/76.0.3809.100 Safari/537.36"
188.252.198.33 - - [27/Aug/2019:16:49:40 +0000] "GET /unitegallery/themes/compact/ug-theme-compact.js HTTP/1.1" 200 2477 "https://www.toplokacija-nekretnine.com/stanovi/zadar-borik-novogradnja-ekskluzivan-top-objekt-s-5-stanova-prizemlje-6323m2" "Mozilla/5.0 (Windows NT 10.0; Win64; x64) AppleWebKit/537.36 (KHTML, like Gecko) Chrome/76.0.3809.100 Safari/537.36"
188.252.198.33 - - [27/Aug/2019:16:49:39 +0000] "GET /images/background/2.jpg?v=2 HTTP/1.1" 200 111462 "https://www.toplokacija-nekretnine.com/css/style.css?v=15" "Mozilla/5.0 (Windows NT 10.0; Win64; x64) AppleWebKit/537.36 (KHTML, like Gecko) Chrome/76.0.3809.100 Safari/537.36"
188.252.198.33 - - [27/Aug/2019:16:49:40 +0000] "GET /images/spinner.gif HTTP/1.1" 200 56260 "https://www.toplokacija-nekretnine.com/css/style.css?v=15" "Mozilla/5.0 (Windows NT 10.0; Win64; x64) AppleWebKit/537.36 (KHTML, like Gecko) Chrome/76.0.3809.100 Safari/537.36"
188.252.198.33 - - [27/Aug/2019:16:49:40 +0000] "GET /uploads/thumbnails/9a52a8ca0447ea31fa487a3e6f96fdb3.jpg HTTP/1.1" 200 37164 "https://www.toplokacija-nekretnine.com/stanovi/zadar-borik-novogradnja-ekskluzivan-top-objekt-s-5-stanova-prizemlje-6323m2" "Mozilla/5.0 (Windows NT 10.0; Win64; x64) AppleWebKit/537.36 (KHTML, like Gecko) Chrome/76.0.3809.100 Safari/537.36"
188.252.198.33 - - [27/Aug/2019:16:49:40 +0000] "GET /uploads/thumbnails/627777c9ce1bb079584a7106ca83e404.jpg HTTP/1.1" 200 39492 "https://www.toplokacija-nekretnine.com/stanovi/zadar-borik-novogradnja-ekskluzivan-top-objekt-s-5-stanova-prizemlje-6323m2" "Mozilla/5.0 (Windows NT 10.0; Win64; x64) AppleWebKit/537.36 (KHTML, like Gecko) Chrome/76.0.3809.100 Safari/537.36"
188.252.198.33 - - [27/Aug/2019:16:49:40 +0000] "GET /uploads/thumbnails/b97c80951decb0f8a6994b94894e49f5.jpg HTTP/1.1" 200 29836 "https://www.toplokacija-nekretnine.com/stanovi/zadar-borik-novogradnja-ekskluzivan-top-objekt-s-5-stanova-prizemlje-6323m2" "Mozilla/5.0 (Windows NT 10.0; Win64; x64) AppleWebKit/537.36 (KHTML, like Gecko) Chrome/76.0.3809.100 Safari/537.36"
188.252.198.33 - - [27/Aug/2019:16:49:40 +0000] "GET /uploads/thumbnails/2c60185fb62a65b44d793a6d883f4fa6.jpg HTTP/1.1" 200 25758 "https://www.toplokacija-nekretnine.com/stanovi/zadar-borik-novogradnja-ekskluzivan-top-objekt-s-5-stanova-prizemlje-6323m2" "Mozilla/5.0 (Windows NT 10.0; Win64; x64) AppleWebKit/537.36 (KHTML, like Gecko) Chrome/76.0.3809.100 Safari/537.36"
188.252.198.33 - - [27/Aug/2019:16:49:40 +0000] "GET /uploads/thumbnails/a11fe9c5d5a013c4fb7d4a9cc0abe599.jpg HTTP/1.1" 200 24522 "https://www.toplokacija-nekretnine.com/stanovi/zadar-borik-novogradnja-ekskluzivan-top-objekt-s-5-stanova-prizemlje-6323m2" "Mozilla/5.0 (Windows NT 10.0; Win64; x64) AppleWebKit/537.36 (KHTML, like Gecko) Chrome/76.0.3809.100 Safari/537.36"
188.252.198.33 - - [27/Aug/2019:16:49:40 +0000] "GET /uploads/thumbnails/09bdee2fb3ce35dcbc8083b0caf0f80d.jpg HTTP/1.1" 200 27840 "https://www.toplokacija-nekretnine.com/stanovi/zadar-borik-novogradnja-ekskluzivan-top-objekt-s-5-stanova-prizemlje-6323m2" "Mozilla/5.0 (Windows NT 10.0; Win64; x64) AppleWebKit/537.36 (KHTML, like Gecko) Chrome/76.0.3809.100 Safari/537.36"
188.252.198.33 - - [27/Aug/2019:16:49:40 +0000] "GET /uploads/thumbnails/c4fb89ca60d7e7ba9d5a943ff3ce75c9.jpg HTTP/1.1" 200 35079 "https://www.toplokacija-nekretnine.com/stanovi/zadar-borik-novogradnja-ekskluzivan-top-objekt-s-5-stanova-prizemlje-6323m2" "Mozilla/5.0 (Windows NT 10.0; Win64; x64) AppleWebKit/537.36 (KHTML, like Gecko) Chrome/76.0.3809.100 Safari/537.36"
188.252.198.33 - - [27/Aug/2019:16:49:40 +0000] "GET /uploads/thumbnails/6baa16170863401f45de2ed0251c71de.jpg HTTP/1.1" 200 22604 "https://www.toplokacija-nekretnine.com/stanovi/zadar-borik-novogradnja-ekskluzivan-top-objekt-s-5-stanova-prizemlje-6323m2" "Mozilla/5.0 (Windows NT 10.0; Win64; x64) AppleWebKit/537.36 (KHTML, like Gecko) Chrome/76.0.3809.100 Safari/537.36"
188.252.198.33 - - [27/Aug/2019:16:49:40 +0000] "GET /uploads/thumbnails/e8307e369ef7ddc2a26957cf40f1f99e.jpg HTTP/1.1" 200 37776 "https://www.toplokacija-nekretnine.com/stanovi/zadar-borik-novogradnja-ekskluzivan-top-objekt-s-5-stanova-prizemlje-6323m2" "Mozilla/5.0 (Windows NT 10.0; Win64; x64) AppleWebKit/537.36 (KHTML, like Gecko) Chrome/76.0.3809.100 Safari/537.36"
188.252.198.33 - - [27/Aug/2019:16:49:40 +0000] "GET /uploads/thumbnails/45b2d9eee6cd041af343860d8822d939.jpg HTTP/1.1" 200 27975 "https://www.toplokacija-nekretnine.com/stanovi/zadar-borik-novogradnja-ekskluzivan-top-objekt-s-5-stanova-prizemlje-6323m2" "Mozilla/5.0 (Windows NT 10.0; Win64; x64) AppleWebKit/537.36 (KHTML, like Gecko) Chrome/76.0.3809.100 Safari/537.36"
188.252.198.33 - - [27/Aug/2019:16:49:40 +0000] "GET /uploads/thumbnails/57714237c31e76b220d5a4ae98cbcc4d.jpg HTTP/1.1" 200 33223 "https://www.toplokacija-nekretnine.com/stanovi/zadar-borik-novogradnja-ekskluzivan-top-objekt-s-5-stanova-prizemlje-6323m2" "Mozilla/5.0 (Windows NT 10.0; Win64; x64) AppleWebKit/537.36 (KHTML, like Gecko) Chrome/76.0.3809.100 Safari/537.36"
188.252.198.33 - - [27/Aug/2019:16:49:40 +0000] "GET /uploads/thumbnails/cbdff3a0fb9dd13c72dcbf23d19340d4.jpg HTTP/1.1" 200 33962 "https://www.toplokacija-nekretnine.com/stanovi/zadar-borik-novogradnja-ekskluzivan-top-objekt-s-5-stanova-prizemlje-6323m2" "Mozilla/5.0 (Windows NT 10.0; Win64; x64) AppleWebKit/537.36 (KHTML, like Gecko) Chrome/76.0.3809.100 Safari/537.36"
188.252.198.33 - - [27/Aug/2019:16:49:40 +0000] "GET /uploads/thumbnails/8eadf2fcadd21122e812ad11035c1268.jpg HTTP/1.1" 200 33687 "https://www.toplokacija-nekretnine.com/stanovi/zadar-borik-novogradnja-ekskluzivan-top-objekt-s-5-stanova-prizemlje-6323m2" "Mozilla/5.0 (Windows NT 10.0; Win64; x64) AppleWebKit/537.36 (KHTML, like Gecko) Chrome/76.0.3809.100 Safari/537.36"
188.252.198.33 - - [27/Aug/2019:16:49:40 +0000] "GET /unitegallery/skins/default/slider_arrow_left.png HTTP/1.1" 200 493 "https://www.toplokacija-nekretnine.com/unitegallery/css/unite-gallery.css" "Mozilla/5.0 (Windows NT 10.0; Win64; x64) AppleWebKit/537.36 (KHTML, like Gecko) Chrome/76.0.3809.100 Safari/537.36"
188.252.198.33 - - [27/Aug/2019:16:49:39 +0000] "GET /fonts/icofont.ttf?v=1.0.0-beta HTTP/1.1" 200 1018620 "https://www.toplokacija-nekretnine.com/css/icofont.css" "Mozilla/5.0 (Windows NT 10.0; Win64; x64) AppleWebKit/537.36 (KHTML, like Gecko) Chrome/76.0.3809.100 Safari/537.36"
188.252.198.33 - - [27/Aug/2019:16:49:40 +0000] "GET /unitegallery/skins/default/slider_arrow_right.png HTTP/1.1" 200 505 "https://www.toplokacija-nekretnine.com/unitegallery/css/unite-gallery.css" "Mozilla/5.0 (Windows NT 10.0; Win64; x64) AppleWebKit/537.36 (KHTML, like Gecko) Chrome/76.0.3809.100 Safari/537.36"
188.252.198.33 - - [27/Aug/2019:16:49:40 +0000] "GET /unitegallery/images/loader-white1.gif HTTP/1.1" 200 2545 "https://www.toplokacija-nekretnine.com/unitegallery/css/unite-gallery.css" "Mozilla/5.0 (Windows NT 10.0; Win64; x64) AppleWebKit/537.36 (KHTML, like Gecko) Chrome/76.0.3809.100 Safari/537.36"
188.252.198.33 - - [27/Aug/2019:16:49:40 +0000] "GET /unitegallery/skins/default/button_fullscreen.png HTTP/1.1" 200 1146 "https://www.toplokacija-nekretnine.com/unitegallery/css/unite-gallery.css" "Mozilla/5.0 (Windows NT 10.0; Win64; x64) AppleWebKit/537.36 (KHTML, like Gecko) Chrome/76.0.3809.100 Safari/537.36"
188.252.198.33 - - [27/Aug/2019:16:49:40 +0000] "GET /unitegallery/images/loader.gif HTTP/1.1" 200 673 "https://www.toplokacija-nekretnine.com/unitegallery/css/unite-gallery.css" "Mozilla/5.0 (Windows NT 10.0; Win64; x64) AppleWebKit/537.36 (KHTML, like Gecko) Chrome/76.0.3809.100 Safari/537.36"
188.252.198.33 - - [27/Aug/2019:16:49:40 +0000] "GET /unitegallery/images/play-button-square.png HTTP/1.1" 200 4591 "https://www.toplokacija-nekretnine.com/unitegallery/css/unite-gallery.css" "Mozilla/5.0 (Windows NT 10.0; Win64; x64) AppleWebKit/537.36 (KHTML, like Gecko) Chrome/76.0.3809.100 Safari/537.36"
188.252.198.33 - - [27/Aug/2019:16:49:40 +0000] "GET /unitegallery/images/loader-black1.gif HTTP/1.1" 200 5855 "https://www.toplokacija-nekretnine.com/unitegallery/css/unite-gallery.css" "Mozilla/5.0 (Windows NT 10.0; Win64; x64) AppleWebKit/537.36 (KHTML, like Gecko) Chrome/76.0.3809.100 Safari/537.36"
188.252.198.33 - - [27/Aug/2019:16:49:40 +0000] "GET /uploads/images/09bdee2fb3ce35dcbc8083b0caf0f80d.jpg HTTP/1.1" 200 157224 "https://www.toplokacija-nekretnine.com/stanovi/zadar-borik-novogradnja-ekskluzivan-top-objekt-s-5-stanova-prizemlje-6323m2" "Mozilla/5.0 (Windows NT 10.0; Win64; x64) AppleWebKit/537.36 (KHTML, like Gecko) Chrome/76.0.3809.100 Safari/537.36"
188.252.198.33 - - [27/Aug/2019:16:49:40 +0000] "GET /uploads/images/9a52a8ca0447ea31fa487a3e6f96fdb3.jpg HTTP/1.1" 200 91554 "https://www.toplokacija-nekretnine.com/stanovi/zadar-borik-novogradnja-ekskluzivan-top-objekt-s-5-stanova-prizemlje-6323m2" "Mozilla/5.0 (Windows NT 10.0; Win64; x64) AppleWebKit/537.36 (KHTML, like Gecko) Chrome/76.0.3809.100 Safari/537.36"
188.252.198.33 - - [27/Aug/2019:16:49:40 +0000] "GET /uploads/images/627777c9ce1bb079584a7106ca83e404.jpg HTTP/1.1" 200 94195 "https://www.toplokacija-nekretnine.com/stanovi/zadar-borik-novogradnja-ekskluzivan-top-objekt-s-5-stanova-prizemlje-6323m2" "Mozilla/5.0 (Windows NT 10.0; Win64; x64) AppleWebKit/537.36 (KHTML, like Gecko) Chrome/76.0.3809.100 Safari/537.36"
188.252.198.33 - - [27/Aug/2019:16:49:40 +0000] "GET /unitegallery/images/cover-grid.png HTTP/1.1" 200 933 "https://www.toplokacija-nekretnine.com/unitegallery/css/unite-gallery.css" "Mozilla/5.0 (Windows NT 10.0; Win64; x64) AppleWebKit/537.36 (KHTML, like Gecko) Chrome/76.0.3809.100 Safari/537.36"
188.252.198.33 - - [27/Aug/2019:16:49:40 +0000] "GET /images/background/1.jpg HTTP/1.1" 200 99961 "https://www.toplokacija-nekretnine.com/css/style.css?v=15" "Mozilla/5.0 (Windows NT 10.0; Win64; x64) AppleWebKit/537.36 (KHTML, like Gecko) Chrome/76.0.3809.100 Safari/537.36"
188.252.198.33 - - [27/Aug/2019:16:49:40 +0000] "GET /unitegallery/images/not_loaded.png HTTP/1.1" 200 858 "https://www.toplokacija-nekretnine.com/unitegallery/css/unite-gallery.css" "Mozilla/5.0 (Windows NT 10.0; Win64; x64) AppleWebKit/537.36 (KHTML, like Gecko) Chrome/76.0.3809.100 Safari/537.36"
188.252.198.33 - - [27/Aug/2019:16:49:40 +0000] "GET /unitegallery/images/button-close.png HTTP/1.1" 200 7155 "https://www.toplokacija-nekretnine.com/unitegallery/css/unite-gallery.css" "Mozilla/5.0 (Windows NT 10.0; Win64; x64) AppleWebKit/537.36 (KHTML, like Gecko) Chrome/76.0.3809.100 Safari/537.36"
188.252.198.33 - - [27/Aug/2019:16:49:40 +0000] "GET /favicon-32x32.png HTTP/1.1" 200 2105 "https://www.toplokacija-nekretnine.com/stanovi/zadar-borik-novogradnja-ekskluzivan-top-objekt-s-5-stanova-prizemlje-6323m2" "Mozilla/5.0 (Windows NT 10.0; Win64; x64) AppleWebKit/537.36 (KHTML, like Gecko) Chrome/76.0.3809.100 Safari/537.36"
188.252.198.33 - - [27/Aug/2019:16:49:41 +0000] "GET /site.webmanifest HTTP/1.1" 200 291 "https://www.toplokacija-nekretnine.com/stanovi/zadar-borik-novogradnja-ekskluzivan-top-objekt-s-5-stanova-prizemlje-6323m2" "Mozilla/5.0 (Windows NT 10.0; Win64; x64) AppleWebKit/537.36 (KHTML, like Gecko) Chrome/76.0.3809.100 Safari/537.36"
81.209.177.136 - - [27/Aug/2019:16:49:49 +0000] "GET /hr/stanovi?page=1 HTTP/1.1" 200 5963 "-" "netEstate NE Crawler (+http://www.website-datenbank.de/)"
81.209.177.189 - - [27/Aug/2019:16:50:02 +0000] "GET /hr/zemljista/zadar-skrocini-panoramski-pogled-prilika-za-investitore-1032m2 HTTP/1.1" 200 6119 "-" "netEstate NE Crawler (+http://www.website-datenbank.de/)"
188.252.198.33 - - [27/Aug/2019:16:50:16 +0000] "GET /uploads/images/b97c80951decb0f8a6994b94894e49f5.jpg HTTP/1.1" 200 69970 "https://www.toplokacija-nekretnine.com/stanovi/zadar-borik-novogradnja-ekskluzivan-top-objekt-s-5-stanova-prizemlje-6323m2" "Mozilla/5.0 (Windows NT 10.0; Win64; x64) AppleWebKit/537.36 (KHTML, like Gecko) Chrome/76.0.3809.100 Safari/537.36"
188.252.198.33 - - [27/Aug/2019:16:50:17 +0000] "GET /uploads/images/2c60185fb62a65b44d793a6d883f4fa6.jpg HTTP/1.1" 200 67149 "https://www.toplokacija-nekretnine.com/stanovi/zadar-borik-novogradnja-ekskluzivan-top-objekt-s-5-stanova-prizemlje-6323m2" "Mozilla/5.0 (Windows NT 10.0; Win64; x64) AppleWebKit/537.36 (KHTML, like Gecko) Chrome/76.0.3809.100 Safari/537.36"
81.209.177.189 - - [27/Aug/2019:16:50:19 +0000] "GET /hr/zemljista/bibinje-predio-rezani-1700m2 HTTP/1.1" 200 6081 "-" "netEstate NE Crawler (+http://www.website-datenbank.de/)"
188.252.198.33 - - [27/Aug/2019:16:50:30 +0000] "GET /uploads/images/45b2d9eee6cd041af343860d8822d939.jpg HTTP/1.1" 200 70366 "https://www.toplokacija-nekretnine.com/stanovi/zadar-borik-novogradnja-ekskluzivan-top-objekt-s-5-stanova-prizemlje-6323m2" "Mozilla/5.0 (Windows NT 10.0; Win64; x64) AppleWebKit/537.36 (KHTML, like Gecko) Chrome/76.0.3809.100 Safari/537.36"
81.209.177.189 - - [27/Aug/2019:16:50:34 +0000] "GET /en/houses HTTP/1.1" 200 5634 "-" "netEstate NE Crawler (+http://www.website-datenbank.de/)"
188.252.198.33 - - [27/Aug/2019:16:50:35 +0000] "GET /uploads/images/6baa16170863401f45de2ed0251c71de.jpg HTTP/1.1" 200 61027 "https://www.toplokacija-nekretnine.com/stanovi/zadar-borik-novogradnja-ekskluzivan-top-objekt-s-5-stanova-prizemlje-6323m2" "Mozilla/5.0 (Windows NT 10.0; Win64; x64) AppleWebKit/537.36 (KHTML, like Gecko) Chrome/76.0.3809.100 Safari/537.36"
188.252.198.33 - - [27/Aug/2019:16:50:36 +0000] "GET /uploads/images/a11fe9c5d5a013c4fb7d4a9cc0abe599.jpg HTTP/1.1" 200 65345 "https://www.toplokacija-nekretnine.com/stanovi/zadar-borik-novogradnja-ekskluzivan-top-objekt-s-5-stanova-prizemlje-6323m2" "Mozilla/5.0 (Windows NT 10.0; Win64; x64) AppleWebKit/537.36 (KHTML, like Gecko) Chrome/76.0.3809.100 Safari/537.36"
188.252.198.33 - - [27/Aug/2019:16:50:37 +0000] "GET /uploads/images/e8307e369ef7ddc2a26957cf40f1f99e.jpg HTTP/1.1" 200 93891 "https://www.toplokacija-nekretnine.com/stanovi/zadar-borik-novogradnja-ekskluzivan-top-objekt-s-5-stanova-prizemlje-6323m2" "Mozilla/5.0 (Windows NT 10.0; Win64; x64) AppleWebKit/537.36 (KHTML, like Gecko) Chrome/76.0.3809.100 Safari/537.36"
188.252.198.33 - - [27/Aug/2019:16:50:38 +0000] "GET /uploads/images/8eadf2fcadd21122e812ad11035c1268.jpg HTTP/1.1" 200 232898 "https://www.toplokacija-nekretnine.com/stanovi/zadar-borik-novogradnja-ekskluzivan-top-objekt-s-5-stanova-prizemlje-6323m2" "Mozilla/5.0 (Windows NT 10.0; Win64; x64) AppleWebKit/537.36 (KHTML, like Gecko) Chrome/76.0.3809.100 Safari/537.36"
188.252.198.33 - - [27/Aug/2019:16:50:39 +0000] "GET /uploads/images/c4fb89ca60d7e7ba9d5a943ff3ce75c9.jpg HTTP/1.1" 200 190980 "https://www.toplokacija-nekretnine.com/stanovi/zadar-borik-novogradnja-ekskluzivan-top-objekt-s-5-stanova-prizemlje-6323m2" "Mozilla/5.0 (Windows NT 10.0; Win64; x64) AppleWebKit/537.36 (KHTML, like Gecko) Chrome/76.0.3809.100 Safari/537.36"
188.252.198.33 - - [27/Aug/2019:16:50:41 +0000] "GET /uploads/images/57714237c31e76b220d5a4ae98cbcc4d.jpg HTTP/1.1" 200 188170 "https://www.toplokacija-nekretnine.com/stanovi/zadar-borik-novogradnja-ekskluzivan-top-objekt-s-5-stanova-prizemlje-6323m2" "Mozilla/5.0 (Windows NT 10.0; Win64; x64) AppleWebKit/537.36 (KHTML, like Gecko) Chrome/76.0.3809.100 Safari/537.36"
188.252.198.33 - - [27/Aug/2019:16:50:44 +0000] "GET /uploads/images/cbdff3a0fb9dd13c72dcbf23d19340d4.jpg HTTP/1.1" 200 199715 "https://www.toplokacija-nekretnine.com/stanovi/zadar-borik-novogradnja-ekskluzivan-top-objekt-s-5-stanova-prizemlje-6323m2" "Mozilla/5.0 (Windows NT 10.0; Win64; x64) AppleWebKit/537.36 (KHTML, like Gecko) Chrome/76.0.3809.100 Safari/537.36"
81.209.177.189 - - [27/Aug/2019:16:50:50 +0000] "GET /en/houses/zaton-moderna-kuca-s-4-apartmana-i-bazenom HTTP/1.1" 200 7108 "-" "netEstate NE Crawler (+http://www.website-datenbank.de/)"
81.209.177.136 - - [27/Aug/2019:16:51:12 +0000] "GET /en/flats/novorenovirano-47m2-2kat-melada HTTP/1.1" 200 6265 "-" "netEstate NE Crawler (+http://www.website-datenbank.de/)"
81.209.177.136 - - [27/Aug/2019:16:51:32 +0000] "GET /kuce/vir-kuca-sa-apartmanima-50m-od-mora HTTP/1.1" 200 6714 "-" "netEstate NE Crawler (+http://www.website-datenbank.de/)"
