90.132.165.188 - - [27/Aug/2019:16:07:19 +0000] "GET /stanovi/zadar-vidikovac-stan-50m2 HTTP/1.1" 200 6683 "-" "WhatsApp/2.19.134 A"
90.132.165.188 - - [27/Aug/2019:16:07:19 +0000] "GET /stanovi/zadar-vidikovac-stan-50m2 HTTP/1.1" 200 6680 "-" "WhatsApp/2.19.134 A"
90.132.165.188 - - [27/Aug/2019:16:07:20 +0000] "GET /favicon-16x16.png HTTP/1.1" 200 1751 "-" "WhatsApp/2.19.134 A"
158.69.224.162 - - [27/Aug/2019:16:07:21 +0000] "GET /o-nama HTTP/1.1" 200 3971 "-" "Mozilla/5.0 (Windows; U; Windows NT 5.1; de; rv:1.9.2.3) Gecko/20100401 Firefox/3.6.3"
158.69.224.162 - - [27/Aug/2019:16:07:22 +0000] "GET /hoteli HTTP/1.1" 200 4377 "-" "Mozilla/5.0 (Windows; U; Windows NT 5.1; de; rv:1.9.2.3) Gecko/20100401 Firefox/3.6.3"
158.69.224.162 - - [27/Aug/2019:16:09:05 +0000] "GET /vile HTTP/1.1" 200 4375 "-" "Mozilla/5.0 (Windows; U; Windows NT 5.1; de; rv:1.9.2.3) Gecko/20100401 Firefox/3.6.3"
158.69.224.162 - - [27/Aug/2019:16:09:39 +0000] "GET /usluge HTTP/1.1" 200 3699 "-" "Mozilla/5.0 (Windows; U; Windows NT 5.1; de; rv:1.9.2.3) Gecko/20100401 Firefox/3.6.3"
40.77.167.145 - - [27/Aug/2019:16:11:46 +0000] "GET /en/lands/privlaka-bilotinjak-gradevinsko-zemljiste-1157m2 HTTP/1.1" 200 5962 "-" "Mozilla/5.0 (compatible; bingbot/2.0; +http://www.bing.com/bingbot.htm)"
81.209.177.136 - - [27/Aug/2019:16:13:42 +0000] "GET /robots.txt HTTP/1.1" 200 24 "-" "netEstate NE Crawler (+http://www.website-datenbank.de/)"
81.209.177.136 - - [27/Aug/2019:16:13:54 +0000] "GET / HTTP/1.1" 200 9289 "-" "netEstate NE Crawler (+http://www.website-datenbank.de/)"
81.209.177.136 - - [27/Aug/2019:16:14:16 +0000] "GET /zemljista/filip-jakov-gradevinsko-zemljiste-1098m2 HTTP/1.1" 200 6405 "-" "netEstate NE Crawler (+http://www.website-datenbank.de/)"
81.209.177.136 - - [27/Aug/2019:16:14:38 +0000] "GET / HTTP/1.1" 200 9289 "-" "netEstate NE Crawler (+http://www.website-datenbank.de/)"
81.209.177.189 - - [27/Aug/2019:16:14:51 +0000] "GET /stanovi/zadar-diklovac-dvoetazan-stan-9607m2 HTTP/1.1" 200 7071 "-" "netEstate NE Crawler (+http://www.website-datenbank.de/)"
81.209.177.189 - - [27/Aug/2019:16:15:15 +0000] "GET /zemljista HTTP/1.1" 200 5915 "-" "netEstate NE Crawler (+http://www.website-datenbank.de/)"
81.209.177.189 - - [27/Aug/2019:16:15:33 +0000] "GET /stanovi/zadar-borik-novogradnja-ekskluzivan-top-objekt-s-5-stanova-1kat-7918m2 HTTP/1.1" 200 7146 "-" "netEstate NE Crawler (+http://www.website-datenbank.de/)"
81.209.177.189 - - [27/Aug/2019:16:15:50 +0000] "GET /stanovi/novogradnja-60m2-2kat-diklovac HTTP/1.1" 200 6692 "-" "netEstate NE Crawler (+http://www.website-datenbank.de/)"
90.132.165.188 - - [27/Aug/2019:16:15:56 +0000] "GET / HTTP/1.1" 200 9289 "https://www.google.com/" "Mozilla/5.0 (Linux; Android 7.0; SM-G928F) AppleWebKit/537.36 (KHTML, like Gecko) Chrome/72.0.3626.105 Mobile Safari/537.36"
90.132.165.188 - - [27/Aug/2019:16:16:08 +0000] "GET /images/slides/slider3.jpg HTTP/1.1" 200 405556 "https://www.toplokacija-nekretnine.com/" "Mozilla/5.0 (Linux; Android 7.0; SM-G928F) AppleWebKit/537.36 (KHTML, like Gecko) Chrome/72.0.3626.105 Mobile Safari/537.36"
89.201.212.207 - - [27/Aug/2019:16:16:09 +0000] "GET / HTTP/1.1" 301 247 "https://l.instagram.com/" "Mozilla/5.0 (Linux; Android 8.0.0; SM-G930F Build/R16NW; wv) AppleWebKit/537.36 (KHTML, like Gecko) Version/4.0 Chrome/76.0.3809.111 Mobile Safari/537.36 Instagram 107.0.0.27.121 Android (26/8.0.0; 480dpi; 1080x1920; samsung; SM-G930F; herolte; samsungexynos8890; hr_HR; 168361634)"
89.201.212.207 - - [27/Aug/2019:16:16:09 +0000] "GET / HTTP/1.1" 200 9289 "https://l.instagram.com/" "Mozilla/5.0 (Linux; Android 8.0.0; SM-G930F Build/R16NW; wv) AppleWebKit/537.36 (KHTML, like Gecko) Version/4.0 Chrome/76.0.3809.111 Mobile Safari/537.36 Instagram 107.0.0.27.121 Android (26/8.0.0; 480dpi; 1080x1920; samsung; SM-G930F; herolte; samsungexynos8890; hr_HR; 168361634)"
89.201.212.207 - - [27/Aug/2019:16:16:09 +0000] "GET /css/bootstrap.min.css HTTP/1.1" 200 19744 "https://www.toplokacija-nekretnine.com/" "Mozilla/5.0 (Linux; Android 8.0.0; SM-G930F Build/R16NW; wv) AppleWebKit/537.36 (KHTML, like Gecko) Version/4.0 Chrome/76.0.3809.111 Mobile Safari/537.36 Instagram 107.0.0.27.121 Android (26/8.0.0; 480dpi; 1080x1920; samsung; SM-G930F; herolte; samsungexynos8890; hr_HR; 168361634)"
89.201.212.207 - - [27/Aug/2019:16:16:09 +0000] "GET /css/font-awesome.min.css HTTP/1.1" 200 7053 "https://www.toplokacija-nekretnine.com/" "Mozilla/5.0 (Linux; Android 8.0.0; SM-G930F Build/R16NW; wv) AppleWebKit/537.36 (KHTML, like Gecko) Version/4.0 Chrome/76.0.3809.111 Mobile Safari/537.36 Instagram 107.0.0.27.121 Android (26/8.0.0; 480dpi; 1080x1920; samsung; SM-G930F; herolte; samsungexynos8890; hr_HR; 168361634)"
89.201.212.207 - - [27/Aug/2019:16:16:09 +0000] "GET /css/icofont.css HTTP/1.1" 200 16775 "https://www.toplokacija-nekretnine.com/" "Mozilla/5.0 (Linux; Android 8.0.0; SM-G930F Build/R16NW; wv) AppleWebKit/537.36 (KHTML, like Gecko) Version/4.0 Chrome/76.0.3809.111 Mobile Safari/537.36 Instagram 107.0.0.27.121 Android (26/8.0.0; 480dpi; 1080x1920; samsung; SM-G930F; herolte; samsungexynos8890; hr_HR; 168361634)"
89.201.212.207 - - [27/Aug/2019:16:16:09 +0000] "GET /css/bootstrap-dropdownhover.css HTTP/1.1" 200 433 "https://www.toplokacija-nekretnine.com/" "Mozilla/5.0 (Linux; Android 8.0.0; SM-G930F Build/R16NW; wv) AppleWebKit/537.36 (KHTML, like Gecko) Version/4.0 Chrome/76.0.3809.111 Mobile Safari/537.36 Instagram 107.0.0.27.121 Android (26/8.0.0; 480dpi; 1080x1920; samsung; SM-G930F; herolte; samsungexynos8890; hr_HR; 168361634)"
89.201.212.207 - - [27/Aug/2019:16:16:10 +0000] "GET /css/animations.css HTTP/1.1" 200 2856 "https://www.toplokacija-nekretnine.com/" "Mozilla/5.0 (Linux; Android 8.0.0; SM-G930F Build/R16NW; wv) AppleWebKit/537.36 (KHTML, like Gecko) Version/4.0 Chrome/76.0.3809.111 Mobile Safari/537.36 Instagram 107.0.0.27.121 Android (26/8.0.0; 480dpi; 1080x1920; samsung; SM-G930F; herolte; samsungexynos8890; hr_HR; 168361634)"
89.201.212.207 - - [27/Aug/2019:16:16:10 +0000] "GET /css/hover.css HTTP/1.1" 200 7051 "https://www.toplokacija-nekretnine.com/" "Mozilla/5.0 (Linux; Android 8.0.0; SM-G930F Build/R16NW; wv) AppleWebKit/537.36 (KHTML, like Gecko) Version/4.0 Chrome/76.0.3809.111 Mobile Safari/537.36 Instagram 107.0.0.27.121 Android (26/8.0.0; 480dpi; 1080x1920; samsung; SM-G930F; herolte; samsungexynos8890; hr_HR; 168361634)"
89.201.212.207 - - [27/Aug/2019:16:16:10 +0000] "GET /css/animate.min.css HTTP/1.1" 200 3598 "https://www.toplokacija-nekretnine.com/" "Mozilla/5.0 (Linux; Android 8.0.0; SM-G930F Build/R16NW; wv) AppleWebKit/537.36 (KHTML, like Gecko) Version/4.0 Chrome/76.0.3809.111 Mobile Safari/537.36 Instagram 107.0.0.27.121 Android (26/8.0.0; 480dpi; 1080x1920; samsung; SM-G930F; herolte; samsungexynos8890; hr_HR; 168361634)"
89.201.212.207 - - [27/Aug/2019:16:16:10 +0000] "GET /assets/plugins/flag/css/flag-icon.css HTTP/1.1" 200 2837 "https://www.toplokacija-nekretnine.com/" "Mozilla/5.0 (Linux; Android 8.0.0; SM-G930F Build/R16NW; wv) AppleWebKit/537.36 (KHTML, like Gecko) Version/4.0 Chrome/76.0.3809.111 Mobile Safari/537.36 Instagram 107.0.0.27.121 Android (26/8.0.0; 480dpi; 1080x1920; samsung; SM-G930F; herolte; samsungexynos8890; hr_HR; 168361634)"
89.201.212.207 - - [27/Aug/2019:16:16:10 +0000] "GET /css/cookieconsent.min.css HTTP/1.1" 200 1209 "https://www.toplokacija-nekretnine.com/" "Mozilla/5.0 (Linux; Android 8.0.0; SM-G930F Build/R16NW; wv) AppleWebKit/537.36 (KHTML, like Gecko) Version/4.0 Chrome/76.0.3809.111 Mobile Safari/537.36 Instagram 107.0.0.27.121 Android (26/8.0.0; 480dpi; 1080x1920; samsung; SM-G930F; herolte; samsungexynos8890; hr_HR; 168361634)"
89.201.212.207 - - [27/Aug/2019:16:16:10 +0000] "GET /css/style.css?v=15 HTTP/1.1" 200 7634 "https://www.toplokacija-nekretnine.com/" "Mozilla/5.0 (Linux; Android 8.0.0; SM-G930F Build/R16NW; wv) AppleWebKit/537.36 (KHTML, like Gecko) Version/4.0 Chrome/76.0.3809.111 Mobile Safari/537.36 Instagram 107.0.0.27.121 Android (26/8.0.0; 480dpi; 1080x1920; samsung; SM-G930F; herolte; samsungexynos8890; hr_HR; 168361634)"
89.201.212.207 - - [27/Aug/2019:16:16:10 +0000] "GET /css/responsive.css?v=4 HTTP/1.1" 200 1151 "https://www.toplokacija-nekretnine.com/" "Mozilla/5.0 (Linux; Android 8.0.0; SM-G930F Build/R16NW; wv) AppleWebKit/537.36 (KHTML, like Gecko) Version/4.0 Chrome/76.0.3809.111 Mobile Safari/537.36 Instagram 107.0.0.27.121 Android (26/8.0.0; 480dpi; 1080x1920; samsung; SM-G930F; herolte; samsungexynos8890; hr_HR; 168361634)"
89.201.212.207 - - [27/Aug/2019:16:16:10 +0000] "GET /css/vegas.css HTTP/1.1" 200 1522 "https://www.toplokacija-nekretnine.com/" "Mozilla/5.0 (Linux; Android 8.0.0; SM-G930F Build/R16NW; wv) AppleWebKit/537.36 (KHTML, like Gecko) Version/4.0 Chrome/76.0.3809.111 Mobile Safari/537.36 Instagram 107.0.0.27.121 Android (26/8.0.0; 480dpi; 1080x1920; samsung; SM-G930F; herolte; samsungexynos8890; hr_HR; 168361634)"
89.201.212.207 - - [27/Aug/2019:16:16:10 +0000] "GET /images/logo_hr.png HTTP/1.1" 200 5600 "https://www.toplokacija-nekretnine.com/" "Mozilla/5.0 (Linux; Android 8.0.0; SM-G930F Build/R16NW; wv) AppleWebKit/537.36 (KHTML, like Gecko) Version/4.0 Chrome/76.0.3809.111 Mobile Safari/537.36 Instagram 107.0.0.27.121 Android (26/8.0.0; 480dpi; 1080x1920; samsung; SM-G930F; herolte; samsungexynos8890; hr_HR; 168361634)"
89.201.212.207 - - [27/Aug/2019:16:16:10 +0000] "GET /js/bootstrap.min.js HTTP/1.1" 200 9833 "https://www.toplokacija-nekretnine.com/" "Mozilla/5.0 (Linux; Android 8.0.0; SM-G930F Build/R16NW; wv) AppleWebKit/537.36 (KHTML, like Gecko) Version/4.0 Chrome/76.0.3809.111 Mobile Safari/537.36 Instagram 107.0.0.27.121 Android (26/8.0.0; 480dpi; 1080x1920; samsung; SM-G930F; herolte; samsungexynos8890; hr_HR; 168361634)"
89.201.212.207 - - [27/Aug/2019:16:16:10 +0000] "GET /js/jquery.min.js HTTP/1.1" 200 29820 "https://www.toplokacija-nekretnine.com/" "Mozilla/5.0 (Linux; Android 8.0.0; SM-G930F Build/R16NW; wv) AppleWebKit/537.36 (KHTML, like Gecko) Version/4.0 Chrome/76.0.3809.111 Mobile Safari/537.36 Instagram 107.0.0.27.121 Android (26/8.0.0; 480dpi; 1080x1920; samsung; SM-G930F; herolte; samsungexynos8890; hr_HR; 168361634)"
89.201.212.207 - - [27/Aug/2019:16:16:10 +0000] "GET /js/css3-animate-it.js HTTP/1.1" 200 1504 "https://www.toplokacija-nekretnine.com/" "Mozilla/5.0 (Linux; Android 8.0.0; SM-G930F Build/R16NW; wv) AppleWebKit/537.36 (KHTML, like Gecko) Version/4.0 Chrome/76.0.3809.111 Mobile Safari/537.36 Instagram 107.0.0.27.121 Android (26/8.0.0; 480dpi; 1080x1920; samsung; SM-G930F; herolte; samsungexynos8890; hr_HR; 168361634)"
89.201.212.207 - - [27/Aug/2019:16:16:10 +0000] "GET /js/bootstrap-dropdownhover.min.js HTTP/1.1" 200 1355 "https://www.toplokacija-nekretnine.com/" "Mozilla/5.0 (Linux; Android 8.0.0; SM-G930F Build/R16NW; wv) AppleWebKit/537.36 (KHTML, like Gecko) Version/4.0 Chrome/76.0.3809.111 Mobile Safari/537.36 Instagram 107.0.0.27.121 Android (26/8.0.0; 480dpi; 1080x1920; samsung; SM-G930F; herolte; samsungexynos8890; hr_HR; 168361634)"
89.201.212.207 - - [27/Aug/2019:16:16:10 +0000] "GET /js/jquery-scrolltofixed-min.js HTTP/1.1" 200 1717 "https://www.toplokacija-nekretnine.com/" "Mozilla/5.0 (Linux; Android 8.0.0; SM-G930F Build/R16NW; wv) AppleWebKit/537.36 (KHTML, like Gecko) Version/4.0 Chrome/76.0.3809.111 Mobile Safari/537.36 Instagram 107.0.0.27.121 Android (26/8.0.0; 480dpi; 1080x1920; samsung; SM-G930F; herolte; samsungexynos8890; hr_HR; 168361634)"
89.201.212.207 - - [27/Aug/2019:16:16:10 +0000] "GET /js/jarallax.js HTTP/1.1" 200 2670 "https://www.toplokacija-nekretnine.com/" "Mozilla/5.0 (Linux; Android 8.0.0; SM-G930F Build/R16NW; wv) AppleWebKit/537.36 (KHTML, like Gecko) Version/4.0 Chrome/76.0.3809.111 Mobile Safari/537.36 Instagram 107.0.0.27.121 Android (26/8.0.0; 480dpi; 1080x1920; samsung; SM-G930F; herolte; samsungexynos8890; hr_HR; 168361634)"
89.201.212.207 - - [27/Aug/2019:16:16:10 +0000] "GET /js/cookieconsent.min.js HTTP/1.1" 200 6849 "https://www.toplokacija-nekretnine.com/" "Mozilla/5.0 (Linux; Android 8.0.0; SM-G930F Build/R16NW; wv) AppleWebKit/537.36 (KHTML, like Gecko) Version/4.0 Chrome/76.0.3809.111 Mobile Safari/537.36 Instagram 107.0.0.27.121 Android (26/8.0.0; 480dpi; 1080x1920; samsung; SM-G930F; herolte; samsungexynos8890; hr_HR; 168361634)"
89.201.212.207 - - [27/Aug/2019:16:16:10 +0000] "GET /js/dyscrollup.js HTTP/1.1" 200 704 "https://www.toplokacija-nekretnine.com/" "Mozilla/5.0 (Linux; Android 8.0.0; SM-G930F Build/R16NW; wv) AppleWebKit/537.36 (KHTML, like Gecko) Version/4.0 Chrome/76.0.3809.111 Mobile Safari/537.36 Instagram 107.0.0.27.121 Android (26/8.0.0; 480dpi; 1080x1920; samsung; SM-G930F; herolte; samsungexynos8890; hr_HR; 168361634)"
89.201.212.207 - - [27/Aug/2019:16:16:10 +0000] "GET /js/main.js?v=4 HTTP/1.1" 200 551 "https://www.toplokacija-nekretnine.com/" "Mozilla/5.0 (Linux; Android 8.0.0; SM-G930F Build/R16NW; wv) AppleWebKit/537.36 (KHTML, like Gecko) Version/4.0 Chrome/76.0.3809.111 Mobile Safari/537.36 Instagram 107.0.0.27.121 Android (26/8.0.0; 480dpi; 1080x1920; samsung; SM-G930F; herolte; samsungexynos8890; hr_HR; 168361634)"
89.201.212.207 - - [27/Aug/2019:16:16:10 +0000] "GET /images/about_us_hr.png HTTP/1.1" 200 7915 "https://www.toplokacija-nekretnine.com/" "Mozilla/5.0 (Linux; Android 8.0.0; SM-G930F Build/R16NW; wv) AppleWebKit/537.36 (KHTML, like Gecko) Version/4.0 Chrome/76.0.3809.111 Mobile Safari/537.36 Instagram 107.0.0.27.121 Android (26/8.0.0; 480dpi; 1080x1920; samsung; SM-G930F; herolte; samsungexynos8890; hr_HR; 168361634)"
89.201.212.207 - - [27/Aug/2019:16:16:10 +0000] "GET /js/vegas.min.js HTTP/1.1" 200 3068 "https://www.toplokacija-nekretnine.com/" "Mozilla/5.0 (Linux; Android 8.0.0; SM-G930F Build/R16NW; wv) AppleWebKit/537.36 (KHTML, like Gecko) Version/4.0 Chrome/76.0.3809.111 Mobile Safari/537.36 Instagram 107.0.0.27.121 Android (26/8.0.0; 480dpi; 1080x1920; samsung; SM-G930F; herolte; samsungexynos8890; hr_HR; 168361634)"
89.201.212.207 - - [27/Aug/2019:16:16:10 +0000] "GET /uploads/thumbnails/d38d156172b3fe670c7e78d3bd3b1910.jpg HTTP/1.1" 200 34330 "https://www.toplokacija-nekretnine.com/" "Mozilla/5.0 (Linux; Android 8.0.0; SM-G930F Build/R16NW; wv) AppleWebKit/537.36 (KHTML, like Gecko) Version/4.0 Chrome/76.0.3809.111 Mobile Safari/537.36 Instagram 107.0.0.27.121 Android (26/8.0.0; 480dpi; 1080x1920; samsung; SM-G930F; herolte; samsungexynos8890; hr_HR; 168361634)"
90.132.165.188 - - [27/Aug/2019:16:16:10 +0000] "GET /stanovi HTTP/1.1" 200 5931 "https://www.toplokacija-nekretnine.com/" "Mozilla/5.0 (Linux; Android 7.0; SM-G928F) AppleWebKit/537.36 (KHTML, like Gecko) Chrome/72.0.3626.105 Mobile Safari/537.36"
89.201.212.207 - - [27/Aug/2019:16:16:10 +0000] "GET /uploads/thumbnails/884ccf315fda60dc6fcbd2b4a3db759a.jpg HTTP/1.1" 200 44526 "https://www.toplokacija-nekretnine.com/" "Mozilla/5.0 (Linux; Android 8.0.0; SM-G930F Build/R16NW; wv) AppleWebKit/537.36 (KHTML, like Gecko) Version/4.0 Chrome/76.0.3809.111 Mobile Safari/537.36 Instagram 107.0.0.27.121 Android (26/8.0.0; 480dpi; 1080x1920; samsung; SM-G930F; herolte; samsungexynos8890; hr_HR; 168361634)"
89.201.212.207 - - [27/Aug/2019:16:16:10 +0000] "GET /uploads/thumbnails/6be0a155aaedef264a5f5aaacc21d7de.jpg HTTP/1.1" 200 39788 "https://www.toplokacija-nekretnine.com/" "Mozilla/5.0 (Linux; Android 8.0.0; SM-G930F Build/R16NW; wv) AppleWebKit/537.36 (KHTML, like Gecko) Version/4.0 Chrome/76.0.3809.111 Mobile Safari/537.36 Instagram 107.0.0.27.121 Android (26/8.0.0; 480dpi; 1080x1920; samsung; SM-G930F; herolte; samsungexynos8890; hr_HR; 168361634)"
89.201.212.207 - - [27/Aug/2019:16:16:10 +0000] "GET /uploads/thumbnails/7473108ac3a0cc371d22c2b6bda37ac6.jpg HTTP/1.1" 200 35921 "https://www.toplokacija-nekretnine.com/" "Mozilla/5.0 (Linux; Android 8.0.0; SM-G930F Build/R16NW; wv) AppleWebKit/537.36 (KHTML, like Gecko) Version/4.0 Chrome/76.0.3809.111 Mobile Safari/537.36 Instagram 107.0.0.27.121 Android (26/8.0.0; 480dpi; 1080x1920; samsung; SM-G930F; herolte; samsungexynos8890; hr_HR; 168361634)"
89.201.212.207 - - [27/Aug/2019:16:16:10 +0000] "GET /uploads/thumbnails/9a52a8ca0447ea31fa487a3e6f96fdb3.jpg HTTP/1.1" 200 37164 "https://www.toplokacija-nekretnine.com/" "Mozilla/5.0 (Linux; Android 8.0.0; SM-G930F Build/R16NW; wv) AppleWebKit/537.36 (KHTML, like Gecko) Version/4.0 Chrome/76.0.3809.111 Mobile Safari/537.36 Instagram 107.0.0.27.121 Android (26/8.0.0; 480dpi; 1080x1920; samsung; SM-G930F; herolte; samsungexynos8890; hr_HR; 168361634)"
89.201.212.207 - - [27/Aug/2019:16:16:10 +0000] "GET /uploads/thumbnails/a3391951c36fecb14495f8146dd9756c.jpg HTTP/1.1" 200 39492 "https://www.toplokacija-nekretnine.com/" "Mozilla/5.0 (Linux; Android 8.0.0; SM-G930F Build/R16NW; wv) AppleWebKit/537.36 (KHTML, like Gecko) Version/4.0 Chrome/76.0.3809.111 Mobile Safari/537.36 Instagram 107.0.0.27.121 Android (26/8.0.0; 480dpi; 1080x1920; samsung; SM-G930F; herolte; samsungexynos8890; hr_HR; 168361634)"
89.201.212.207 - - [27/Aug/2019:16:16:10 +0000] "GET /uploads/thumbnails/f3b369fd7b1877abc4c80a5dcf4cf352.JPG HTTP/1.1" 200 51129 "https://www.toplokacija-nekretnine.com/" "Mozilla/5.0 (Linux; Android 8.0.0; SM-G930F Build/R16NW; wv) AppleWebKit/537.36 (KHTML, like Gecko) Version/4.0 Chrome/76.0.3809.111 Mobile Safari/537.36 Instagram 107.0.0.27.121 Android (26/8.0.0; 480dpi; 1080x1920; samsung; SM-G930F; herolte; samsungexynos8890; hr_HR; 168361634)"
89.201.212.207 - - [27/Aug/2019:16:16:10 +0000] "GET /uploads/thumbnails/3ae69bc61d2e4547b674fcf9dfe3b4a0.jpg HTTP/1.1" 200 29836 "https://www.toplokacija-nekretnine.com/" "Mozilla/5.0 (Linux; Android 8.0.0; SM-G930F Build/R16NW; wv) AppleWebKit/537.36 (KHTML, like Gecko) Version/4.0 Chrome/76.0.3809.111 Mobile Safari/537.36 Instagram 107.0.0.27.121 Android (26/8.0.0; 480dpi; 1080x1920; samsung; SM-G930F; herolte; samsungexynos8890; hr_HR; 168361634)"
89.201.212.207 - - [27/Aug/2019:16:16:10 +0000] "GET /uploads/thumbnails/e9fcab5ad37211f1229dd445cc150467.jpg HTTP/1.1" 200 29836 "https://www.toplokacija-nekretnine.com/" "Mozilla/5.0 (Linux; Android 8.0.0; SM-G930F Build/R16NW; wv) AppleWebKit/537.36 (KHTML, like Gecko) Version/4.0 Chrome/76.0.3809.111 Mobile Safari/537.36 Instagram 107.0.0.27.121 Android (26/8.0.0; 480dpi; 1080x1920; samsung; SM-G930F; herolte; samsungexynos8890; hr_HR; 168361634)"
89.201.212.207 - - [27/Aug/2019:16:16:10 +0000] "GET /uploads/thumbnails/3270bb88adea04f5dd8728ccf81ec3a7.jpg HTTP/1.1" 200 31076 "https://www.toplokacija-nekretnine.com/" "Mozilla/5.0 (Linux; Android 8.0.0; SM-G930F Build/R16NW; wv) AppleWebKit/537.36 (KHTML, like Gecko) Version/4.0 Chrome/76.0.3809.111 Mobile Safari/537.36 Instagram 107.0.0.27.121 Android (26/8.0.0; 480dpi; 1080x1920; samsung; SM-G930F; herolte; samsungexynos8890; hr_HR; 168361634)"
89.201.212.207 - - [27/Aug/2019:16:16:10 +0000] "GET /uploads/thumbnails/48ef9daccad38b1a1bc9fb22121db6ac.jpg HTTP/1.1" 200 42355 "https://www.toplokacija-nekretnine.com/" "Mozilla/5.0 (Linux; Android 8.0.0; SM-G930F Build/R16NW; wv) AppleWebKit/537.36 (KHTML, like Gecko) Version/4.0 Chrome/76.0.3809.111 Mobile Safari/537.36 Instagram 107.0.0.27.121 Android (26/8.0.0; 480dpi; 1080x1920; samsung; SM-G930F; herolte; samsungexynos8890; hr_HR; 168361634)"
89.201.212.207 - - [27/Aug/2019:16:16:10 +0000] "GET /uploads/thumbnails/f7b7bfd134d93ade755afc2d162e2aed.jpg HTTP/1.1" 200 56756 "https://www.toplokacija-nekretnine.com/" "Mozilla/5.0 (Linux; Android 8.0.0; SM-G930F Build/R16NW; wv) AppleWebKit/537.36 (KHTML, like Gecko) Version/4.0 Chrome/76.0.3809.111 Mobile Safari/537.36 Instagram 107.0.0.27.121 Android (26/8.0.0; 480dpi; 1080x1920; samsung; SM-G930F; herolte; samsungexynos8890; hr_HR; 168361634)"
89.201.212.207 - - [27/Aug/2019:16:16:10 +0000] "GET /uploads/thumbnails/1bdceb72103556851f310280f3efbc16.JPG HTTP/1.1" 200 29195 "https://www.toplokacija-nekretnine.com/" "Mozilla/5.0 (Linux; Android 8.0.0; SM-G930F Build/R16NW; wv) AppleWebKit/537.36 (KHTML, like Gecko) Version/4.0 Chrome/76.0.3809.111 Mobile Safari/537.36 Instagram 107.0.0.27.121 Android (26/8.0.0; 480dpi; 1080x1920; samsung; SM-G930F; herolte; samsungexynos8890; hr_HR; 168361634)"
89.201.212.207 - - [27/Aug/2019:16:16:10 +0000] "GET /fonts/fontawesome-webfont.woff2?v=4.7.0 HTTP/1.1" 200 77160 "https://www.toplokacija-nekretnine.com/css/font-awesome.min.css" "Mozilla/5.0 (Linux; Android 8.0.0; SM-G930F Build/R16NW; wv) AppleWebKit/537.36 (KHTML, like Gecko) Version/4.0 Chrome/76.0.3809.111 Mobile Safari/537.36 Instagram 107.0.0.27.121 Android (26/8.0.0; 480dpi; 1080x1920; samsung; SM-G930F; herolte; samsungexynos8890; hr_HR; 168361634)"
89.201.212.207 - - [27/Aug/2019:16:16:10 +0000] "GET /uploads/thumbnails/4100dad038347920de3cc6597aa021ec.JPG HTTP/1.1" 200 22347 "https://www.toplokacija-nekretnine.com/" "Mozilla/5.0 (Linux; Android 8.0.0; SM-G930F Build/R16NW; wv) AppleWebKit/537.36 (KHTML, like Gecko) Version/4.0 Chrome/76.0.3809.111 Mobile Safari/537.36 Instagram 107.0.0.27.121 Android (26/8.0.0; 480dpi; 1080x1920; samsung; SM-G930F; herolte; samsungexynos8890; hr_HR; 168361634)"
89.201.212.207 - - [27/Aug/2019:16:16:10 +0000] "GET /uploads/thumbnails/c807da0fa0d811a1729b138a6ce29394.JPG HTTP/1.1" 200 34236 "https://www.toplokacija-nekretnine.com/" "Mozilla/5.0 (Linux; Android 8.0.0; SM-G930F Build/R16NW; wv) AppleWebKit/537.36 (KHTML, like Gecko) Version/4.0 Chrome/76.0.3809.111 Mobile Safari/537.36 Instagram 107.0.0.27.121 Android (26/8.0.0; 480dpi; 1080x1920; samsung; SM-G930F; herolte; samsungexynos8890; hr_HR; 168361634)"
89.201.212.207 - - [27/Aug/2019:16:16:10 +0000] "GET /fonts/icofont.ttf?v=1.0.0-beta HTTP/1.1" 200 1018620 "https://www.toplokacija-nekretnine.com/css/icofont.css" "Mozilla/5.0 (Linux; Android 8.0.0; SM-G930F Build/R16NW; wv) AppleWebKit/537.36 (KHTML, like Gecko) Version/4.0 Chrome/76.0.3809.111 Mobile Safari/537.36 Instagram 107.0.0.27.121 Android (26/8.0.0; 480dpi; 1080x1920; samsung; SM-G930F; herolte; samsungexynos8890; hr_HR; 168361634)"
89.201.212.207 - - [27/Aug/2019:16:16:11 +0000] "GET /images/spinner.gif HTTP/1.1" 200 56260 "https://www.toplokacija-nekretnine.com/css/style.css?v=15" "Mozilla/5.0 (Linux; Android 8.0.0; SM-G930F Build/R16NW; wv) AppleWebKit/537.36 (KHTML, like Gecko) Version/4.0 Chrome/76.0.3809.111 Mobile Safari/537.36 Instagram 107.0.0.27.121 Android (26/8.0.0; 480dpi; 1080x1920; samsung; SM-G930F; herolte; samsungexynos8890; hr_HR; 168361634)"
89.201.212.207 - - [27/Aug/2019:16:16:12 +0000] "GET /images/background/1.jpg HTTP/1.1" 200 99961 "https://www.toplokacija-nekretnine.com/css/style.css?v=15" "Mozilla/5.0 (Linux; Android 8.0.0; SM-G930F Build/R16NW; wv) AppleWebKit/537.36 (KHTML, like Gecko) Version/4.0 Chrome/76.0.3809.111 Mobile Safari/537.36 Instagram 107.0.0.27.121 Android (26/8.0.0; 480dpi; 1080x1920; samsung; SM-G930F; herolte; samsungexynos8890; hr_HR; 168361634)"
89.201.212.207 - - [27/Aug/2019:16:16:13 +0000] "GET /images/background/3.jpg HTTP/1.1" 200 202051 "https://www.toplokacija-nekretnine.com/css/style.css?v=15" "Mozilla/5.0 (Linux; Android 8.0.0; SM-G930F Build/R16NW; wv) AppleWebKit/537.36 (KHTML, like Gecko) Version/4.0 Chrome/76.0.3809.111 Mobile Safari/537.36 Instagram 107.0.0.27.121 Android (26/8.0.0; 480dpi; 1080x1920; samsung; SM-G930F; herolte; samsungexynos8890; hr_HR; 168361634)"
81.209.177.136 - - [27/Aug/2019:16:16:14 +0000] "GET /hr HTTP/1.1" 200 9289 "-" "netEstate NE Crawler (+http://www.website-datenbank.de/)"
89.201.212.207 - - [27/Aug/2019:16:16:14 +0000] "GET /uploads/thumbnails/79136cc48eb64efa03a195b6fe4bd3b5.JPG HTTP/1.1" 200 27006 "https://www.toplokacija-nekretnine.com/" "Mozilla/5.0 (Linux; Android 8.0.0; SM-G930F Build/R16NW; wv) AppleWebKit/537.36 (KHTML, like Gecko) Version/4.0 Chrome/76.0.3809.111 Mobile Safari/537.36 Instagram 107.0.0.27.121 Android (26/8.0.0; 480dpi; 1080x1920; samsung; SM-G930F; herolte; samsungexynos8890; hr_HR; 168361634)"
89.201.212.207 - - [27/Aug/2019:16:16:16 +0000] "GET /uploads/thumbnails/5cb719cec5eac5afe864e39e77c475db.jpg HTTP/1.1" 200 36106 "https://www.toplokacija-nekretnine.com/" "Mozilla/5.0 (Linux; Android 8.0.0; SM-G930F Build/R16NW; wv) AppleWebKit/537.36 (KHTML, like Gecko) Version/4.0 Chrome/76.0.3809.111 Mobile Safari/537.36 Instagram 107.0.0.27.121 Android (26/8.0.0; 480dpi; 1080x1920; samsung; SM-G930F; herolte; samsungexynos8890; hr_HR; 168361634)"
89.201.212.207 - - [27/Aug/2019:16:16:19 +0000] "GET /uploads/thumbnails/86eb79cb71de4b34a84307106770edb8.jpg HTTP/1.1" 200 40841 "https://www.toplokacija-nekretnine.com/" "Mozilla/5.0 (Linux; Android 8.0.0; SM-G930F Build/R16NW; wv) AppleWebKit/537.36 (KHTML, like Gecko) Version/4.0 Chrome/76.0.3809.111 Mobile Safari/537.36 Instagram 107.0.0.27.121 Android (26/8.0.0; 480dpi; 1080x1920; samsung; SM-G930F; herolte; samsungexynos8890; hr_HR; 168361634)"
89.201.212.207 - - [27/Aug/2019:16:16:19 +0000] "GET /uploads/thumbnails/6cd11b21c3db49711892305133cef259.jpg HTTP/1.1" 200 43488 "https://www.toplokacija-nekretnine.com/" "Mozilla/5.0 (Linux; Android 8.0.0; SM-G930F Build/R16NW; wv) AppleWebKit/537.36 (KHTML, like Gecko) Version/4.0 Chrome/76.0.3809.111 Mobile Safari/537.36 Instagram 107.0.0.27.121 Android (26/8.0.0; 480dpi; 1080x1920; samsung; SM-G930F; herolte; samsungexynos8890; hr_HR; 168361634)"
89.201.212.207 - - [27/Aug/2019:16:16:19 +0000] "GET /uploads/thumbnails/e5ccf19c61e2bb4c351203c9e696340e.jpg HTTP/1.1" 200 30410 "https://www.toplokacija-nekretnine.com/" "Mozilla/5.0 (Linux; Android 8.0.0; SM-G930F Build/R16NW; wv) AppleWebKit/537.36 (KHTML, like Gecko) Version/4.0 Chrome/76.0.3809.111 Mobile Safari/537.36 Instagram 107.0.0.27.121 Android (26/8.0.0; 480dpi; 1080x1920; samsung; SM-G930F; herolte; samsungexynos8890; hr_HR; 168361634)"
89.201.212.207 - - [27/Aug/2019:16:16:19 +0000] "GET /uploads/thumbnails/981f80f17952c6201dffa885c0680e46.jpg HTTP/1.1" 200 34110 "https://www.toplokacija-nekretnine.com/" "Mozilla/5.0 (Linux; Android 8.0.0; SM-G930F Build/R16NW; wv) AppleWebKit/537.36 (KHTML, like Gecko) Version/4.0 Chrome/76.0.3809.111 Mobile Safari/537.36 Instagram 107.0.0.27.121 Android (26/8.0.0; 480dpi; 1080x1920; samsung; SM-G930F; herolte; samsungexynos8890; hr_HR; 168361634)"
89.201.212.207 - - [27/Aug/2019:16:16:19 +0000] "GET /uploads/thumbnails/42f6bf5e8582c075da16d579d90c242d.JPG HTTP/1.1" 200 55274 "https://www.toplokacija-nekretnine.com/" "Mozilla/5.0 (Linux; Android 8.0.0; SM-G930F Build/R16NW; wv) AppleWebKit/537.36 (KHTML, like Gecko) Version/4.0 Chrome/76.0.3809.111 Mobile Safari/537.36 Instagram 107.0.0.27.121 Android (26/8.0.0; 480dpi; 1080x1920; samsung; SM-G930F; herolte; samsungexynos8890; hr_HR; 168361634)"
89.201.212.207 - - [27/Aug/2019:16:16:20 +0000] "GET /uploads/thumbnails/0e33d00f90321d676084c5b41f8476f8.jpg HTTP/1.1" 200 63361 "https://www.toplokacija-nekretnine.com/" "Mozilla/5.0 (Linux; Android 8.0.0; SM-G930F Build/R16NW; wv) AppleWebKit/537.36 (KHTML, like Gecko) Version/4.0 Chrome/76.0.3809.111 Mobile Safari/537.36 Instagram 107.0.0.27.121 Android (26/8.0.0; 480dpi; 1080x1920; samsung; SM-G930F; herolte; samsungexynos8890; hr_HR; 168361634)"
89.201.212.207 - - [27/Aug/2019:16:16:20 +0000] "GET /uploads/thumbnails/e76983ca8180780c45b603dfd235f369.jpg HTTP/1.1" 200 43919 "https://www.toplokacija-nekretnine.com/" "Mozilla/5.0 (Linux; Android 8.0.0; SM-G930F Build/R16NW; wv) AppleWebKit/537.36 (KHTML, like Gecko) Version/4.0 Chrome/76.0.3809.111 Mobile Safari/537.36 Instagram 107.0.0.27.121 Android (26/8.0.0; 480dpi; 1080x1920; samsung; SM-G930F; herolte; samsungexynos8890; hr_HR; 168361634)"
89.201.212.207 - - [27/Aug/2019:16:16:20 +0000] "GET /uploads/thumbnails/048d8f6a0235788257cc123efdaaa516.jpg HTTP/1.1" 200 72940 "https://www.toplokacija-nekretnine.com/" "Mozilla/5.0 (Linux; Android 8.0.0; SM-G930F Build/R16NW; wv) AppleWebKit/537.36 (KHTML, like Gecko) Version/4.0 Chrome/76.0.3809.111 Mobile Safari/537.36 Instagram 107.0.0.27.121 Android (26/8.0.0; 480dpi; 1080x1920; samsung; SM-G930F; herolte; samsungexynos8890; hr_HR; 168361634)"
89.201.212.207 - - [27/Aug/2019:16:16:20 +0000] "GET /uploads/thumbnails/7a6c35fe2c7d39af1613fafa80170c08.jpg HTTP/1.1" 200 106014 "https://www.toplokacija-nekretnine.com/" "Mozilla/5.0 (Linux; Android 8.0.0; SM-G930F Build/R16NW; wv) AppleWebKit/537.36 (KHTML, like Gecko) Version/4.0 Chrome/76.0.3809.111 Mobile Safari/537.36 Instagram 107.0.0.27.121 Android (26/8.0.0; 480dpi; 1080x1920; samsung; SM-G930F; herolte; samsungexynos8890; hr_HR; 168361634)"
89.201.212.207 - - [27/Aug/2019:16:16:20 +0000] "GET /images/background/pattern.png HTTP/1.1" 200 101 "https://www.toplokacija-nekretnine.com/css/style.css?v=15" "Mozilla/5.0 (Linux; Android 8.0.0; SM-G930F Build/R16NW; wv) AppleWebKit/537.36 (KHTML, like Gecko) Version/4.0 Chrome/76.0.3809.111 Mobile Safari/537.36 Instagram 107.0.0.27.121 Android (26/8.0.0; 480dpi; 1080x1920; samsung; SM-G930F; herolte; samsungexynos8890; hr_HR; 168361634)"
89.201.212.207 - - [27/Aug/2019:16:16:20 +0000] "GET /images/slides/slider1.jpg HTTP/1.1" 200 209946 "https://www.toplokacija-nekretnine.com/" "Mozilla/5.0 (Linux; Android 8.0.0; SM-G930F Build/R16NW; wv) AppleWebKit/537.36 (KHTML, like Gecko) Version/4.0 Chrome/76.0.3809.111 Mobile Safari/537.36 Instagram 107.0.0.27.121 Android (26/8.0.0; 480dpi; 1080x1920; samsung; SM-G930F; herolte; samsungexynos8890; hr_HR; 168361634)"
89.201.212.207 - - [27/Aug/2019:16:16:21 +0000] "GET /favicon-16x16.png HTTP/1.1" 200 1751 "https://www.toplokacija-nekretnine.com/" "Mozilla/5.0 (Linux; Android 8.0.0; SM-G930F Build/R16NW; wv) AppleWebKit/537.36 (KHTML, like Gecko) Version/4.0 Chrome/76.0.3809.111 Mobile Safari/537.36 Instagram 107.0.0.27.121 Android (26/8.0.0; 480dpi; 1080x1920; samsung; SM-G930F; herolte; samsungexynos8890; hr_HR; 168361634)"
89.201.212.207 - - [27/Aug/2019:16:16:21 +0000] "GET /favicon-32x32.png HTTP/1.1" 200 2105 "https://www.toplokacija-nekretnine.com/" "Mozilla/5.0 (Linux; Android 8.0.0; SM-G930F Build/R16NW; wv) AppleWebKit/537.36 (KHTML, like Gecko) Version/4.0 Chrome/76.0.3809.111 Mobile Safari/537.36 Instagram 107.0.0.27.121 Android (26/8.0.0; 480dpi; 1080x1920; samsung; SM-G930F; herolte; samsungexynos8890; hr_HR; 168361634)"
89.201.212.207 - - [27/Aug/2019:16:16:26 +0000] "GET /images/slides/slider2.jpg HTTP/1.1" 200 295487 "https://www.toplokacija-nekretnine.com/" "Mozilla/5.0 (Linux; Android 8.0.0; SM-G930F Build/R16NW; wv) AppleWebKit/537.36 (KHTML, like Gecko) Version/4.0 Chrome/76.0.3809.111 Mobile Safari/537.36 Instagram 107.0.0.27.121 Android (26/8.0.0; 480dpi; 1080x1920; samsung; SM-G930F; herolte; samsungexynos8890; hr_HR; 168361634)"
81.209.177.189 - - [27/Aug/2019:16:16:29 +0000] "GET /hr/stanovi/zadar-branimirova-obala-uz-sami-poluotok-72m2-2kat HTTP/1.1" 200 6848 "-" "netEstate NE Crawler (+http://www.website-datenbank.de/)"
89.201.212.207 - - [27/Aug/2019:16:16:33 +0000] "GET /images/slides/slider3.jpg HTTP/1.1" 200 405556 "https://www.toplokacija-nekretnine.com/" "Mozilla/5.0 (Linux; Android 8.0.0; SM-G930F Build/R16NW; wv) AppleWebKit/537.36 (KHTML, like Gecko) Version/4.0 Chrome/76.0.3809.111 Mobile Safari/537.36 Instagram 107.0.0.27.121 Android (26/8.0.0; 480dpi; 1080x1920; samsung; SM-G930F; herolte; samsungexynos8890; hr_HR; 168361634)"
89.201.212.207 - - [27/Aug/2019:16:16:39 +0000] "GET /images/slides/slider4.jpg HTTP/1.1" 200 439744 "https://www.toplokacija-nekretnine.com/" "Mozilla/5.0 (Linux; Android 8.0.0; SM-G930F Build/R16NW; wv) AppleWebKit/537.36 (KHTML, like Gecko) Version/4.0 Chrome/76.0.3809.111 Mobile Safari/537.36 Instagram 107.0.0.27.121 Android (26/8.0.0; 480dpi; 1080x1920; samsung; SM-G930F; herolte; samsungexynos8890; hr_HR; 168361634)"
89.201.212.207 - - [27/Aug/2019:16:16:45 +0000] "GET /images/slides/slider5.jpg HTTP/1.1" 200 488462 "https://www.toplokacija-nekretnine.com/" "Mozilla/5.0 (Linux; Android 8.0.0; SM-G930F Build/R16NW; wv) AppleWebKit/537.36 (KHTML, like Gecko) Version/4.0 Chrome/76.0.3809.111 Mobile Safari/537.36 Instagram 107.0.0.27.121 Android (26/8.0.0; 480dpi; 1080x1920; samsung; SM-G930F; herolte; samsungexynos8890; hr_HR; 168361634)"
81.209.177.189 - - [27/Aug/2019:16:16:46 +0000] "GET /hr/ponudi-nekretninu HTTP/1.1" 200 4369 "-" "netEstate NE Crawler (+http://www.website-datenbank.de/)"
90.132.165.188 - - [27/Aug/2019:16:16:49 +0000] "GET /stanovi?page=2 HTTP/1.1" 200 5567 "https://www.toplokacija-nekretnine.com/stanovi" "Mozilla/5.0 (Linux; Android 7.0; SM-G928F) AppleWebKit/537.36 (KHTML, like Gecko) Chrome/72.0.3626.105 Mobile Safari/537.36"
90.132.165.188 - - [27/Aug/2019:16:16:49 +0000] "GET /uploads/thumbnails/e96dc3a39e6a47beedb6354fa72b9dbc.JPG HTTP/1.1" 200 31065 "https://www.toplokacija-nekretnine.com/stanovi?page=2" "Mozilla/5.0 (Linux; Android 7.0; SM-G928F) AppleWebKit/537.36 (KHTML, like Gecko) Chrome/72.0.3626.105 Mobile Safari/537.36"
90.132.165.188 - - [27/Aug/2019:16:16:50 +0000] "GET /uploads/thumbnails/b82d873d00addfb9efa7e0f236a92139.jpg HTTP/1.1" 200 31200 "https://www.toplokacija-nekretnine.com/stanovi?page=2" "Mozilla/5.0 (Linux; Android 7.0; SM-G928F) AppleWebKit/537.36 (KHTML, like Gecko) Chrome/72.0.3626.105 Mobile Safari/537.36"
90.132.165.188 - - [27/Aug/2019:16:16:50 +0000] "GET /uploads/thumbnails/861b83e7c338fd46bd83a8594343b715.jpg HTTP/1.1" 200 35498 "https://www.toplokacija-nekretnine.com/stanovi?page=2" "Mozilla/5.0 (Linux; Android 7.0; SM-G928F) AppleWebKit/537.36 (KHTML, like Gecko) Chrome/72.0.3626.105 Mobile Safari/537.36"
90.132.165.188 - - [27/Aug/2019:16:16:50 +0000] "GET /uploads/thumbnails/af7db0efe20c95c52aab6d24dba99776.jpg HTTP/1.1" 200 27558 "https://www.toplokacija-nekretnine.com/stanovi?page=2" "Mozilla/5.0 (Linux; Android 7.0; SM-G928F) AppleWebKit/537.36 (KHTML, like Gecko) Chrome/72.0.3626.105 Mobile Safari/537.36"
50.7.196.18 - - [27/Aug/2019:16:16:53 +0000] "GET /robots.txt HTTP/1.1" 301 257 "-" "Mozilla/5.0 (Windows NT 6.1; rv:52.0) Gecko/20100101 Firefox/52.0"
81.209.177.189 - - [27/Aug/2019:16:17:03 +0000] "GET /blog/savjeti-kako-razumno-investirati-u-nekretnine-na-jadranu HTTP/1.1" 200 5846 "-" "netEstate NE Crawler (+http://www.website-datenbank.de/)"
90.132.165.188 - - [27/Aug/2019:16:17:10 +0000] "GET /stanovi/prilika-bili-brig-komforan-cetverosoban-stan-92m2 HTTP/1.1" 200 6389 "https://www.toplokacija-nekretnine.com/stanovi?page=2" "Mozilla/5.0 (Linux; Android 7.0; SM-G928F) AppleWebKit/537.36 (KHTML, like Gecko) Chrome/72.0.3626.105 Mobile Safari/537.36"
90.132.165.188 - - [27/Aug/2019:16:17:10 +0000] "GET /uploads/thumbnails/75e2cfcfc01e45e1fe1d9a7af3fe7943.jpg HTTP/1.1" 200 38740 "https://www.toplokacija-nekretnine.com/stanovi/prilika-bili-brig-komforan-cetverosoban-stan-92m2" "Mozilla/5.0 (Linux; Android 7.0; SM-G928F) AppleWebKit/537.36 (KHTML, like Gecko) Chrome/72.0.3626.105 Mobile Safari/537.36"
90.132.165.188 - - [27/Aug/2019:16:17:10 +0000] "GET /uploads/thumbnails/03c9c0f78cd18fc8735ae64576654227.jpg HTTP/1.1" 200 24874 "https://www.toplokacija-nekretnine.com/stanovi/prilika-bili-brig-komforan-cetverosoban-stan-92m2" "Mozilla/5.0 (Linux; Android 7.0; SM-G928F) AppleWebKit/537.36 (KHTML, like Gecko) Chrome/72.0.3626.105 Mobile Safari/537.36"
90.132.165.188 - - [27/Aug/2019:16:17:10 +0000] "GET /uploads/thumbnails/bf34f9d9c273d15bdc4f57d59b583919.jpg HTTP/1.1" 200 26835 "https://www.toplokacija-nekretnine.com/stanovi/prilika-bili-brig-komforan-cetverosoban-stan-92m2" "Mozilla/5.0 (Linux; Android 7.0; SM-G928F) AppleWebKit/537.36 (KHTML, like Gecko) Chrome/72.0.3626.105 Mobile Safari/537.36"
90.132.165.188 - - [27/Aug/2019:16:17:11 +0000] "GET /uploads/thumbnails/b769808e89155ac545bce702a4c72775.jpg HTTP/1.1" 200 26192 "https://www.toplokacija-nekretnine.com/stanovi/prilika-bili-brig-komforan-cetverosoban-stan-92m2" "Mozilla/5.0 (Linux; Android 7.0; SM-G928F) AppleWebKit/537.36 (KHTML, like Gecko) Chrome/72.0.3626.105 Mobile Safari/537.36"
90.132.165.188 - - [27/Aug/2019:16:17:11 +0000] "GET /uploads/images/861b83e7c338fd46bd83a8594343b715.jpg HTTP/1.1" 200 183501 "https://www.toplokacija-nekretnine.com/stanovi/prilika-bili-brig-komforan-cetverosoban-stan-92m2" "Mozilla/5.0 (Linux; Android 7.0; SM-G928F) AppleWebKit/537.36 (KHTML, like Gecko) Chrome/72.0.3626.105 Mobile Safari/537.36"
90.132.165.188 - - [27/Aug/2019:16:17:11 +0000] "GET /uploads/images/75e2cfcfc01e45e1fe1d9a7af3fe7943.jpg HTTP/1.1" 200 144727 "https://www.toplokacija-nekretnine.com/stanovi/prilika-bili-brig-komforan-cetverosoban-stan-92m2" "Mozilla/5.0 (Linux; Android 7.0; SM-G928F) AppleWebKit/537.36 (KHTML, like Gecko) Chrome/72.0.3626.105 Mobile Safari/537.36"
90.132.165.188 - - [27/Aug/2019:16:17:11 +0000] "GET /uploads/images/b769808e89155ac545bce702a4c72775.jpg HTTP/1.1" 200 137486 "https://www.toplokacija-nekretnine.com/stanovi/prilika-bili-brig-komforan-cetverosoban-stan-92m2" "Mozilla/5.0 (Linux; Android 7.0; SM-G928F) AppleWebKit/537.36 (KHTML, like Gecko) Chrome/72.0.3626.105 Mobile Safari/537.36"
89.201.212.207 - - [27/Aug/2019:16:17:19 +0000] "GET /stanovi/zadar-branimirova-obala-uz-sami-poluotok-72m2-2kat HTTP/1.1" 200 6848 "https://www.toplokacija-nekretnine.com/" "Mozilla/5.0 (Linux; Android 8.0.0; SM-G930F Build/R16NW; wv) AppleWebKit/537.36 (KHTML, like Gecko) Version/4.0 Chrome/76.0.3809.111 Mobile Safari/537.36 Instagram 107.0.0.27.121 Android (26/8.0.0; 480dpi; 1080x1920; samsung; SM-G930F; herolte; samsungexynos8890; hr_HR; 168361634)"
89.201.212.207 - - [27/Aug/2019:16:17:20 +0000] "GET /unitegallery/css/unite-gallery.css HTTP/1.1" 200 4825 "https://www.toplokacija-nekretnine.com/stanovi/zadar-branimirova-obala-uz-sami-poluotok-72m2-2kat" "Mozilla/5.0 (Linux; Android 8.0.0; SM-G930F Build/R16NW; wv) AppleWebKit/537.36 (KHTML, like Gecko) Version/4.0 Chrome/76.0.3809.111 Mobile Safari/537.36 Instagram 107.0.0.27.121 Android (26/8.0.0; 480dpi; 1080x1920; samsung; SM-G930F; herolte; samsungexynos8890; hr_HR; 168361634)"
89.201.212.207 - - [27/Aug/2019:16:17:20 +0000] "GET /unitegallery/js/jquery-11.0.min.js HTTP/1.1" 200 33369 "https://www.toplokacija-nekretnine.com/stanovi/zadar-branimirova-obala-uz-sami-poluotok-72m2-2kat" "Mozilla/5.0 (Linux; Android 8.0.0; SM-G930F Build/R16NW; wv) AppleWebKit/537.36 (KHTML, like Gecko) Version/4.0 Chrome/76.0.3809.111 Mobile Safari/537.36 Instagram 107.0.0.27.121 Android (26/8.0.0; 480dpi; 1080x1920; samsung; SM-G930F; herolte; samsungexynos8890; hr_HR; 168361634)"
89.201.212.207 - - [27/Aug/2019:16:17:20 +0000] "GET /unitegallery/js/unitegallery.min.js HTTP/1.1" 200 66910 "https://www.toplokacija-nekretnine.com/stanovi/zadar-branimirova-obala-uz-sami-poluotok-72m2-2kat" "Mozilla/5.0 (Linux; Android 8.0.0; SM-G930F Build/R16NW; wv) AppleWebKit/537.36 (KHTML, like Gecko) Version/4.0 Chrome/76.0.3809.111 Mobile Safari/537.36 Instagram 107.0.0.27.121 Android (26/8.0.0; 480dpi; 1080x1920; samsung; SM-G930F; herolte; samsungexynos8890; hr_HR; 168361634)"
89.201.212.207 - - [27/Aug/2019:16:17:20 +0000] "GET /unitegallery/themes/compact/ug-theme-compact.js HTTP/1.1" 200 2477 "https://www.toplokacija-nekretnine.com/stanovi/zadar-branimirova-obala-uz-sami-poluotok-72m2-2kat" "Mozilla/5.0 (Linux; Android 8.0.0; SM-G930F Build/R16NW; wv) AppleWebKit/537.36 (KHTML, like Gecko) Version/4.0 Chrome/76.0.3809.111 Mobile Safari/537.36 Instagram 107.0.0.27.121 Android (26/8.0.0; 480dpi; 1080x1920; samsung; SM-G930F; herolte; samsungexynos8890; hr_HR; 168361634)"
89.201.212.207 - - [27/Aug/2019:16:17:20 +0000] "GET /uploads/thumbnails/19c3ccf76cd964a100c7fcc913ff97c9.JPG HTTP/1.1" 200 22045 "https://www.toplokacija-nekretnine.com/stanovi/zadar-branimirova-obala-uz-sami-poluotok-72m2-2kat" "Mozilla/5.0 (Linux; Android 8.0.0; SM-G930F Build/R16NW; wv) AppleWebKit/537.36 (KHTML, like Gecko) Version/4.0 Chrome/76.0.3809.111 Mobile Safari/537.36 Instagram 107.0.0.27.121 Android (26/8.0.0; 480dpi; 1080x1920; samsung; SM-G930F; herolte; samsungexynos8890; hr_HR; 168361634)"
89.201.212.207 - - [27/Aug/2019:16:17:20 +0000] "GET /uploads/thumbnails/4110edc167b6414731d50e03b160e1c1.JPG HTTP/1.1" 200 22118 "https://www.toplokacija-nekretnine.com/stanovi/zadar-branimirova-obala-uz-sami-poluotok-72m2-2kat" "Mozilla/5.0 (Linux; Android 8.0.0; SM-G930F Build/R16NW; wv) AppleWebKit/537.36 (KHTML, like Gecko) Version/4.0 Chrome/76.0.3809.111 Mobile Safari/537.36 Instagram 107.0.0.27.121 Android (26/8.0.0; 480dpi; 1080x1920; samsung; SM-G930F; herolte; samsungexynos8890; hr_HR; 168361634)"
90.132.165.188 - - [27/Aug/2019:16:17:20 +0000] "GET /stanovi/prilika-bili-brig-komforan-cetverosoban-stan-92m2 HTTP/1.1" 200 6387 "-" "WhatsApp/2.19.134 A"
90.132.165.188 - - [27/Aug/2019:16:17:20 +0000] "GET /stanovi/prilika-bili-brig-komforan-cetverosoban-stan-92m2 HTTP/1.1" 200 6388 "-" "WhatsApp/2.19.134 A"
89.201.212.207 - - [27/Aug/2019:16:17:20 +0000] "GET /uploads/thumbnails/d5361f633a6058b1061a325e6e3116d4.JPG HTTP/1.1" 200 28743 "https://www.toplokacija-nekretnine.com/stanovi/zadar-branimirova-obala-uz-sami-poluotok-72m2-2kat" "Mozilla/5.0 (Linux; Android 8.0.0; SM-G930F Build/R16NW; wv) AppleWebKit/537.36 (KHTML, like Gecko) Version/4.0 Chrome/76.0.3809.111 Mobile Safari/537.36 Instagram 107.0.0.27.121 Android (26/8.0.0; 480dpi; 1080x1920; samsung; SM-G930F; herolte; samsungexynos8890; hr_HR; 168361634)"
90.132.165.188 - - [27/Aug/2019:16:17:21 +0000] "GET /favicon-16x16.png HTTP/1.1" 200 1751 "-" "WhatsApp/2.19.134 A"
81.209.177.189 - - [27/Aug/2019:16:17:21 +0000] "GET /hr/stanovi/novogradnja-60m2-2kat-diklovac HTTP/1.1" 200 6691 "-" "netEstate NE Crawler (+http://www.website-datenbank.de/)"
89.201.212.207 - - [27/Aug/2019:16:17:22 +0000] "GET /uploads/thumbnails/6675122ba3286f8c77ecf429c1cb7944.jpg HTTP/1.1" 200 20635 "https://www.toplokacija-nekretnine.com/stanovi/zadar-branimirova-obala-uz-sami-poluotok-72m2-2kat" "Mozilla/5.0 (Linux; Android 8.0.0; SM-G930F Build/R16NW; wv) AppleWebKit/537.36 (KHTML, like Gecko) Version/4.0 Chrome/76.0.3809.111 Mobile Safari/537.36 Instagram 107.0.0.27.121 Android (26/8.0.0; 480dpi; 1080x1920; samsung; SM-G930F; herolte; samsungexynos8890; hr_HR; 168361634)"
89.201.212.207 - - [27/Aug/2019:16:17:23 +0000] "GET /images/background/2.jpg?v=2 HTTP/1.1" 200 111462 "https://www.toplokacija-nekretnine.com/css/style.css?v=15" "Mozilla/5.0 (Linux; Android 8.0.0; SM-G930F Build/R16NW; wv) AppleWebKit/537.36 (KHTML, like Gecko) Version/4.0 Chrome/76.0.3809.111 Mobile Safari/537.36 Instagram 107.0.0.27.121 Android (26/8.0.0; 480dpi; 1080x1920; samsung; SM-G930F; herolte; samsungexynos8890; hr_HR; 168361634)"
89.201.212.207 - - [27/Aug/2019:16:17:23 +0000] "GET /uploads/thumbnails/90ab7039f28c2ee8578b47486c76af28.JPG HTTP/1.1" 200 29312 "https://www.toplokacija-nekretnine.com/stanovi/zadar-branimirova-obala-uz-sami-poluotok-72m2-2kat" "Mozilla/5.0 (Linux; Android 8.0.0; SM-G930F Build/R16NW; wv) AppleWebKit/537.36 (KHTML, like Gecko) Version/4.0 Chrome/76.0.3809.111 Mobile Safari/537.36 Instagram 107.0.0.27.121 Android (26/8.0.0; 480dpi; 1080x1920; samsung; SM-G930F; herolte; samsungexynos8890; hr_HR; 168361634)"
89.201.212.207 - - [27/Aug/2019:16:17:24 +0000] "GET /uploads/thumbnails/b5e8a8e3020b4b7782d346feea2c9b1a.JPG HTTP/1.1" 200 19665 "https://www.toplokacija-nekretnine.com/stanovi/zadar-branimirova-obala-uz-sami-poluotok-72m2-2kat" "Mozilla/5.0 (Linux; Android 8.0.0; SM-G930F Build/R16NW; wv) AppleWebKit/537.36 (KHTML, like Gecko) Version/4.0 Chrome/76.0.3809.111 Mobile Safari/537.36 Instagram 107.0.0.27.121 Android (26/8.0.0; 480dpi; 1080x1920; samsung; SM-G930F; herolte; samsungexynos8890; hr_HR; 168361634)"
89.201.212.207 - - [27/Aug/2019:16:17:25 +0000] "GET /uploads/thumbnails/76ebccaa7e1e582813311446c5bcd964.JPG HTTP/1.1" 200 24077 "https://www.toplokacija-nekretnine.com/stanovi/zadar-branimirova-obala-uz-sami-poluotok-72m2-2kat" "Mozilla/5.0 (Linux; Android 8.0.0; SM-G930F Build/R16NW; wv) AppleWebKit/537.36 (KHTML, like Gecko) Version/4.0 Chrome/76.0.3809.111 Mobile Safari/537.36 Instagram 107.0.0.27.121 Android (26/8.0.0; 480dpi; 1080x1920; samsung; SM-G930F; herolte; samsungexynos8890; hr_HR; 168361634)"
89.201.212.207 - - [27/Aug/2019:16:17:25 +0000] "GET /uploads/thumbnails/63e3d209665ca8f46a517b405b5e2c25.JPG HTTP/1.1" 200 25469 "https://www.toplokacija-nekretnine.com/stanovi/zadar-branimirova-obala-uz-sami-poluotok-72m2-2kat" "Mozilla/5.0 (Linux; Android 8.0.0; SM-G930F Build/R16NW; wv) AppleWebKit/537.36 (KHTML, like Gecko) Version/4.0 Chrome/76.0.3809.111 Mobile Safari/537.36 Instagram 107.0.0.27.121 Android (26/8.0.0; 480dpi; 1080x1920; samsung; SM-G930F; herolte; samsungexynos8890; hr_HR; 168361634)"
89.201.212.207 - - [27/Aug/2019:16:17:25 +0000] "GET /uploads/thumbnails/815118e34fbacc05f1b1a845dd7d034b.JPG HTTP/1.1" 200 39638 "https://www.toplokacija-nekretnine.com/stanovi/zadar-branimirova-obala-uz-sami-poluotok-72m2-2kat" "Mozilla/5.0 (Linux; Android 8.0.0; SM-G930F Build/R16NW; wv) AppleWebKit/537.36 (KHTML, like Gecko) Version/4.0 Chrome/76.0.3809.111 Mobile Safari/537.36 Instagram 107.0.0.27.121 Android (26/8.0.0; 480dpi; 1080x1920; samsung; SM-G930F; herolte; samsungexynos8890; hr_HR; 168361634)"
89.201.212.207 - - [27/Aug/2019:16:17:25 +0000] "GET /uploads/thumbnails/823db0b53d80c4f5577fca2ff0e8931d.JPG HTTP/1.1" 200 22088 "https://www.toplokacija-nekretnine.com/stanovi/zadar-branimirova-obala-uz-sami-poluotok-72m2-2kat" "Mozilla/5.0 (Linux; Android 8.0.0; SM-G930F Build/R16NW; wv) AppleWebKit/537.36 (KHTML, like Gecko) Version/4.0 Chrome/76.0.3809.111 Mobile Safari/537.36 Instagram 107.0.0.27.121 Android (26/8.0.0; 480dpi; 1080x1920; samsung; SM-G930F; herolte; samsungexynos8890; hr_HR; 168361634)"
89.201.212.207 - - [27/Aug/2019:16:17:25 +0000] "GET /uploads/thumbnails/7510338f1234945a3452043c1f078087.JPG HTTP/1.1" 200 27210 "https://www.toplokacija-nekretnine.com/stanovi/zadar-branimirova-obala-uz-sami-poluotok-72m2-2kat" "Mozilla/5.0 (Linux; Android 8.0.0; SM-G930F Build/R16NW; wv) AppleWebKit/537.36 (KHTML, like Gecko) Version/4.0 Chrome/76.0.3809.111 Mobile Safari/537.36 Instagram 107.0.0.27.121 Android (26/8.0.0; 480dpi; 1080x1920; samsung; SM-G930F; herolte; samsungexynos8890; hr_HR; 168361634)"
89.201.212.207 - - [27/Aug/2019:16:17:25 +0000] "GET /uploads/thumbnails/74c54410376983b53a77707b4f6733e6.JPG HTTP/1.1" 200 21884 "https://www.toplokacija-nekretnine.com/stanovi/zadar-branimirova-obala-uz-sami-poluotok-72m2-2kat" "Mozilla/5.0 (Linux; Android 8.0.0; SM-G930F Build/R16NW; wv) AppleWebKit/537.36 (KHTML, like Gecko) Version/4.0 Chrome/76.0.3809.111 Mobile Safari/537.36 Instagram 107.0.0.27.121 Android (26/8.0.0; 480dpi; 1080x1920; samsung; SM-G930F; herolte; samsungexynos8890; hr_HR; 168361634)"
89.201.212.207 - - [27/Aug/2019:16:17:26 +0000] "GET /uploads/thumbnails/831d44a2602b472465db10aa716edaa3.JPG HTTP/1.1" 200 23378 "https://www.toplokacija-nekretnine.com/stanovi/zadar-branimirova-obala-uz-sami-poluotok-72m2-2kat" "Mozilla/5.0 (Linux; Android 8.0.0; SM-G930F Build/R16NW; wv) AppleWebKit/537.36 (KHTML, like Gecko) Version/4.0 Chrome/76.0.3809.111 Mobile Safari/537.36 Instagram 107.0.0.27.121 Android (26/8.0.0; 480dpi; 1080x1920; samsung; SM-G930F; herolte; samsungexynos8890; hr_HR; 168361634)"
89.201.212.207 - - [27/Aug/2019:16:17:26 +0000] "GET /uploads/thumbnails/2d190c6236f3b136e6ec9193a34b3d23.JPG HTTP/1.1" 200 23396 "https://www.toplokacija-nekretnine.com/stanovi/zadar-branimirova-obala-uz-sami-poluotok-72m2-2kat" "Mozilla/5.0 (Linux; Android 8.0.0; SM-G930F Build/R16NW; wv) AppleWebKit/537.36 (KHTML, like Gecko) Version/4.0 Chrome/76.0.3809.111 Mobile Safari/537.36 Instagram 107.0.0.27.121 Android (26/8.0.0; 480dpi; 1080x1920; samsung; SM-G930F; herolte; samsungexynos8890; hr_HR; 168361634)"
89.201.212.207 - - [27/Aug/2019:16:17:26 +0000] "GET /uploads/thumbnails/9e18554f7116ff7451054ef0ca9c00d9.JPG HTTP/1.1" 200 21987 "https://www.toplokacija-nekretnine.com/stanovi/zadar-branimirova-obala-uz-sami-poluotok-72m2-2kat" "Mozilla/5.0 (Linux; Android 8.0.0; SM-G930F Build/R16NW; wv) AppleWebKit/537.36 (KHTML, like Gecko) Version/4.0 Chrome/76.0.3809.111 Mobile Safari/537.36 Instagram 107.0.0.27.121 Android (26/8.0.0; 480dpi; 1080x1920; samsung; SM-G930F; herolte; samsungexynos8890; hr_HR; 168361634)"
89.201.212.207 - - [27/Aug/2019:16:17:26 +0000] "GET /uploads/thumbnails/776a0346d8ebc3ecd36baa249505b027.JPG HTTP/1.1" 200 26831 "https://www.toplokacija-nekretnine.com/stanovi/zadar-branimirova-obala-uz-sami-poluotok-72m2-2kat" "Mozilla/5.0 (Linux; Android 8.0.0; SM-G930F Build/R16NW; wv) AppleWebKit/537.36 (KHTML, like Gecko) Version/4.0 Chrome/76.0.3809.111 Mobile Safari/537.36 Instagram 107.0.0.27.121 Android (26/8.0.0; 480dpi; 1080x1920; samsung; SM-G930F; herolte; samsungexynos8890; hr_HR; 168361634)"
89.201.212.207 - - [27/Aug/2019:16:17:26 +0000] "GET /unitegallery/images/cover-grid.png HTTP/1.1" 200 933 "https://www.toplokacija-nekretnine.com/unitegallery/css/unite-gallery.css" "Mozilla/5.0 (Linux; Android 8.0.0; SM-G930F Build/R16NW; wv) AppleWebKit/537.36 (KHTML, like Gecko) Version/4.0 Chrome/76.0.3809.111 Mobile Safari/537.36 Instagram 107.0.0.27.121 Android (26/8.0.0; 480dpi; 1080x1920; samsung; SM-G930F; herolte; samsungexynos8890; hr_HR; 168361634)"
89.201.212.207 - - [27/Aug/2019:16:17:26 +0000] "GET /unitegallery/images/loader.gif HTTP/1.1" 200 673 "https://www.toplokacija-nekretnine.com/unitegallery/css/unite-gallery.css" "Mozilla/5.0 (Linux; Android 8.0.0; SM-G930F Build/R16NW; wv) AppleWebKit/537.36 (KHTML, like Gecko) Version/4.0 Chrome/76.0.3809.111 Mobile Safari/537.36 Instagram 107.0.0.27.121 Android (26/8.0.0; 480dpi; 1080x1920; samsung; SM-G930F; herolte; samsungexynos8890; hr_HR; 168361634)"
89.201.212.207 - - [27/Aug/2019:16:17:26 +0000] "GET /unitegallery/images/not_loaded.png HTTP/1.1" 200 858 "https://www.toplokacija-nekretnine.com/unitegallery/css/unite-gallery.css" "Mozilla/5.0 (Linux; Android 8.0.0; SM-G930F Build/R16NW; wv) AppleWebKit/537.36 (KHTML, like Gecko) Version/4.0 Chrome/76.0.3809.111 Mobile Safari/537.36 Instagram 107.0.0.27.121 Android (26/8.0.0; 480dpi; 1080x1920; samsung; SM-G930F; herolte; samsungexynos8890; hr_HR; 168361634)"
