89.201.212.207 - - [27/Aug/2019:16:17:26 +0000] "GET /unitegallery/images/loader-white1.gif HTTP/1.1" 200 2545 "https://www.toplokacija-nekretnine.com/unitegallery/css/unite-gallery.css" "Mozilla/5.0 (Linux; Android 8.0.0; SM-G930F Build/R16NW; wv) AppleWebKit/537.36 (KHTML, like Gecko) Version/4.0 Chrome/76.0.3809.111 Mobile Safari/537.36 Instagram 107.0.0.27.121 Android (26/8.0.0; 480dpi; 1080x1920; samsung; SM-G930F; herolte; samsungexynos8890; hr_HR; 168361634)"
89.201.212.207 - - [27/Aug/2019:16:17:26 +0000] "GET /unitegallery/images/play-button-square.png HTTP/1.1" 200 4591 "https://www.toplokacija-nekretnine.com/unitegallery/css/unite-gallery.css" "Mozilla/5.0 (Linux; Android 8.0.0; SM-G930F Build/R16NW; wv) AppleWebKit/537.36 (KHTML, like Gecko) Version/4.0 Chrome/76.0.3809.111 Mobile Safari/537.36 Instagram 107.0.0.27.121 Android (26/8.0.0; 480dpi; 1080x1920; samsung; SM-G930F; herolte; samsungexynos8890; hr_HR; 168361634)"
89.201.212.207 - - [27/Aug/2019:16:17:26 +0000] "GET /unitegallery/skins/default/slider_arrow_left.png HTTP/1.1" 200 493 "https://www.toplokacija-nekretnine.com/unitegallery/css/unite-gallery.css" "Mozilla/5.0 (Linux; Android 8.0.0; SM-G930F Build/R16NW; wv) AppleWebKit/537.36 (KHTML, like Gecko) Version/4.0 Chrome/76.0.3809.111 Mobile Safari/537.36 Instagram 107.0.0.27.121 Android (26/8.0.0; 480dpi; 1080x1920; samsung; SM-G930F; herolte; samsungexynos8890; hr_HR; 168361634)"
89.201.212.207 - - [27/Aug/2019:16:17:26 +0000] "GET /unitegallery/skins/default/slider_arrow_right.png HTTP/1.1" 200 505 "https://www.toplokacija-nekretnine.com/unitegallery/css/unite-gallery.css" "Mozilla/5.0 (Linux; Android 8.0.0; SM-G930F Build/R16NW; wv) AppleWebKit/537.36 (KHTML, like Gecko) Version/4.0 Chrome/76.0.3809.111 Mobile Safari/537.36 Instagram 107.0.0.27.121 Android (26/8.0.0; 480dpi; 1080x1920; samsung; SM-G930F; herolte; samsungexynos8890; hr_HR; 168361634)"
89.201.212.207 - - [27/Aug/2019:16:17:26 +0000] "GET /unitegallery/skins/default/button_fullscreen.png HTTP/1.1" 200 1146 "https://www.toplokacija-nekretnine.com/unitegallery/css/unite-gallery.css" "Mozilla/5.0 (Linux; Android 8.0.0; SM-G930F Build/R16NW; wv) AppleWebKit/537.36 (KHTML, like Gecko) Version/4.0 Chrome/76.0.3809.111 Mobile Safari/537.36 Instagram 107.0.0.27.121 Android (26/8.0.0; 480dpi; 1080x1920; samsung; SM-G930F; herolte; samsungexynos8890; hr_HR; 168361634)"
89.201.212.207 - - [27/Aug/2019:16:17:26 +0000] "GET /unitegallery/images/loader-black1.gif HTTP/1.1" 200 5855 "https://www.toplokacija-nekretnine.com/unitegallery/css/unite-gallery.css" "Mozilla/5.0 (Linux; Android 8.0.0; SM-G930F Build/R16NW; wv) AppleWebKit/537.36 (KHTML, like Gecko) Version/4.0 Chrome/76.0.3809.111 Mobile Safari/537.36 Instagram 107.0.0.27.121 Android (26/8.0.0; 480dpi; 1080x1920; samsung; SM-G930F; herolte; samsungexynos8890; hr_HR; 168361634)"
89.201.212.207 - - [27/Aug/2019:16:17:26 +0000] "GET /unitegallery/images/button-close.png HTTP/1.1" 200 7155 "https://www.toplokacija-nekretnine.com/unitegallery/css/unite-gallery.css" "Mozilla/5.0 (Linux; Android 8.0.0; SM-G930F Build/R16NW; wv) AppleWebKit/537.36 (KHTML, like Gecko) Version/4.0 Chrome/76.0.3809.111 Mobile Safari/537.36 Instagram 107.0.0.27.121 Android (26/8.0.0; 480dpi; 1080x1920; samsung; SM-G930F; herolte; samsungexynos8890; hr_HR; 168361634)"
89.201.212.207 - - [27/Aug/2019:16:17:26 +0000] "GET /uploads/images/4100dad038347920de3cc6597aa021ec.JPG HTTP/1.1" 200 116986 "https://www.toplokacija-nekretnine.com/stanovi/zadar-branimirova-obala-uz-sami-poluotok-72m2-2kat" "Mozilla/5.0 (Linux; Android 8.0.0; SM-G930F Build/R16NW; wv) AppleWebKit/537.36 (KHTML, like Gecko) Version/4.0 Chrome/76.0.3809.111 Mobile Safari/537.36 Instagram 107.0.0.27.121 Android (26/8.0.0; 480dpi; 1080x1920; samsung; SM-G930F; herolte; samsungexynos8890; hr_HR; 168361634)"
89.201.212.207 - - [27/Aug/2019:16:17:26 +0000] "GET /uploads/images/19c3ccf76cd964a100c7fcc913ff97c9.JPG HTTP/1.1" 200 114501 "https://www.toplokacija-nekretnine.com/stanovi/zadar-branimirova-obala-uz-sami-poluotok-72m2-2kat" "Mozilla/5.0 (Linux; Android 8.0.0; SM-G930F Build/R16NW; wv) AppleWebKit/537.36 (KHTML, like Gecko) Version/4.0 Chrome/76.0.3809.111 Mobile Safari/537.36 Instagram 107.0.0.27.121 Android (26/8.0.0; 480dpi; 1080x1920; samsung; SM-G930F; herolte; samsungexynos8890; hr_HR; 168361634)"
89.201.212.207 - - [27/Aug/2019:16:17:26 +0000] "GET /uploads/images/776a0346d8ebc3ecd36baa249505b027.JPG HTTP/1.1" 200 145244 "https://www.toplokacija-nekretnine.com/stanovi/zadar-branimirova-obala-uz-sami-poluotok-72m2-2kat" "Mozilla/5.0 (Linux; Android 8.0.0; SM-G930F Build/R16NW; wv) AppleWebKit/537.36 (KHTML, like Gecko) Version/4.0 Chrome/76.0.3809.111 Mobile Safari/537.36 Instagram 107.0.0.27.121 Android (26/8.0.0; 480dpi; 1080x1920; samsung; SM-G930F; herolte; samsungexynos8890; hr_HR; 168361634)"
81.209.177.189 - - [27/Aug/2019:16:17:37 +0000] "GET /stanovi/zadar-borik-novogradnja-ekskluzivan-top-objekt-s-5-stanova-prizemlje-6834m2 HTTP/1.1" 200 7126 "-" "netEstate NE Crawler (+http://www.website-datenbank.de/)"
89.201.212.207 - - [27/Aug/2019:16:17:42 +0000] "GET /uploads/images/6675122ba3286f8c77ecf429c1cb7944.jpg HTTP/1.1" 200 114714 "https://www.toplokacija-nekretnine.com/stanovi/zadar-branimirova-obala-uz-sami-poluotok-72m2-2kat" "Mozilla/5.0 (Linux; Android 8.0.0; SM-G930F Build/R16NW; wv) AppleWebKit/537.36 (KHTML, like Gecko) Version/4.0 Chrome/76.0.3809.111 Mobile Safari/537.36 Instagram 107.0.0.27.121 Android (26/8.0.0; 480dpi; 1080x1920; samsung; SM-G930F; herolte; samsungexynos8890; hr_HR; 168361634)"
89.201.212.207 - - [27/Aug/2019:16:17:43 +0000] "GET /uploads/images/4110edc167b6414731d50e03b160e1c1.JPG HTTP/1.1" 200 115171 "https://www.toplokacija-nekretnine.com/stanovi/zadar-branimirova-obala-uz-sami-poluotok-72m2-2kat" "Mozilla/5.0 (Linux; Android 8.0.0; SM-G930F Build/R16NW; wv) AppleWebKit/537.36 (KHTML, like Gecko) Version/4.0 Chrome/76.0.3809.111 Mobile Safari/537.36 Instagram 107.0.0.27.121 Android (26/8.0.0; 480dpi; 1080x1920; samsung; SM-G930F; herolte; samsungexynos8890; hr_HR; 168361634)"
89.201.212.207 - - [27/Aug/2019:16:17:44 +0000] "GET /uploads/images/d5361f633a6058b1061a325e6e3116d4.JPG HTTP/1.1" 200 154005 "https://www.toplokacija-nekretnine.com/stanovi/zadar-branimirova-obala-uz-sami-poluotok-72m2-2kat" "Mozilla/5.0 (Linux; Android 8.0.0; SM-G930F Build/R16NW; wv) AppleWebKit/537.36 (KHTML, like Gecko) Version/4.0 Chrome/76.0.3809.111 Mobile Safari/537.36 Instagram 107.0.0.27.121 Android (26/8.0.0; 480dpi; 1080x1920; samsung; SM-G930F; herolte; samsungexynos8890; hr_HR; 168361634)"
31.13.115.15 - - [27/Aug/2019:16:17:46 +0000] "GET / HTTP/1.1" 301 247 "-" "facebookexternalhit/1.1 (+http://www.facebook.com/externalhit_uatext.php)"
31.13.115.13 - - [27/Aug/2019:16:17:46 +0000] "GET / HTTP/1.1" 206 9289 "-" "facebookexternalhit/1.1 (+http://www.facebook.com/externalhit_uatext.php)"
89.201.212.207 - - [27/Aug/2019:16:17:57 +0000] "GET /uploads/images/90ab7039f28c2ee8578b47486c76af28.JPG HTTP/1.1" 200 142645 "https://www.toplokacija-nekretnine.com/stanovi/zadar-branimirova-obala-uz-sami-poluotok-72m2-2kat" "Mozilla/5.0 (Linux; Android 8.0.0; SM-G930F Build/R16NW; wv) AppleWebKit/537.36 (KHTML, like Gecko) Version/4.0 Chrome/76.0.3809.111 Mobile Safari/537.36 Instagram 107.0.0.27.121 Android (26/8.0.0; 480dpi; 1080x1920; samsung; SM-G930F; herolte; samsungexynos8890; hr_HR; 168361634)"
89.201.212.207 - - [27/Aug/2019:16:17:58 +0000] "GET /uploads/images/b5e8a8e3020b4b7782d346feea2c9b1a.JPG HTTP/1.1" 200 107312 "https://www.toplokacija-nekretnine.com/stanovi/zadar-branimirova-obala-uz-sami-poluotok-72m2-2kat" "Mozilla/5.0 (Linux; Android 8.0.0; SM-G930F Build/R16NW; wv) AppleWebKit/537.36 (KHTML, like Gecko) Version/4.0 Chrome/76.0.3809.111 Mobile Safari/537.36 Instagram 107.0.0.27.121 Android (26/8.0.0; 480dpi; 1080x1920; samsung; SM-G930F; herolte; samsungexynos8890; hr_HR; 168361634)"
81.209.177.136 - - [27/Aug/2019:16:17:59 +0000] "GET /hr/kuce/zaton-moderna-kuca-s-4-apartmana-i-bazenom HTTP/1.1" 200 7190 "-" "netEstate NE Crawler (+http://www.website-datenbank.de/)"
90.132.165.188 - - [27/Aug/2019:16:18:10 +0000] "GET /stanovi?page=1 HTTP/1.1" 200 5934 "https://www.toplokacija-nekretnine.com/stanovi?page=2" "Mozilla/5.0 (Linux; Android 7.0; SM-G928F) AppleWebKit/537.36 (KHTML, like Gecko) Chrome/72.0.3626.105 Mobile Safari/537.36"
90.132.165.188 - - [27/Aug/2019:16:18:12 +0000] "GET /favicon-32x32.png HTTP/1.1" 200 2105 "https://www.toplokacija-nekretnine.com/stanovi?page=1" "Mozilla/5.0 (Linux; Android 7.0; SM-G928F) AppleWebKit/537.36 (KHTML, like Gecko) Chrome/72.0.3626.105 Mobile Safari/537.36"
90.132.165.188 - - [27/Aug/2019:16:18:13 +0000] "GET /apple-touch-icon.png HTTP/1.1" 200 9735 "https://www.toplokacija-nekretnine.com/stanovi?page=1" "Mozilla/5.0 (Linux; Android 7.0; SM-G928F) AppleWebKit/537.36 (KHTML, like Gecko) Chrome/72.0.3626.105 Mobile Safari/537.36"
91.252.179.132 - - [27/Aug/2019:16:18:16 +0000] "GET /zemljista HTTP/1.1" 200 5915 "https://www.google.com/" "Mozilla/5.0 (Linux; Android 6.0.1; SM-A300FU) AppleWebKit/537.36 (KHTML, like Gecko) Chrome/76.0.3809.111 Mobile Safari/537.36"
91.252.179.132 - - [27/Aug/2019:16:18:18 +0000] "GET /css/bootstrap.min.css HTTP/1.1" 200 19744 "https://www.toplokacija-nekretnine.com/zemljista" "Mozilla/5.0 (Linux; Android 6.0.1; SM-A300FU) AppleWebKit/537.36 (KHTML, like Gecko) Chrome/76.0.3809.111 Mobile Safari/537.36"
91.252.179.132 - - [27/Aug/2019:16:18:18 +0000] "GET /css/font-awesome.min.css HTTP/1.1" 200 7053 "https://www.toplokacija-nekretnine.com/zemljista" "Mozilla/5.0 (Linux; Android 6.0.1; SM-A300FU) AppleWebKit/537.36 (KHTML, like Gecko) Chrome/76.0.3809.111 Mobile Safari/537.36"
91.252.179.132 - - [27/Aug/2019:16:18:18 +0000] "GET /css/icofont.css HTTP/1.1" 200 16775 "https://www.toplokacija-nekretnine.com/zemljista" "Mozilla/5.0 (Linux; Android 6.0.1; SM-A300FU) AppleWebKit/537.36 (KHTML, like Gecko) Chrome/76.0.3809.111 Mobile Safari/537.36"
91.252.179.132 - - [27/Aug/2019:16:18:19 +0000] "GET /css/bootstrap-dropdownhover.css HTTP/1.1" 200 433 "https://www.toplokacija-nekretnine.com/zemljista" "Mozilla/5.0 (Linux; Android 6.0.1; SM-A300FU) AppleWebKit/537.36 (KHTML, like Gecko) Chrome/76.0.3809.111 Mobile Safari/537.36"
91.252.179.132 - - [27/Aug/2019:16:18:19 +0000] "GET /css/hover.css HTTP/1.1" 200 7051 "https://www.toplokacija-nekretnine.com/zemljista" "Mozilla/5.0 (Linux; Android 6.0.1; SM-A300FU) AppleWebKit/537.36 (KHTML, like Gecko) Chrome/76.0.3809.111 Mobile Safari/537.36"
81.209.177.136 - - [27/Aug/2019:16:18:20 +0000] "GET /kuce HTTP/1.1" 200 5693 "-" "netEstate NE Crawler (+http://www.website-datenbank.de/)"
91.252.179.132 - - [27/Aug/2019:16:18:20 +0000] "GET /css/animations.css HTTP/1.1" 200 2856 "https://www.toplokacija-nekretnine.com/zemljista" "Mozilla/5.0 (Linux; Android 6.0.1; SM-A300FU) AppleWebKit/537.36 (KHTML, like Gecko) Chrome/76.0.3809.111 Mobile Safari/537.36"
91.252.179.132 - - [27/Aug/2019:16:18:20 +0000] "GET /css/animate.min.css HTTP/1.1" 200 3598 "https://www.toplokacija-nekretnine.com/zemljista" "Mozilla/5.0 (Linux; Android 6.0.1; SM-A300FU) AppleWebKit/537.36 (KHTML, like Gecko) Chrome/76.0.3809.111 Mobile Safari/537.36"
91.252.179.132 - - [27/Aug/2019:16:18:20 +0000] "GET /assets/plugins/flag/css/flag-icon.css HTTP/1.1" 200 2837 "https://www.toplokacija-nekretnine.com/zemljista" "Mozilla/5.0 (Linux; Android 6.0.1; SM-A300FU) AppleWebKit/537.36 (KHTML, like Gecko) Chrome/76.0.3809.111 Mobile Safari/537.36"
91.252.179.132 - - [27/Aug/2019:16:18:20 +0000] "GET /css/cookieconsent.min.css HTTP/1.1" 200 1209 "https://www.toplokacija-nekretnine.com/zemljista" "Mozilla/5.0 (Linux; Android 6.0.1; SM-A300FU) AppleWebKit/537.36 (KHTML, like Gecko) Chrome/76.0.3809.111 Mobile Safari/537.36"
91.252.179.132 - - [27/Aug/2019:16:18:20 +0000] "GET /css/style.css?v=15 HTTP/1.1" 200 7634 "https://www.toplokacija-nekretnine.com/zemljista" "Mozilla/5.0 (Linux; Android 6.0.1; SM-A300FU) AppleWebKit/537.36 (KHTML, like Gecko) Chrome/76.0.3809.111 Mobile Safari/537.36"
91.252.179.132 - - [27/Aug/2019:16:18:20 +0000] "GET /css/responsive.css?v=4 HTTP/1.1" 200 1151 "https://www.toplokacija-nekretnine.com/zemljista" "Mozilla/5.0 (Linux; Android 6.0.1; SM-A300FU) AppleWebKit/537.36 (KHTML, like Gecko) Chrome/76.0.3809.111 Mobile Safari/537.36"
91.252.179.132 - - [27/Aug/2019:16:18:21 +0000] "GET /images/logo_hr.png HTTP/1.1" 200 5600 "https://www.toplokacija-nekretnine.com/zemljista" "Mozilla/5.0 (Linux; Android 6.0.1; SM-A300FU) AppleWebKit/537.36 (KHTML, like Gecko) Chrome/76.0.3809.111 Mobile Safari/537.36"
91.252.179.132 - - [27/Aug/2019:16:18:21 +0000] "GET /js/jquery.min.js HTTP/1.1" 200 29820 "https://www.toplokacija-nekretnine.com/zemljista" "Mozilla/5.0 (Linux; Android 6.0.1; SM-A300FU) AppleWebKit/537.36 (KHTML, like Gecko) Chrome/76.0.3809.111 Mobile Safari/537.36"
91.252.179.132 - - [27/Aug/2019:16:18:22 +0000] "GET /js/css3-animate-it.js HTTP/1.1" 200 1504 "https://www.toplokacija-nekretnine.com/zemljista" "Mozilla/5.0 (Linux; Android 6.0.1; SM-A300FU) AppleWebKit/537.36 (KHTML, like Gecko) Chrome/76.0.3809.111 Mobile Safari/537.36"
91.252.179.132 - - [27/Aug/2019:16:18:22 +0000] "GET /js/bootstrap.min.js HTTP/1.1" 200 9833 "https://www.toplokacija-nekretnine.com/zemljista" "Mozilla/5.0 (Linux; Android 6.0.1; SM-A300FU) AppleWebKit/537.36 (KHTML, like Gecko) Chrome/76.0.3809.111 Mobile Safari/537.36"
91.252.179.132 - - [27/Aug/2019:16:18:23 +0000] "GET /js/bootstrap-dropdownhover.min.js HTTP/1.1" 200 1355 "https://www.toplokacija-nekretnine.com/zemljista" "Mozilla/5.0 (Linux; Android 6.0.1; SM-A300FU) AppleWebKit/537.36 (KHTML, like Gecko) Chrome/76.0.3809.111 Mobile Safari/537.36"
91.252.179.132 - - [27/Aug/2019:16:18:23 +0000] "GET /js/jarallax.js HTTP/1.1" 200 2670 "https://www.toplokacija-nekretnine.com/zemljista" "Mozilla/5.0 (Linux; Android 6.0.1; SM-A300FU) AppleWebKit/537.36 (KHTML, like Gecko) Chrome/76.0.3809.111 Mobile Safari/537.36"
91.252.179.132 - - [27/Aug/2019:16:18:23 +0000] "GET /js/jquery-scrolltofixed-min.js HTTP/1.1" 200 1717 "https://www.toplokacija-nekretnine.com/zemljista" "Mozilla/5.0 (Linux; Android 6.0.1; SM-A300FU) AppleWebKit/537.36 (KHTML, like Gecko) Chrome/76.0.3809.111 Mobile Safari/537.36"
91.252.179.132 - - [27/Aug/2019:16:18:24 +0000] "GET /js/dyscrollup.js HTTP/1.1" 200 704 "https://www.toplokacija-nekretnine.com/zemljista" "Mozilla/5.0 (Linux; Android 6.0.1; SM-A300FU) AppleWebKit/537.36 (KHTML, like Gecko) Chrome/76.0.3809.111 Mobile Safari/537.36"
91.252.179.132 - - [27/Aug/2019:16:18:24 +0000] "GET /js/cookieconsent.min.js HTTP/1.1" 200 6849 "https://www.toplokacija-nekretnine.com/zemljista" "Mozilla/5.0 (Linux; Android 6.0.1; SM-A300FU) AppleWebKit/537.36 (KHTML, like Gecko) Chrome/76.0.3809.111 Mobile Safari/537.36"
91.252.179.132 - - [27/Aug/2019:16:18:24 +0000] "GET /js/main.js?v=4 HTTP/1.1" 200 551 "https://www.toplokacija-nekretnine.com/zemljista" "Mozilla/5.0 (Linux; Android 6.0.1; SM-A300FU) AppleWebKit/537.36 (KHTML, like Gecko) Chrome/76.0.3809.111 Mobile Safari/537.36"
91.252.179.132 - - [27/Aug/2019:16:18:24 +0000] "GET /uploads/thumbnails/0e33d00f90321d676084c5b41f8476f8.jpg HTTP/1.1" 200 63361 "https://www.toplokacija-nekretnine.com/zemljista" "Mozilla/5.0 (Linux; Android 6.0.1; SM-A300FU) AppleWebKit/537.36 (KHTML, like Gecko) Chrome/76.0.3809.111 Mobile Safari/537.36"
91.252.179.132 - - [27/Aug/2019:16:18:24 +0000] "GET /uploads/thumbnails/b23f58e0fcc2fd203542eb5ef2225ff8.jpg HTTP/1.1" 200 56454 "https://www.toplokacija-nekretnine.com/zemljista" "Mozilla/5.0 (Linux; Android 6.0.1; SM-A300FU) AppleWebKit/537.36 (KHTML, like Gecko) Chrome/76.0.3809.111 Mobile Safari/537.36"
91.252.179.132 - - [27/Aug/2019:16:18:24 +0000] "GET /fonts/fontawesome-webfont.woff2?v=4.7.0 HTTP/1.1" 200 77160 "https://www.toplokacija-nekretnine.com/css/font-awesome.min.css" "Mozilla/5.0 (Linux; Android 6.0.1; SM-A300FU) AppleWebKit/537.36 (KHTML, like Gecko) Chrome/76.0.3809.111 Mobile Safari/537.36"
91.252.179.132 - - [27/Aug/2019:16:18:25 +0000] "GET /images/spinner.gif HTTP/1.1" 200 56260 "https://www.toplokacija-nekretnine.com/css/style.css?v=15" "Mozilla/5.0 (Linux; Android 6.0.1; SM-A300FU) AppleWebKit/537.36 (KHTML, like Gecko) Chrome/76.0.3809.111 Mobile Safari/537.36"
91.252.179.132 - - [27/Aug/2019:16:18:25 +0000] "GET /images/background/2.jpg?v=2 HTTP/1.1" 200 111462 "https://www.toplokacija-nekretnine.com/css/style.css?v=15" "Mozilla/5.0 (Linux; Android 6.0.1; SM-A300FU) AppleWebKit/537.36 (KHTML, like Gecko) Chrome/76.0.3809.111 Mobile Safari/537.36"
91.252.179.132 - - [27/Aug/2019:16:18:24 +0000] "GET /fonts/icofont.ttf?v=1.0.0-beta HTTP/1.1" 200 1018620 "https://www.toplokacija-nekretnine.com/css/icofont.css" "Mozilla/5.0 (Linux; Android 6.0.1; SM-A300FU) AppleWebKit/537.36 (KHTML, like Gecko) Chrome/76.0.3809.111 Mobile Safari/537.36"
90.132.165.188 - - [27/Aug/2019:16:18:30 +0000] "GET /stanovi/zadar-branimirova-obala-uz-sami-poluotok-72m2-2kat HTTP/1.1" 200 6852 "https://www.toplokacija-nekretnine.com/stanovi?page=1" "Mozilla/5.0 (Linux; Android 7.0; SM-G928F) AppleWebKit/537.36 (KHTML, like Gecko) Chrome/72.0.3626.105 Mobile Safari/537.36"
90.132.165.188 - - [27/Aug/2019:16:18:31 +0000] "GET /uploads/thumbnails/19c3ccf76cd964a100c7fcc913ff97c9.JPG HTTP/1.1" 200 22045 "https://www.toplokacija-nekretnine.com/stanovi/zadar-branimirova-obala-uz-sami-poluotok-72m2-2kat" "Mozilla/5.0 (Linux; Android 7.0; SM-G928F) AppleWebKit/537.36 (KHTML, like Gecko) Chrome/72.0.3626.105 Mobile Safari/537.36"
90.132.165.188 - - [27/Aug/2019:16:18:31 +0000] "GET /uploads/thumbnails/6675122ba3286f8c77ecf429c1cb7944.jpg HTTP/1.1" 200 20635 "https://www.toplokacija-nekretnine.com/stanovi/zadar-branimirova-obala-uz-sami-poluotok-72m2-2kat" "Mozilla/5.0 (Linux; Android 7.0; SM-G928F) AppleWebKit/537.36 (KHTML, like Gecko) Chrome/72.0.3626.105 Mobile Safari/537.36"
90.132.165.188 - - [27/Aug/2019:16:18:31 +0000] "GET /uploads/thumbnails/4110edc167b6414731d50e03b160e1c1.JPG HTTP/1.1" 200 22118 "https://www.toplokacija-nekretnine.com/stanovi/zadar-branimirova-obala-uz-sami-poluotok-72m2-2kat" "Mozilla/5.0 (Linux; Android 7.0; SM-G928F) AppleWebKit/537.36 (KHTML, like Gecko) Chrome/72.0.3626.105 Mobile Safari/537.36"
90.132.165.188 - - [27/Aug/2019:16:18:31 +0000] "GET /uploads/thumbnails/d5361f633a6058b1061a325e6e3116d4.JPG HTTP/1.1" 200 28743 "https://www.toplokacija-nekretnine.com/stanovi/zadar-branimirova-obala-uz-sami-poluotok-72m2-2kat" "Mozilla/5.0 (Linux; Android 7.0; SM-G928F) AppleWebKit/537.36 (KHTML, like Gecko) Chrome/72.0.3626.105 Mobile Safari/537.36"
90.132.165.188 - - [27/Aug/2019:16:18:31 +0000] "GET /uploads/thumbnails/90ab7039f28c2ee8578b47486c76af28.JPG HTTP/1.1" 200 29312 "https://www.toplokacija-nekretnine.com/stanovi/zadar-branimirova-obala-uz-sami-poluotok-72m2-2kat" "Mozilla/5.0 (Linux; Android 7.0; SM-G928F) AppleWebKit/537.36 (KHTML, like Gecko) Chrome/72.0.3626.105 Mobile Safari/537.36"
90.132.165.188 - - [27/Aug/2019:16:18:31 +0000] "GET /uploads/thumbnails/b5e8a8e3020b4b7782d346feea2c9b1a.JPG HTTP/1.1" 200 19665 "https://www.toplokacija-nekretnine.com/stanovi/zadar-branimirova-obala-uz-sami-poluotok-72m2-2kat" "Mozilla/5.0 (Linux; Android 7.0; SM-G928F) AppleWebKit/537.36 (KHTML, like Gecko) Chrome/72.0.3626.105 Mobile Safari/537.36"
90.132.165.188 - - [27/Aug/2019:16:18:31 +0000] "GET /uploads/thumbnails/76ebccaa7e1e582813311446c5bcd964.JPG HTTP/1.1" 200 24077 "https://www.toplokacija-nekretnine.com/stanovi/zadar-branimirova-obala-uz-sami-poluotok-72m2-2kat" "Mozilla/5.0 (Linux; Android 7.0; SM-G928F) AppleWebKit/537.36 (KHTML, like Gecko) Chrome/72.0.3626.105 Mobile Safari/537.36"
90.132.165.188 - - [27/Aug/2019:16:18:31 +0000] "GET /uploads/thumbnails/63e3d209665ca8f46a517b405b5e2c25.JPG HTTP/1.1" 200 25469 "https://www.toplokacija-nekretnine.com/stanovi/zadar-branimirova-obala-uz-sami-poluotok-72m2-2kat" "Mozilla/5.0 (Linux; Android 7.0; SM-G928F) AppleWebKit/537.36 (KHTML, like Gecko) Chrome/72.0.3626.105 Mobile Safari/537.36"
90.132.165.188 - - [27/Aug/2019:16:18:31 +0000] "GET /uploads/thumbnails/815118e34fbacc05f1b1a845dd7d034b.JPG HTTP/1.1" 200 39638 "https://www.toplokacija-nekretnine.com/stanovi/zadar-branimirova-obala-uz-sami-poluotok-72m2-2kat" "Mozilla/5.0 (Linux; Android 7.0; SM-G928F) AppleWebKit/537.36 (KHTML, like Gecko) Chrome/72.0.3626.105 Mobile Safari/537.36"
90.132.165.188 - - [27/Aug/2019:16:18:31 +0000] "GET /uploads/thumbnails/823db0b53d80c4f5577fca2ff0e8931d.JPG HTTP/1.1" 200 22088 "https://www.toplokacija-nekretnine.com/stanovi/zadar-branimirova-obala-uz-sami-poluotok-72m2-2kat" "Mozilla/5.0 (Linux; Android 7.0; SM-G928F) AppleWebKit/537.36 (KHTML, like Gecko) Chrome/72.0.3626.105 Mobile Safari/537.36"
90.132.165.188 - - [27/Aug/2019:16:18:31 +0000] "GET /uploads/thumbnails/7510338f1234945a3452043c1f078087.JPG HTTP/1.1" 200 27210 "https://www.toplokacija-nekretnine.com/stanovi/zadar-branimirova-obala-uz-sami-poluotok-72m2-2kat" "Mozilla/5.0 (Linux; Android 7.0; SM-G928F) AppleWebKit/537.36 (KHTML, like Gecko) Chrome/72.0.3626.105 Mobile Safari/537.36"
90.132.165.188 - - [27/Aug/2019:16:18:31 +0000] "GET /uploads/thumbnails/74c54410376983b53a77707b4f6733e6.JPG HTTP/1.1" 200 21884 "https://www.toplokacija-nekretnine.com/stanovi/zadar-branimirova-obala-uz-sami-poluotok-72m2-2kat" "Mozilla/5.0 (Linux; Android 7.0; SM-G928F) AppleWebKit/537.36 (KHTML, like Gecko) Chrome/72.0.3626.105 Mobile Safari/537.36"
90.132.165.188 - - [27/Aug/2019:16:18:31 +0000] "GET /uploads/thumbnails/2d190c6236f3b136e6ec9193a34b3d23.JPG HTTP/1.1" 200 23396 "https://www.toplokacija-nekretnine.com/stanovi/zadar-branimirova-obala-uz-sami-poluotok-72m2-2kat" "Mozilla/5.0 (Linux; Android 7.0; SM-G928F) AppleWebKit/537.36 (KHTML, like Gecko) Chrome/72.0.3626.105 Mobile Safari/537.36"
90.132.165.188 - - [27/Aug/2019:16:18:31 +0000] "GET /uploads/thumbnails/831d44a2602b472465db10aa716edaa3.JPG HTTP/1.1" 200 23378 "https://www.toplokacija-nekretnine.com/stanovi/zadar-branimirova-obala-uz-sami-poluotok-72m2-2kat" "Mozilla/5.0 (Linux; Android 7.0; SM-G928F) AppleWebKit/537.36 (KHTML, like Gecko) Chrome/72.0.3626.105 Mobile Safari/537.36"
90.132.165.188 - - [27/Aug/2019:16:18:31 +0000] "GET /uploads/thumbnails/9e18554f7116ff7451054ef0ca9c00d9.JPG HTTP/1.1" 200 21987 "https://www.toplokacija-nekretnine.com/stanovi/zadar-branimirova-obala-uz-sami-poluotok-72m2-2kat" "Mozilla/5.0 (Linux; Android 7.0; SM-G928F) AppleWebKit/537.36 (KHTML, like Gecko) Chrome/72.0.3626.105 Mobile Safari/537.36"
90.132.165.188 - - [27/Aug/2019:16:18:31 +0000] "GET /uploads/thumbnails/776a0346d8ebc3ecd36baa249505b027.JPG HTTP/1.1" 200 26831 "https://www.toplokacija-nekretnine.com/stanovi/zadar-branimirova-obala-uz-sami-poluotok-72m2-2kat" "Mozilla/5.0 (Linux; Android 7.0; SM-G928F) AppleWebKit/537.36 (KHTML, like Gecko) Chrome/72.0.3626.105 Mobile Safari/537.36"
90.132.165.188 - - [27/Aug/2019:16:18:31 +0000] "GET /uploads/images/4100dad038347920de3cc6597aa021ec.JPG HTTP/1.1" 200 116986 "https://www.toplokacija-nekretnine.com/stanovi/zadar-branimirova-obala-uz-sami-poluotok-72m2-2kat" "Mozilla/5.0 (Linux; Android 7.0; SM-G928F) AppleWebKit/537.36 (KHTML, like Gecko) Chrome/72.0.3626.105 Mobile Safari/537.36"
90.132.165.188 - - [27/Aug/2019:16:18:31 +0000] "GET /uploads/images/19c3ccf76cd964a100c7fcc913ff97c9.JPG HTTP/1.1" 200 114501 "https://www.toplokacija-nekretnine.com/stanovi/zadar-branimirova-obala-uz-sami-poluotok-72m2-2kat" "Mozilla/5.0 (Linux; Android 7.0; SM-G928F) AppleWebKit/537.36 (KHTML, like Gecko) Chrome/72.0.3626.105 Mobile Safari/537.36"
90.132.165.188 - - [27/Aug/2019:16:18:31 +0000] "GET /uploads/images/776a0346d8ebc3ecd36baa249505b027.JPG HTTP/1.1" 200 145244 "https://www.toplokacija-nekretnine.com/stanovi/zadar-branimirova-obala-uz-sami-poluotok-72m2-2kat" "Mozilla/5.0 (Linux; Android 7.0; SM-G928F) AppleWebKit/537.36 (KHTML, like Gecko) Chrome/72.0.3626.105 Mobile Safari/537.36"
81.209.177.189 - - [27/Aug/2019:16:18:32 +0000] "GET /poslovni-prostori/top-lokacija-svfilip-i-jakov-poslovni-prostor-na-setnici-21m2 HTTP/1.1" 200 6096 "-" "netEstate NE Crawler (+http://www.website-datenbank.de/)"
91.252.179.132 - - [27/Aug/2019:16:18:35 +0000] "GET /uploads/thumbnails/4aca1aa0da0abb269c4d61846d19b798.jpg HTTP/1.1" 200 47488 "https://www.toplokacija-nekretnine.com/zemljista" "Mozilla/5.0 (Linux; Android 6.0.1; SM-A300FU) AppleWebKit/537.36 (KHTML, like Gecko) Chrome/76.0.3809.111 Mobile Safari/537.36"
91.252.179.132 - - [27/Aug/2019:16:18:35 +0000] "GET /uploads/thumbnails/42f6bf5e8582c075da16d579d90c242d.JPG HTTP/1.1" 200 55274 "https://www.toplokacija-nekretnine.com/zemljista" "Mozilla/5.0 (Linux; Android 6.0.1; SM-A300FU) AppleWebKit/537.36 (KHTML, like Gecko) Chrome/76.0.3809.111 Mobile Safari/537.36"
91.252.179.132 - - [27/Aug/2019:16:18:35 +0000] "GET /uploads/thumbnails/e530f87b30327fbc28a5fd7fbe1fafa1.JPG HTTP/1.1" 200 64039 "https://www.toplokacija-nekretnine.com/zemljista" "Mozilla/5.0 (Linux; Android 6.0.1; SM-A300FU) AppleWebKit/537.36 (KHTML, like Gecko) Chrome/76.0.3809.111 Mobile Safari/537.36"
91.252.179.132 - - [27/Aug/2019:16:18:35 +0000] "GET /uploads/thumbnails/7916ffa6a96aa0811c8320c7fae31687.JPG HTTP/1.1" 200 53242 "https://www.toplokacija-nekretnine.com/zemljista" "Mozilla/5.0 (Linux; Android 6.0.1; SM-A300FU) AppleWebKit/537.36 (KHTML, like Gecko) Chrome/76.0.3809.111 Mobile Safari/537.36"
91.252.179.132 - - [27/Aug/2019:16:18:41 +0000] "GET /uploads/thumbnails/f3b369fd7b1877abc4c80a5dcf4cf352.JPG HTTP/1.1" 200 51129 "https://www.toplokacija-nekretnine.com/zemljista" "Mozilla/5.0 (Linux; Android 6.0.1; SM-A300FU) AppleWebKit/537.36 (KHTML, like Gecko) Chrome/76.0.3809.111 Mobile Safari/537.36"
91.252.179.132 - - [27/Aug/2019:16:18:44 +0000] "GET /uploads/thumbnails/24712fefdef071ec0a2133b149711247.jpg HTTP/1.1" 200 38866 "https://www.toplokacija-nekretnine.com/zemljista" "Mozilla/5.0 (Linux; Android 6.0.1; SM-A300FU) AppleWebKit/537.36 (KHTML, like Gecko) Chrome/76.0.3809.111 Mobile Safari/537.36"
91.252.179.132 - - [27/Aug/2019:16:18:44 +0000] "GET /uploads/thumbnails/6aaa967777fd72e29ea98bcc48d74c93.jpg HTTP/1.1" 200 65305 "https://www.toplokacija-nekretnine.com/zemljista" "Mozilla/5.0 (Linux; Android 6.0.1; SM-A300FU) AppleWebKit/537.36 (KHTML, like Gecko) Chrome/76.0.3809.111 Mobile Safari/537.36"
91.252.179.132 - - [27/Aug/2019:16:18:44 +0000] "GET /uploads/thumbnails/6104e8e26e0d1c86bd3da698cd990ebe.jpg HTTP/1.1" 200 49356 "https://www.toplokacija-nekretnine.com/zemljista" "Mozilla/5.0 (Linux; Android 6.0.1; SM-A300FU) AppleWebKit/537.36 (KHTML, like Gecko) Chrome/76.0.3809.111 Mobile Safari/537.36"
91.252.179.132 - - [27/Aug/2019:16:18:45 +0000] "GET /images/background/1.jpg HTTP/1.1" 200 99961 "https://www.toplokacija-nekretnine.com/css/style.css?v=15" "Mozilla/5.0 (Linux; Android 6.0.1; SM-A300FU) AppleWebKit/537.36 (KHTML, like Gecko) Chrome/76.0.3809.111 Mobile Safari/537.36"
90.132.165.188 - - [27/Aug/2019:16:18:46 +0000] "GET /stanovi/zadar-branimirova-obala-uz-sami-poluotok-72m2-2kat HTTP/1.1" 200 6848 "https://www.toplokacija-nekretnine.com/stanovi?page=1" "Mozilla/5.0 (Linux; Android 7.0; SM-G928F) AppleWebKit/537.36 (KHTML, like Gecko) Chrome/72.0.3626.105 Mobile Safari/537.36"
81.209.177.189 - - [27/Aug/2019:16:18:49 +0000] "GET /stanovi/zadar-vidikovac-stan-50m2 HTTP/1.1" 200 6684 "-" "netEstate NE Crawler (+http://www.website-datenbank.de/)"
89.201.212.207 - - [27/Aug/2019:16:18:51 +0000] "GET /stanovi/top-lokacija-branimirova-obala-tiz-97m2 HTTP/1.1" 200 7121 "https://www.toplokacija-nekretnine.com/" "Mozilla/5.0 (Linux; Android 8.0.0; SM-G930F Build/R16NW; wv) AppleWebKit/537.36 (KHTML, like Gecko) Version/4.0 Chrome/76.0.3809.111 Mobile Safari/537.36 Instagram 107.0.0.27.121 Android (26/8.0.0; 480dpi; 1080x1920; samsung; SM-G930F; herolte; samsungexynos8890; hr_HR; 168361634)"
89.201.212.207 - - [27/Aug/2019:16:18:51 +0000] "GET /uploads/thumbnails/d541241622dc54396537d1ebc8a60670.jpg HTTP/1.1" 200 31092 "https://www.toplokacija-nekretnine.com/stanovi/top-lokacija-branimirova-obala-tiz-97m2" "Mozilla/5.0 (Linux; Android 8.0.0; SM-G930F Build/R16NW; wv) AppleWebKit/537.36 (KHTML, like Gecko) Version/4.0 Chrome/76.0.3809.111 Mobile Safari/537.36 Instagram 107.0.0.27.121 Android (26/8.0.0; 480dpi; 1080x1920; samsung; SM-G930F; herolte; samsungexynos8890; hr_HR; 168361634)"
89.201.212.207 - - [27/Aug/2019:16:18:51 +0000] "GET /uploads/thumbnails/6e60c6dc408922be65a38dff60418884.jpg HTTP/1.1" 200 26931 "https://www.toplokacija-nekretnine.com/stanovi/top-lokacija-branimirova-obala-tiz-97m2" "Mozilla/5.0 (Linux; Android 8.0.0; SM-G930F Build/R16NW; wv) AppleWebKit/537.36 (KHTML, like Gecko) Version/4.0 Chrome/76.0.3809.111 Mobile Safari/537.36 Instagram 107.0.0.27.121 Android (26/8.0.0; 480dpi; 1080x1920; samsung; SM-G930F; herolte; samsungexynos8890; hr_HR; 168361634)"
89.201.212.207 - - [27/Aug/2019:16:18:51 +0000] "GET /uploads/thumbnails/c4c01bcdb7a1082c587ac64bb6e3c0ca.jpg HTTP/1.1" 200 33364 "https://www.toplokacija-nekretnine.com/stanovi/top-lokacija-branimirova-obala-tiz-97m2" "Mozilla/5.0 (Linux; Android 8.0.0; SM-G930F Build/R16NW; wv) AppleWebKit/537.36 (KHTML, like Gecko) Version/4.0 Chrome/76.0.3809.111 Mobile Safari/537.36 Instagram 107.0.0.27.121 Android (26/8.0.0; 480dpi; 1080x1920; samsung; SM-G930F; herolte; samsungexynos8890; hr_HR; 168361634)"
89.201.212.207 - - [27/Aug/2019:16:18:51 +0000] "GET /uploads/thumbnails/6128493f970d95fba56bc62b008e8e83.jpg HTTP/1.1" 200 25359 "https://www.toplokacija-nekretnine.com/stanovi/top-lokacija-branimirova-obala-tiz-97m2" "Mozilla/5.0 (Linux; Android 8.0.0; SM-G930F Build/R16NW; wv) AppleWebKit/537.36 (KHTML, like Gecko) Version/4.0 Chrome/76.0.3809.111 Mobile Safari/537.36 Instagram 107.0.0.27.121 Android (26/8.0.0; 480dpi; 1080x1920; samsung; SM-G930F; herolte; samsungexynos8890; hr_HR; 168361634)"
89.201.212.207 - - [27/Aug/2019:16:18:51 +0000] "GET /uploads/thumbnails/72a97c1f1ab4099207b8d58e435ae812.jpg HTTP/1.1" 200 25589 "https://www.toplokacija-nekretnine.com/stanovi/top-lokacija-branimirova-obala-tiz-97m2" "Mozilla/5.0 (Linux; Android 8.0.0; SM-G930F Build/R16NW; wv) AppleWebKit/537.36 (KHTML, like Gecko) Version/4.0 Chrome/76.0.3809.111 Mobile Safari/537.36 Instagram 107.0.0.27.121 Android (26/8.0.0; 480dpi; 1080x1920; samsung; SM-G930F; herolte; samsungexynos8890; hr_HR; 168361634)"
89.201.212.207 - - [27/Aug/2019:16:18:51 +0000] "GET /uploads/thumbnails/9df84448ed91693722144bb3516fabd6.jpg HTTP/1.1" 200 22089 "https://www.toplokacija-nekretnine.com/stanovi/top-lokacija-branimirova-obala-tiz-97m2" "Mozilla/5.0 (Linux; Android 8.0.0; SM-G930F Build/R16NW; wv) AppleWebKit/537.36 (KHTML, like Gecko) Version/4.0 Chrome/76.0.3809.111 Mobile Safari/537.36 Instagram 107.0.0.27.121 Android (26/8.0.0; 480dpi; 1080x1920; samsung; SM-G930F; herolte; samsungexynos8890; hr_HR; 168361634)"
89.201.212.207 - - [27/Aug/2019:16:18:51 +0000] "GET /uploads/thumbnails/96b0c1f68236f885ca4f7423b0477341.jpg HTTP/1.1" 200 25563 "https://www.toplokacija-nekretnine.com/stanovi/top-lokacija-branimirova-obala-tiz-97m2" "Mozilla/5.0 (Linux; Android 8.0.0; SM-G930F Build/R16NW; wv) AppleWebKit/537.36 (KHTML, like Gecko) Version/4.0 Chrome/76.0.3809.111 Mobile Safari/537.36 Instagram 107.0.0.27.121 Android (26/8.0.0; 480dpi; 1080x1920; samsung; SM-G930F; herolte; samsungexynos8890; hr_HR; 168361634)"
89.201.212.207 - - [27/Aug/2019:16:18:51 +0000] "GET /uploads/thumbnails/6a68a45c338549ac801163fd4e44c24c.jpg HTTP/1.1" 200 29102 "https://www.toplokacija-nekretnine.com/stanovi/top-lokacija-branimirova-obala-tiz-97m2" "Mozilla/5.0 (Linux; Android 8.0.0; SM-G930F Build/R16NW; wv) AppleWebKit/537.36 (KHTML, like Gecko) Version/4.0 Chrome/76.0.3809.111 Mobile Safari/537.36 Instagram 107.0.0.27.121 Android (26/8.0.0; 480dpi; 1080x1920; samsung; SM-G930F; herolte; samsungexynos8890; hr_HR; 168361634)"
89.201.212.207 - - [27/Aug/2019:16:18:52 +0000] "GET /uploads/thumbnails/e8e5b5d4013b78da890cc3db1b255de4.jpg HTTP/1.1" 200 19027 "https://www.toplokacija-nekretnine.com/stanovi/top-lokacija-branimirova-obala-tiz-97m2" "Mozilla/5.0 (Linux; Android 8.0.0; SM-G930F Build/R16NW; wv) AppleWebKit/537.36 (KHTML, like Gecko) Version/4.0 Chrome/76.0.3809.111 Mobile Safari/537.36 Instagram 107.0.0.27.121 Android (26/8.0.0; 480dpi; 1080x1920; samsung; SM-G930F; herolte; samsungexynos8890; hr_HR; 168361634)"
89.201.212.207 - - [27/Aug/2019:16:18:52 +0000] "GET /uploads/thumbnails/5c357fca8532e5e470268f0f01dfb5e9.jpg HTTP/1.1" 200 18328 "https://www.toplokacija-nekretnine.com/stanovi/top-lokacija-branimirova-obala-tiz-97m2" "Mozilla/5.0 (Linux; Android 8.0.0; SM-G930F Build/R16NW; wv) AppleWebKit/537.36 (KHTML, like Gecko) Version/4.0 Chrome/76.0.3809.111 Mobile Safari/537.36 Instagram 107.0.0.27.121 Android (26/8.0.0; 480dpi; 1080x1920; samsung; SM-G930F; herolte; samsungexynos8890; hr_HR; 168361634)"
89.201.212.207 - - [27/Aug/2019:16:18:52 +0000] "GET /uploads/thumbnails/7026255e3993688654fd3baf8f35e372.jpg HTTP/1.1" 200 20245 "https://www.toplokacija-nekretnine.com/stanovi/top-lokacija-branimirova-obala-tiz-97m2" "Mozilla/5.0 (Linux; Android 8.0.0; SM-G930F Build/R16NW; wv) AppleWebKit/537.36 (KHTML, like Gecko) Version/4.0 Chrome/76.0.3809.111 Mobile Safari/537.36 Instagram 107.0.0.27.121 Android (26/8.0.0; 480dpi; 1080x1920; samsung; SM-G930F; herolte; samsungexynos8890; hr_HR; 168361634)"
89.201.212.207 - - [27/Aug/2019:16:18:52 +0000] "GET /uploads/thumbnails/94ccac204d7d5d0407e3ab7228f5d60c.jpg HTTP/1.1" 200 20143 "https://www.toplokacija-nekretnine.com/stanovi/top-lokacija-branimirova-obala-tiz-97m2" "Mozilla/5.0 (Linux; Android 8.0.0; SM-G930F Build/R16NW; wv) AppleWebKit/537.36 (KHTML, like Gecko) Version/4.0 Chrome/76.0.3809.111 Mobile Safari/537.36 Instagram 107.0.0.27.121 Android (26/8.0.0; 480dpi; 1080x1920; samsung; SM-G930F; herolte; samsungexynos8890; hr_HR; 168361634)"
89.201.212.207 - - [27/Aug/2019:16:18:52 +0000] "GET /uploads/thumbnails/b3901aced9d63b6ddcd74701257b8d16.jpg HTTP/1.1" 200 22917 "https://www.toplokacija-nekretnine.com/stanovi/top-lokacija-branimirova-obala-tiz-97m2" "Mozilla/5.0 (Linux; Android 8.0.0; SM-G930F Build/R16NW; wv) AppleWebKit/537.36 (KHTML, like Gecko) Version/4.0 Chrome/76.0.3809.111 Mobile Safari/537.36 Instagram 107.0.0.27.121 Android (26/8.0.0; 480dpi; 1080x1920; samsung; SM-G930F; herolte; samsungexynos8890; hr_HR; 168361634)"
89.201.212.207 - - [27/Aug/2019:16:18:52 +0000] "GET /uploads/thumbnails/abc2f5dec06e2d8cb09f9dcd01ed4703.jpg HTTP/1.1" 200 20291 "https://www.toplokacija-nekretnine.com/stanovi/top-lokacija-branimirova-obala-tiz-97m2" "Mozilla/5.0 (Linux; Android 8.0.0; SM-G930F Build/R16NW; wv) AppleWebKit/537.36 (KHTML, like Gecko) Version/4.0 Chrome/76.0.3809.111 Mobile Safari/537.36 Instagram 107.0.0.27.121 Android (26/8.0.0; 480dpi; 1080x1920; samsung; SM-G930F; herolte; samsungexynos8890; hr_HR; 168361634)"
89.201.212.207 - - [27/Aug/2019:16:18:52 +0000] "GET /uploads/thumbnails/786d43b0719b8459d3acaf37c7fb8c55.jpg HTTP/1.1" 200 18208 "https://www.toplokacija-nekretnine.com/stanovi/top-lokacija-branimirova-obala-tiz-97m2" "Mozilla/5.0 (Linux; Android 8.0.0; SM-G930F Build/R16NW; wv) AppleWebKit/537.36 (KHTML, like Gecko) Version/4.0 Chrome/76.0.3809.111 Mobile Safari/537.36 Instagram 107.0.0.27.121 Android (26/8.0.0; 480dpi; 1080x1920; samsung; SM-G930F; herolte; samsungexynos8890; hr_HR; 168361634)"
89.201.212.207 - - [27/Aug/2019:16:18:52 +0000] "GET /uploads/thumbnails/b4125009d9110009da7f5e5a3f4793a9.jpg HTTP/1.1" 200 22771 "https://www.toplokacija-nekretnine.com/stanovi/top-lokacija-branimirova-obala-tiz-97m2" "Mozilla/5.0 (Linux; Android 8.0.0; SM-G930F Build/R16NW; wv) AppleWebKit/537.36 (KHTML, like Gecko) Version/4.0 Chrome/76.0.3809.111 Mobile Safari/537.36 Instagram 107.0.0.27.121 Android (26/8.0.0; 480dpi; 1080x1920; samsung; SM-G930F; herolte; samsungexynos8890; hr_HR; 168361634)"
89.201.212.207 - - [27/Aug/2019:16:18:52 +0000] "GET /uploads/thumbnails/b8da3e286a60147af5615775da5965d2.jpg HTTP/1.1" 200 23129 "https://www.toplokacija-nekretnine.com/stanovi/top-lokacija-branimirova-obala-tiz-97m2" "Mozilla/5.0 (Linux; Android 8.0.0; SM-G930F Build/R16NW; wv) AppleWebKit/537.36 (KHTML, like Gecko) Version/4.0 Chrome/76.0.3809.111 Mobile Safari/537.36 Instagram 107.0.0.27.121 Android (26/8.0.0; 480dpi; 1080x1920; samsung; SM-G930F; herolte; samsungexynos8890; hr_HR; 168361634)"
89.201.212.207 - - [27/Aug/2019:16:18:52 +0000] "GET /uploads/thumbnails/9aaabc381260150481c8cc8a8acc75b5.jpg HTTP/1.1" 200 19908 "https://www.toplokacija-nekretnine.com/stanovi/top-lokacija-branimirova-obala-tiz-97m2" "Mozilla/5.0 (Linux; Android 8.0.0; SM-G930F Build/R16NW; wv) AppleWebKit/537.36 (KHTML, like Gecko) Version/4.0 Chrome/76.0.3809.111 Mobile Safari/537.36 Instagram 107.0.0.27.121 Android (26/8.0.0; 480dpi; 1080x1920; samsung; SM-G930F; herolte; samsungexynos8890; hr_HR; 168361634)"
89.201.212.207 - - [27/Aug/2019:16:18:52 +0000] "GET /uploads/images/981f80f17952c6201dffa885c0680e46.jpg HTTP/1.1" 200 111146 "https://www.toplokacija-nekretnine.com/stanovi/top-lokacija-branimirova-obala-tiz-97m2" "Mozilla/5.0 (Linux; Android 8.0.0; SM-G930F Build/R16NW; wv) AppleWebKit/537.36 (KHTML, like Gecko) Version/4.0 Chrome/76.0.3809.111 Mobile Safari/537.36 Instagram 107.0.0.27.121 Android (26/8.0.0; 480dpi; 1080x1920; samsung; SM-G930F; herolte; samsungexynos8890; hr_HR; 168361634)"
89.201.212.207 - - [27/Aug/2019:16:18:52 +0000] "GET /uploads/images/9aaabc381260150481c8cc8a8acc75b5.jpg HTTP/1.1" 200 64304 "https://www.toplokacija-nekretnine.com/stanovi/top-lokacija-branimirova-obala-tiz-97m2" "Mozilla/5.0 (Linux; Android 8.0.0; SM-G930F Build/R16NW; wv) AppleWebKit/537.36 (KHTML, like Gecko) Version/4.0 Chrome/76.0.3809.111 Mobile Safari/537.36 Instagram 107.0.0.27.121 Android (26/8.0.0; 480dpi; 1080x1920; samsung; SM-G930F; herolte; samsungexynos8890; hr_HR; 168361634)"
89.201.212.207 - - [27/Aug/2019:16:18:52 +0000] "GET /uploads/images/d541241622dc54396537d1ebc8a60670.jpg HTTP/1.1" 200 107273 "https://www.toplokacija-nekretnine.com/stanovi/top-lokacija-branimirova-obala-tiz-97m2" "Mozilla/5.0 (Linux; Android 8.0.0; SM-G930F Build/R16NW; wv) AppleWebKit/537.36 (KHTML, like Gecko) Version/4.0 Chrome/76.0.3809.111 Mobile Safari/537.36 Instagram 107.0.0.27.121 Android (26/8.0.0; 480dpi; 1080x1920; samsung; SM-G930F; herolte; samsungexynos8890; hr_HR; 168361634)"
91.252.179.132 - - [27/Aug/2019:16:18:54 +0000] "GET /favicon-32x32.png HTTP/1.1" 200 2105 "https://www.toplokacija-nekretnine.com/zemljista" "Mozilla/5.0 (Linux; Android 6.0.1; SM-A300FU) AppleWebKit/537.36 (KHTML, like Gecko) Chrome/76.0.3809.111 Mobile Safari/537.36"
91.252.179.132 - - [27/Aug/2019:16:18:54 +0000] "GET /apple-touch-icon.png HTTP/1.1" 200 9735 "https://www.toplokacija-nekretnine.com/zemljista" "Mozilla/5.0 (Linux; Android 6.0.1; SM-A300FU) AppleWebKit/537.36 (KHTML, like Gecko) Chrome/76.0.3809.111 Mobile Safari/537.36"
91.252.179.132 - - [27/Aug/2019:16:18:55 +0000] "GET /site.webmanifest HTTP/1.1" 200 291 "https://www.toplokacija-nekretnine.com/zemljista" "Mozilla/5.0 (Linux; Android 6.0.1; SM-A300FU) AppleWebKit/537.36 (KHTML, like Gecko) Chrome/76.0.3809.111 Mobile Safari/537.36"
89.201.212.207 - - [27/Aug/2019:16:18:56 +0000] "GET /uploads/images/6e60c6dc408922be65a38dff60418884.jpg HTTP/1.1" 200 88052 "https://www.toplokacija-nekretnine.com/stanovi/top-lokacija-branimirova-obala-tiz-97m2" "Mozilla/5.0 (Linux; Android 8.0.0; SM-G930F Build/R16NW; wv) AppleWebKit/537.36 (KHTML, like Gecko) Version/4.0 Chrome/76.0.3809.111 Mobile Safari/537.36 Instagram 107.0.0.27.121 Android (26/8.0.0; 480dpi; 1080x1920; samsung; SM-G930F; herolte; samsungexynos8890; hr_HR; 168361634)"
90.132.165.188 - - [27/Aug/2019:16:18:56 +0000] "GET /stanovi/zadar-branimirova-obala-uz-sami-poluotok-72m2-2kat HTTP/1.1" 200 6847 "-" "WhatsApp/2.19.134 A"
90.132.165.188 - - [27/Aug/2019:16:18:56 +0000] "GET /stanovi/zadar-branimirova-obala-uz-sami-poluotok-72m2-2kat HTTP/1.1" 200 6849 "-" "WhatsApp/2.19.134 A"
89.201.212.207 - - [27/Aug/2019:16:18:57 +0000] "GET /uploads/images/c4c01bcdb7a1082c587ac64bb6e3c0ca.jpg HTTP/1.1" 200 108797 "https://www.toplokacija-nekretnine.com/stanovi/top-lokacija-branimirova-obala-tiz-97m2" "Mozilla/5.0 (Linux; Android 8.0.0; SM-G930F Build/R16NW; wv) AppleWebKit/537.36 (KHTML, like Gecko) Version/4.0 Chrome/76.0.3809.111 Mobile Safari/537.36 Instagram 107.0.0.27.121 Android (26/8.0.0; 480dpi; 1080x1920; samsung; SM-G930F; herolte; samsungexynos8890; hr_HR; 168361634)"
90.132.165.188 - - [27/Aug/2019:16:18:57 +0000] "GET /favicon-16x16.png HTTP/1.1" 200 1751 "-" "WhatsApp/2.19.134 A"
89.201.212.207 - - [27/Aug/2019:16:18:58 +0000] "GET /uploads/images/72a97c1f1ab4099207b8d58e435ae812.jpg HTTP/1.1" 200 81338 "https://www.toplokacija-nekretnine.com/stanovi/top-lokacija-branimirova-obala-tiz-97m2" "Mozilla/5.0 (Linux; Android 8.0.0; SM-G930F Build/R16NW; wv) AppleWebKit/537.36 (KHTML, like Gecko) Version/4.0 Chrome/76.0.3809.111 Mobile Safari/537.36 Instagram 107.0.0.27.121 Android (26/8.0.0; 480dpi; 1080x1920; samsung; SM-G930F; herolte; samsungexynos8890; hr_HR; 168361634)"
89.201.212.207 - - [27/Aug/2019:16:19:00 +0000] "GET /uploads/images/6128493f970d95fba56bc62b008e8e83.jpg HTTP/1.1" 200 96363 "https://www.toplokacija-nekretnine.com/stanovi/top-lokacija-branimirova-obala-tiz-97m2" "Mozilla/5.0 (Linux; Android 8.0.0; SM-G930F Build/R16NW; wv) AppleWebKit/537.36 (KHTML, like Gecko) Version/4.0 Chrome/76.0.3809.111 Mobile Safari/537.36 Instagram 107.0.0.27.121 Android (26/8.0.0; 480dpi; 1080x1920; samsung; SM-G930F; herolte; samsungexynos8890; hr_HR; 168361634)"
89.201.212.207 - - [27/Aug/2019:16:19:01 +0000] "GET /uploads/images/9df84448ed91693722144bb3516fabd6.jpg HTTP/1.1" 200 70605 "https://www.toplokacija-nekretnine.com/stanovi/top-lokacija-branimirova-obala-tiz-97m2" "Mozilla/5.0 (Linux; Android 8.0.0; SM-G930F Build/R16NW; wv) AppleWebKit/537.36 (KHTML, like Gecko) Version/4.0 Chrome/76.0.3809.111 Mobile Safari/537.36 Instagram 107.0.0.27.121 Android (26/8.0.0; 480dpi; 1080x1920; samsung; SM-G930F; herolte; samsungexynos8890; hr_HR; 168361634)"
89.201.212.207 - - [27/Aug/2019:16:19:03 +0000] "GET /uploads/images/96b0c1f68236f885ca4f7423b0477341.jpg HTTP/1.1" 200 81852 "https://www.toplokacija-nekretnine.com/stanovi/top-lokacija-branimirova-obala-tiz-97m2" "Mozilla/5.0 (Linux; Android 8.0.0; SM-G930F Build/R16NW; wv) AppleWebKit/537.36 (KHTML, like Gecko) Version/4.0 Chrome/76.0.3809.111 Mobile Safari/537.36 Instagram 107.0.0.27.121 Android (26/8.0.0; 480dpi; 1080x1920; samsung; SM-G930F; herolte; samsungexynos8890; hr_HR; 168361634)"
89.201.212.207 - - [27/Aug/2019:16:19:04 +0000] "GET /uploads/images/6a68a45c338549ac801163fd4e44c24c.jpg HTTP/1.1" 200 97812 "https://www.toplokacija-nekretnine.com/stanovi/top-lokacija-branimirova-obala-tiz-97m2" "Mozilla/5.0 (Linux; Android 8.0.0; SM-G930F Build/R16NW; wv) AppleWebKit/537.36 (KHTML, like Gecko) Version/4.0 Chrome/76.0.3809.111 Mobile Safari/537.36 Instagram 107.0.0.27.121 Android (26/8.0.0; 480dpi; 1080x1920; samsung; SM-G930F; herolte; samsungexynos8890; hr_HR; 168361634)"
81.209.177.189 - - [27/Aug/2019:16:19:05 +0000] "GET /kuce/prilika-zaton-postojeca-kamena-kuca-s-projektom-na-zemljistu-od-626m2 HTTP/1.1" 200 7228 "-" "netEstate NE Crawler (+http://www.website-datenbank.de/)"
89.201.212.207 - - [27/Aug/2019:16:19:05 +0000] "GET /uploads/images/94ccac204d7d5d0407e3ab7228f5d60c.jpg HTTP/1.1" 200 72972 "https://www.toplokacija-nekretnine.com/stanovi/top-lokacija-branimirova-obala-tiz-97m2" "Mozilla/5.0 (Linux; Android 8.0.0; SM-G930F Build/R16NW; wv) AppleWebKit/537.36 (KHTML, like Gecko) Version/4.0 Chrome/76.0.3809.111 Mobile Safari/537.36 Instagram 107.0.0.27.121 Android (26/8.0.0; 480dpi; 1080x1920; samsung; SM-G930F; herolte; samsungexynos8890; hr_HR; 168361634)"
89.201.212.207 - - [27/Aug/2019:16:19:06 +0000] "GET /uploads/images/e8e5b5d4013b78da890cc3db1b255de4.jpg HTTP/1.1" 200 68818 "https://www.toplokacija-nekretnine.com/stanovi/top-lokacija-branimirova-obala-tiz-97m2" "Mozilla/5.0 (Linux; Android 8.0.0; SM-G930F Build/R16NW; wv) AppleWebKit/537.36 (KHTML, like Gecko) Version/4.0 Chrome/76.0.3809.111 Mobile Safari/537.36 Instagram 107.0.0.27.121 Android (26/8.0.0; 480dpi; 1080x1920; samsung; SM-G930F; herolte; samsungexynos8890; hr_HR; 168361634)"
89.201.212.207 - - [27/Aug/2019:16:19:07 +0000] "GET /uploads/images/5c357fca8532e5e470268f0f01dfb5e9.jpg HTTP/1.1" 200 69314 "https://www.toplokacija-nekretnine.com/stanovi/top-lokacija-branimirova-obala-tiz-97m2" "Mozilla/5.0 (Linux; Android 8.0.0; SM-G930F Build/R16NW; wv) AppleWebKit/537.36 (KHTML, like Gecko) Version/4.0 Chrome/76.0.3809.111 Mobile Safari/537.36 Instagram 107.0.0.27.121 Android (26/8.0.0; 480dpi; 1080x1920; samsung; SM-G930F; herolte; samsungexynos8890; hr_HR; 168361634)"
89.201.212.207 - - [27/Aug/2019:16:19:08 +0000] "GET /uploads/images/abc2f5dec06e2d8cb09f9dcd01ed4703.jpg HTTP/1.1" 200 79342 "https://www.toplokacija-nekretnine.com/stanovi/top-lokacija-branimirova-obala-tiz-97m2" "Mozilla/5.0 (Linux; Android 8.0.0; SM-G930F Build/R16NW; wv) AppleWebKit/537.36 (KHTML, like Gecko) Version/4.0 Chrome/76.0.3809.111 Mobile Safari/537.36 Instagram 107.0.0.27.121 Android (26/8.0.0; 480dpi; 1080x1920; samsung; SM-G930F; herolte; samsungexynos8890; hr_HR; 168361634)"
89.201.212.207 - - [27/Aug/2019:16:19:09 +0000] "GET /uploads/images/7026255e3993688654fd3baf8f35e372.jpg HTTP/1.1" 200 74811 "https://www.toplokacija-nekretnine.com/stanovi/top-lokacija-branimirova-obala-tiz-97m2" "Mozilla/5.0 (Linux; Android 8.0.0; SM-G930F Build/R16NW; wv) AppleWebKit/537.36 (KHTML, like Gecko) Version/4.0 Chrome/76.0.3809.111 Mobile Safari/537.36 Instagram 107.0.0.27.121 Android (26/8.0.0; 480dpi; 1080x1920; samsung; SM-G930F; herolte; samsungexynos8890; hr_HR; 168361634)"
89.201.212.207 - - [27/Aug/2019:16:19:10 +0000] "GET /uploads/images/786d43b0719b8459d3acaf37c7fb8c55.jpg HTTP/1.1" 200 69815 "https://www.toplokacija-nekretnine.com/stanovi/top-lokacija-branimirova-obala-tiz-97m2" "Mozilla/5.0 (Linux; Android 8.0.0; SM-G930F Build/R16NW; wv) AppleWebKit/537.36 (KHTML, like Gecko) Version/4.0 Chrome/76.0.3809.111 Mobile Safari/537.36 Instagram 107.0.0.27.121 Android (26/8.0.0; 480dpi; 1080x1920; samsung; SM-G930F; herolte; samsungexynos8890; hr_HR; 168361634)"
89.201.212.207 - - [27/Aug/2019:16:19:11 +0000] "GET /uploads/images/b3901aced9d63b6ddcd74701257b8d16.jpg HTTP/1.1" 200 75867 "https://www.toplokacija-nekretnine.com/stanovi/top-lokacija-branimirova-obala-tiz-97m2" "Mozilla/5.0 (Linux; Android 8.0.0; SM-G930F Build/R16NW; wv) AppleWebKit/537.36 (KHTML, like Gecko) Version/4.0 Chrome/76.0.3809.111 Mobile Safari/537.36 Instagram 107.0.0.27.121 Android (26/8.0.0; 480dpi; 1080x1920; samsung; SM-G930F; herolte; samsungexynos8890; hr_HR; 168361634)"
89.201.212.207 - - [27/Aug/2019:16:19:11 +0000] "GET /uploads/images/b4125009d9110009da7f5e5a3f4793a9.jpg HTTP/1.1" 200 75879 "https://www.toplokacija-nekretnine.com/stanovi/top-lokacija-branimirova-obala-tiz-97m2" "Mozilla/5.0 (Linux; Android 8.0.0; SM-G930F Build/R16NW; wv) AppleWebKit/537.36 (KHTML, like Gecko) Version/4.0 Chrome/76.0.3809.111 Mobile Safari/537.36 Instagram 107.0.0.27.121 Android (26/8.0.0; 480dpi; 1080x1920; samsung; SM-G930F; herolte; samsungexynos8890; hr_HR; 168361634)"
81.209.177.189 - - [27/Aug/2019:16:19:21 +0000] "GET /hoteli HTTP/1.1" 200 4377 "-" "netEstate NE Crawler (+http://www.website-datenbank.de/)"
89.201.212.207 - - [27/Aug/2019:16:19:28 +0000] "GET /stanovi/top-lokacija-branimirova-obala-tiz-97m2 HTTP/1.1" 200 7121 "https://www.toplokacija-nekretnine.com/" "Mozilla/5.0 (Linux; Android 8.0.0; SM-G930F Build/R16NW; wv) AppleWebKit/537.36 (KHTML, like Gecko) Version/4.0 Chrome/76.0.3809.111 Mobile Safari/537.36 Instagram 107.0.0.27.121 Android (26/8.0.0; 480dpi; 1080x1920; samsung; SM-G930F; herolte; samsungexynos8890; hr_HR; 168361634)"
91.252.179.132 - - [27/Aug/2019:16:19:40 +0000] "GET /assets/plugins/flag/flags/4x3/hr.svg HTTP/1.1" 200 80697 "https://www.toplokacija-nekretnine.com/assets/plugins/flag/css/flag-icon.css" "Mozilla/5.0 (Linux; Android 6.0.1; SM-A300FU) AppleWebKit/537.36 (KHTML, like Gecko) Chrome/76.0.3809.111 Mobile Safari/537.36"
81.209.177.136 - - [27/Aug/2019:16:19:47 +0000] "GET /hr/stanovi/top-lokacija-branimirova-obala-tiz-97m2 HTTP/1.1" 200 7120 "-" "netEstate NE Crawler (+http://www.website-datenbank.de/)"
91.252.179.132 - - [27/Aug/2019:16:19:53 +0000] "GET /apartmani HTTP/1.1" 200 5308 "https://www.toplokacija-nekretnine.com/zemljista" "Mozilla/5.0 (Linux; Android 6.0.1; SM-A300FU) AppleWebKit/537.36 (KHTML, like Gecko) Chrome/76.0.3809.111 Mobile Safari/537.36"
91.252.179.132 - - [27/Aug/2019:16:19:54 +0000] "GET /uploads/thumbnails/79136cc48eb64efa03a195b6fe4bd3b5.JPG HTTP/1.1" 200 27006 "https://www.toplokacija-nekretnine.com/apartmani" "Mozilla/5.0 (Linux; Android 6.0.1; SM-A300FU) AppleWebKit/537.36 (KHTML, like Gecko) Chrome/76.0.3809.111 Mobile Safari/537.36"
91.252.179.132 - - [27/Aug/2019:16:19:55 +0000] "GET /uploads/thumbnails/c807da0fa0d811a1729b138a6ce29394.JPG HTTP/1.1" 200 34236 "https://www.toplokacija-nekretnine.com/apartmani" "Mozilla/5.0 (Linux; Android 6.0.1; SM-A300FU) AppleWebKit/537.36 (KHTML, like Gecko) Chrome/76.0.3809.111 Mobile Safari/537.36"
91.252.179.132 - - [27/Aug/2019:16:19:55 +0000] "GET /uploads/thumbnails/d4fca5b79f00a9ec165a7ac7d22b3c4a.JPG HTTP/1.1" 200 37165 "https://www.toplokacija-nekretnine.com/apartmani" "Mozilla/5.0 (Linux; Android 6.0.1; SM-A300FU) AppleWebKit/537.36 (KHTML, like Gecko) Chrome/76.0.3809.111 Mobile Safari/537.36"
91.252.179.132 - - [27/Aug/2019:16:19:55 +0000] "GET /uploads/thumbnails/80623051c4dbae353c3b685272b30ae1.jpg HTTP/1.1" 200 44704 "https://www.toplokacija-nekretnine.com/apartmani" "Mozilla/5.0 (Linux; Android 6.0.1; SM-A300FU) AppleWebKit/537.36 (KHTML, like Gecko) Chrome/76.0.3809.111 Mobile Safari/537.36"
