34.221.166.56 - - [07/Jul/2019:01:02:24 +0000] "GET / HTTP/1.1" 301 233 "-" "Go-http-client/1.1"
66.249.69.46 - - [07/Jul/2019:01:07:51 +0000] "GET /files/Okusi%20i%20mirisi%20zadarskog%20kraja%20-%20Priru%C4%8Dnik%20za%20u%C4%8Denike.pdf HTTP/1.1" 304 - "-" "Mozilla/5.0 (Linux; Android 6.0.1; Nexus 5X Build/MMB29P) AppleWebKit/537.36 (KHTML, like Gecko) Chrome/41.0.2272.96 Mobile Safari/537.36 (compatible; Googlebot/2.1; +http://www.google.com/bot.html)"
46.229.168.151 - - [07/Jul/2019:01:41:00 +0000] "GET /robots.txt HTTP/1.1" 200 24 "-" "Mozilla/5.0 (compatible; SemrushBot/3~bl; +http://www.semrush.com/bot.html)"
46.229.168.152 - - [07/Jul/2019:01:41:00 +0000] "GET /novosti/prva-radionica-na-temu-mediteranska-prehrana-u-nasem-kraju HTTP/1.1" 200 3720 "-" "Mozilla/5.0 (compatible; SemrushBot/3~bl; +http://www.semrush.com/bot.html)"
157.55.39.15 - - [07/Jul/2019:01:59:06 +0000] "GET /robots.txt HTTP/1.1" 200 24 "-" "Mozilla/5.0 (compatible; bingbot/2.0; +http://www.bing.com/bingbot.htm)"
157.55.39.15 - - [07/Jul/2019:01:59:07 +0000] "GET /robots.txt HTTP/1.1" 200 24 "-" "Mozilla/5.0 (compatible; bingbot/2.0; +http://www.bing.com/bingbot.htm)"
157.55.39.106 - - [07/Jul/2019:01:59:34 +0000] "GET /novosti HTTP/1.1" 200 4157 "-" "Mozilla/5.0 (compatible; bingbot/2.0; +http://www.bing.com/bingbot.htm)"
165.22.207.74 - - [07/Jul/2019:02:26:14 +0000] "GET / HTTP/1.1" 301 233 "-" "Mozilla/5.0 (Windows NT 10.0; Win64; x64) AppleWebKit/537.36 (KHTML, like Gecko) Chrome/63.0.3239.132 Safari/537.36"
165.22.207.74 - - [07/Jul/2019:02:26:14 +0000] "GET /wp-includes/wlwmanifest.xml HTTP/1.1" 301 260 "-" "Mozilla/5.0 (Windows NT 10.0; Win64; x64) AppleWebKit/537.36 (KHTML, like Gecko) Chrome/63.0.3239.132 Safari/537.36"
165.22.207.74 - - [07/Jul/2019:02:26:14 +0000] "GET /xmlrpc.php?rsd HTTP/1.1" 301 247 "-" "Mozilla/5.0 (Windows NT 10.0; Win64; x64) AppleWebKit/537.36 (KHTML, like Gecko) Chrome/63.0.3239.132 Safari/537.36"
165.22.207.74 - - [07/Jul/2019:02:26:14 +0000] "GET / HTTP/1.1" 301 233 "-" "Mozilla/5.0 (Windows NT 10.0; Win64; x64) AppleWebKit/537.36 (KHTML, like Gecko) Chrome/63.0.3239.132 Safari/537.36"
165.22.207.74 - - [07/Jul/2019:02:26:14 +0000] "GET /blog/wp-includes/wlwmanifest.xml HTTP/1.1" 301 265 "-" "Mozilla/5.0 (Windows NT 10.0; Win64; x64) AppleWebKit/537.36 (KHTML, like Gecko) Chrome/63.0.3239.132 Safari/537.36"
165.22.207.74 - - [07/Jul/2019:02:26:14 +0000] "GET /web/wp-includes/wlwmanifest.xml HTTP/1.1" 301 264 "-" "Mozilla/5.0 (Windows NT 10.0; Win64; x64) AppleWebKit/537.36 (KHTML, like Gecko) Chrome/63.0.3239.132 Safari/537.36"
165.22.207.74 - - [07/Jul/2019:02:26:14 +0000] "GET /wordpress/wp-includes/wlwmanifest.xml HTTP/1.1" 301 270 "-" "Mozilla/5.0 (Windows NT 10.0; Win64; x64) AppleWebKit/537.36 (KHTML, like Gecko) Chrome/63.0.3239.132 Safari/537.36"
165.22.207.74 - - [07/Jul/2019:02:26:14 +0000] "GET /website/wp-includes/wlwmanifest.xml HTTP/1.1" 301 268 "-" "Mozilla/5.0 (Windows NT 10.0; Win64; x64) AppleWebKit/537.36 (KHTML, like Gecko) Chrome/63.0.3239.132 Safari/537.36"
165.22.207.74 - - [07/Jul/2019:02:26:14 +0000] "GET /wp/wp-includes/wlwmanifest.xml HTTP/1.1" 301 263 "-" "Mozilla/5.0 (Windows NT 10.0; Win64; x64) AppleWebKit/537.36 (KHTML, like Gecko) Chrome/63.0.3239.132 Safari/537.36"
165.22.207.74 - - [07/Jul/2019:02:26:14 +0000] "GET /news/wp-includes/wlwmanifest.xml HTTP/1.1" 301 265 "-" "Mozilla/5.0 (Windows NT 10.0; Win64; x64) AppleWebKit/537.36 (KHTML, like Gecko) Chrome/63.0.3239.132 Safari/537.36"
165.22.207.74 - - [07/Jul/2019:02:26:14 +0000] "GET /2015/wp-includes/wlwmanifest.xml HTTP/1.1" 301 265 "-" "Mozilla/5.0 (Windows NT 10.0; Win64; x64) AppleWebKit/537.36 (KHTML, like Gecko) Chrome/63.0.3239.132 Safari/537.36"
165.22.207.74 - - [07/Jul/2019:02:26:14 +0000] "GET /2016/wp-includes/wlwmanifest.xml HTTP/1.1" 301 265 "-" "Mozilla/5.0 (Windows NT 10.0; Win64; x64) AppleWebKit/537.36 (KHTML, like Gecko) Chrome/63.0.3239.132 Safari/537.36"
165.22.207.74 - - [07/Jul/2019:02:26:14 +0000] "GET /2017/wp-includes/wlwmanifest.xml HTTP/1.1" 301 265 "-" "Mozilla/5.0 (Windows NT 10.0; Win64; x64) AppleWebKit/537.36 (KHTML, like Gecko) Chrome/63.0.3239.132 Safari/537.36"
165.22.207.74 - - [07/Jul/2019:02:26:14 +0000] "GET /2018/wp-includes/wlwmanifest.xml HTTP/1.1" 301 265 "-" "Mozilla/5.0 (Windows NT 10.0; Win64; x64) AppleWebKit/537.36 (KHTML, like Gecko) Chrome/63.0.3239.132 Safari/537.36"
165.22.207.74 - - [07/Jul/2019:02:26:14 +0000] "GET /shop/wp-includes/wlwmanifest.xml HTTP/1.1" 301 265 "-" "Mozilla/5.0 (Windows NT 10.0; Win64; x64) AppleWebKit/537.36 (KHTML, like Gecko) Chrome/63.0.3239.132 Safari/537.36"
165.22.207.74 - - [07/Jul/2019:02:26:14 +0000] "GET /wp1/wp-includes/wlwmanifest.xml HTTP/1.1" 301 264 "-" "Mozilla/5.0 (Windows NT 10.0; Win64; x64) AppleWebKit/537.36 (KHTML, like Gecko) Chrome/63.0.3239.132 Safari/537.36"
165.22.207.74 - - [07/Jul/2019:02:26:14 +0000] "GET /test/wp-includes/wlwmanifest.xml HTTP/1.1" 301 265 "-" "Mozilla/5.0 (Windows NT 10.0; Win64; x64) AppleWebKit/537.36 (KHTML, like Gecko) Chrome/63.0.3239.132 Safari/537.36"
165.22.207.74 - - [07/Jul/2019:02:26:14 +0000] "GET /media/wp-includes/wlwmanifest.xml HTTP/1.1" 301 266 "-" "Mozilla/5.0 (Windows NT 10.0; Win64; x64) AppleWebKit/537.36 (KHTML, like Gecko) Chrome/63.0.3239.132 Safari/537.36"
165.22.207.74 - - [07/Jul/2019:02:26:14 +0000] "GET /wp2/wp-includes/wlwmanifest.xml HTTP/1.1" 301 264 "-" "Mozilla/5.0 (Windows NT 10.0; Win64; x64) AppleWebKit/537.36 (KHTML, like Gecko) Chrome/63.0.3239.132 Safari/537.36"
165.22.207.74 - - [07/Jul/2019:02:26:14 +0000] "GET /site/wp-includes/wlwmanifest.xml HTTP/1.1" 301 265 "-" "Mozilla/5.0 (Windows NT 10.0; Win64; x64) AppleWebKit/537.36 (KHTML, like Gecko) Chrome/63.0.3239.132 Safari/537.36"
165.22.207.74 - - [07/Jul/2019:02:26:14 +0000] "GET /cms/wp-includes/wlwmanifest.xml HTTP/1.1" 301 264 "-" "Mozilla/5.0 (Windows NT 10.0; Win64; x64) AppleWebKit/537.36 (KHTML, like Gecko) Chrome/63.0.3239.132 Safari/537.36"
165.22.207.74 - - [07/Jul/2019:02:26:14 +0000] "GET /sito/wp-includes/wlwmanifest.xml HTTP/1.1" 301 265 "-" "Mozilla/5.0 (Windows NT 10.0; Win64; x64) AppleWebKit/537.36 (KHTML, like Gecko) Chrome/63.0.3239.132 Safari/537.36"
144.76.56.124 - - [07/Jul/2019:02:44:17 +0000] "GET /robots.txt HTTP/1.1" 200 24 "-" "Mozilla/5.0 (compatible; MJ12bot/v1.4.8; http://mj12bot.com/)"
144.76.56.124 - - [07/Jul/2019:02:44:19 +0000] "GET / HTTP/1.1" 200 19737 "-" "Mozilla/5.0 (compatible; MJ12bot/v1.4.8; http://mj12bot.com/)"
66.249.69.48 - - [07/Jul/2019:02:44:56 +0000] "GET / HTTP/1.1" 200 3929 "-" "Mozilla/5.0 (Linux; Android 6.0.1; Nexus 5X Build/MMB29P) AppleWebKit/537.36 (KHTML, like Gecko) Chrome/41.0.2272.96 Mobile Safari/537.36 (compatible; Googlebot/2.1; +http://www.google.com/bot.html)"
66.249.69.43 - - [07/Jul/2019:03:05:24 +0000] "GET /djecji-kutak HTTP/1.1" 200 3802 "-" "Mozilla/5.0 (Linux; Android 6.0.1; Nexus 5X Build/MMB29P) AppleWebKit/537.36 (KHTML, like Gecko) Chrome/41.0.2272.96 Mobile Safari/537.36 (compatible; Googlebot/2.1; +http://www.google.com/bot.html)"
66.249.69.43 - - [07/Jul/2019:03:05:27 +0000] "GET /assets/css/responsive.css HTTP/1.1" 200 4693 "http://www.zona-zadar.hr/djecji-kutak" "Mozilla/5.0 (Linux; Android 6.0.1; Nexus 5X Build/MMB29P) AppleWebKit/537.36 (KHTML, like Gecko) Chrome/41.0.2272.96 Mobile Safari/537.36 (compatible; Googlebot/2.1; +http://www.google.com/bot.html)"
66.249.69.43 - - [07/Jul/2019:03:05:27 +0000] "GET /assets/libs/bootstrap/js/bootstrap.min.js HTTP/1.1" 200 9833 "http://www.zona-zadar.hr/djecji-kutak" "Mozilla/5.0 (Linux; Android 6.0.1; Nexus 5X Build/MMB29P) AppleWebKit/537.36 (KHTML, like Gecko) Chrome/41.0.2272.96 Mobile Safari/537.36 (compatible; Googlebot/2.1; +http://www.google.com/bot.html)"
66.249.69.41 - - [07/Jul/2019:03:05:28 +0000] "GET /assets/libs/count-to/numscroller.js HTTP/1.1" 200 994 "http://www.zona-zadar.hr/djecji-kutak" "Mozilla/5.0 (Linux; Android 6.0.1; Nexus 5X Build/MMB29P) AppleWebKit/537.36 (KHTML, like Gecko) Chrome/41.0.2272.96 Mobile Safari/537.36 (compatible; Googlebot/2.1; +http://www.google.com/bot.html)"
66.249.69.45 - - [07/Jul/2019:03:05:28 +0000] "GET /assets/libs/fancybox/js/jquery.fancybox.min.js HTTP/1.1" 200 8501 "http://www.zona-zadar.hr/djecji-kutak" "Mozilla/5.0 (Linux; Android 6.0.1; Nexus 5X Build/MMB29P) AppleWebKit/537.36 (KHTML, like Gecko) Chrome/41.0.2272.96 Mobile Safari/537.36 (compatible; Googlebot/2.1; +http://www.google.com/bot.html)"
66.249.69.41 - - [07/Jul/2019:03:08:16 +0000] "GET / HTTP/1.1" 200 3932 "-" "Mozilla/5.0 (Linux; Android 6.0.1; Nexus 5X Build/MMB29P) AppleWebKit/537.36 (KHTML, like Gecko) Chrome/41.0.2272.96 Mobile Safari/537.36 (compatible; Googlebot/2.1; +http://www.google.com/bot.html)"
157.55.39.170 - - [07/Jul/2019:03:37:00 +0000] "GET /novosti/ciklus-radionica-namijenjena-djeci-osnovnih-skola-o-vaznosti-mediteranske-prehrane HTTP/1.1" 200 4244 "-" "Mozilla/5.0 (compatible; bingbot/2.0; +http://www.bing.com/bingbot.htm)"
66.249.69.46 - - [07/Jul/2019:04:35:56 +0000] "GET /novosti/predstavljen-projekt-zona-okusi-i-mirisi-zadarskog-kraja HTTP/1.1" 200 5444 "-" "Mozilla/5.0 (Linux; Android 6.0.1; Nexus 5X Build/MMB29P) AppleWebKit/537.36 (KHTML, like Gecko) Chrome/41.0.2272.96 Mobile Safari/537.36 (compatible; Googlebot/2.1; +http://www.google.com/bot.html)"
66.249.69.48 - - [07/Jul/2019:04:35:59 +0000] "GET /unitegallery/css/unite-gallery.css?v=2 HTTP/1.1" 200 4842 "https://www.zona-zadar.hr/novosti/predstavljen-projekt-zona-okusi-i-mirisi-zadarskog-kraja" "Mozilla/5.0 (Linux; Android 6.0.1; Nexus 5X Build/MMB29P) AppleWebKit/537.36 (KHTML, like Gecko) Chrome/41.0.2272.96 Mobile Safari/537.36 (compatible; Googlebot/2.1; +http://www.google.com/bot.html)"
66.249.69.48 - - [07/Jul/2019:04:35:59 +0000] "GET /novosti/assets/css/custom-color/custom-color-1.css HTTP/1.1" 404 1104 "https://www.zona-zadar.hr/novosti/predstavljen-projekt-zona-okusi-i-mirisi-zadarskog-kraja" "Mozilla/5.0 (Linux; Android 6.0.1; Nexus 5X Build/MMB29P) AppleWebKit/537.36 (KHTML, like Gecko) Chrome/41.0.2272.96 Mobile Safari/537.36 (compatible; Googlebot/2.1; +http://www.google.com/bot.html)"
66.249.69.46 - - [07/Jul/2019:04:36:00 +0000] "GET /unitegallery/js/jquery-11.0.min.js HTTP/1.1" 200 33369 "https://www.zona-zadar.hr/novosti/predstavljen-projekt-zona-okusi-i-mirisi-zadarskog-kraja" "Mozilla/5.0 (Linux; Android 6.0.1; Nexus 5X Build/MMB29P) AppleWebKit/537.36 (KHTML, like Gecko) Chrome/41.0.2272.96 Mobile Safari/537.36 (compatible; Googlebot/2.1; +http://www.google.com/bot.html)"
66.249.69.44 - - [07/Jul/2019:04:36:01 +0000] "GET /unitegallery/themes/compact/ug-theme-compact.js HTTP/1.1" 200 2477 "https://www.zona-zadar.hr/novosti/predstavljen-projekt-zona-okusi-i-mirisi-zadarskog-kraja" "Mozilla/5.0 (Linux; Android 6.0.1; Nexus 5X Build/MMB29P) AppleWebKit/537.36 (KHTML, like Gecko) Chrome/41.0.2272.96 Mobile Safari/537.36 (compatible; Googlebot/2.1; +http://www.google.com/bot.html)"
66.249.69.44 - - [07/Jul/2019:04:36:01 +0000] "GET /unitegallery/js/unitegallery.min.js HTTP/1.1" 200 66910 "https://www.zona-zadar.hr/novosti/predstavljen-projekt-zona-okusi-i-mirisi-zadarskog-kraja" "Mozilla/5.0 (Linux; Android 6.0.1; Nexus 5X Build/MMB29P) AppleWebKit/537.36 (KHTML, like Gecko) Chrome/41.0.2272.96 Mobile Safari/537.36 (compatible; Googlebot/2.1; +http://www.google.com/bot.html)"
91.242.162.35 - - [07/Jul/2019:04:39:18 +0000] "GET /robots.txt HTTP/1.1" 200 24 "-" "Mozilla/5.0 (compatible; Qwantify/2.4w; +https://www.qwant.com/)/2.4w"
91.242.162.35 - - [07/Jul/2019:04:39:18 +0000] "GET /kids/Zna%C5%A1%20li%20koja%20riba%20je%20plava.pdf HTTP/1.1" 200 4175117 "-" "Mozilla/5.0 (compatible; Qwantify/2.4w; +https://www.qwant.com/)/2.4w"
46.229.168.142 - - [07/Jul/2019:04:55:20 +0000] "GET /robots.txt HTTP/1.1" 200 24 "-" "Mozilla/5.0 (compatible; SemrushBot/3~bl; +http://www.semrush.com/bot.html)"
46.229.168.152 - - [07/Jul/2019:04:55:20 +0000] "GET /novosti/odrzana-treca-i-cetvrta-radionica HTTP/1.1" 200 4198 "-" "Mozilla/5.0 (compatible; SemrushBot/3~bl; +http://www.semrush.com/bot.html)"
91.242.162.35 - - [07/Jul/2019:05:18:56 +0000] "GET /kids/Pri%C4%8Da%20o%20mediteranskoj%20prehrani.pdf HTTP/1.1" 200 223173 "-" "Mozilla/5.0 (compatible; Qwantify/2.4w; +https://www.qwant.com/)/2.4w"
180.76.15.155 - - [07/Jul/2019:05:29:14 +0000] "GET /assets/libs/isotope/isotope.pkgd.min.js HTTP/1.1" 200 9643 "-" "Mozilla/5.0 (compatible; Baiduspider/2.0; +http://www.baidu.com/search/spider.html)"
66.249.69.48 - - [07/Jul/2019:05:50:22 +0000] "GET /zona-zdravlja/visnja-maraska HTTP/1.1" 200 4281 "-" "Mozilla/5.0 (Linux; Android 6.0.1; Nexus 5X Build/MMB29P) AppleWebKit/537.36 (KHTML, like Gecko) Chrome/41.0.2272.96 Mobile Safari/537.36 (compatible; Googlebot/2.1; +http://www.google.com/bot.html)"
66.249.69.46 - - [07/Jul/2019:05:55:07 +0000] "GET /zona-zdravlja/assets/css/custom-color/custom-color-1.css HTTP/1.1" 404 1104 "https://www.zona-zadar.hr/zona-zdravlja/visnja-maraska" "Mozilla/5.0 (Linux; Android 6.0.1; Nexus 5X Build/MMB29P) AppleWebKit/537.36 (KHTML, like Gecko) Chrome/41.0.2272.96 Mobile Safari/537.36 (compatible; Googlebot/2.1; +http://www.google.com/bot.html)"
91.242.162.35 - - [07/Jul/2019:06:21:43 +0000] "GET /robots.txt HTTP/1.1" 200 24 "-" "Mozilla/5.0 (compatible; Qwantify/2.4w; +https://www.qwant.com/)/2.4w"
91.242.162.35 - - [07/Jul/2019:06:21:43 +0000] "GET /kids/Skriveno%20blago%20zadarskog%20kraja.pdf HTTP/1.1" 200 5190541 "-" "Mozilla/5.0 (compatible; Qwantify/2.4w; +https://www.qwant.com/)/2.4w"
91.242.162.35 - - [07/Jul/2019:06:32:44 +0000] "GET /kids/Jadransko%20more%20skriva%20tajne.pdf HTTP/1.1" 200 250211 "-" "Mozilla/5.0 (compatible; Qwantify/2.4w; +https://www.qwant.com/)/2.4w"
46.229.168.147 - - [07/Jul/2019:06:37:40 +0000] "GET /robots.txt HTTP/1.1" 200 24 "-" "Mozilla/5.0 (compatible; SemrushBot/3~bl; +http://www.semrush.com/bot.html)"
46.229.168.134 - - [07/Jul/2019:06:37:41 +0000] "GET /o-zoni HTTP/1.1" 200 5278 "-" "Mozilla/5.0 (compatible; SemrushBot/3~bl; +http://www.semrush.com/bot.html)"
66.249.69.41 - - [07/Jul/2019:06:41:15 +0000] "GET /zona-tradicije/dagnje HTTP/1.1" 200 4131 "-" "Mozilla/5.0 (Linux; Android 6.0.1; Nexus 5X Build/MMB29P) AppleWebKit/537.36 (KHTML, like Gecko) Chrome/41.0.2272.96 Mobile Safari/537.36 (compatible; Googlebot/2.1; +http://www.google.com/bot.html)"
66.249.69.43 - - [07/Jul/2019:06:41:20 +0000] "GET /zona-tradicije/assets/css/custom-color/custom-color-1.css HTTP/1.1" 404 1104 "http://www.zona-zadar.hr/zona-tradicije/dagnje" "Mozilla/5.0 (Linux; Android 6.0.1; Nexus 5X Build/MMB29P) AppleWebKit/537.36 (KHTML, like Gecko) Chrome/41.0.2272.96 Mobile Safari/537.36 (compatible; Googlebot/2.1; +http://www.google.com/bot.html)"
91.242.162.35 - - [07/Jul/2019:06:42:46 +0000] "GET /kids/Koji%20su%20glavni%20obroci%20u%20danu.pdf HTTP/1.1" 200 404750 "-" "Mozilla/5.0 (compatible; Qwantify/2.4w; +https://www.qwant.com/)/2.4w"
103.114.99.26 - - [07/Jul/2019:06:50:03 +0000] "GET /wp-login.php HTTP/1.1" 404 1104 "-" "Mozilla/5.0 (Windows NT 6.1; WOW64; rv:40.0) Gecko/20100101 Firefox/40.1"
103.114.99.26 - - [07/Jul/2019:06:50:03 +0000] "GET / HTTP/1.1" 200 19737 "-" "Mozilla/5.0 (Windows NT 6.1; WOW64; rv:40.0) Gecko/20100101 Firefox/40.1"
46.229.168.153 - - [07/Jul/2019:06:50:46 +0000] "GET /zona-tradicije HTTP/1.1" 200 6073 "-" "Mozilla/5.0 (compatible; SemrushBot/3~bl; +http://www.semrush.com/bot.html)"
90.116.144.128 - - [07/Jul/2019:06:56:03 +0000] "GET /wp-login.php HTTP/1.1" 404 1104 "-" "Mozilla/5.0 (Windows NT 6.1; WOW64; rv:40.0) Gecko/20100101 Firefox/40.1"
90.116.144.128 - - [07/Jul/2019:06:56:03 +0000] "GET / HTTP/1.1" 200 19737 "-" "Mozilla/5.0 (Windows NT 6.1; WOW64; rv:40.0) Gecko/20100101 Firefox/40.1"
91.242.162.35 - - [07/Jul/2019:06:59:50 +0000] "GET /kids/U%C4%8Dimo%20o%20hranjivim%20sastojcima.pdf HTTP/1.1" 200 28003466 "-" "Mozilla/5.0 (compatible; Qwantify/2.4w; +https://www.qwant.com/)/2.4w"
46.229.168.132 - - [07/Jul/2019:07:03:32 +0000] "GET /zona-zdravlja/smokva HTTP/1.1" 200 4515 "-" "Mozilla/5.0 (compatible; SemrushBot/3~bl; +http://www.semrush.com/bot.html)"
60.191.38.77 - - [07/Jul/2019:07:12:58 +0000] "GET / HTTP/1.1" 301 233 "-" "Mozilla/5.0 (Macintosh; Intel Mac OS X 10.11; rv:47.0) Gecko/20100101 Firefox/47.0"
60.191.38.77 - - [07/Jul/2019:07:13:01 +0000] "GET / HTTP/1.1" 200 19737 "-" "Mozilla/5.0 (Macintosh; Intel Mac OS X 10.11; rv:47.0) Gecko/20100101 Firefox/47.0"
78.0.187.109 - - [07/Jul/2019:07:14:55 +0000] "GET /uploads/images/b3971f51ff175cbd0281585fcefce231.png HTTP/1.1" 200 964269 "https://www.google.com/" "Mozilla/5.0 (Linux; Android 9; SAMSUNG SM-J730F Build/PPR1.180610.011) AppleWebKit/537.36 (KHTML, like Gecko) SamsungBrowser/9.2 Chrome/67.0.3396.87 Mobile Safari/537.36"
78.0.187.109 - - [07/Jul/2019:07:14:56 +0000] "GET /uploads/images/1a2512d4b6aec070225397e6c63c6f8a.png HTTP/1.1" 200 883424 "https://www.google.com/" "Mozilla/5.0 (Linux; Android 9; SAMSUNG SM-J730F Build/PPR1.180610.011) AppleWebKit/537.36 (KHTML, like Gecko) SamsungBrowser/9.2 Chrome/67.0.3396.87 Mobile Safari/537.36"
78.0.187.109 - - [07/Jul/2019:07:15:16 +0000] "GET /uploads/images/ac2560dcdc256de61b023c5f1b937968.png HTTP/1.1" 200 987397 "https://www.google.com/" "Mozilla/5.0 (Linux; Android 9; SAMSUNG SM-J730F Build/PPR1.180610.011) AppleWebKit/537.36 (KHTML, like Gecko) SamsungBrowser/9.2 Chrome/67.0.3396.87 Mobile Safari/537.36"
60.191.38.77 - - [07/Jul/2019:07:17:17 +0000] "GET / HTTP/1.1" 301 233 "-" "Mozilla/5.0 (Macintosh; Intel Mac OS X 10.11; rv:47.0) Gecko/20100101 Firefox/47.0"
60.191.38.77 - - [07/Jul/2019:07:17:35 +0000] "GET / HTTP/1.1" 200 19737 "-" "Mozilla/5.0 (Macintosh; Intel Mac OS X 10.11; rv:47.0) Gecko/20100101 Firefox/47.0"
207.46.13.123 - - [07/Jul/2019:07:30:47 +0000] "GET /djecji-kutak HTTP/1.1" 200 3800 "-" "Mozilla/5.0 (compatible; bingbot/2.0; +http://www.bing.com/bingbot.htm)"
54.36.150.26 - - [07/Jul/2019:07:33:12 +0000] "GET /novosti/predstavljen-projekt-zona-okusi-i-mirisi-zadarskog-kraja HTTP/1.1" 200 5447 "-" "Mozilla/5.0 (compatible; AhrefsBot/6.1; +http://ahrefs.com/robot/)"
60.191.38.77 - - [07/Jul/2019:07:40:45 +0000] "GET / HTTP/1.1" 301 233 "-" "Mozilla/5.0 (Macintosh; Intel Mac OS X 10.11; rv:47.0) Gecko/20100101 Firefox/47.0"
60.191.38.77 - - [07/Jul/2019:07:41:30 +0000] "GET / HTTP/1.1" 200 19737 "-" "Mozilla/5.0 (Macintosh; Intel Mac OS X 10.11; rv:47.0) Gecko/20100101 Firefox/47.0"
54.36.148.130 - - [07/Jul/2019:07:43:29 +0000] "GET /robots.txt HTTP/1.1" 200 24 "-" "Mozilla/5.0 (compatible; AhrefsBot/6.1; +http://ahrefs.com/robot/)"
54.36.150.151 - - [07/Jul/2019:07:43:30 +0000] "GET /novosti/druga-radionica-sareno-je-zdravo HTTP/1.1" 200 3962 "-" "Mozilla/5.0 (compatible; AhrefsBot/6.1; +http://ahrefs.com/robot/)"
60.191.38.77 - - [07/Jul/2019:07:45:03 +0000] "GET / HTTP/1.1" 301 233 "-" "Mozilla/5.0 (Macintosh; Intel Mac OS X 10.11; rv:47.0) Gecko/20100101 Firefox/47.0"
60.191.38.77 - - [07/Jul/2019:07:45:25 +0000] "GET / HTTP/1.1" 200 19737 "-" "Mozilla/5.0 (Macintosh; Intel Mac OS X 10.11; rv:47.0) Gecko/20100101 Firefox/47.0"
164.132.119.83 - - [07/Jul/2019:07:57:50 +0000] "GET / HTTP/1.1" 301 233 "-" "Mozilla/5.0 (compatible; Googlebot/2.1; +http://www.google.com/bot.html)"
164.132.119.83 - - [07/Jul/2019:07:57:52 +0000] "GET / HTTP/1.1" 200 3932 "-" "Mozilla/5.0 (compatible; Googlebot/2.1; +http://www.google.com/bot.html)"
157.48.228.255 - - [07/Jul/2019:08:01:26 +0000] "GET /wp-login.php HTTP/1.1" 404 1104 "-" "Mozilla/5.0 (Windows NT 6.1; WOW64; rv:40.0) Gecko/20100101 Firefox/40.1"
157.48.228.255 - - [07/Jul/2019:08:01:27 +0000] "GET / HTTP/1.1" 200 19737 "-" "Mozilla/5.0 (Windows NT 6.1; WOW64; rv:40.0) Gecko/20100101 Firefox/40.1"
54.36.150.184 - - [07/Jul/2019:08:09:36 +0000] "GET /zona-tradicije/cesnjak HTTP/1.1" 200 4200 "-" "Mozilla/5.0 (compatible; AhrefsBot/6.1; +http://ahrefs.com/robot/)"
151.70.192.196 - - [07/Jul/2019:09:08:39 +0000] "GET /wp-login.php HTTP/1.1" 404 1104 "-" "Mozilla/5.0 (Windows NT 6.1; WOW64; rv:40.0) Gecko/20100101 Firefox/40.1"
151.70.192.196 - - [07/Jul/2019:09:08:40 +0000] "GET / HTTP/1.1" 200 19737 "-" "Mozilla/5.0 (Windows NT 6.1; WOW64; rv:40.0) Gecko/20100101 Firefox/40.1"
91.242.162.40 - - [07/Jul/2019:09:35:13 +0000] "GET /robots.txt HTTP/1.1" 200 24 "-" "Mozilla/5.0 (compatible; Qwantify/2.4w; +https://www.qwant.com/)/2.4w"
91.242.162.40 - - [07/Jul/2019:09:35:13 +0000] "GET /kids/Svijet%20hrane%20je%20uistinu%20%C4%8Dudesan.pdf HTTP/1.1" 200 7830853 "-" "Mozilla/5.0 (compatible; Qwantify/2.4w; +https://www.qwant.com/)/2.4w"
91.242.162.40 - - [07/Jul/2019:09:39:16 +0000] "GET /novosti/dobrodosli-na-nasu-novu-internetsku-stranicu HTTP/1.1" 200 3912 "-" "Mozilla/5.0 (compatible; Qwantify/2.4w; +https://www.qwant.com/)/2.4w"
91.242.162.40 - - [07/Jul/2019:09:41:05 +0000] "GET /kids/%C5%A0to%20je%20Mediteranska%20piramida%20prehrane.pdf HTTP/1.1" 200 26854834 "-" "Mozilla/5.0 (compatible; Qwantify/2.4w; +https://www.qwant.com/)/2.4w"
188.2.136.205 - - [07/Jul/2019:09:45:47 +0000] "GET /uploads/images/2608546a9df89167b4d791a23053882b.png HTTP/1.1" 200 1464781 "https://www.google.com/" "Mozilla/5.0 (Windows NT 6.1; Win64; x64) AppleWebKit/537.36 (KHTML, like Gecko) Chrome/70.0.3538.77 Safari/537.36"
91.242.162.40 - - [07/Jul/2019:10:03:22 +0000] "GET /kids/Zna%C5%A1%20li%20sve%20o%20zdravom%20tanjuru.pdf HTTP/1.1" 200 168986 "-" "Mozilla/5.0 (compatible; Qwantify/2.4w; +https://www.qwant.com/)/2.4w"
5.102.6.29 - - [07/Jul/2019:10:15:43 +0000] "GET /wp-login.php HTTP/1.1" 404 1104 "-" "Mozilla/5.0 (Windows NT 6.1; WOW64; rv:40.0) Gecko/20100101 Firefox/40.1"
5.102.6.29 - - [07/Jul/2019:10:15:43 +0000] "GET / HTTP/1.1" 200 19737 "-" "Mozilla/5.0 (Windows NT 6.1; WOW64; rv:40.0) Gecko/20100101 Firefox/40.1"
91.242.162.40 - - [07/Jul/2019:10:36:20 +0000] "GET /kids/Ide%C5%A1%20li%20i%20ti%20zdravijim%20putem.pdf HTTP/1.1" 200 1788651 "-" "Mozilla/5.0 (compatible; Qwantify/2.4w; +https://www.qwant.com/)/2.4w"
91.242.162.40 - - [07/Jul/2019:10:37:24 +0000] "GET /robots.txt HTTP/1.1" 200 24 "-" "Mozilla/5.0 (compatible; Qwantify/2.4w; +https://www.qwant.com/)/2.4w"
91.242.162.40 - - [07/Jul/2019:10:37:24 +0000] "GET /novosti/dobrodosli-na-nasu-novu-internetsku-stranicu HTTP/1.1" 200 3909 "-" "Mozilla/5.0 (compatible; Qwantify/2.4w; +https://www.qwant.com/)/2.4w"
46.229.168.142 - - [07/Jul/2019:10:48:44 +0000] "GET /robots.txt HTTP/1.1" 200 24 "-" "Mozilla/5.0 (compatible; SemrushBot/3~bl; +http://www.semrush.com/bot.html)"
46.229.168.162 - - [07/Jul/2019:10:48:45 +0000] "GET /zona-okusa/vino-i-prosek HTTP/1.1" 200 5310 "-" "Mozilla/5.0 (compatible; SemrushBot/3~bl; +http://www.semrush.com/bot.html)"
91.242.162.40 - - [07/Jul/2019:10:49:42 +0000] "GET /kids/Zna%C5%A1%20li%20%C5%A1to%20je%20zdravi%20tanjur.pdf HTTP/1.1" 200 9991214 "-" "Mozilla/5.0 (compatible; Qwantify/2.4w; +https://www.qwant.com/)/2.4w"
91.242.162.40 - - [07/Jul/2019:10:51:13 +0000] "GET /kids/Mediteranska%20prehrana%20u%20na%C5%A1em%20kraju.pdf HTTP/1.1" 200 277170 "-" "Mozilla/5.0 (compatible; Qwantify/2.4w; +https://www.qwant.com/)/2.4w"
91.242.162.40 - - [07/Jul/2019:10:54:13 +0000] "GET /kids/Zna%C5%A1%20li%20sve%20o%20zdravom%20tanjuru.pdf HTTP/1.1" 200 168986 "-" "Mozilla/5.0 (compatible; Qwantify/2.4w; +https://www.qwant.com/)/2.4w"
31.217.5.213 - - [07/Jul/2019:10:57:47 +0000] "GET /uploads/images/b3971f51ff175cbd0281585fcefce231.png HTTP/1.1" 200 964269 "https://www.google.com/" "Mozilla/5.0 (iPhone; CPU iPhone OS 12_3_1 like Mac OS X) AppleWebKit/605.1.15 (KHTML, like Gecko) Version/12.1.1 Mobile/15E148 Safari/604.1"
207.46.13.123 - - [07/Jul/2019:11:04:12 +0000] "GET / HTTP/1.1" 200 3929 "-" "Mozilla/5.0 (compatible; bingbot/2.0; +http://www.bing.com/bingbot.htm)"
91.242.162.40 - - [07/Jul/2019:11:15:26 +0000] "GET /novosti/prva-radionica-na-temu-mediteranska-prehrana-u-nasem-kraju HTTP/1.1" 200 3717 "-" "Mozilla/5.0 (compatible; Qwantify/2.4w; +https://www.qwant.com/)/2.4w"
91.242.162.40 - - [07/Jul/2019:11:22:12 +0000] "GET /kids/Za%C5%A1to%20je%20zdravi%20tanjur%20va%C5%BEan.pdf HTTP/1.1" 200 2613746 "-" "Mozilla/5.0 (compatible; Qwantify/2.4w; +https://www.qwant.com/)/2.4w"
178.137.91.202 - - [07/Jul/2019:11:23:19 +0000] "GET / HTTP/1.1" 301 233 "-" "Mozilla/5.0 (Windows NT 10.0; Win64; x64) AppleWebKit/537.36 (KHTML, like Gecko) Chrome/63.0.3239.132 Safari/537.36"
178.137.91.202 - - [07/Jul/2019:11:23:19 +0000] "GET /wp-includes/wlwmanifest.xml HTTP/1.1" 301 260 "-" "Mozilla/5.0 (Windows NT 10.0; Win64; x64) AppleWebKit/537.36 (KHTML, like Gecko) Chrome/63.0.3239.132 Safari/537.36"
178.137.91.202 - - [07/Jul/2019:11:23:19 +0000] "GET /xmlrpc.php?rsd HTTP/1.1" 301 247 "-" "Mozilla/5.0 (Windows NT 10.0; Win64; x64) AppleWebKit/537.36 (KHTML, like Gecko) Chrome/63.0.3239.132 Safari/537.36"
178.137.91.202 - - [07/Jul/2019:11:23:20 +0000] "GET / HTTP/1.1" 301 233 "-" "Mozilla/5.0 (Windows NT 10.0; Win64; x64) AppleWebKit/537.36 (KHTML, like Gecko) Chrome/63.0.3239.132 Safari/537.36"
178.137.91.202 - - [07/Jul/2019:11:23:20 +0000] "GET /blog/wp-includes/wlwmanifest.xml HTTP/1.1" 301 265 "-" "Mozilla/5.0 (Windows NT 10.0; Win64; x64) AppleWebKit/537.36 (KHTML, like Gecko) Chrome/63.0.3239.132 Safari/537.36"
178.137.91.202 - - [07/Jul/2019:11:23:20 +0000] "GET /web/wp-includes/wlwmanifest.xml HTTP/1.1" 301 264 "-" "Mozilla/5.0 (Windows NT 10.0; Win64; x64) AppleWebKit/537.36 (KHTML, like Gecko) Chrome/63.0.3239.132 Safari/537.36"
178.137.91.202 - - [07/Jul/2019:11:23:20 +0000] "GET /wordpress/wp-includes/wlwmanifest.xml HTTP/1.1" 301 270 "-" "Mozilla/5.0 (Windows NT 10.0; Win64; x64) AppleWebKit/537.36 (KHTML, like Gecko) Chrome/63.0.3239.132 Safari/537.36"
178.137.91.202 - - [07/Jul/2019:11:23:20 +0000] "GET /website/wp-includes/wlwmanifest.xml HTTP/1.1" 301 268 "-" "Mozilla/5.0 (Windows NT 10.0; Win64; x64) AppleWebKit/537.36 (KHTML, like Gecko) Chrome/63.0.3239.132 Safari/537.36"
178.137.91.202 - - [07/Jul/2019:11:23:20 +0000] "GET /wp/wp-includes/wlwmanifest.xml HTTP/1.1" 301 263 "-" "Mozilla/5.0 (Windows NT 10.0; Win64; x64) AppleWebKit/537.36 (KHTML, like Gecko) Chrome/63.0.3239.132 Safari/537.36"
178.137.91.202 - - [07/Jul/2019:11:23:20 +0000] "GET /news/wp-includes/wlwmanifest.xml HTTP/1.1" 301 265 "-" "Mozilla/5.0 (Windows NT 10.0; Win64; x64) AppleWebKit/537.36 (KHTML, like Gecko) Chrome/63.0.3239.132 Safari/537.36"
178.137.91.202 - - [07/Jul/2019:11:23:21 +0000] "GET /2015/wp-includes/wlwmanifest.xml HTTP/1.1" 301 265 "-" "Mozilla/5.0 (Windows NT 10.0; Win64; x64) AppleWebKit/537.36 (KHTML, like Gecko) Chrome/63.0.3239.132 Safari/537.36"
178.137.91.202 - - [07/Jul/2019:11:23:21 +0000] "GET /2016/wp-includes/wlwmanifest.xml HTTP/1.1" 301 265 "-" "Mozilla/5.0 (Windows NT 10.0; Win64; x64) AppleWebKit/537.36 (KHTML, like Gecko) Chrome/63.0.3239.132 Safari/537.36"
178.137.91.202 - - [07/Jul/2019:11:23:21 +0000] "GET /2017/wp-includes/wlwmanifest.xml HTTP/1.1" 301 265 "-" "Mozilla/5.0 (Windows NT 10.0; Win64; x64) AppleWebKit/537.36 (KHTML, like Gecko) Chrome/63.0.3239.132 Safari/537.36"
178.137.91.202 - - [07/Jul/2019:11:23:21 +0000] "GET /2018/wp-includes/wlwmanifest.xml HTTP/1.1" 301 265 "-" "Mozilla/5.0 (Windows NT 10.0; Win64; x64) AppleWebKit/537.36 (KHTML, like Gecko) Chrome/63.0.3239.132 Safari/537.36"
178.137.91.202 - - [07/Jul/2019:11:23:21 +0000] "GET /shop/wp-includes/wlwmanifest.xml HTTP/1.1" 301 265 "-" "Mozilla/5.0 (Windows NT 10.0; Win64; x64) AppleWebKit/537.36 (KHTML, like Gecko) Chrome/63.0.3239.132 Safari/537.36"
178.137.91.202 - - [07/Jul/2019:11:23:21 +0000] "GET /wp1/wp-includes/wlwmanifest.xml HTTP/1.1" 301 264 "-" "Mozilla/5.0 (Windows NT 10.0; Win64; x64) AppleWebKit/537.36 (KHTML, like Gecko) Chrome/63.0.3239.132 Safari/537.36"
178.137.91.202 - - [07/Jul/2019:11:23:21 +0000] "GET /test/wp-includes/wlwmanifest.xml HTTP/1.1" 301 265 "-" "Mozilla/5.0 (Windows NT 10.0; Win64; x64) AppleWebKit/537.36 (KHTML, like Gecko) Chrome/63.0.3239.132 Safari/537.36"
178.137.91.202 - - [07/Jul/2019:11:23:21 +0000] "GET /media/wp-includes/wlwmanifest.xml HTTP/1.1" 301 266 "-" "Mozilla/5.0 (Windows NT 10.0; Win64; x64) AppleWebKit/537.36 (KHTML, like Gecko) Chrome/63.0.3239.132 Safari/537.36"
178.137.91.202 - - [07/Jul/2019:11:23:22 +0000] "GET /wp2/wp-includes/wlwmanifest.xml HTTP/1.1" 301 264 "-" "Mozilla/5.0 (Windows NT 10.0; Win64; x64) AppleWebKit/537.36 (KHTML, like Gecko) Chrome/63.0.3239.132 Safari/537.36"
178.137.91.202 - - [07/Jul/2019:11:23:22 +0000] "GET /site/wp-includes/wlwmanifest.xml HTTP/1.1" 301 265 "-" "Mozilla/5.0 (Windows NT 10.0; Win64; x64) AppleWebKit/537.36 (KHTML, like Gecko) Chrome/63.0.3239.132 Safari/537.36"
178.137.91.202 - - [07/Jul/2019:11:23:22 +0000] "GET /cms/wp-includes/wlwmanifest.xml HTTP/1.1" 301 264 "-" "Mozilla/5.0 (Windows NT 10.0; Win64; x64) AppleWebKit/537.36 (KHTML, like Gecko) Chrome/63.0.3239.132 Safari/537.36"
178.137.91.202 - - [07/Jul/2019:11:23:22 +0000] "GET /sito/wp-includes/wlwmanifest.xml HTTP/1.1" 301 265 "-" "Mozilla/5.0 (Windows NT 10.0; Win64; x64) AppleWebKit/537.36 (KHTML, like Gecko) Chrome/63.0.3239.132 Safari/537.36"
91.242.162.40 - - [07/Jul/2019:11:24:02 +0000] "GET /kids/Zna%C5%A1%20li%20%C5%A1to%20je%20zdravi%20tanjur.pdf HTTP/1.1" 200 9991214 "-" "Mozilla/5.0 (compatible; Qwantify/2.4w; +https://www.qwant.com/)/2.4w"
31.217.13.212 - - [07/Jul/2019:11:25:36 +0000] "GET /zona-zdravlja/janjetina-i-jaretina HTTP/1.1" 200 4840 "https://www.google.com/" "Mozilla/5.0 (Linux; Android 7.1.1; SM-J510FN) AppleWebKit/537.36 (KHTML, like Gecko) Chrome/75.0.3770.101 Mobile Safari/537.36"
31.217.13.212 - - [07/Jul/2019:11:25:36 +0000] "GET /assets/font/font-icon/font-awesome/css/font-awesome.css HTTP/1.1" 200 7166 "https://www.zona-zadar.hr/zona-zdravlja/janjetina-i-jaretina" "Mozilla/5.0 (Linux; Android 7.1.1; SM-J510FN) AppleWebKit/537.36 (KHTML, like Gecko) Chrome/75.0.3770.101 Mobile Safari/537.36"
31.217.13.212 - - [07/Jul/2019:11:25:36 +0000] "GET /assets/font/font-icon/font-oganic/flaticon.css HTTP/1.1" 200 682 "https://www.zona-zadar.hr/zona-zdravlja/janjetina-i-jaretina" "Mozilla/5.0 (Linux; Android 7.1.1; SM-J510FN) AppleWebKit/537.36 (KHTML, like Gecko) Chrome/75.0.3770.101 Mobile Safari/537.36"
31.217.13.212 - - [07/Jul/2019:11:25:36 +0000] "GET /assets/libs/bootstrap-timepicker/jquery.timepicker.css HTTP/1.1" 200 445 "https://www.zona-zadar.hr/zona-zdravlja/janjetina-i-jaretina" "Mozilla/5.0 (Linux; Android 7.1.1; SM-J510FN) AppleWebKit/537.36 (KHTML, like Gecko) Chrome/75.0.3770.101 Mobile Safari/537.36"
31.217.13.212 - - [07/Jul/2019:11:25:36 +0000] "GET /assets/libs/bootstrap-datepicker/css/bootstrap-datepicker.min.css HTTP/1.1" 200 2026 "https://www.zona-zadar.hr/zona-zdravlja/janjetina-i-jaretina" "Mozilla/5.0 (Linux; Android 7.1.1; SM-J510FN) AppleWebKit/537.36 (KHTML, like Gecko) Chrome/75.0.3770.101 Mobile Safari/537.36"
31.217.13.212 - - [07/Jul/2019:11:25:36 +0000] "GET /assets/libs/bootstrap/css/bootstrap.min.css HTTP/1.1" 200 19744 "https://www.zona-zadar.hr/zona-zdravlja/janjetina-i-jaretina" "Mozilla/5.0 (Linux; Android 7.1.1; SM-J510FN) AppleWebKit/537.36 (KHTML, like Gecko) Chrome/75.0.3770.101 Mobile Safari/537.36"
31.217.13.212 - - [07/Jul/2019:11:25:36 +0000] "GET /assets/libs/animate/animate.css HTTP/1.1" 200 4430 "https://www.zona-zadar.hr/zona-zdravlja/janjetina-i-jaretina" "Mozilla/5.0 (Linux; Android 7.1.1; SM-J510FN) AppleWebKit/537.36 (KHTML, like Gecko) Chrome/75.0.3770.101 Mobile Safari/537.36"
31.217.13.212 - - [07/Jul/2019:11:25:37 +0000] "GET /assets/libs/slick-slider/slick.css HTTP/1.1" 200 557 "https://www.zona-zadar.hr/zona-zdravlja/janjetina-i-jaretina" "Mozilla/5.0 (Linux; Android 7.1.1; SM-J510FN) AppleWebKit/537.36 (KHTML, like Gecko) Chrome/75.0.3770.101 Mobile Safari/537.36"
31.217.13.212 - - [07/Jul/2019:11:25:37 +0000] "GET /assets/libs/slick-slider/slick-theme.css HTTP/1.1" 200 866 "https://www.zona-zadar.hr/zona-zdravlja/janjetina-i-jaretina" "Mozilla/5.0 (Linux; Android 7.1.1; SM-J510FN) AppleWebKit/537.36 (KHTML, like Gecko) Chrome/75.0.3770.101 Mobile Safari/537.36"
31.217.13.212 - - [07/Jul/2019:11:25:37 +0000] "GET /assets/libs/custom-scroll/jquery.mCustomScrollbar.min.css HTTP/1.1" 200 3984 "https://www.zona-zadar.hr/zona-zdravlja/janjetina-i-jaretina" "Mozilla/5.0 (Linux; Android 7.1.1; SM-J510FN) AppleWebKit/537.36 (KHTML, like Gecko) Chrome/75.0.3770.101 Mobile Safari/537.36"
31.217.13.212 - - [07/Jul/2019:11:25:37 +0000] "GET /assets/libs/fancybox/css/jquery.fancybox.css HTTP/1.1" 200 1423 "https://www.zona-zadar.hr/zona-zdravlja/janjetina-i-jaretina" "Mozilla/5.0 (Linux; Android 7.1.1; SM-J510FN) AppleWebKit/537.36 (KHTML, like Gecko) Chrome/75.0.3770.101 Mobile Safari/537.36"
31.217.13.212 - - [07/Jul/2019:11:25:37 +0000] "GET /assets/libs/fancybox/css/jquery.fancybox-thumbs.css HTTP/1.1" 200 303 "https://www.zona-zadar.hr/zona-zdravlja/janjetina-i-jaretina" "Mozilla/5.0 (Linux; Android 7.1.1; SM-J510FN) AppleWebKit/537.36 (KHTML, like Gecko) Chrome/75.0.3770.101 Mobile Safari/537.36"
31.217.13.212 - - [07/Jul/2019:11:25:37 +0000] "GET /assets/libs/fancybox/css/jquery.fancybox-buttons.css HTTP/1.1" 200 735 "https://www.zona-zadar.hr/zona-zdravlja/janjetina-i-jaretina" "Mozilla/5.0 (Linux; Android 7.1.1; SM-J510FN) AppleWebKit/537.36 (KHTML, like Gecko) Chrome/75.0.3770.101 Mobile Safari/537.36"
31.217.13.212 - - [07/Jul/2019:11:25:37 +0000] "GET /assets/css/layout.css?v=2 HTTP/1.1" 200 7233 "https://www.zona-zadar.hr/zona-zdravlja/janjetina-i-jaretina" "Mozilla/5.0 (Linux; Android 7.1.1; SM-J510FN) AppleWebKit/537.36 (KHTML, like Gecko) Chrome/75.0.3770.101 Mobile Safari/537.36"
31.217.13.212 - - [07/Jul/2019:11:25:37 +0000] "GET /assets/css/components.css?v=3 HTTP/1.1" 200 14631 "https://www.zona-zadar.hr/zona-zdravlja/janjetina-i-jaretina" "Mozilla/5.0 (Linux; Android 7.1.1; SM-J510FN) AppleWebKit/537.36 (KHTML, like Gecko) Chrome/75.0.3770.101 Mobile Safari/537.36"
31.217.13.212 - - [07/Jul/2019:11:25:37 +0000] "GET /assets/css/responsive.css HTTP/1.1" 200 4693 "https://www.zona-zadar.hr/zona-zdravlja/janjetina-i-jaretina" "Mozilla/5.0 (Linux; Android 7.1.1; SM-J510FN) AppleWebKit/537.36 (KHTML, like Gecko) Chrome/75.0.3770.101 Mobile Safari/537.36"
31.217.13.212 - - [07/Jul/2019:11:25:37 +0000] "GET /assets/libs/jquery/jquery-2.2.4.min.js HTTP/1.1" 200 29822 "https://www.zona-zadar.hr/zona-zdravlja/janjetina-i-jaretina" "Mozilla/5.0 (Linux; Android 7.1.1; SM-J510FN) AppleWebKit/537.36 (KHTML, like Gecko) Chrome/75.0.3770.101 Mobile Safari/537.36"
31.217.13.212 - - [07/Jul/2019:11:25:37 +0000] "GET /assets/libs/cookie/js.cookie.js HTTP/1.1" 200 1387 "https://www.zona-zadar.hr/zona-zdravlja/janjetina-i-jaretina" "Mozilla/5.0 (Linux; Android 7.1.1; SM-J510FN) AppleWebKit/537.36 (KHTML, like Gecko) Chrome/75.0.3770.101 Mobile Safari/537.36"
31.217.13.212 - - [07/Jul/2019:11:25:37 +0000] "GET /zona-zdravlja/janjetina-i-jaretina HTTP/1.1" 200 4840 "https://www.zona-zadar.hr/zona-zdravlja/janjetina-i-jaretina" "Mozilla/5.0 (Linux; Android 7.1.1; SM-J510FN) AppleWebKit/537.36 (KHTML, like Gecko) Chrome/75.0.3770.101 Mobile Safari/537.36"
31.217.13.212 - - [07/Jul/2019:11:25:37 +0000] "GET /assets/images/logo/zona.png HTTP/1.1" 200 49853 "https://www.zona-zadar.hr/zona-zdravlja/janjetina-i-jaretina" "Mozilla/5.0 (Linux; Android 7.1.1; SM-J510FN) AppleWebKit/537.36 (KHTML, like Gecko) Chrome/75.0.3770.101 Mobile Safari/537.36"
31.217.13.212 - - [07/Jul/2019:11:25:37 +0000] "GET /uploads/images/28f32fa920b1009e868e5143ccd0d49f.png HTTP/1.1" 200 1133442 "https://www.zona-zadar.hr/zona-zdravlja/janjetina-i-jaretina" "Mozilla/5.0 (Linux; Android 7.1.1; SM-J510FN) AppleWebKit/537.36 (KHTML, like Gecko) Chrome/75.0.3770.101 Mobile Safari/537.36"
31.217.13.212 - - [07/Jul/2019:11:25:38 +0000] "GET /assets/libs/bootstrap-timepicker/jquery.timepicker.min.js HTTP/1.1" 200 5075 "https://www.zona-zadar.hr/zona-zdravlja/janjetina-i-jaretina" "Mozilla/5.0 (Linux; Android 7.1.1; SM-J510FN) AppleWebKit/537.36 (KHTML, like Gecko) Chrome/75.0.3770.101 Mobile Safari/537.36"
31.217.13.212 - - [07/Jul/2019:11:25:38 +0000] "GET /assets/libs/bootstrap/js/bootstrap.min.js HTTP/1.1" 200 9833 "https://www.zona-zadar.hr/zona-zdravlja/janjetina-i-jaretina" "Mozilla/5.0 (Linux; Android 7.1.1; SM-J510FN) AppleWebKit/537.36 (KHTML, like Gecko) Chrome/75.0.3770.101 Mobile Safari/537.36"
31.217.13.212 - - [07/Jul/2019:11:25:38 +0000] "GET /assets/libs/bootstrap-datepicker/js/bootstrap-datepicker.min.js HTTP/1.1" 200 9432 "https://www.zona-zadar.hr/zona-zdravlja/janjetina-i-jaretina" "Mozilla/5.0 (Linux; Android 7.1.1; SM-J510FN) AppleWebKit/537.36 (KHTML, like Gecko) Chrome/75.0.3770.101 Mobile Safari/537.36"
31.217.13.212 - - [07/Jul/2019:11:25:37 +0000] "GET /zona-zdravlja/assets/css/custom-color/custom-color-1.css HTTP/1.1" 404 1104 "https://www.zona-zadar.hr/zona-zdravlja/janjetina-i-jaretina" "Mozilla/5.0 (Linux; Android 7.1.1; SM-J510FN) AppleWebKit/537.36 (KHTML, like Gecko) Chrome/75.0.3770.101 Mobile Safari/537.36"
31.217.13.212 - - [07/Jul/2019:11:25:38 +0000] "GET /assets/font/font-icon/font-awesome/fonts/fontawesome-webfont.woff2?v=4.5.0 HTTP/1.1" 200 71760 "https://www.zona-zadar.hr/assets/font/font-icon/font-awesome/css/font-awesome.css" "Mozilla/5.0 (Linux; Android 7.1.1; SM-J510FN) AppleWebKit/537.36 (KHTML, like Gecko) Chrome/75.0.3770.101 Mobile Safari/537.36"
31.217.13.212 - - [07/Jul/2019:11:25:38 +0000] "GET /assets/libs/smooth-scroll/jquery-smoothscroll.min.js HTTP/1.1" 200 2043 "https://www.zona-zadar.hr/zona-zdravlja/janjetina-i-jaretina" "Mozilla/5.0 (Linux; Android 7.1.1; SM-J510FN) AppleWebKit/537.36 (KHTML, like Gecko) Chrome/75.0.3770.101 Mobile Safari/537.36"
31.217.13.212 - - [07/Jul/2019:11:25:38 +0000] "GET /assets/libs/mouse-direction-aware/dist/jquery.directional-hover.min.js HTTP/1.1" 200 576 "https://www.zona-zadar.hr/zona-zdravlja/janjetina-i-jaretina" "Mozilla/5.0 (Linux; Android 7.1.1; SM-J510FN) AppleWebKit/537.36 (KHTML, like Gecko) Chrome/75.0.3770.101 Mobile Safari/537.36"
31.217.13.212 - - [07/Jul/2019:11:25:38 +0000] "GET /assets/libs/wow-js/wow.min.js HTTP/1.1" 200 2753 "https://www.zona-zadar.hr/zona-zdravlja/janjetina-i-jaretina" "Mozilla/5.0 (Linux; Android 7.1.1; SM-J510FN) AppleWebKit/537.36 (KHTML, like Gecko) Chrome/75.0.3770.101 Mobile Safari/537.36"
31.217.13.212 - - [07/Jul/2019:11:25:38 +0000] "GET /assets/libs/count-to/numscroller.js HTTP/1.1" 200 994 "https://www.zona-zadar.hr/zona-zdravlja/janjetina-i-jaretina" "Mozilla/5.0 (Linux; Android 7.1.1; SM-J510FN) AppleWebKit/537.36 (KHTML, like Gecko) Chrome/75.0.3770.101 Mobile Safari/537.36"
31.217.13.212 - - [07/Jul/2019:11:25:38 +0000] "GET /assets/libs/slick-slider/slick.min.js HTTP/1.1" 200 10170 "https://www.zona-zadar.hr/zona-zdravlja/janjetina-i-jaretina" "Mozilla/5.0 (Linux; Android 7.1.1; SM-J510FN) AppleWebKit/537.36 (KHTML, like Gecko) Chrome/75.0.3770.101 Mobile Safari/537.36"
31.217.13.212 - - [07/Jul/2019:11:25:38 +0000] "GET /assets/images/background-full/banner-6.jpg HTTP/1.1" 200 39038 "https://www.zona-zadar.hr/assets/css/layout.css?v=2" "Mozilla/5.0 (Linux; Android 7.1.1; SM-J510FN) AppleWebKit/537.36 (KHTML, like Gecko) Chrome/75.0.3770.101 Mobile Safari/537.36"
31.217.13.212 - - [07/Jul/2019:11:25:38 +0000] "GET /assets/images/background-full/homepage-3.jpg HTTP/1.1" 200 224938 "https://www.zona-zadar.hr/assets/css/layout.css?v=2" "Mozilla/5.0 (Linux; Android 7.1.1; SM-J510FN) AppleWebKit/537.36 (KHTML, like Gecko) Chrome/75.0.3770.101 Mobile Safari/537.36"
31.217.13.212 - - [07/Jul/2019:11:25:38 +0000] "GET /assets/images/background-full/tradition.jpg HTTP/1.1" 200 230578 "https://www.zona-zadar.hr/zona-zdravlja/janjetina-i-jaretina" "Mozilla/5.0 (Linux; Android 7.1.1; SM-J510FN) AppleWebKit/537.36 (KHTML, like Gecko) Chrome/75.0.3770.101 Mobile Safari/537.36"
31.217.13.212 - - [07/Jul/2019:11:25:38 +0000] "GET /assets/libs/isotope/isotope.pkgd.min.js HTTP/1.1" 200 9643 "https://www.zona-zadar.hr/zona-zdravlja/janjetina-i-jaretina" "Mozilla/5.0 (Linux; Android 7.1.1; SM-J510FN) AppleWebKit/537.36 (KHTML, like Gecko) Chrome/75.0.3770.101 Mobile Safari/537.36"
31.217.13.212 - - [07/Jul/2019:11:25:38 +0000] "GET /assets/libs/custom-scroll/jquery.mCustomScrollbar.concat.min.js HTTP/1.1" 200 12940 "https://www.zona-zadar.hr/zona-zdravlja/janjetina-i-jaretina" "Mozilla/5.0 (Linux; Android 7.1.1; SM-J510FN) AppleWebKit/537.36 (KHTML, like Gecko) Chrome/75.0.3770.101 Mobile Safari/537.36"
31.217.13.212 - - [07/Jul/2019:11:25:39 +0000] "GET /assets/libs/fancybox/js/jquery.fancybox.min.js HTTP/1.1" 200 8501 "https://www.zona-zadar.hr/zona-zdravlja/janjetina-i-jaretina" "Mozilla/5.0 (Linux; Android 7.1.1; SM-J510FN) AppleWebKit/537.36 (KHTML, like Gecko) Chrome/75.0.3770.101 Mobile Safari/537.36"
31.217.13.212 - - [07/Jul/2019:11:25:39 +0000] "GET /assets/libs/fancybox/js/jquery.fancybox-buttons.min.js HTTP/1.1" 200 696 "https://www.zona-zadar.hr/zona-zdravlja/janjetina-i-jaretina" "Mozilla/5.0 (Linux; Android 7.1.1; SM-J510FN) AppleWebKit/537.36 (KHTML, like Gecko) Chrome/75.0.3770.101 Mobile Safari/537.36"
31.217.13.212 - - [07/Jul/2019:11:25:39 +0000] "GET /assets/libs/fancybox/js/jquery.fancybox-thumbs.min.js HTTP/1.1" 200 848 "https://www.zona-zadar.hr/zona-zdravlja/janjetina-i-jaretina" "Mozilla/5.0 (Linux; Android 7.1.1; SM-J510FN) AppleWebKit/537.36 (KHTML, like Gecko) Chrome/75.0.3770.101 Mobile Safari/537.36"
31.217.13.212 - - [07/Jul/2019:11:25:39 +0000] "GET /assets/js/main.js HTTP/1.1" 200 4258 "https://www.zona-zadar.hr/zona-zdravlja/janjetina-i-jaretina" "Mozilla/5.0 (Linux; Android 7.1.1; SM-J510FN) AppleWebKit/537.36 (KHTML, like Gecko) Chrome/75.0.3770.101 Mobile Safari/537.36"
31.217.13.212 - - [07/Jul/2019:11:25:39 +0000] "GET /assets/libs/parallax/jquery.parallax-scroll.min.js HTTP/1.1" 200 1294 "https://www.zona-zadar.hr/zona-zdravlja/janjetina-i-jaretina" "Mozilla/5.0 (Linux; Android 7.1.1; SM-J510FN) AppleWebKit/537.36 (KHTML, like Gecko) Chrome/75.0.3770.101 Mobile Safari/537.36"
91.242.162.40 - - [07/Jul/2019:11:31:26 +0000] "GET /kids/%C5%A0to%20je%20Mediteranska%20piramida%20prehrane.pdf HTTP/1.1" 200 26854834 "-" "Mozilla/5.0 (compatible; Qwantify/2.4w; +https://www.qwant.com/)/2.4w"
207.46.13.103 - - [07/Jul/2019:11:39:16 +0000] "GET /zona-tradicije/paski-sir HTTP/1.1" 200 4917 "-" "Mozilla/5.0 (compatible; bingbot/2.0; +http://www.bing.com/bingbot.htm)"
66.249.69.45 - - [07/Jul/2019:11:39:40 +0000] "GET / HTTP/1.1" 200 3932 "-" "Mozilla/5.0 (Linux; Android 6.0.1; Nexus 5X Build/MMB29P) AppleWebKit/537.36 (KHTML, like Gecko) Chrome/41.0.2272.96 Mobile Safari/537.36 (compatible; Googlebot/2.1; +http://www.google.com/bot.html)"
54.36.149.31 - - [07/Jul/2019:12:02:01 +0000] "GET /zona-tradicije/dagnje HTTP/1.1" 200 4131 "-" "Mozilla/5.0 (compatible; AhrefsBot/6.1; +http://ahrefs.com/robot/)"
103.5.134.37 - - [07/Jul/2019:12:06:02 +0000] "GET /wp-login.php HTTP/1.1" 404 1104 "-" "Mozilla/5.0 (Windows NT 6.1; WOW64; rv:40.0) Gecko/20100101 Firefox/40.1"
103.5.134.37 - - [07/Jul/2019:12:06:03 +0000] "GET / HTTP/1.1" 200 19737 "-" "Mozilla/5.0 (Windows NT 6.1; WOW64; rv:40.0) Gecko/20100101 Firefox/40.1"
91.242.162.40 - - [07/Jul/2019:12:11:42 +0000] "GET /kids/Mediteranska%20prehrana%20u%20na%C5%A1em%20kraju.pdf HTTP/1.1" 200 277170 "-" "Mozilla/5.0 (compatible; Qwantify/2.4w; +https://www.qwant.com/)/2.4w"
66.249.69.204 - - [07/Jul/2019:12:17:58 +0000] "GET /ads.txt HTTP/1.1" 301 240 "-" "Mozilla/5.0 (compatible; Googlebot/2.1; +http://www.google.com/bot.html)"
66.249.69.41 - - [07/Jul/2019:12:17:59 +0000] "GET /ads.txt HTTP/1.1" 404 1104 "-" "Mozilla/5.0 (compatible; Googlebot/2.1; +http://www.google.com/bot.html)"
66.249.69.45 - - [07/Jul/2019:12:18:03 +0000] "GET /kids/Koji%20su%20glavni%20obroci%20u%20danu.pdf HTTP/1.1" 304 - "-" "Mozilla/5.0 (Linux; Android 6.0.1; Nexus 5X Build/MMB29P) AppleWebKit/537.36 (KHTML, like Gecko) Chrome/41.0.2272.96 Mobile Safari/537.36 (compatible; Googlebot/2.1; +http://www.google.com/bot.html)"
66.249.69.46 - - [07/Jul/2019:12:19:52 +0000] "GET /files/Okusi%20i%20mirisi%20zadarskog%20kraja%20-%20Monografija.pdf HTTP/1.1" 304 - "-" "Mozilla/5.0 (Linux; Android 6.0.1; Nexus 5X Build/MMB29P) AppleWebKit/537.36 (KHTML, like Gecko) Chrome/41.0.2272.96 Mobile Safari/537.36 (compatible; Googlebot/2.1; +http://www.google.com/bot.html)"
66.249.69.44 - - [07/Jul/2019:12:38:05 +0000] "GET / HTTP/1.1" 200 3929 "-" "Mozilla/5.0 (Linux; Android 6.0.1; Nexus 5X Build/MMB29P) AppleWebKit/537.36 (KHTML, like Gecko) Chrome/41.0.2272.96 Mobile Safari/537.36 (compatible; Googlebot/2.1; +http://www.google.com/bot.html)"
213.149.61.166 - - [07/Jul/2019:14:08:58 +0000] "GET /uploads/images/b3971f51ff175cbd0281585fcefce231.png HTTP/1.1" 200 964269 "-" "Mozilla/5.0 (Linux; Android 9; SM-A505FN Build/PPR1.180610.011; wv) AppleWebKit/537.36 (KHTML, like Gecko) Version/4.0 Chrome/75.0.3770.101 Mobile Safari/537.36 GSA/10.12.4.21.arm64"
213.149.61.166 - - [07/Jul/2019:14:09:09 +0000] "GET /zona-tradicije/visnja-maraska HTTP/1.1" 200 4096 "http://www.google.com/" "Mozilla/5.0 (Linux; Android 9; SM-A505FN) AppleWebKit/537.36 (KHTML, like Gecko) Chrome/75.0.3770.101 Mobile Safari/537.36"
213.149.61.166 - - [07/Jul/2019:14:09:09 +0000] "GET /assets/font/font-icon/font-awesome/css/font-awesome.css HTTP/1.1" 200 7166 "http://www.zona-zadar.hr/zona-tradicije/visnja-maraska" "Mozilla/5.0 (Linux; Android 9; SM-A505FN) AppleWebKit/537.36 (KHTML, like Gecko) Chrome/75.0.3770.101 Mobile Safari/537.36"
213.149.61.166 - - [07/Jul/2019:14:09:09 +0000] "GET /assets/font/font-icon/font-oganic/flaticon.css HTTP/1.1" 200 682 "http://www.zona-zadar.hr/zona-tradicije/visnja-maraska" "Mozilla/5.0 (Linux; Android 9; SM-A505FN) AppleWebKit/537.36 (KHTML, like Gecko) Chrome/75.0.3770.101 Mobile Safari/537.36"
213.149.61.166 - - [07/Jul/2019:14:09:09 +0000] "GET /assets/libs/bootstrap-timepicker/jquery.timepicker.css HTTP/1.1" 200 445 "http://www.zona-zadar.hr/zona-tradicije/visnja-maraska" "Mozilla/5.0 (Linux; Android 9; SM-A505FN) AppleWebKit/537.36 (KHTML, like Gecko) Chrome/75.0.3770.101 Mobile Safari/537.36"
213.149.61.166 - - [07/Jul/2019:14:09:09 +0000] "GET /assets/libs/bootstrap-datepicker/css/bootstrap-datepicker.min.css HTTP/1.1" 200 2026 "http://www.zona-zadar.hr/zona-tradicije/visnja-maraska" "Mozilla/5.0 (Linux; Android 9; SM-A505FN) AppleWebKit/537.36 (KHTML, like Gecko) Chrome/75.0.3770.101 Mobile Safari/537.36"
213.149.61.166 - - [07/Jul/2019:14:09:09 +0000] "GET /assets/libs/animate/animate.css HTTP/1.1" 200 4430 "http://www.zona-zadar.hr/zona-tradicije/visnja-maraska" "Mozilla/5.0 (Linux; Android 9; SM-A505FN) AppleWebKit/537.36 (KHTML, like Gecko) Chrome/75.0.3770.101 Mobile Safari/537.36"
213.149.61.166 - - [07/Jul/2019:14:09:09 +0000] "GET /assets/libs/bootstrap/css/bootstrap.min.css HTTP/1.1" 200 19744 "http://www.zona-zadar.hr/zona-tradicije/visnja-maraska" "Mozilla/5.0 (Linux; Android 9; SM-A505FN) AppleWebKit/537.36 (KHTML, like Gecko) Chrome/75.0.3770.101 Mobile Safari/537.36"
213.149.61.166 - - [07/Jul/2019:14:09:09 +0000] "GET /assets/libs/slick-slider/slick.css HTTP/1.1" 200 557 "http://www.zona-zadar.hr/zona-tradicije/visnja-maraska" "Mozilla/5.0 (Linux; Android 9; SM-A505FN) AppleWebKit/537.36 (KHTML, like Gecko) Chrome/75.0.3770.101 Mobile Safari/537.36"
213.149.61.166 - - [07/Jul/2019:14:09:09 +0000] "GET /assets/libs/slick-slider/slick-theme.css HTTP/1.1" 200 866 "http://www.zona-zadar.hr/zona-tradicije/visnja-maraska" "Mozilla/5.0 (Linux; Android 9; SM-A505FN) AppleWebKit/537.36 (KHTML, like Gecko) Chrome/75.0.3770.101 Mobile Safari/537.36"
213.149.61.166 - - [07/Jul/2019:14:09:09 +0000] "GET /assets/libs/fancybox/css/jquery.fancybox-buttons.css HTTP/1.1" 200 735 "http://www.zona-zadar.hr/zona-tradicije/visnja-maraska" "Mozilla/5.0 (Linux; Android 9; SM-A505FN) AppleWebKit/537.36 (KHTML, like Gecko) Chrome/75.0.3770.101 Mobile Safari/537.36"
213.149.61.166 - - [07/Jul/2019:14:09:09 +0000] "GET /assets/libs/fancybox/css/jquery.fancybox.css HTTP/1.1" 200 1423 "http://www.zona-zadar.hr/zona-tradicije/visnja-maraska" "Mozilla/5.0 (Linux; Android 9; SM-A505FN) AppleWebKit/537.36 (KHTML, like Gecko) Chrome/75.0.3770.101 Mobile Safari/537.36"
213.149.61.166 - - [07/Jul/2019:14:09:09 +0000] "GET /assets/libs/custom-scroll/jquery.mCustomScrollbar.min.css HTTP/1.1" 200 3984 "http://www.zona-zadar.hr/zona-tradicije/visnja-maraska" "Mozilla/5.0 (Linux; Android 9; SM-A505FN) AppleWebKit/537.36 (KHTML, like Gecko) Chrome/75.0.3770.101 Mobile Safari/537.36"
213.149.61.166 - - [07/Jul/2019:14:09:09 +0000] "GET /assets/libs/fancybox/css/jquery.fancybox-thumbs.css HTTP/1.1" 200 303 "http://www.zona-zadar.hr/zona-tradicije/visnja-maraska" "Mozilla/5.0 (Linux; Android 9; SM-A505FN) AppleWebKit/537.36 (KHTML, like Gecko) Chrome/75.0.3770.101 Mobile Safari/537.36"
213.149.61.166 - - [07/Jul/2019:14:09:09 +0000] "GET /assets/css/layout.css?v=2 HTTP/1.1" 200 7233 "http://www.zona-zadar.hr/zona-tradicije/visnja-maraska" "Mozilla/5.0 (Linux; Android 9; SM-A505FN) AppleWebKit/537.36 (KHTML, like Gecko) Chrome/75.0.3770.101 Mobile Safari/537.36"
213.149.61.166 - - [07/Jul/2019:14:09:10 +0000] "GET /assets/css/components.css?v=3 HTTP/1.1" 200 14631 "http://www.zona-zadar.hr/zona-tradicije/visnja-maraska" "Mozilla/5.0 (Linux; Android 9; SM-A505FN) AppleWebKit/537.36 (KHTML, like Gecko) Chrome/75.0.3770.101 Mobile Safari/537.36"
213.149.61.166 - - [07/Jul/2019:14:09:10 +0000] "GET /assets/css/responsive.css HTTP/1.1" 200 4693 "http://www.zona-zadar.hr/zona-tradicije/visnja-maraska" "Mozilla/5.0 (Linux; Android 9; SM-A505FN) AppleWebKit/537.36 (KHTML, like Gecko) Chrome/75.0.3770.101 Mobile Safari/537.36"
213.149.61.166 - - [07/Jul/2019:14:09:10 +0000] "GET /assets/libs/jquery/jquery-2.2.4.min.js HTTP/1.1" 200 29822 "http://www.zona-zadar.hr/zona-tradicije/visnja-maraska" "Mozilla/5.0 (Linux; Android 9; SM-A505FN) AppleWebKit/537.36 (KHTML, like Gecko) Chrome/75.0.3770.101 Mobile Safari/537.36"
