31.217.17.242 - - [22/Jul/2019:11:54:50 +0000] "GET /uploads/images/a1f800316211a11bee5d6d4939ef353f.png HTTP/1.1" 200 7146 "https://www.zuvela.hr/ponuda" "Mozilla/5.0 (Linux; Android 8.0.0; SM-A520F) AppleWebKit/537.36 (KHTML, like Gecko) Chrome/75.0.3770.143 Mobile Safari/537.36"
213.149.51.147 - - [22/Jul/2019:11:54:50 +0000] "GET /uploads/thumbnails/7afa127867aa4f0b6e703958a726581a.jpg HTTP/1.1" 200 38414 "https://www.zuvela.hr/" "Mozilla/5.0 (Linux; Android 9; CLT-L29) AppleWebKit/537.36 (KHTML, like Gecko) Chrome/75.0.3770.143 Mobile Safari/537.36"
213.149.51.147 - - [22/Jul/2019:11:54:50 +0000] "GET /uploads/thumbnails/3262d078312b37e0ab841c209bf97c3d.jpg HTTP/1.1" 200 19049 "https://www.zuvela.hr/" "Mozilla/5.0 (Linux; Android 9; CLT-L29) AppleWebKit/537.36 (KHTML, like Gecko) Chrome/75.0.3770.143 Mobile Safari/537.36"
213.149.51.147 - - [22/Jul/2019:11:54:50 +0000] "GET /uploads/thumbnails/63e17fb3819dae68b9d573b74cce4cf9.jpg HTTP/1.1" 200 29363 "https://www.zuvela.hr/" "Mozilla/5.0 (Linux; Android 9; CLT-L29) AppleWebKit/537.36 (KHTML, like Gecko) Chrome/75.0.3770.143 Mobile Safari/537.36"
31.217.17.242 - - [22/Jul/2019:11:54:50 +0000] "GET /uploads/images/de2f6cbd4f2324dda0c31d08646aa3dc.png HTTP/1.1" 200 8451 "https://www.zuvela.hr/ponuda" "Mozilla/5.0 (Linux; Android 8.0.0; SM-A520F) AppleWebKit/537.36 (KHTML, like Gecko) Chrome/75.0.3770.143 Mobile Safari/537.36"
213.149.51.147 - - [22/Jul/2019:11:54:50 +0000] "GET /uploads/thumbnails/f4d4c61ee6f27215282a5d31051252ea.jpg HTTP/1.1" 200 22296 "https://www.zuvela.hr/" "Mozilla/5.0 (Linux; Android 9; CLT-L29) AppleWebKit/537.36 (KHTML, like Gecko) Chrome/75.0.3770.143 Mobile Safari/537.36"
31.217.17.242 - - [22/Jul/2019:11:54:50 +0000] "GET /vendor/images/background-full/banner-13.jpg HTTP/1.1" 200 157486 "https://www.zuvela.hr/vendor/css/components.css?v=2" "Mozilla/5.0 (Linux; Android 8.0.0; SM-A520F) AppleWebKit/537.36 (KHTML, like Gecko) Chrome/75.0.3770.143 Mobile Safari/537.36"
31.217.17.242 - - [22/Jul/2019:11:54:50 +0000] "GET /vendor/images/more-image/bg-icon.png HTTP/1.1" 200 1438 "https://www.zuvela.hr/vendor/css/components.css?v=2" "Mozilla/5.0 (Linux; Android 8.0.0; SM-A520F) AppleWebKit/537.36 (KHTML, like Gecko) Chrome/75.0.3770.143 Mobile Safari/537.36"
31.217.17.242 - - [22/Jul/2019:11:54:50 +0000] "GET /images/logo.png HTTP/1.1" 200 2953 "https://www.zuvela.hr/ponuda" "Mozilla/5.0 (Linux; Android 8.0.0; SM-A520F) AppleWebKit/537.36 (KHTML, like Gecko) Chrome/75.0.3770.143 Mobile Safari/537.36"
213.149.51.147 - - [22/Jul/2019:11:54:50 +0000] "GET /uploads/thumbnails/d592f2daf3d3389393506f89cbe80eb9.jpg HTTP/1.1" 200 40786 "https://www.zuvela.hr/" "Mozilla/5.0 (Linux; Android 9; CLT-L29) AppleWebKit/537.36 (KHTML, like Gecko) Chrome/75.0.3770.143 Mobile Safari/537.36"
31.217.17.242 - - [22/Jul/2019:11:54:50 +0000] "GET /vendor/images/background-full/homepage-3.jpg HTTP/1.1" 200 1056528 "https://www.zuvela.hr/vendor/css/layout.css" "Mozilla/5.0 (Linux; Android 8.0.0; SM-A520F) AppleWebKit/537.36 (KHTML, like Gecko) Chrome/75.0.3770.143 Mobile Safari/537.36"
213.149.51.147 - - [22/Jul/2019:11:54:48 +0000] "GET /vendor/images/slides/1.jpg HTTP/1.1" 200 690895 "https://www.zuvela.hr/" "Mozilla/5.0 (Linux; Android 9; CLT-L29) AppleWebKit/537.36 (KHTML, like Gecko) Chrome/75.0.3770.143 Mobile Safari/537.36"
213.149.51.147 - - [22/Jul/2019:11:54:50 +0000] "GET /uploads/thumbnails/ebbae7a05afb1f1e0c6b0b9ebe6db504.jpg HTTP/1.1" 200 17763 "https://www.zuvela.hr/" "Mozilla/5.0 (Linux; Android 9; CLT-L29) AppleWebKit/537.36 (KHTML, like Gecko) Chrome/75.0.3770.143 Mobile Safari/537.36"
213.149.51.147 - - [22/Jul/2019:11:54:50 +0000] "GET /uploads/thumbnails/c62e11aefbdcecb36ba099d1fdb24e4c.jpg HTTP/1.1" 200 39092 "https://www.zuvela.hr/" "Mozilla/5.0 (Linux; Android 9; CLT-L29) AppleWebKit/537.36 (KHTML, like Gecko) Chrome/75.0.3770.143 Mobile Safari/537.36"
31.217.17.242 - - [22/Jul/2019:11:54:50 +0000] "GET /vendor/js/main.js HTTP/1.1" 200 1544 "https://www.zuvela.hr/ponuda" "Mozilla/5.0 (Linux; Android 8.0.0; SM-A520F) AppleWebKit/537.36 (KHTML, like Gecko) Chrome/75.0.3770.143 Mobile Safari/537.36"
31.217.17.242 - - [22/Jul/2019:11:54:50 +0000] "GET /vendor/libs/fancybox/js/jquery.fancybox-buttons.js HTTP/1.1" 200 1079 "https://www.zuvela.hr/ponuda" "Mozilla/5.0 (Linux; Android 8.0.0; SM-A520F) AppleWebKit/537.36 (KHTML, like Gecko) Chrome/75.0.3770.143 Mobile Safari/537.36"
31.217.17.242 - - [22/Jul/2019:11:54:50 +0000] "GET /vendor/js/pages/menu-gird.js HTTP/1.1" 200 435 "https://www.zuvela.hr/ponuda" "Mozilla/5.0 (Linux; Android 8.0.0; SM-A520F) AppleWebKit/537.36 (KHTML, like Gecko) Chrome/75.0.3770.143 Mobile Safari/537.36"
31.217.17.242 - - [22/Jul/2019:11:54:50 +0000] "GET /vendor/libs/fancybox/js/jquery.fancybox.js HTTP/1.1" 200 13922 "https://www.zuvela.hr/ponuda" "Mozilla/5.0 (Linux; Android 8.0.0; SM-A520F) AppleWebKit/537.36 (KHTML, like Gecko) Chrome/75.0.3770.143 Mobile Safari/537.36"
213.149.51.147 - - [22/Jul/2019:11:54:50 +0000] "GET /uploads/thumbnails/edddb144f7cf8679123068d7aecc3636.jpg HTTP/1.1" 200 34417 "https://www.zuvela.hr/" "Mozilla/5.0 (Linux; Android 9; CLT-L29) AppleWebKit/537.36 (KHTML, like Gecko) Chrome/75.0.3770.143 Mobile Safari/537.36"
31.217.17.242 - - [22/Jul/2019:11:54:50 +0000] "GET /vendor/libs/fancybox/js/jquery.fancybox-thumbs.js HTTP/1.1" 200 1475 "https://www.zuvela.hr/ponuda" "Mozilla/5.0 (Linux; Android 8.0.0; SM-A520F) AppleWebKit/537.36 (KHTML, like Gecko) Chrome/75.0.3770.143 Mobile Safari/537.36"
31.217.17.242 - - [22/Jul/2019:11:54:50 +0000] "GET /vendor/libs/mouse-direction-aware/dist/jquery.directional-hover.min.js HTTP/1.1" 200 576 "https://www.zuvela.hr/ponuda" "Mozilla/5.0 (Linux; Android 8.0.0; SM-A520F) AppleWebKit/537.36 (KHTML, like Gecko) Chrome/75.0.3770.143 Mobile Safari/537.36"
31.217.17.242 - - [22/Jul/2019:11:54:50 +0000] "GET /vendor/libs/isotope/isotope.pkgd.min.js HTTP/1.1" 200 9643 "https://www.zuvela.hr/ponuda" "Mozilla/5.0 (Linux; Android 8.0.0; SM-A520F) AppleWebKit/537.36 (KHTML, like Gecko) Chrome/75.0.3770.143 Mobile Safari/537.36"
31.217.17.242 - - [22/Jul/2019:11:54:50 +0000] "GET /vendor/js/pages/offer.js HTTP/1.1" 200 697 "https://www.zuvela.hr/ponuda" "Mozilla/5.0 (Linux; Android 8.0.0; SM-A520F) AppleWebKit/537.36 (KHTML, like Gecko) Chrome/75.0.3770.143 Mobile Safari/537.36"
213.149.51.147 - - [22/Jul/2019:11:54:50 +0000] "GET /uploads/thumbnails/d8fdde42be5dbc51479475d7fd6e9a8f.jpg HTTP/1.1" 200 33357 "https://www.zuvela.hr/" "Mozilla/5.0 (Linux; Android 9; CLT-L29) AppleWebKit/537.36 (KHTML, like Gecko) Chrome/75.0.3770.143 Mobile Safari/537.36"
213.149.51.147 - - [22/Jul/2019:11:54:50 +0000] "GET /uploads/thumbnails/ae58f2398c2f47f42f612aeac74390ff.jpg HTTP/1.1" 200 35516 "https://www.zuvela.hr/" "Mozilla/5.0 (Linux; Android 9; CLT-L29) AppleWebKit/537.36 (KHTML, like Gecko) Chrome/75.0.3770.143 Mobile Safari/537.36"
213.149.51.147 - - [22/Jul/2019:11:54:50 +0000] "GET /uploads/thumbnails/c8fd047929c6e38d17491cba027b3a24.jpg HTTP/1.1" 200 24473 "https://www.zuvela.hr/" "Mozilla/5.0 (Linux; Android 9; CLT-L29) AppleWebKit/537.36 (KHTML, like Gecko) Chrome/75.0.3770.143 Mobile Safari/537.36"
31.217.17.242 - - [22/Jul/2019:11:54:50 +0000] "GET /uploads/images/940d36529d9cfd37f75bece06fd4239a.png HTTP/1.1" 200 6186 "https://www.zuvela.hr/ponuda" "Mozilla/5.0 (Linux; Android 8.0.0; SM-A520F) AppleWebKit/537.36 (KHTML, like Gecko) Chrome/75.0.3770.143 Mobile Safari/537.36"
31.217.17.242 - - [22/Jul/2019:11:54:50 +0000] "GET /uploads/images/53fe21c54ec995c6ec59a4716438e475.png HTTP/1.1" 200 4723 "https://www.zuvela.hr/ponuda" "Mozilla/5.0 (Linux; Android 8.0.0; SM-A520F) AppleWebKit/537.36 (KHTML, like Gecko) Chrome/75.0.3770.143 Mobile Safari/537.36"
31.217.17.242 - - [22/Jul/2019:11:54:50 +0000] "GET /uploads/images/5ea203733de5ba532e5556477998a89e.png HTTP/1.1" 200 6047 "https://www.zuvela.hr/ponuda" "Mozilla/5.0 (Linux; Android 8.0.0; SM-A520F) AppleWebKit/537.36 (KHTML, like Gecko) Chrome/75.0.3770.143 Mobile Safari/537.36"
31.217.17.242 - - [22/Jul/2019:11:54:50 +0000] "GET /uploads/images/d8fc01fa0494929ece7aa7783e87c73e.png HTTP/1.1" 200 4894 "https://www.zuvela.hr/ponuda" "Mozilla/5.0 (Linux; Android 8.0.0; SM-A520F) AppleWebKit/537.36 (KHTML, like Gecko) Chrome/75.0.3770.143 Mobile Safari/537.36"
213.149.51.147 - - [22/Jul/2019:11:54:50 +0000] "GET /uploads/thumbnails/e199873e22cb83f223f4f96b49e32385.jpg HTTP/1.1" 200 25115 "https://www.zuvela.hr/" "Mozilla/5.0 (Linux; Android 9; CLT-L29) AppleWebKit/537.36 (KHTML, like Gecko) Chrome/75.0.3770.143 Mobile Safari/537.36"
31.217.5.113 - - [22/Jul/2019:11:54:50 +0000] "GET /vendor/images/slides/3.jpg HTTP/1.1" 200 321084 "https://www.zuvela.hr/" "Mozilla/5.0 (iPhone; CPU iPhone OS 12_3_1 like Mac OS X) AppleWebKit/605.1.15 (KHTML, like Gecko) Version/12.1.1 Mobile/15E148 Safari/604.1"
213.149.51.147 - - [22/Jul/2019:11:54:51 +0000] "GET /uploads/thumbnails/58d2e116aff3af180ee85f4151d91882.jpg HTTP/1.1" 200 26434 "https://www.zuvela.hr/" "Mozilla/5.0 (Linux; Android 9; CLT-L29) AppleWebKit/537.36 (KHTML, like Gecko) Chrome/75.0.3770.143 Mobile Safari/537.36"
213.149.51.147 - - [22/Jul/2019:11:54:51 +0000] "GET /uploads/thumbnails/63bb8479018c442f73cde1f679591707.jpg HTTP/1.1" 200 32062 "https://www.zuvela.hr/" "Mozilla/5.0 (Linux; Android 9; CLT-L29) AppleWebKit/537.36 (KHTML, like Gecko) Chrome/75.0.3770.143 Mobile Safari/537.36"
213.149.51.147 - - [22/Jul/2019:11:54:51 +0000] "GET /uploads/thumbnails/f21d0c3a343935242242cea29caff1b7.jpg HTTP/1.1" 200 26404 "https://www.zuvela.hr/" "Mozilla/5.0 (Linux; Android 9; CLT-L29) AppleWebKit/537.36 (KHTML, like Gecko) Chrome/75.0.3770.143 Mobile Safari/537.36"
213.149.51.147 - - [22/Jul/2019:11:54:51 +0000] "GET /uploads/thumbnails/101b85d1afd56f1ba39023e36c6928a3.jpg HTTP/1.1" 200 30670 "https://www.zuvela.hr/" "Mozilla/5.0 (Linux; Android 9; CLT-L29) AppleWebKit/537.36 (KHTML, like Gecko) Chrome/75.0.3770.143 Mobile Safari/537.36"
31.217.17.242 - - [22/Jul/2019:11:54:51 +0000] "GET /uploads/thumbnails/682fb7de012e6527e2ca414e72f7928e.jpg HTTP/1.1" 200 15241 "https://www.zuvela.hr/ponuda" "Mozilla/5.0 (Linux; Android 8.0.0; SM-A520F) AppleWebKit/537.36 (KHTML, like Gecko) Chrome/75.0.3770.143 Mobile Safari/537.36"
31.217.17.242 - - [22/Jul/2019:11:54:51 +0000] "GET /uploads/thumbnails/54aa4191237fdffc2feeb27c6fd0496e.jpg HTTP/1.1" 200 18698 "https://www.zuvela.hr/ponuda" "Mozilla/5.0 (Linux; Android 8.0.0; SM-A520F) AppleWebKit/537.36 (KHTML, like Gecko) Chrome/75.0.3770.143 Mobile Safari/537.36"
31.217.17.242 - - [22/Jul/2019:11:54:51 +0000] "GET /uploads/thumbnails/b0218ba39e6c8d84db792324af5ee412.jpg HTTP/1.1" 200 18004 "https://www.zuvela.hr/ponuda" "Mozilla/5.0 (Linux; Android 8.0.0; SM-A520F) AppleWebKit/537.36 (KHTML, like Gecko) Chrome/75.0.3770.143 Mobile Safari/537.36"
31.217.17.242 - - [22/Jul/2019:11:54:51 +0000] "GET /uploads/thumbnails/3769061a38d1cc75d07c1926ebee34ef.jpg HTTP/1.1" 200 21886 "https://www.zuvela.hr/ponuda" "Mozilla/5.0 (Linux; Android 8.0.0; SM-A520F) AppleWebKit/537.36 (KHTML, like Gecko) Chrome/75.0.3770.143 Mobile Safari/537.36"
31.217.17.242 - - [22/Jul/2019:11:54:51 +0000] "GET /uploads/thumbnails/85ccdd1ff173393a70f5829fea3cce09.jpg HTTP/1.1" 200 14919 "https://www.zuvela.hr/ponuda" "Mozilla/5.0 (Linux; Android 8.0.0; SM-A520F) AppleWebKit/537.36 (KHTML, like Gecko) Chrome/75.0.3770.143 Mobile Safari/537.36"
31.217.17.242 - - [22/Jul/2019:11:54:51 +0000] "GET /uploads/thumbnails/64633befdeaea8ee388dd714c02e9d56.jpg HTTP/1.1" 200 20414 "https://www.zuvela.hr/ponuda" "Mozilla/5.0 (Linux; Android 8.0.0; SM-A520F) AppleWebKit/537.36 (KHTML, like Gecko) Chrome/75.0.3770.143 Mobile Safari/537.36"
213.149.51.147 - - [22/Jul/2019:11:54:51 +0000] "GET /uploads/thumbnails/aeab5f6c3b9ad5286a22dc36775e010e.jpg HTTP/1.1" 200 14919 "https://www.zuvela.hr/" "Mozilla/5.0 (Linux; Android 9; CLT-L29) AppleWebKit/537.36 (KHTML, like Gecko) Chrome/75.0.3770.143 Mobile Safari/537.36"
213.149.51.147 - - [22/Jul/2019:11:54:51 +0000] "GET /uploads/thumbnails/05b59062fde05d801c02eb0bac7c96c2.jpg HTTP/1.1" 200 38811 "https://www.zuvela.hr/" "Mozilla/5.0 (Linux; Android 9; CLT-L29) AppleWebKit/537.36 (KHTML, like Gecko) Chrome/75.0.3770.143 Mobile Safari/537.36"
31.217.17.242 - - [22/Jul/2019:11:54:51 +0000] "GET /uploads/thumbnails/64377da0f0b40af78f3cf0304d7902b0.jpg HTTP/1.1" 200 26863 "https://www.zuvela.hr/ponuda" "Mozilla/5.0 (Linux; Android 8.0.0; SM-A520F) AppleWebKit/537.36 (KHTML, like Gecko) Chrome/75.0.3770.143 Mobile Safari/537.36"
213.149.51.147 - - [22/Jul/2019:11:54:51 +0000] "GET /uploads/thumbnails/af30898efbb86665d037910b6f775737.jpg HTTP/1.1" 200 46901 "https://www.zuvela.hr/" "Mozilla/5.0 (Linux; Android 9; CLT-L29) AppleWebKit/537.36 (KHTML, like Gecko) Chrome/75.0.3770.143 Mobile Safari/537.36"
213.149.51.147 - - [22/Jul/2019:11:54:51 +0000] "GET /uploads/thumbnails/e5babb301193427fef15fa2737330bba.jpg HTTP/1.1" 200 40101 "https://www.zuvela.hr/" "Mozilla/5.0 (Linux; Android 9; CLT-L29) AppleWebKit/537.36 (KHTML, like Gecko) Chrome/75.0.3770.143 Mobile Safari/537.36"
31.217.17.242 - - [22/Jul/2019:11:54:51 +0000] "GET /uploads/thumbnails/09f412c45accc61f27be578776f9d1da.jpg HTTP/1.1" 200 18527 "https://www.zuvela.hr/ponuda" "Mozilla/5.0 (Linux; Android 8.0.0; SM-A520F) AppleWebKit/537.36 (KHTML, like Gecko) Chrome/75.0.3770.143 Mobile Safari/537.36"
31.217.17.242 - - [22/Jul/2019:11:54:51 +0000] "GET /uploads/thumbnails/61619c9da7298b64a8ae3fc6176d3b7e.jpg HTTP/1.1" 200 11850 "https://www.zuvela.hr/ponuda" "Mozilla/5.0 (Linux; Android 8.0.0; SM-A520F) AppleWebKit/537.36 (KHTML, like Gecko) Chrome/75.0.3770.143 Mobile Safari/537.36"
213.149.51.147 - - [22/Jul/2019:11:54:51 +0000] "GET /uploads/thumbnails/43ca6e1eecdda844ac456397eefeee13.jpg HTTP/1.1" 200 17008 "https://www.zuvela.hr/" "Mozilla/5.0 (Linux; Android 9; CLT-L29) AppleWebKit/537.36 (KHTML, like Gecko) Chrome/75.0.3770.143 Mobile Safari/537.36"
213.149.51.147 - - [22/Jul/2019:11:54:50 +0000] "GET /vendor/images/background-full/banner-4.jpg HTTP/1.1" 200 529483 "https://www.zuvela.hr/vendor/css/components.css?v=2" "Mozilla/5.0 (Linux; Android 9; CLT-L29) AppleWebKit/537.36 (KHTML, like Gecko) Chrome/75.0.3770.143 Mobile Safari/537.36"
31.217.17.242 - - [22/Jul/2019:11:54:51 +0000] "GET /uploads/thumbnails/4d9213e8fc6f6799bed70808da5b20a2.jpg HTTP/1.1" 200 17199 "https://www.zuvela.hr/ponuda" "Mozilla/5.0 (Linux; Android 8.0.0; SM-A520F) AppleWebKit/537.36 (KHTML, like Gecko) Chrome/75.0.3770.143 Mobile Safari/537.36"
31.217.17.242 - - [22/Jul/2019:11:54:51 +0000] "GET /uploads/thumbnails/8e2da711474d158c638cca4e4e322445.jpg HTTP/1.1" 200 13646 "https://www.zuvela.hr/ponuda" "Mozilla/5.0 (Linux; Android 8.0.0; SM-A520F) AppleWebKit/537.36 (KHTML, like Gecko) Chrome/75.0.3770.143 Mobile Safari/537.36"
31.217.17.242 - - [22/Jul/2019:11:54:51 +0000] "GET /uploads/thumbnails/399c8cf8979d524d7473c5d2b09dc2da.jpg HTTP/1.1" 200 11869 "https://www.zuvela.hr/ponuda" "Mozilla/5.0 (Linux; Android 8.0.0; SM-A520F) AppleWebKit/537.36 (KHTML, like Gecko) Chrome/75.0.3770.143 Mobile Safari/537.36"
213.149.51.147 - - [22/Jul/2019:11:54:51 +0000] "GET /uploads/thumbnails/16d6a60f7254ef63f7d2640f6849d4e6.jpg HTTP/1.1" 200 44854 "https://www.zuvela.hr/" "Mozilla/5.0 (Linux; Android 9; CLT-L29) AppleWebKit/537.36 (KHTML, like Gecko) Chrome/75.0.3770.143 Mobile Safari/537.36"
31.217.17.242 - - [22/Jul/2019:11:54:51 +0000] "GET /uploads/thumbnails/ed729681e6ea796bd1bf7bff6bd2932c.jpg HTTP/1.1" 200 22614 "https://www.zuvela.hr/ponuda" "Mozilla/5.0 (Linux; Android 8.0.0; SM-A520F) AppleWebKit/537.36 (KHTML, like Gecko) Chrome/75.0.3770.143 Mobile Safari/537.36"
213.149.51.147 - - [22/Jul/2019:11:54:51 +0000] "GET /uploads/thumbnails/36a7ba67b50cfbeda3913ca4a7b214c9.jpg HTTP/1.1" 200 17032 "https://www.zuvela.hr/" "Mozilla/5.0 (Linux; Android 9; CLT-L29) AppleWebKit/537.36 (KHTML, like Gecko) Chrome/75.0.3770.143 Mobile Safari/537.36"
31.217.17.242 - - [22/Jul/2019:11:54:51 +0000] "GET /uploads/thumbnails/7bf52cdf51c53cd9c632f817bbb268ba.jpg HTTP/1.1" 200 17263 "https://www.zuvela.hr/ponuda" "Mozilla/5.0 (Linux; Android 8.0.0; SM-A520F) AppleWebKit/537.36 (KHTML, like Gecko) Chrome/75.0.3770.143 Mobile Safari/537.36"
31.217.17.242 - - [22/Jul/2019:11:54:51 +0000] "GET /uploads/thumbnails/ec84b2394cf3968f57112f4cf5efb8f3.jpg HTTP/1.1" 200 27781 "https://www.zuvela.hr/ponuda" "Mozilla/5.0 (Linux; Android 8.0.0; SM-A520F) AppleWebKit/537.36 (KHTML, like Gecko) Chrome/75.0.3770.143 Mobile Safari/537.36"
31.217.17.242 - - [22/Jul/2019:11:54:51 +0000] "GET /uploads/thumbnails/1192f4139d2450a8507c10ec765764e0.jpg HTTP/1.1" 200 11067 "https://www.zuvela.hr/ponuda" "Mozilla/5.0 (Linux; Android 8.0.0; SM-A520F) AppleWebKit/537.36 (KHTML, like Gecko) Chrome/75.0.3770.143 Mobile Safari/537.36"
31.217.17.242 - - [22/Jul/2019:11:54:51 +0000] "GET /uploads/thumbnails/81a43e23b452052ad640b966ea32501c.jpg HTTP/1.1" 200 18317 "https://www.zuvela.hr/ponuda" "Mozilla/5.0 (Linux; Android 8.0.0; SM-A520F) AppleWebKit/537.36 (KHTML, like Gecko) Chrome/75.0.3770.143 Mobile Safari/537.36"
31.217.17.242 - - [22/Jul/2019:11:54:51 +0000] "GET /uploads/thumbnails/615b20ac9e5c3a0057b3d74453cd35b0.jpg HTTP/1.1" 200 17927 "https://www.zuvela.hr/ponuda" "Mozilla/5.0 (Linux; Android 8.0.0; SM-A520F) AppleWebKit/537.36 (KHTML, like Gecko) Chrome/75.0.3770.143 Mobile Safari/537.36"
31.217.17.242 - - [22/Jul/2019:11:54:51 +0000] "GET /uploads/thumbnails/b9f921b34cd67793b8a2c7ed8c7e603c.jpg HTTP/1.1" 200 25689 "https://www.zuvela.hr/ponuda" "Mozilla/5.0 (Linux; Android 8.0.0; SM-A520F) AppleWebKit/537.36 (KHTML, like Gecko) Chrome/75.0.3770.143 Mobile Safari/537.36"
31.217.17.242 - - [22/Jul/2019:11:54:51 +0000] "GET /uploads/thumbnails/a024648d0ae9cfbd6b2fea3501ba3266.jpg HTTP/1.1" 200 37300 "https://www.zuvela.hr/ponuda" "Mozilla/5.0 (Linux; Android 8.0.0; SM-A520F) AppleWebKit/537.36 (KHTML, like Gecko) Chrome/75.0.3770.143 Mobile Safari/537.36"
213.149.51.147 - - [22/Jul/2019:11:54:51 +0000] "GET /uploads/thumbnails/9ced8b6d94ed67d9df4f9aee76d41a23.jpg HTTP/1.1" 200 14859 "https://www.zuvela.hr/" "Mozilla/5.0 (Linux; Android 9; CLT-L29) AppleWebKit/537.36 (KHTML, like Gecko) Chrome/75.0.3770.143 Mobile Safari/537.36"
31.217.17.242 - - [22/Jul/2019:11:54:51 +0000] "GET /uploads/thumbnails/289f102ccf833003c92a25640b775b06.jpg HTTP/1.1" 200 29920 "https://www.zuvela.hr/ponuda" "Mozilla/5.0 (Linux; Android 8.0.0; SM-A520F) AppleWebKit/537.36 (KHTML, like Gecko) Chrome/75.0.3770.143 Mobile Safari/537.36"
213.149.51.147 - - [22/Jul/2019:11:54:51 +0000] "GET /uploads/thumbnails/6850ea2f54f41378777198a0d7c0eb6b.jpg HTTP/1.1" 200 19140 "https://www.zuvela.hr/" "Mozilla/5.0 (Linux; Android 9; CLT-L29) AppleWebKit/537.36 (KHTML, like Gecko) Chrome/75.0.3770.143 Mobile Safari/537.36"
31.217.17.242 - - [22/Jul/2019:11:54:51 +0000] "GET /uploads/thumbnails/201af87e6869292a8fb40db3985a1872.jpg HTTP/1.1" 200 16220 "https://www.zuvela.hr/ponuda" "Mozilla/5.0 (Linux; Android 8.0.0; SM-A520F) AppleWebKit/537.36 (KHTML, like Gecko) Chrome/75.0.3770.143 Mobile Safari/537.36"
31.217.17.242 - - [22/Jul/2019:11:54:51 +0000] "GET /uploads/thumbnails/13d3ff9c7f77cc928365e998e2e088ee.jpg HTTP/1.1" 200 23656 "https://www.zuvela.hr/ponuda" "Mozilla/5.0 (Linux; Android 8.0.0; SM-A520F) AppleWebKit/537.36 (KHTML, like Gecko) Chrome/75.0.3770.143 Mobile Safari/537.36"
31.217.17.242 - - [22/Jul/2019:11:54:51 +0000] "GET /uploads/thumbnails/2f5011d0d153bfd9534c2b96a341f4ea.jpg HTTP/1.1" 200 33893 "https://www.zuvela.hr/ponuda" "Mozilla/5.0 (Linux; Android 8.0.0; SM-A520F) AppleWebKit/537.36 (KHTML, like Gecko) Chrome/75.0.3770.143 Mobile Safari/537.36"
31.217.17.242 - - [22/Jul/2019:11:54:51 +0000] "GET /uploads/thumbnails/91829847a06450ce7e964dba8b0260e4.jpg HTTP/1.1" 200 32523 "https://www.zuvela.hr/ponuda" "Mozilla/5.0 (Linux; Android 8.0.0; SM-A520F) AppleWebKit/537.36 (KHTML, like Gecko) Chrome/75.0.3770.143 Mobile Safari/537.36"
213.149.51.147 - - [22/Jul/2019:11:54:51 +0000] "GET /uploads/thumbnails/bf734d9d7b55e0f254491c7d1304e50d.jpg HTTP/1.1" 200 20500 "https://www.zuvela.hr/" "Mozilla/5.0 (Linux; Android 9; CLT-L29) AppleWebKit/537.36 (KHTML, like Gecko) Chrome/75.0.3770.143 Mobile Safari/537.36"
213.149.51.147 - - [22/Jul/2019:11:54:51 +0000] "GET /uploads/thumbnails/0ef5e0c0e1bfc95bbabcb0b75b618972.jpg HTTP/1.1" 200 15794 "https://www.zuvela.hr/" "Mozilla/5.0 (Linux; Android 9; CLT-L29) AppleWebKit/537.36 (KHTML, like Gecko) Chrome/75.0.3770.143 Mobile Safari/537.36"
31.217.17.242 - - [22/Jul/2019:11:54:51 +0000] "GET /uploads/thumbnails/33e070f643d6871f88e325c2b46fc27c.jpg HTTP/1.1" 200 21834 "https://www.zuvela.hr/ponuda" "Mozilla/5.0 (Linux; Android 8.0.0; SM-A520F) AppleWebKit/537.36 (KHTML, like Gecko) Chrome/75.0.3770.143 Mobile Safari/537.36"
213.149.51.147 - - [22/Jul/2019:11:54:51 +0000] "GET /uploads/thumbnails/ffb98c3640efba31fbe461f35d7c143d.jpg HTTP/1.1" 200 13119 "https://www.zuvela.hr/" "Mozilla/5.0 (Linux; Android 9; CLT-L29) AppleWebKit/537.36 (KHTML, like Gecko) Chrome/75.0.3770.143 Mobile Safari/537.36"
213.149.51.147 - - [22/Jul/2019:11:54:51 +0000] "GET /uploads/thumbnails/1938b53dea94044e028677c350913105.jpg HTTP/1.1" 200 15977 "https://www.zuvela.hr/" "Mozilla/5.0 (Linux; Android 9; CLT-L29) AppleWebKit/537.36 (KHTML, like Gecko) Chrome/75.0.3770.143 Mobile Safari/537.36"
213.149.51.147 - - [22/Jul/2019:11:54:51 +0000] "GET /uploads/thumbnails/99d859d68d1e400cb5c8e7ba8ded57f6.jpg HTTP/1.1" 200 10975 "https://www.zuvela.hr/" "Mozilla/5.0 (Linux; Android 9; CLT-L29) AppleWebKit/537.36 (KHTML, like Gecko) Chrome/75.0.3770.143 Mobile Safari/537.36"
31.217.17.242 - - [22/Jul/2019:11:54:51 +0000] "GET /vendor/libs/slick-slider/ajax-loader.gif HTTP/1.1" 200 4178 "https://www.zuvela.hr/vendor/libs/slick-slider/slick-theme.css" "Mozilla/5.0 (Linux; Android 8.0.0; SM-A520F) AppleWebKit/537.36 (KHTML, like Gecko) Chrome/75.0.3770.143 Mobile Safari/537.36"
31.217.17.242 - - [22/Jul/2019:11:54:51 +0000] "GET /uploads/thumbnails/60c940136d1e893089948088d1b9f638.jpg HTTP/1.1" 200 29488 "https://www.zuvela.hr/ponuda" "Mozilla/5.0 (Linux; Android 8.0.0; SM-A520F) AppleWebKit/537.36 (KHTML, like Gecko) Chrome/75.0.3770.143 Mobile Safari/537.36"
213.149.51.147 - - [22/Jul/2019:11:54:51 +0000] "GET /uploads/thumbnails/4ffc5deb8132b22d6d8525997a0e66b7.jpg HTTP/1.1" 200 37735 "https://www.zuvela.hr/" "Mozilla/5.0 (Linux; Android 9; CLT-L29) AppleWebKit/537.36 (KHTML, like Gecko) Chrome/75.0.3770.143 Mobile Safari/537.36"
31.217.17.242 - - [22/Jul/2019:11:54:51 +0000] "GET /uploads/thumbnails/d6484508833ce0151dafdddb5210aded.jpg HTTP/1.1" 200 47488 "https://www.zuvela.hr/ponuda" "Mozilla/5.0 (Linux; Android 8.0.0; SM-A520F) AppleWebKit/537.36 (KHTML, like Gecko) Chrome/75.0.3770.143 Mobile Safari/537.36"
213.149.51.147 - - [22/Jul/2019:11:54:51 +0000] "GET /uploads/thumbnails/a5924561bbe8a9eadba73039c5b73e07.jpg HTTP/1.1" 200 11083 "https://www.zuvela.hr/" "Mozilla/5.0 (Linux; Android 9; CLT-L29) AppleWebKit/537.36 (KHTML, like Gecko) Chrome/75.0.3770.143 Mobile Safari/537.36"
31.217.17.242 - - [22/Jul/2019:11:54:51 +0000] "GET /uploads/thumbnails/1b30dd4c0e03051a3c76827b796135e4.jpg HTTP/1.1" 200 25000 "https://www.zuvela.hr/ponuda" "Mozilla/5.0 (Linux; Android 8.0.0; SM-A520F) AppleWebKit/537.36 (KHTML, like Gecko) Chrome/75.0.3770.143 Mobile Safari/537.36"
213.149.51.147 - - [22/Jul/2019:11:54:51 +0000] "GET /uploads/thumbnails/302e9655640bcdcffcc21406f6541398.jpg HTTP/1.1" 200 19715 "https://www.zuvela.hr/" "Mozilla/5.0 (Linux; Android 9; CLT-L29) AppleWebKit/537.36 (KHTML, like Gecko) Chrome/75.0.3770.143 Mobile Safari/537.36"
213.149.51.147 - - [22/Jul/2019:11:54:51 +0000] "GET /uploads/thumbnails/dea6a9ebf392a6f7ffa08fbf005855fa.jpg HTTP/1.1" 200 14510 "https://www.zuvela.hr/" "Mozilla/5.0 (Linux; Android 9; CLT-L29) AppleWebKit/537.36 (KHTML, like Gecko) Chrome/75.0.3770.143 Mobile Safari/537.36"
213.149.51.147 - - [22/Jul/2019:11:54:51 +0000] "GET /uploads/thumbnails/bf3b1f9ee81bb6e1336533d8c8e2dbb7.jpg HTTP/1.1" 200 29070 "https://www.zuvela.hr/" "Mozilla/5.0 (Linux; Android 9; CLT-L29) AppleWebKit/537.36 (KHTML, like Gecko) Chrome/75.0.3770.143 Mobile Safari/537.36"
31.217.17.242 - - [22/Jul/2019:11:54:51 +0000] "GET /uploads/thumbnails/f5b383083e45efdee58297e55ce6e684.jpg HTTP/1.1" 200 41179 "https://www.zuvela.hr/ponuda" "Mozilla/5.0 (Linux; Android 8.0.0; SM-A520F) AppleWebKit/537.36 (KHTML, like Gecko) Chrome/75.0.3770.143 Mobile Safari/537.36"
31.217.17.242 - - [22/Jul/2019:11:54:51 +0000] "GET /uploads/thumbnails/91281e8c32a1d3b6a4b9dcbc19f69ed7.jpg HTTP/1.1" 200 19284 "https://www.zuvela.hr/ponuda" "Mozilla/5.0 (Linux; Android 8.0.0; SM-A520F) AppleWebKit/537.36 (KHTML, like Gecko) Chrome/75.0.3770.143 Mobile Safari/537.36"
31.217.17.242 - - [22/Jul/2019:11:54:51 +0000] "GET /uploads/thumbnails/48c9d80c18d1db740c80c4df7ae25531.jpg HTTP/1.1" 200 19688 "https://www.zuvela.hr/ponuda" "Mozilla/5.0 (Linux; Android 8.0.0; SM-A520F) AppleWebKit/537.36 (KHTML, like Gecko) Chrome/75.0.3770.143 Mobile Safari/537.36"
213.149.51.147 - - [22/Jul/2019:11:54:51 +0000] "GET /uploads/thumbnails/d95eff0adc2f233570dd06ad04e8d696.jpg HTTP/1.1" 200 26439 "https://www.zuvela.hr/" "Mozilla/5.0 (Linux; Android 9; CLT-L29) AppleWebKit/537.36 (KHTML, like Gecko) Chrome/75.0.3770.143 Mobile Safari/537.36"
213.149.51.147 - - [22/Jul/2019:11:54:51 +0000] "GET /uploads/thumbnails/732a0d0b2832546e64216dd3c9d271e7.jpg HTTP/1.1" 200 22385 "https://www.zuvela.hr/" "Mozilla/5.0 (Linux; Android 9; CLT-L29) AppleWebKit/537.36 (KHTML, like Gecko) Chrome/75.0.3770.143 Mobile Safari/537.36"
213.149.51.147 - - [22/Jul/2019:11:54:51 +0000] "GET /uploads/thumbnails/ac0ea4e0a54199b62d9efa23f62c7533.jpg HTTP/1.1" 200 28288 "https://www.zuvela.hr/" "Mozilla/5.0 (Linux; Android 9; CLT-L29) AppleWebKit/537.36 (KHTML, like Gecko) Chrome/75.0.3770.143 Mobile Safari/537.36"
31.217.17.242 - - [22/Jul/2019:11:54:51 +0000] "GET /uploads/thumbnails/72c7630f903615d1f6377e9648349484.jpg HTTP/1.1" 200 19247 "https://www.zuvela.hr/ponuda" "Mozilla/5.0 (Linux; Android 8.0.0; SM-A520F) AppleWebKit/537.36 (KHTML, like Gecko) Chrome/75.0.3770.143 Mobile Safari/537.36"
31.217.17.242 - - [22/Jul/2019:11:54:51 +0000] "GET /uploads/thumbnails/8f647ce0b73da580457d3043e3e94d0e.jpg HTTP/1.1" 200 33309 "https://www.zuvela.hr/ponuda" "Mozilla/5.0 (Linux; Android 8.0.0; SM-A520F) AppleWebKit/537.36 (KHTML, like Gecko) Chrome/75.0.3770.143 Mobile Safari/537.36"
213.149.51.147 - - [22/Jul/2019:11:54:51 +0000] "GET /uploads/thumbnails/a608701e3aeece7ab3048dd250d8a0d8.jpg HTTP/1.1" 200 17408 "https://www.zuvela.hr/" "Mozilla/5.0 (Linux; Android 9; CLT-L29) AppleWebKit/537.36 (KHTML, like Gecko) Chrome/75.0.3770.143 Mobile Safari/537.36"
213.149.51.147 - - [22/Jul/2019:11:54:51 +0000] "GET /uploads/thumbnails/b1a3de7d160a3c23b0e7144f5a9f07f6.jpg HTTP/1.1" 200 32842 "https://www.zuvela.hr/" "Mozilla/5.0 (Linux; Android 9; CLT-L29) AppleWebKit/537.36 (KHTML, like Gecko) Chrome/75.0.3770.143 Mobile Safari/537.36"
213.149.51.147 - - [22/Jul/2019:11:54:51 +0000] "GET /uploads/thumbnails/35f54a257bfde1258e276d2d31bbc325.jpg HTTP/1.1" 200 21667 "https://www.zuvela.hr/" "Mozilla/5.0 (Linux; Android 9; CLT-L29) AppleWebKit/537.36 (KHTML, like Gecko) Chrome/75.0.3770.143 Mobile Safari/537.36"
213.149.51.147 - - [22/Jul/2019:11:54:51 +0000] "GET /uploads/thumbnails/f84ab0b1b8f5cbee01051a1faa1ac1e8.jpg HTTP/1.1" 200 37157 "https://www.zuvela.hr/" "Mozilla/5.0 (Linux; Android 9; CLT-L29) AppleWebKit/537.36 (KHTML, like Gecko) Chrome/75.0.3770.143 Mobile Safari/537.36"
213.149.51.147 - - [22/Jul/2019:11:54:51 +0000] "GET /uploads/thumbnails/24aa3a594c97d2c4107ecfcc2a5738f1.jpg HTTP/1.1" 200 17219 "https://www.zuvela.hr/" "Mozilla/5.0 (Linux; Android 9; CLT-L29) AppleWebKit/537.36 (KHTML, like Gecko) Chrome/75.0.3770.143 Mobile Safari/537.36"
31.217.17.242 - - [22/Jul/2019:11:54:51 +0000] "GET /uploads/thumbnails/f4e0e9065cea5087a22258ff648c1739.jpg HTTP/1.1" 200 25787 "https://www.zuvela.hr/ponuda" "Mozilla/5.0 (Linux; Android 8.0.0; SM-A520F) AppleWebKit/537.36 (KHTML, like Gecko) Chrome/75.0.3770.143 Mobile Safari/537.36"
31.217.17.242 - - [22/Jul/2019:11:54:51 +0000] "GET /uploads/thumbnails/0c82b8ef33175fc9a32f8a5c8044991f.jpg HTTP/1.1" 200 25787 "https://www.zuvela.hr/ponuda" "Mozilla/5.0 (Linux; Android 8.0.0; SM-A520F) AppleWebKit/537.36 (KHTML, like Gecko) Chrome/75.0.3770.143 Mobile Safari/537.36"
31.217.17.242 - - [22/Jul/2019:11:54:51 +0000] "GET /uploads/thumbnails/cc35972347dee8b97ea5c284f24264c8.jpg HTTP/1.1" 200 16199 "https://www.zuvela.hr/ponuda" "Mozilla/5.0 (Linux; Android 8.0.0; SM-A520F) AppleWebKit/537.36 (KHTML, like Gecko) Chrome/75.0.3770.143 Mobile Safari/537.36"
31.217.17.242 - - [22/Jul/2019:11:54:51 +0000] "GET /uploads/thumbnails/e9e3ae643754f7eac4a1243f00ac05df.jpg HTTP/1.1" 200 24841 "https://www.zuvela.hr/ponuda" "Mozilla/5.0 (Linux; Android 8.0.0; SM-A520F) AppleWebKit/537.36 (KHTML, like Gecko) Chrome/75.0.3770.143 Mobile Safari/537.36"
31.217.17.242 - - [22/Jul/2019:11:54:51 +0000] "GET /uploads/thumbnails/0682f65af15ef0deb0cecde316f004b5.jpg HTTP/1.1" 200 25787 "https://www.zuvela.hr/ponuda" "Mozilla/5.0 (Linux; Android 8.0.0; SM-A520F) AppleWebKit/537.36 (KHTML, like Gecko) Chrome/75.0.3770.143 Mobile Safari/537.36"
213.149.51.147 - - [22/Jul/2019:11:54:51 +0000] "GET /uploads/thumbnails/53578056f7228a9f8102038a85953297.jpg HTTP/1.1" 200 13489 "https://www.zuvela.hr/" "Mozilla/5.0 (Linux; Android 9; CLT-L29) AppleWebKit/537.36 (KHTML, like Gecko) Chrome/75.0.3770.143 Mobile Safari/537.36"
213.149.51.147 - - [22/Jul/2019:11:54:51 +0000] "GET /uploads/thumbnails/12b2647dc736e3e579ab764afacb428e.jpg HTTP/1.1" 200 13610 "https://www.zuvela.hr/" "Mozilla/5.0 (Linux; Android 9; CLT-L29) AppleWebKit/537.36 (KHTML, like Gecko) Chrome/75.0.3770.143 Mobile Safari/537.36"
213.149.51.147 - - [22/Jul/2019:11:54:51 +0000] "GET /uploads/thumbnails/41a411742837d488557b60dd22f1550c.jpg HTTP/1.1" 200 16865 "https://www.zuvela.hr/" "Mozilla/5.0 (Linux; Android 9; CLT-L29) AppleWebKit/537.36 (KHTML, like Gecko) Chrome/75.0.3770.143 Mobile Safari/537.36"
31.217.17.242 - - [22/Jul/2019:11:54:51 +0000] "GET /uploads/thumbnails/fb74f433349f35bfc0443a9703a23d07.jpg HTTP/1.1" 200 35395 "https://www.zuvela.hr/ponuda" "Mozilla/5.0 (Linux; Android 8.0.0; SM-A520F) AppleWebKit/537.36 (KHTML, like Gecko) Chrome/75.0.3770.143 Mobile Safari/537.36"
213.149.51.147 - - [22/Jul/2019:11:54:51 +0000] "GET /uploads/thumbnails/fae1b7a05d1eb3cfa9126238a42a394a.jpg HTTP/1.1" 200 23713 "https://www.zuvela.hr/" "Mozilla/5.0 (Linux; Android 9; CLT-L29) AppleWebKit/537.36 (KHTML, like Gecko) Chrome/75.0.3770.143 Mobile Safari/537.36"
31.217.17.242 - - [22/Jul/2019:11:54:51 +0000] "GET /uploads/thumbnails/f505964d622cc56950b99394df9c2c3c.jpg HTTP/1.1" 200 33523 "https://www.zuvela.hr/ponuda" "Mozilla/5.0 (Linux; Android 8.0.0; SM-A520F) AppleWebKit/537.36 (KHTML, like Gecko) Chrome/75.0.3770.143 Mobile Safari/537.36"
31.217.17.242 - - [22/Jul/2019:11:54:51 +0000] "GET /uploads/thumbnails/b0410f9ba065f56b4d43cbc1ae8c29b2.jpg HTTP/1.1" 200 31329 "https://www.zuvela.hr/ponuda" "Mozilla/5.0 (Linux; Android 8.0.0; SM-A520F) AppleWebKit/537.36 (KHTML, like Gecko) Chrome/75.0.3770.143 Mobile Safari/537.36"
213.149.51.147 - - [22/Jul/2019:11:54:51 +0000] "GET /uploads/thumbnails/acd68acfa1b676e9ddf6652b8be3fc89.jpg HTTP/1.1" 200 21516 "https://www.zuvela.hr/" "Mozilla/5.0 (Linux; Android 9; CLT-L29) AppleWebKit/537.36 (KHTML, like Gecko) Chrome/75.0.3770.143 Mobile Safari/537.36"
31.217.17.242 - - [22/Jul/2019:11:54:52 +0000] "GET /uploads/thumbnails/6b25292e9611d0df13c0ec89c8574a1c.jpg HTTP/1.1" 200 20994 "https://www.zuvela.hr/ponuda" "Mozilla/5.0 (Linux; Android 8.0.0; SM-A520F) AppleWebKit/537.36 (KHTML, like Gecko) Chrome/75.0.3770.143 Mobile Safari/537.36"
213.149.51.147 - - [22/Jul/2019:11:54:52 +0000] "GET /uploads/thumbnails/a6a9480db8d85299a0248a101cc3188f.jpg HTTP/1.1" 200 12296 "https://www.zuvela.hr/" "Mozilla/5.0 (Linux; Android 9; CLT-L29) AppleWebKit/537.36 (KHTML, like Gecko) Chrome/75.0.3770.143 Mobile Safari/537.36"
213.149.51.147 - - [22/Jul/2019:11:54:52 +0000] "GET /uploads/thumbnails/626dba15f62f3196a4b36620b3539002.jpg HTTP/1.1" 200 15338 "https://www.zuvela.hr/" "Mozilla/5.0 (Linux; Android 9; CLT-L29) AppleWebKit/537.36 (KHTML, like Gecko) Chrome/75.0.3770.143 Mobile Safari/537.36"
31.217.17.242 - - [22/Jul/2019:11:54:52 +0000] "GET /uploads/thumbnails/7afa127867aa4f0b6e703958a726581a.jpg HTTP/1.1" 200 38414 "https://www.zuvela.hr/ponuda" "Mozilla/5.0 (Linux; Android 8.0.0; SM-A520F) AppleWebKit/537.36 (KHTML, like Gecko) Chrome/75.0.3770.143 Mobile Safari/537.36"
213.149.51.147 - - [22/Jul/2019:11:54:52 +0000] "GET /vendor/images/seafood/cuttle.png HTTP/1.1" 200 17601 "https://www.zuvela.hr/" "Mozilla/5.0 (Linux; Android 9; CLT-L29) AppleWebKit/537.36 (KHTML, like Gecko) Chrome/75.0.3770.143 Mobile Safari/537.36"
31.217.17.242 - - [22/Jul/2019:11:54:52 +0000] "GET /uploads/thumbnails/3262d078312b37e0ab841c209bf97c3d.jpg HTTP/1.1" 200 19049 "https://www.zuvela.hr/ponuda" "Mozilla/5.0 (Linux; Android 8.0.0; SM-A520F) AppleWebKit/537.36 (KHTML, like Gecko) Chrome/75.0.3770.143 Mobile Safari/537.36"
213.149.51.147 - - [22/Jul/2019:11:54:52 +0000] "GET /vendor/images/seafood/scallop.png HTTP/1.1" 200 16961 "https://www.zuvela.hr/" "Mozilla/5.0 (Linux; Android 9; CLT-L29) AppleWebKit/537.36 (KHTML, like Gecko) Chrome/75.0.3770.143 Mobile Safari/537.36"
31.217.17.242 - - [22/Jul/2019:11:54:52 +0000] "GET /uploads/thumbnails/63e17fb3819dae68b9d573b74cce4cf9.jpg HTTP/1.1" 200 29363 "https://www.zuvela.hr/ponuda" "Mozilla/5.0 (Linux; Android 8.0.0; SM-A520F) AppleWebKit/537.36 (KHTML, like Gecko) Chrome/75.0.3770.143 Mobile Safari/537.36"
31.217.17.242 - - [22/Jul/2019:11:54:52 +0000] "GET /uploads/thumbnails/f4d4c61ee6f27215282a5d31051252ea.jpg HTTP/1.1" 200 22296 "https://www.zuvela.hr/ponuda" "Mozilla/5.0 (Linux; Android 8.0.0; SM-A520F) AppleWebKit/537.36 (KHTML, like Gecko) Chrome/75.0.3770.143 Mobile Safari/537.36"
31.217.17.242 - - [22/Jul/2019:11:54:52 +0000] "GET /uploads/thumbnails/d592f2daf3d3389393506f89cbe80eb9.jpg HTTP/1.1" 200 40786 "https://www.zuvela.hr/ponuda" "Mozilla/5.0 (Linux; Android 8.0.0; SM-A520F) AppleWebKit/537.36 (KHTML, like Gecko) Chrome/75.0.3770.143 Mobile Safari/537.36"
213.149.51.147 - - [22/Jul/2019:11:54:52 +0000] "GET /uploads/thumbnails/547f048d8732c9315e79e2574ae7b829.JPG HTTP/1.1" 200 84756 "https://www.zuvela.hr/" "Mozilla/5.0 (Linux; Android 9; CLT-L29) AppleWebKit/537.36 (KHTML, like Gecko) Chrome/75.0.3770.143 Mobile Safari/537.36"
213.149.51.147 - - [22/Jul/2019:11:54:52 +0000] "GET /vendor/libs/slick-slider/ajax-loader.gif HTTP/1.1" 200 4178 "https://www.zuvela.hr/vendor/libs/slick-slider/slick-theme.css" "Mozilla/5.0 (Linux; Android 9; CLT-L29) AppleWebKit/537.36 (KHTML, like Gecko) Chrome/75.0.3770.143 Mobile Safari/537.36"
31.217.17.242 - - [22/Jul/2019:11:54:52 +0000] "GET /uploads/thumbnails/ebbae7a05afb1f1e0c6b0b9ebe6db504.jpg HTTP/1.1" 200 17763 "https://www.zuvela.hr/ponuda" "Mozilla/5.0 (Linux; Android 8.0.0; SM-A520F) AppleWebKit/537.36 (KHTML, like Gecko) Chrome/75.0.3770.143 Mobile Safari/537.36"
31.217.17.242 - - [22/Jul/2019:11:54:52 +0000] "GET /uploads/thumbnails/c62e11aefbdcecb36ba099d1fdb24e4c.jpg HTTP/1.1" 200 39092 "https://www.zuvela.hr/ponuda" "Mozilla/5.0 (Linux; Android 8.0.0; SM-A520F) AppleWebKit/537.36 (KHTML, like Gecko) Chrome/75.0.3770.143 Mobile Safari/537.36"
31.217.17.242 - - [22/Jul/2019:11:54:52 +0000] "GET /uploads/thumbnails/edddb144f7cf8679123068d7aecc3636.jpg HTTP/1.1" 200 34417 "https://www.zuvela.hr/ponuda" "Mozilla/5.0 (Linux; Android 8.0.0; SM-A520F) AppleWebKit/537.36 (KHTML, like Gecko) Chrome/75.0.3770.143 Mobile Safari/537.36"
31.217.17.242 - - [22/Jul/2019:11:54:52 +0000] "GET /uploads/thumbnails/d8fdde42be5dbc51479475d7fd6e9a8f.jpg HTTP/1.1" 200 33357 "https://www.zuvela.hr/ponuda" "Mozilla/5.0 (Linux; Android 8.0.0; SM-A520F) AppleWebKit/537.36 (KHTML, like Gecko) Chrome/75.0.3770.143 Mobile Safari/537.36"
213.149.51.147 - - [22/Jul/2019:11:54:52 +0000] "GET /vendor/images/background-full/special-menu-5.jpg HTTP/1.1" 200 148020 "https://www.zuvela.hr/vendor/css/components.css?v=2" "Mozilla/5.0 (Linux; Android 9; CLT-L29) AppleWebKit/537.36 (KHTML, like Gecko) Chrome/75.0.3770.143 Mobile Safari/537.36"
31.217.17.242 - - [22/Jul/2019:11:54:52 +0000] "GET /uploads/thumbnails/ae58f2398c2f47f42f612aeac74390ff.jpg HTTP/1.1" 200 35516 "https://www.zuvela.hr/ponuda" "Mozilla/5.0 (Linux; Android 8.0.0; SM-A520F) AppleWebKit/537.36 (KHTML, like Gecko) Chrome/75.0.3770.143 Mobile Safari/537.36"
31.217.17.242 - - [22/Jul/2019:11:54:52 +0000] "GET /uploads/thumbnails/c8fd047929c6e38d17491cba027b3a24.jpg HTTP/1.1" 200 24473 "https://www.zuvela.hr/ponuda" "Mozilla/5.0 (Linux; Android 8.0.0; SM-A520F) AppleWebKit/537.36 (KHTML, like Gecko) Chrome/75.0.3770.143 Mobile Safari/537.36"
213.149.51.147 - - [22/Jul/2019:11:54:52 +0000] "GET /vendor/images/background-full/banner-1.jpg HTTP/1.1" 200 303550 "https://www.zuvela.hr/vendor/css/components.css?v=2" "Mozilla/5.0 (Linux; Android 9; CLT-L29) AppleWebKit/537.36 (KHTML, like Gecko) Chrome/75.0.3770.143 Mobile Safari/537.36"
31.217.17.242 - - [22/Jul/2019:11:54:52 +0000] "GET /uploads/thumbnails/f21d0c3a343935242242cea29caff1b7.jpg HTTP/1.1" 200 26404 "https://www.zuvela.hr/ponuda" "Mozilla/5.0 (Linux; Android 8.0.0; SM-A520F) AppleWebKit/537.36 (KHTML, like Gecko) Chrome/75.0.3770.143 Mobile Safari/537.36"
31.217.17.242 - - [22/Jul/2019:11:54:52 +0000] "GET /uploads/thumbnails/58d2e116aff3af180ee85f4151d91882.jpg HTTP/1.1" 200 26434 "https://www.zuvela.hr/ponuda" "Mozilla/5.0 (Linux; Android 8.0.0; SM-A520F) AppleWebKit/537.36 (KHTML, like Gecko) Chrome/75.0.3770.143 Mobile Safari/537.36"
31.217.17.242 - - [22/Jul/2019:11:54:52 +0000] "GET /uploads/thumbnails/e199873e22cb83f223f4f96b49e32385.jpg HTTP/1.1" 200 25115 "https://www.zuvela.hr/ponuda" "Mozilla/5.0 (Linux; Android 8.0.0; SM-A520F) AppleWebKit/537.36 (KHTML, like Gecko) Chrome/75.0.3770.143 Mobile Safari/537.36"
31.217.17.242 - - [22/Jul/2019:11:54:52 +0000] "GET /uploads/thumbnails/63bb8479018c442f73cde1f679591707.jpg HTTP/1.1" 200 32062 "https://www.zuvela.hr/ponuda" "Mozilla/5.0 (Linux; Android 8.0.0; SM-A520F) AppleWebKit/537.36 (KHTML, like Gecko) Chrome/75.0.3770.143 Mobile Safari/537.36"
31.217.17.242 - - [22/Jul/2019:11:54:52 +0000] "GET /uploads/thumbnails/101b85d1afd56f1ba39023e36c6928a3.jpg HTTP/1.1" 200 30670 "https://www.zuvela.hr/ponuda" "Mozilla/5.0 (Linux; Android 8.0.0; SM-A520F) AppleWebKit/537.36 (KHTML, like Gecko) Chrome/75.0.3770.143 Mobile Safari/537.36"
31.217.17.242 - - [22/Jul/2019:11:54:52 +0000] "GET /uploads/thumbnails/aeab5f6c3b9ad5286a22dc36775e010e.jpg HTTP/1.1" 200 14919 "https://www.zuvela.hr/ponuda" "Mozilla/5.0 (Linux; Android 8.0.0; SM-A520F) AppleWebKit/537.36 (KHTML, like Gecko) Chrome/75.0.3770.143 Mobile Safari/537.36"
31.217.17.242 - - [22/Jul/2019:11:54:52 +0000] "GET /uploads/thumbnails/43ca6e1eecdda844ac456397eefeee13.jpg HTTP/1.1" 200 17008 "https://www.zuvela.hr/ponuda" "Mozilla/5.0 (Linux; Android 8.0.0; SM-A520F) AppleWebKit/537.36 (KHTML, like Gecko) Chrome/75.0.3770.143 Mobile Safari/537.36"
31.217.17.242 - - [22/Jul/2019:11:54:52 +0000] "GET /uploads/thumbnails/e5babb301193427fef15fa2737330bba.jpg HTTP/1.1" 200 40101 "https://www.zuvela.hr/ponuda" "Mozilla/5.0 (Linux; Android 8.0.0; SM-A520F) AppleWebKit/537.36 (KHTML, like Gecko) Chrome/75.0.3770.143 Mobile Safari/537.36"
31.217.17.242 - - [22/Jul/2019:11:54:52 +0000] "GET /uploads/thumbnails/05b59062fde05d801c02eb0bac7c96c2.jpg HTTP/1.1" 200 38811 "https://www.zuvela.hr/ponuda" "Mozilla/5.0 (Linux; Android 8.0.0; SM-A520F) AppleWebKit/537.36 (KHTML, like Gecko) Chrome/75.0.3770.143 Mobile Safari/537.36"
31.217.17.242 - - [22/Jul/2019:11:54:52 +0000] "GET /uploads/thumbnails/af30898efbb86665d037910b6f775737.jpg HTTP/1.1" 200 46901 "https://www.zuvela.hr/ponuda" "Mozilla/5.0 (Linux; Android 8.0.0; SM-A520F) AppleWebKit/537.36 (KHTML, like Gecko) Chrome/75.0.3770.143 Mobile Safari/537.36"
31.217.17.242 - - [22/Jul/2019:11:54:52 +0000] "GET /uploads/thumbnails/36a7ba67b50cfbeda3913ca4a7b214c9.jpg HTTP/1.1" 200 17032 "https://www.zuvela.hr/ponuda" "Mozilla/5.0 (Linux; Android 8.0.0; SM-A520F) AppleWebKit/537.36 (KHTML, like Gecko) Chrome/75.0.3770.143 Mobile Safari/537.36"
31.217.17.242 - - [22/Jul/2019:11:54:52 +0000] "GET /uploads/thumbnails/16d6a60f7254ef63f7d2640f6849d4e6.jpg HTTP/1.1" 200 44854 "https://www.zuvela.hr/ponuda" "Mozilla/5.0 (Linux; Android 8.0.0; SM-A520F) AppleWebKit/537.36 (KHTML, like Gecko) Chrome/75.0.3770.143 Mobile Safari/537.36"
31.217.17.242 - - [22/Jul/2019:11:54:52 +0000] "GET /uploads/thumbnails/9ced8b6d94ed67d9df4f9aee76d41a23.jpg HTTP/1.1" 200 14859 "https://www.zuvela.hr/ponuda" "Mozilla/5.0 (Linux; Android 8.0.0; SM-A520F) AppleWebKit/537.36 (KHTML, like Gecko) Chrome/75.0.3770.143 Mobile Safari/537.36"
31.217.17.242 - - [22/Jul/2019:11:54:52 +0000] "GET /uploads/thumbnails/6850ea2f54f41378777198a0d7c0eb6b.jpg HTTP/1.1" 200 19140 "https://www.zuvela.hr/ponuda" "Mozilla/5.0 (Linux; Android 8.0.0; SM-A520F) AppleWebKit/537.36 (KHTML, like Gecko) Chrome/75.0.3770.143 Mobile Safari/537.36"
31.217.17.242 - - [22/Jul/2019:11:54:52 +0000] "GET /uploads/thumbnails/bf734d9d7b55e0f254491c7d1304e50d.jpg HTTP/1.1" 200 20500 "https://www.zuvela.hr/ponuda" "Mozilla/5.0 (Linux; Android 8.0.0; SM-A520F) AppleWebKit/537.36 (KHTML, like Gecko) Chrome/75.0.3770.143 Mobile Safari/537.36"
31.217.17.242 - - [22/Jul/2019:11:54:52 +0000] "GET /uploads/thumbnails/0ef5e0c0e1bfc95bbabcb0b75b618972.jpg HTTP/1.1" 200 15794 "https://www.zuvela.hr/ponuda" "Mozilla/5.0 (Linux; Android 8.0.0; SM-A520F) AppleWebKit/537.36 (KHTML, like Gecko) Chrome/75.0.3770.143 Mobile Safari/537.36"
31.217.17.242 - - [22/Jul/2019:11:54:52 +0000] "GET /uploads/thumbnails/99d859d68d1e400cb5c8e7ba8ded57f6.jpg HTTP/1.1" 200 10975 "https://www.zuvela.hr/ponuda" "Mozilla/5.0 (Linux; Android 8.0.0; SM-A520F) AppleWebKit/537.36 (KHTML, like Gecko) Chrome/75.0.3770.143 Mobile Safari/537.36"
31.217.17.242 - - [22/Jul/2019:11:54:52 +0000] "GET /uploads/thumbnails/1938b53dea94044e028677c350913105.jpg HTTP/1.1" 200 15977 "https://www.zuvela.hr/ponuda" "Mozilla/5.0 (Linux; Android 8.0.0; SM-A520F) AppleWebKit/537.36 (KHTML, like Gecko) Chrome/75.0.3770.143 Mobile Safari/537.36"
31.217.17.242 - - [22/Jul/2019:11:54:52 +0000] "GET /uploads/thumbnails/ffb98c3640efba31fbe461f35d7c143d.jpg HTTP/1.1" 200 13119 "https://www.zuvela.hr/ponuda" "Mozilla/5.0 (Linux; Android 8.0.0; SM-A520F) AppleWebKit/537.36 (KHTML, like Gecko) Chrome/75.0.3770.143 Mobile Safari/537.36"
31.217.17.242 - - [22/Jul/2019:11:54:52 +0000] "GET /uploads/thumbnails/4ffc5deb8132b22d6d8525997a0e66b7.jpg HTTP/1.1" 200 37735 "https://www.zuvela.hr/ponuda" "Mozilla/5.0 (Linux; Android 8.0.0; SM-A520F) AppleWebKit/537.36 (KHTML, like Gecko) Chrome/75.0.3770.143 Mobile Safari/537.36"
31.217.17.242 - - [22/Jul/2019:11:54:52 +0000] "GET /uploads/thumbnails/a5924561bbe8a9eadba73039c5b73e07.jpg HTTP/1.1" 200 11083 "https://www.zuvela.hr/ponuda" "Mozilla/5.0 (Linux; Android 8.0.0; SM-A520F) AppleWebKit/537.36 (KHTML, like Gecko) Chrome/75.0.3770.143 Mobile Safari/537.36"
31.217.17.242 - - [22/Jul/2019:11:54:52 +0000] "GET /uploads/thumbnails/302e9655640bcdcffcc21406f6541398.jpg HTTP/1.1" 200 19715 "https://www.zuvela.hr/ponuda" "Mozilla/5.0 (Linux; Android 8.0.0; SM-A520F) AppleWebKit/537.36 (KHTML, like Gecko) Chrome/75.0.3770.143 Mobile Safari/537.36"
213.149.51.147 - - [22/Jul/2019:11:54:52 +0000] "GET /favicon.ico HTTP/1.1" 200 15086 "https://www.zuvela.hr/" "Mozilla/5.0 (Linux; Android 9; CLT-L29) AppleWebKit/537.36 (KHTML, like Gecko) Chrome/75.0.3770.143 Mobile Safari/537.36"
31.217.17.242 - - [22/Jul/2019:11:54:52 +0000] "GET /uploads/thumbnails/dea6a9ebf392a6f7ffa08fbf005855fa.jpg HTTP/1.1" 200 14510 "https://www.zuvela.hr/ponuda" "Mozilla/5.0 (Linux; Android 8.0.0; SM-A520F) AppleWebKit/537.36 (KHTML, like Gecko) Chrome/75.0.3770.143 Mobile Safari/537.36"
31.217.17.242 - - [22/Jul/2019:11:54:52 +0000] "GET /uploads/thumbnails/d95eff0adc2f233570dd06ad04e8d696.jpg HTTP/1.1" 200 26439 "https://www.zuvela.hr/ponuda" "Mozilla/5.0 (Linux; Android 8.0.0; SM-A520F) AppleWebKit/537.36 (KHTML, like Gecko) Chrome/75.0.3770.143 Mobile Safari/537.36"
31.217.17.242 - - [22/Jul/2019:11:54:52 +0000] "GET /uploads/thumbnails/bf3b1f9ee81bb6e1336533d8c8e2dbb7.jpg HTTP/1.1" 200 29070 "https://www.zuvela.hr/ponuda" "Mozilla/5.0 (Linux; Android 8.0.0; SM-A520F) AppleWebKit/537.36 (KHTML, like Gecko) Chrome/75.0.3770.143 Mobile Safari/537.36"
31.217.17.242 - - [22/Jul/2019:11:54:52 +0000] "GET /uploads/thumbnails/ac0ea4e0a54199b62d9efa23f62c7533.jpg HTTP/1.1" 200 28288 "https://www.zuvela.hr/ponuda" "Mozilla/5.0 (Linux; Android 8.0.0; SM-A520F) AppleWebKit/537.36 (KHTML, like Gecko) Chrome/75.0.3770.143 Mobile Safari/537.36"
31.217.17.242 - - [22/Jul/2019:11:54:53 +0000] "GET /uploads/thumbnails/732a0d0b2832546e64216dd3c9d271e7.jpg HTTP/1.1" 200 22385 "https://www.zuvela.hr/ponuda" "Mozilla/5.0 (Linux; Android 8.0.0; SM-A520F) AppleWebKit/537.36 (KHTML, like Gecko) Chrome/75.0.3770.143 Mobile Safari/537.36"
31.217.17.242 - - [22/Jul/2019:11:54:53 +0000] "GET /uploads/thumbnails/a608701e3aeece7ab3048dd250d8a0d8.jpg HTTP/1.1" 200 17408 "https://www.zuvela.hr/ponuda" "Mozilla/5.0 (Linux; Android 8.0.0; SM-A520F) AppleWebKit/537.36 (KHTML, like Gecko) Chrome/75.0.3770.143 Mobile Safari/537.36"
31.217.17.242 - - [22/Jul/2019:11:54:53 +0000] "GET /uploads/thumbnails/b1a3de7d160a3c23b0e7144f5a9f07f6.jpg HTTP/1.1" 200 32842 "https://www.zuvela.hr/ponuda" "Mozilla/5.0 (Linux; Android 8.0.0; SM-A520F) AppleWebKit/537.36 (KHTML, like Gecko) Chrome/75.0.3770.143 Mobile Safari/537.36"
31.217.17.242 - - [22/Jul/2019:11:54:53 +0000] "GET /uploads/thumbnails/35f54a257bfde1258e276d2d31bbc325.jpg HTTP/1.1" 200 21667 "https://www.zuvela.hr/ponuda" "Mozilla/5.0 (Linux; Android 8.0.0; SM-A520F) AppleWebKit/537.36 (KHTML, like Gecko) Chrome/75.0.3770.143 Mobile Safari/537.36"
31.217.17.242 - - [22/Jul/2019:11:54:53 +0000] "GET /uploads/thumbnails/f84ab0b1b8f5cbee01051a1faa1ac1e8.jpg HTTP/1.1" 200 37157 "https://www.zuvela.hr/ponuda" "Mozilla/5.0 (Linux; Android 8.0.0; SM-A520F) AppleWebKit/537.36 (KHTML, like Gecko) Chrome/75.0.3770.143 Mobile Safari/537.36"
31.217.17.242 - - [22/Jul/2019:11:54:53 +0000] "GET /uploads/thumbnails/53578056f7228a9f8102038a85953297.jpg HTTP/1.1" 200 13489 "https://www.zuvela.hr/ponuda" "Mozilla/5.0 (Linux; Android 8.0.0; SM-A520F) AppleWebKit/537.36 (KHTML, like Gecko) Chrome/75.0.3770.143 Mobile Safari/537.36"
31.217.17.242 - - [22/Jul/2019:11:54:53 +0000] "GET /uploads/thumbnails/24aa3a594c97d2c4107ecfcc2a5738f1.jpg HTTP/1.1" 200 17219 "https://www.zuvela.hr/ponuda" "Mozilla/5.0 (Linux; Android 8.0.0; SM-A520F) AppleWebKit/537.36 (KHTML, like Gecko) Chrome/75.0.3770.143 Mobile Safari/537.36"
31.217.17.242 - - [22/Jul/2019:11:54:53 +0000] "GET /uploads/thumbnails/12b2647dc736e3e579ab764afacb428e.jpg HTTP/1.1" 200 13610 "https://www.zuvela.hr/ponuda" "Mozilla/5.0 (Linux; Android 8.0.0; SM-A520F) AppleWebKit/537.36 (KHTML, like Gecko) Chrome/75.0.3770.143 Mobile Safari/537.36"
31.217.17.242 - - [22/Jul/2019:11:54:53 +0000] "GET /uploads/thumbnails/41a411742837d488557b60dd22f1550c.jpg HTTP/1.1" 200 16865 "https://www.zuvela.hr/ponuda" "Mozilla/5.0 (Linux; Android 8.0.0; SM-A520F) AppleWebKit/537.36 (KHTML, like Gecko) Chrome/75.0.3770.143 Mobile Safari/537.36"
31.217.17.242 - - [22/Jul/2019:11:54:53 +0000] "GET /uploads/thumbnails/fae1b7a05d1eb3cfa9126238a42a394a.jpg HTTP/1.1" 200 23713 "https://www.zuvela.hr/ponuda" "Mozilla/5.0 (Linux; Android 8.0.0; SM-A520F) AppleWebKit/537.36 (KHTML, like Gecko) Chrome/75.0.3770.143 Mobile Safari/537.36"
31.217.17.242 - - [22/Jul/2019:11:54:53 +0000] "GET /uploads/thumbnails/acd68acfa1b676e9ddf6652b8be3fc89.jpg HTTP/1.1" 200 21516 "https://www.zuvela.hr/ponuda" "Mozilla/5.0 (Linux; Android 8.0.0; SM-A520F) AppleWebKit/537.36 (KHTML, like Gecko) Chrome/75.0.3770.143 Mobile Safari/537.36"
31.217.17.242 - - [22/Jul/2019:11:54:53 +0000] "GET /uploads/thumbnails/a6a9480db8d85299a0248a101cc3188f.jpg HTTP/1.1" 200 12296 "https://www.zuvela.hr/ponuda" "Mozilla/5.0 (Linux; Android 8.0.0; SM-A520F) AppleWebKit/537.36 (KHTML, like Gecko) Chrome/75.0.3770.143 Mobile Safari/537.36"
31.217.17.242 - - [22/Jul/2019:11:54:53 +0000] "GET /uploads/thumbnails/626dba15f62f3196a4b36620b3539002.jpg HTTP/1.1" 200 15338 "https://www.zuvela.hr/ponuda" "Mozilla/5.0 (Linux; Android 8.0.0; SM-A520F) AppleWebKit/537.36 (KHTML, like Gecko) Chrome/75.0.3770.143 Mobile Safari/537.36"
31.217.17.242 - - [22/Jul/2019:11:54:53 +0000] "GET /images/footer/13.JPG HTTP/1.1" 200 124016 "https://www.zuvela.hr/ponuda" "Mozilla/5.0 (Linux; Android 8.0.0; SM-A520F) AppleWebKit/537.36 (KHTML, like Gecko) Chrome/75.0.3770.143 Mobile Safari/537.36"
31.217.17.242 - - [22/Jul/2019:11:54:53 +0000] "GET /images/footer/14.JPG HTTP/1.1" 200 142120 "https://www.zuvela.hr/ponuda" "Mozilla/5.0 (Linux; Android 8.0.0; SM-A520F) AppleWebKit/537.36 (KHTML, like Gecko) Chrome/75.0.3770.143 Mobile Safari/537.36"
31.217.17.242 - - [22/Jul/2019:11:54:53 +0000] "GET /images/footer/15.JPG HTTP/1.1" 200 158271 "https://www.zuvela.hr/ponuda" "Mozilla/5.0 (Linux; Android 8.0.0; SM-A520F) AppleWebKit/537.36 (KHTML, like Gecko) Chrome/75.0.3770.143 Mobile Safari/537.36"
31.217.17.242 - - [22/Jul/2019:11:54:53 +0000] "GET /images/footer/16.JPG HTTP/1.1" 200 138994 "https://www.zuvela.hr/ponuda" "Mozilla/5.0 (Linux; Android 8.0.0; SM-A520F) AppleWebKit/537.36 (KHTML, like Gecko) Chrome/75.0.3770.143 Mobile Safari/537.36"
31.217.17.242 - - [22/Jul/2019:11:54:53 +0000] "GET /images/footer/17.JPG HTTP/1.1" 200 127142 "https://www.zuvela.hr/ponuda" "Mozilla/5.0 (Linux; Android 8.0.0; SM-A520F) AppleWebKit/537.36 (KHTML, like Gecko) Chrome/75.0.3770.143 Mobile Safari/537.36"
